[INFO] fetching crate telegram-bot-ars 0.9.1...
[INFO] testing telegram-bot-ars-0.9.1 against 1.69.0 for beta-1.70-1
[INFO] extracting crate telegram-bot-ars 0.9.1 into /workspace/builds/worker-7-tc1/source
[INFO] validating manifest of crates.io crate telegram-bot-ars 0.9.1 on toolchain 1.69.0
[INFO] running `Command { std: CARGO_HOME="/workspace/cargo-home" RUSTUP_HOME="/workspace/rustup-home" "/workspace/cargo-home/bin/cargo" "+1.69.0" "metadata" "--manifest-path" "Cargo.toml" "--no-deps", kill_on_drop: false }`
[INFO] started tweaking crates.io crate telegram-bot-ars 0.9.1
[INFO] finished tweaking crates.io crate telegram-bot-ars 0.9.1
[INFO] tweaked toml for crates.io crate telegram-bot-ars 0.9.1 written to /workspace/builds/worker-7-tc1/source/Cargo.toml
[INFO] crate crates.io crate telegram-bot-ars 0.9.1 already has a lockfile, it will not be regenerated
[INFO] running `Command { std: CARGO_HOME="/workspace/cargo-home" RUSTUP_HOME="/workspace/rustup-home" "/workspace/cargo-home/bin/cargo" "+1.69.0" "fetch" "--manifest-path" "Cargo.toml", kill_on_drop: false }`
[INFO] [stderr]     Blocking waiting for file lock on package cache
[INFO] [stderr]  Downloading crates ...
[INFO] [stderr]   Downloaded telegram-bot-raw-ars v0.9.1
[INFO] running `Command { std: "docker" "create" "-v" "/var/lib/crater-agent-workspace/builds/worker-7-tc1/target:/opt/rustwide/target:rw,Z" "-v" "/var/lib/crater-agent-workspace/builds/worker-7-tc1/source:/opt/rustwide/workdir:ro,Z" "-v" "/var/lib/crater-agent-workspace/cargo-home:/opt/rustwide/cargo-home:ro,Z" "-v" "/var/lib/crater-agent-workspace/rustup-home:/opt/rustwide/rustup-home:ro,Z" "-e" "SOURCE_DIR=/opt/rustwide/workdir" "-e" "CARGO_TARGET_DIR=/opt/rustwide/target" "-e" "CARGO_HOME=/opt/rustwide/cargo-home" "-e" "RUSTUP_HOME=/opt/rustwide/rustup-home" "-w" "/opt/rustwide/workdir" "-m" "1610612736" "--user" "0:0" "--network" "none" "ghcr.io/rust-lang/crates-build-env/linux@sha256:5ff2268d62e97bff2cde7d5815dd6ed5b47097566f13b8d0ca110b04b60e07ed" "/opt/rustwide/cargo-home/bin/cargo" "+1.69.0" "metadata" "--no-deps" "--format-version=1", kill_on_drop: false }`
[INFO] [stdout] 95a84c120788f5cc0ae006134f440cddd401b8a569939530a1faaf597f7bd2d7
[INFO] running `Command { std: "docker" "start" "-a" "95a84c120788f5cc0ae006134f440cddd401b8a569939530a1faaf597f7bd2d7", kill_on_drop: false }`
[INFO] running `Command { std: "docker" "inspect" "95a84c120788f5cc0ae006134f440cddd401b8a569939530a1faaf597f7bd2d7", kill_on_drop: false }`
[INFO] running `Command { std: "docker" "rm" "-f" "95a84c120788f5cc0ae006134f440cddd401b8a569939530a1faaf597f7bd2d7", kill_on_drop: false }`
[INFO] [stdout] 95a84c120788f5cc0ae006134f440cddd401b8a569939530a1faaf597f7bd2d7
[INFO] running `Command { std: "docker" "create" "-v" "/var/lib/crater-agent-workspace/builds/worker-7-tc1/target:/opt/rustwide/target:rw,Z" "-v" "/var/lib/crater-agent-workspace/builds/worker-7-tc1/source:/opt/rustwide/workdir:ro,Z" "-v" "/var/lib/crater-agent-workspace/cargo-home:/opt/rustwide/cargo-home:ro,Z" "-v" "/var/lib/crater-agent-workspace/rustup-home:/opt/rustwide/rustup-home:ro,Z" "-e" "SOURCE_DIR=/opt/rustwide/workdir" "-e" "CARGO_TARGET_DIR=/opt/rustwide/target" "-e" "CARGO_INCREMENTAL=0" "-e" "RUST_BACKTRACE=full" "-e" "RUSTFLAGS=--cap-lints=warn" "-e" "RUSTDOCFLAGS=--cap-lints=warn" "-e" "CARGO_HOME=/opt/rustwide/cargo-home" "-e" "RUSTUP_HOME=/opt/rustwide/rustup-home" "-w" "/opt/rustwide/workdir" "-m" "1610612736" "--user" "0:0" "--network" "none" "ghcr.io/rust-lang/crates-build-env/linux@sha256:5ff2268d62e97bff2cde7d5815dd6ed5b47097566f13b8d0ca110b04b60e07ed" "/opt/rustwide/cargo-home/bin/cargo" "+1.69.0" "build" "--frozen" "--message-format=json", kill_on_drop: false }`
[INFO] [stdout] 04f67b3387fe4ba4a0b62071fe7072398ce823225161fe4686658cd46eb8df1d
[INFO] running `Command { std: "docker" "start" "-a" "04f67b3387fe4ba4a0b62071fe7072398ce823225161fe4686658cd46eb8df1d", kill_on_drop: false }`
[INFO] [stderr]    Compiling proc-macro2 v1.0.49
[INFO] [stderr]    Compiling unicode-ident v1.0.6
[INFO] [stderr]    Compiling syn v1.0.107
[INFO] [stderr]    Compiling libc v0.2.139
[INFO] [stderr]    Compiling cc v1.0.78
[INFO] [stderr]    Compiling futures-core v0.3.25
[INFO] [stderr]    Compiling once_cell v1.17.0
[INFO] [stderr]    Compiling futures-task v0.3.25
[INFO] [stderr]    Compiling log v0.4.17
[INFO] [stderr]    Compiling slab v0.4.7
[INFO] [stderr]    Compiling futures-channel v0.3.25
[INFO] [stderr]    Compiling unicase v2.6.0
[INFO] [stderr]    Compiling futures-sink v0.3.25
[INFO] [stderr]    Compiling serde_derive v1.0.152
[INFO] [stderr]    Compiling futures-util v0.3.25
[INFO] [stderr]    Compiling itoa v1.0.5
[INFO] [stderr]    Compiling num-traits v0.2.15
[INFO] [stderr]    Compiling tokio v1.23.1
[INFO] [stderr]    Compiling futures-io v0.3.25
[INFO] [stderr]    Compiling bytes v1.3.0
[INFO] [stderr]    Compiling serde v1.0.152
[INFO] [stderr]    Compiling openssl v0.10.45
[INFO] [stderr]    Compiling tracing-core v0.1.30
[INFO] [stderr]    Compiling serde_json v1.0.91
[INFO] [stderr]    Compiling try-lock v0.2.3
[INFO] [stderr]    Compiling want v0.3.0
[INFO] [stderr]    Compiling mime v0.3.16
[INFO] [stderr]    Compiling ryu v1.0.12
[INFO] [stderr]    Compiling fastrand v1.8.0
[INFO] [stderr]    Compiling mime_guess v2.0.4
[INFO] [stderr]    Compiling http v0.2.8
[INFO] [stderr]    Compiling quote v1.0.23
[INFO] [stderr]    Compiling openssl-sys v0.9.80
[INFO] [stderr]    Compiling socket2 v0.4.7
[INFO] [stderr]    Compiling num_cpus v1.15.0
[INFO] [stderr]    Compiling mio v0.8.5
[INFO] [stderr]    Compiling getrandom v0.1.16
[INFO] [stderr]    Compiling tempfile v3.3.0
[INFO] [stderr]    Compiling rand_core v0.5.1
[INFO] [stderr]    Compiling native-tls v0.2.11
[INFO] [stderr]    Compiling http-body v0.4.5
[INFO] [stderr]    Compiling rand_chacha v0.2.2
[INFO] [stderr]    Compiling rand v0.7.3
[INFO] [stderr]    Compiling ordered-float v2.10.0
[INFO] [stderr]    Compiling multipart v0.17.1
[INFO] [stderr]    Compiling futures-macro v0.3.25
[INFO] [stderr]    Compiling tracing-attributes v0.1.23
[INFO] [stderr]    Compiling tokio-macros v1.8.2
[INFO] [stderr]    Compiling openssl-macros v0.1.0
[INFO] [stderr]    Compiling pin-project-internal v1.0.12
[INFO] [stderr]    Compiling pin-project v1.0.12
[INFO] [stderr]    Compiling tracing v0.1.37
[INFO] [stderr]    Compiling tracing-futures v0.2.5
[INFO] [stderr]    Compiling tokio-native-tls v0.3.0
[INFO] [stderr]    Compiling futures-executor v0.3.25
[INFO] [stderr]    Compiling hyper v0.14.23
[INFO] [stderr]    Compiling futures v0.3.25
[INFO] [stderr]    Compiling hyper-tls v0.5.0
[INFO] [stderr]    Compiling serde-value v0.7.0
[INFO] [stderr]    Compiling telegram-bot-raw-ars v0.9.1
[INFO] [stderr]    Compiling telegram-bot-ars v0.9.1 (/opt/rustwide/workdir)
[INFO] [stderr]     Finished dev [unoptimized + debuginfo] target(s) in 23.36s
[INFO] running `Command { std: "docker" "inspect" "04f67b3387fe4ba4a0b62071fe7072398ce823225161fe4686658cd46eb8df1d", kill_on_drop: false }`
[INFO] running `Command { std: "docker" "rm" "-f" "04f67b3387fe4ba4a0b62071fe7072398ce823225161fe4686658cd46eb8df1d", kill_on_drop: false }`
[INFO] [stdout] 04f67b3387fe4ba4a0b62071fe7072398ce823225161fe4686658cd46eb8df1d
[INFO] running `Command { std: "docker" "create" "-v" "/var/lib/crater-agent-workspace/builds/worker-7-tc1/target:/opt/rustwide/target:rw,Z" "-v" "/var/lib/crater-agent-workspace/builds/worker-7-tc1/source:/opt/rustwide/workdir:ro,Z" "-v" "/var/lib/crater-agent-workspace/cargo-home:/opt/rustwide/cargo-home:ro,Z" "-v" "/var/lib/crater-agent-workspace/rustup-home:/opt/rustwide/rustup-home:ro,Z" "-e" "SOURCE_DIR=/opt/rustwide/workdir" "-e" "CARGO_TARGET_DIR=/opt/rustwide/target" "-e" "CARGO_INCREMENTAL=0" "-e" "RUST_BACKTRACE=full" "-e" "RUSTFLAGS=--cap-lints=warn" "-e" "RUSTDOCFLAGS=--cap-lints=warn" "-e" "CARGO_HOME=/opt/rustwide/cargo-home" "-e" "RUSTUP_HOME=/opt/rustwide/rustup-home" "-w" "/opt/rustwide/workdir" "-m" "1610612736" "--user" "0:0" "--network" "none" "ghcr.io/rust-lang/crates-build-env/linux@sha256:5ff2268d62e97bff2cde7d5815dd6ed5b47097566f13b8d0ca110b04b60e07ed" "/opt/rustwide/cargo-home/bin/cargo" "+1.69.0" "test" "--frozen" "--no-run" "--message-format=json", kill_on_drop: false }`
[INFO] [stdout] 8a27e23671efefdc8605f0fb53287651b411f3a98d6a8fd745bf01f83b4c9fec
[INFO] running `Command { std: "docker" "start" "-a" "8a27e23671efefdc8605f0fb53287651b411f3a98d6a8fd745bf01f83b4c9fec", kill_on_drop: false }`
[INFO] [stderr]    Compiling num-integer v0.1.45
[INFO] [stderr]    Compiling regex-automata v0.1.10
[INFO] [stderr]    Compiling iana-time-zone v0.1.53
[INFO] [stderr]    Compiling tracing-serde v0.1.3
[INFO] [stderr]    Compiling sharded-slab v0.1.4
[INFO] [stderr]    Compiling tracing-log v0.1.3
[INFO] [stderr]    Compiling regex v1.7.0
[INFO] [stderr]    Compiling thread_local v1.1.4
[INFO] [stderr]    Compiling ansi_term v0.12.1
[INFO] [stderr]    Compiling chrono v0.4.23
[INFO] [stderr]    Compiling matchers v0.0.1
[INFO] [stderr]    Compiling tracing-subscriber v0.2.25
[INFO] [stderr]    Compiling telegram-bot-ars v0.9.1 (/opt/rustwide/workdir)
[INFO] [stderr] error: could not compile `telegram-bot-ars`
[INFO] [stderr] 
[INFO] [stderr] Caused by:
[INFO] [stderr]   process didn't exit successfully: `rustc --crate-name features --edition=2018 examples/features.rs --error-format=json --json=diagnostic-rendered-ansi,artifacts,future-incompat --crate-type bin --emit=dep-info,link -C embed-bitcode=no -C debuginfo=2 --cfg 'feature="default"' --cfg 'feature="hyper-tls"' --cfg 'feature="openssl"' -C metadata=8b184bd7cef2b951 -C extra-filename=-8b184bd7cef2b951 --out-dir /opt/rustwide/target/debug/examples -L dependency=/opt/rustwide/target/debug/deps --extern bytes=/opt/rustwide/target/debug/deps/libbytes-300feae2a21f90fa.rlib --extern futures=/opt/rustwide/target/debug/deps/libfutures-892828dab65f95a8.rlib --extern hyper=/opt/rustwide/target/debug/deps/libhyper-78b7266408c989a9.rlib --extern hyper_tls=/opt/rustwide/target/debug/deps/libhyper_tls-bc969d61b5e1e393.rlib --extern multipart=/opt/rustwide/target/debug/deps/libmultipart-d3e5e396dc0c9aae.rlib --extern telegram_bot_ars=/opt/rustwide/target/debug/deps/libtelegram_bot_ars-f42637952fb24b56.rlib --extern telegram_bot_raw_ars=/opt/rustwide/target/debug/deps/libtelegram_bot_raw_ars-fc560c7d622850dc.rlib --extern tokio=/opt/rustwide/target/debug/deps/libtokio-9384dd28007dff0e.rlib --extern tracing=/opt/rustwide/target/debug/deps/libtracing-e29aa9b4af987ccb.rlib --extern tracing_futures=/opt/rustwide/target/debug/deps/libtracing_futures-05ac3a6015fd1aaf.rlib --extern tracing_subscriber=/opt/rustwide/target/debug/deps/libtracing_subscriber-a1e19fce26c897ed.rlib --cap-lints=warn` (signal: 9, SIGKILL: kill)
[INFO] [stderr] warning: build failed, waiting for other jobs to finish...
[INFO] [stdout] error: linking with `cc` failed: exit status: 1
[INFO] [stdout]   |
[INFO] [stdout]   = note: LC_ALL="C" PATH="/opt/rustwide/rustup-home/toolchains/1.69.0-x86_64-unknown-linux-gnu/lib/rustlib/x86_64-unknown-linux-gnu/bin:/opt/rustwide/cargo-home/bin:/usr/local/sbin:/usr/local/bin:/usr/sbin:/usr/bin:/sbin:/bin" VSLANG="1033" "cc" "-m64" "/tmp/rustc7kSKR5/symbols.o" "/opt/rustwide/target/debug/examples/pin-14fdb27db02b9b0e.pin.a3b1c97d-cgu.0.rcgu.o" "/opt/rustwide/target/debug/examples/pin-14fdb27db02b9b0e.pin.a3b1c97d-cgu.1.rcgu.o" "/opt/rustwide/target/debug/examples/pin-14fdb27db02b9b0e.pin.a3b1c97d-cgu.10.rcgu.o" "/opt/rustwide/target/debug/examples/pin-14fdb27db02b9b0e.pin.a3b1c97d-cgu.11.rcgu.o" "/opt/rustwide/target/debug/examples/pin-14fdb27db02b9b0e.pin.a3b1c97d-cgu.12.rcgu.o" "/opt/rustwide/target/debug/examples/pin-14fdb27db02b9b0e.pin.a3b1c97d-cgu.13.rcgu.o" "/opt/rustwide/target/debug/examples/pin-14fdb27db02b9b0e.pin.a3b1c97d-cgu.14.rcgu.o" "/opt/rustwide/target/debug/examples/pin-14fdb27db02b9b0e.pin.a3b1c97d-cgu.15.rcgu.o" "/opt/rustwide/target/debug/examples/pin-14fdb27db02b9b0e.pin.a3b1c97d-cgu.2.rcgu.o" "/opt/rustwide/target/debug/examples/pin-14fdb27db02b9b0e.pin.a3b1c97d-cgu.3.rcgu.o" "/opt/rustwide/target/debug/examples/pin-14fdb27db02b9b0e.pin.a3b1c97d-cgu.4.rcgu.o" "/opt/rustwide/target/debug/examples/pin-14fdb27db02b9b0e.pin.a3b1c97d-cgu.5.rcgu.o" "/opt/rustwide/target/debug/examples/pin-14fdb27db02b9b0e.pin.a3b1c97d-cgu.6.rcgu.o" "/opt/rustwide/target/debug/examples/pin-14fdb27db02b9b0e.pin.a3b1c97d-cgu.7.rcgu.o" "/opt/rustwide/target/debug/examples/pin-14fdb27db02b9b0e.pin.a3b1c97d-cgu.8.rcgu.o" "/opt/rustwide/target/debug/examples/pin-14fdb27db02b9b0e.pin.a3b1c97d-cgu.9.rcgu.o" "/opt/rustwide/target/debug/examples/pin-14fdb27db02b9b0e.32qfm613hocrpsly.rcgu.o" "-Wl,--as-needed" "-L" "/opt/rustwide/target/debug/deps" "-L" "/opt/rustwide/rustup-home/toolchains/1.69.0-x86_64-unknown-linux-gnu/lib/rustlib/x86_64-unknown-linux-gnu/lib" "-Wl,-Bstatic" "/opt/rustwide/target/debug/deps/libtelegram_bot_ars-f42637952fb24b56.rlib" "/opt/rustwide/target/debug/deps/libmultipart-d3e5e396dc0c9aae.rlib" "/opt/rustwide/target/debug/deps/libtempfile-07e8db2f68eac065.rlib" "/opt/rustwide/target/debug/deps/libfastrand-59169bb831841bec.rlib" "/opt/rustwide/target/debug/deps/libremove_dir_all-eff5dea3d8a02b70.rlib" "/opt/rustwide/target/debug/deps/librand-3c77dbbf51139520.rlib" "/opt/rustwide/target/debug/deps/librand_chacha-ba2c9958c13c0b9f.rlib" "/opt/rustwide/target/debug/deps/libppv_lite86-c3ad053967cc551c.rlib" "/opt/rustwide/target/debug/deps/librand_core-d68145d47b0fa2ce.rlib" "/opt/rustwide/target/debug/deps/libgetrandom-425ab72e6e268b69.rlib" "/opt/rustwide/target/debug/deps/libmime_guess-34a2b6656c8f171c.rlib" "/opt/rustwide/target/debug/deps/libunicase-1497c870e48e7415.rlib" "/opt/rustwide/target/debug/deps/libmime-2a4c3a9a364f5972.rlib" "/opt/rustwide/target/debug/deps/libhyper_tls-bc969d61b5e1e393.rlib" "/opt/rustwide/target/debug/deps/libtokio_native_tls-25ebdba459568c3c.rlib" "/opt/rustwide/target/debug/deps/libnative_tls-4843e2f6930d6c97.rlib" "/opt/rustwide/target/debug/deps/libopenssl_probe-2d1cd15c290ad1de.rlib" "/opt/rustwide/target/debug/deps/libopenssl-f3b3b000c93100e1.rlib" "/opt/rustwide/target/debug/deps/libbitflags-82cc2d155c6eb112.rlib" "/opt/rustwide/target/debug/deps/libforeign_types-f2b053f84105065c.rlib" "/opt/rustwide/target/debug/deps/libforeign_types_shared-48f8f1f9ea32d068.rlib" "/opt/rustwide/target/debug/deps/libopenssl_sys-293ee1e58be9fd2c.rlib" "/opt/rustwide/target/debug/deps/libhyper-78b7266408c989a9.rlib" "/opt/rustwide/target/debug/deps/libwant-39e2e15258c9e251.rlib" "/opt/rustwide/target/debug/deps/libtry_lock-372cab8856e9ce9d.rlib" "/opt/rustwide/target/debug/deps/libhttparse-30fefae29fd53c2e.rlib" "/opt/rustwide/target/debug/deps/libtower_service-a82a463fea06a00e.rlib" "/opt/rustwide/target/debug/deps/libhttp_body-f9fb3e81919c8394.rlib" "/opt/rustwide/target/debug/deps/libhttp-79afac92d992d05f.rlib" "/opt/rustwide/target/debug/deps/libfnv-41a559218f992797.rlib" "/opt/rustwide/target/debug/deps/libtelegram_bot_raw_ars-fc560c7d622850dc.rlib" "/opt/rustwide/target/debug/deps/libserde_json-408e094a1a92e1d9.rlib" "/opt/rustwide/target/debug/deps/libryu-4d4a16031edb6838.rlib" "/opt/rustwide/target/debug/deps/libitoa-b071e49db4f1be66.rlib" "/opt/rustwide/target/debug/deps/libserde-3f646c46043a09bb.rlib" "/opt/rustwide/target/debug/deps/libbytes-300feae2a21f90fa.rlib" "/opt/rustwide/target/debug/deps/libtracing_futures-05ac3a6015fd1aaf.rlib" "/opt/rustwide/target/debug/deps/libtracing-e29aa9b4af987ccb.rlib" "/opt/rustwide/target/debug/deps/libtracing_core-662db58f662c5be7.rlib" "/opt/rustwide/target/debug/deps/libonce_cell-f4689346a1005a4d.rlib" "/opt/rustwide/target/debug/deps/libpin_project-d21f54d90cdf08f5.rlib" "/opt/rustwide/target/debug/deps/libtokio-9384dd28007dff0e.rlib" "/opt/rustwide/target/debug/deps/libnum_cpus-0881820fe5e7de80.rlib" "/opt/rustwide/target/debug/deps/libsocket2-dd267eb4640de7b5.rlib" "/opt/rustwide/target/debug/deps/libmio-be5fc99708779feb.rlib" "/opt/rustwide/target/debug/deps/liblibc-d81809097c4281db.rlib" "/opt/rustwide/target/debug/deps/liblog-e4acea3c8ca43b70.rlib" "/opt/rustwide/target/debug/deps/libcfg_if-e5e118dd7d121aaa.rlib" "/opt/rustwide/target/debug/deps/libfutures-892828dab65f95a8.rlib" "/opt/rustwide/target/debug/deps/libfutures_executor-96046ed524a305da.rlib" "/opt/rustwide/target/debug/deps/libfutures_util-6c8cccbe889dcb64.rlib" "/opt/rustwide/target/debug/deps/libmemchr-b18e4aa3c7a38625.rlib" "/opt/rustwide/target/debug/deps/libfutures_io-3f9849ddf2bf8c6a.rlib" "/opt/rustwide/target/debug/deps/libslab-adc206ca6c0d0a92.rlib" "/opt/rustwide/target/debug/deps/libfutures_channel-511620819a75cad4.rlib" "/opt/rustwide/target/debug/deps/libpin_project_lite-e66e1bab7310d569.rlib" "/opt/rustwide/target/debug/deps/libfutures_sink-a57c6c821771da39.rlib" "/opt/rustwide/target/debug/deps/libfutures_task-30fd2c6681655f9e.rlib" "/opt/rustwide/target/debug/deps/libpin_utils-0d8eaf4ac0fcb221.rlib" "/opt/rustwide/target/debug/deps/libfutures_core-d2ec0c05d9f2cf66.rlib" "/opt/rustwide/rustup-home/toolchains/1.69.0-x86_64-unknown-linux-gnu/lib/rustlib/x86_64-unknown-linux-gnu/lib/libstd-89bc084783fdc439.rlib" "/opt/rustwide/rustup-home/toolchains/1.69.0-x86_64-unknown-linux-gnu/lib/rustlib/x86_64-unknown-linux-gnu/lib/libpanic_unwind-8bee4b287d4367c1.rlib" "/opt/rustwide/rustup-home/toolchains/1.69.0-x86_64-unknown-linux-gnu/lib/rustlib/x86_64-unknown-linux-gnu/lib/libobject-d61707aed80694c0.rlib" "/opt/rustwide/rustup-home/toolchains/1.69.0-x86_64-unknown-linux-gnu/lib/rustlib/x86_64-unknown-linux-gnu/lib/libmemchr-d85366256f22345b.rlib" "/opt/rustwide/rustup-home/toolchains/1.69.0-x86_64-unknown-linux-gnu/lib/rustlib/x86_64-unknown-linux-gnu/lib/libaddr2line-96069b86b8a8cae9.rlib" "/opt/rustwide/rustup-home/toolchains/1.69.0-x86_64-unknown-linux-gnu/lib/rustlib/x86_64-unknown-linux-gnu/lib/libgimli-d19d53abf68dfa6c.rlib" "/opt/rustwide/rustup-home/toolchains/1.69.0-x86_64-unknown-linux-gnu/lib/rustlib/x86_64-unknown-linux-gnu/lib/librustc_demangle-787cbccd19d64ac6.rlib" "/opt/rustwide/rustup-home/toolchains/1.69.0-x86_64-unknown-linux-gnu/lib/rustlib/x86_64-unknown-linux-gnu/lib/libstd_detect-b3837a36b830e0d0.rlib" "/opt/rustwide/rustup-home/toolchains/1.69.0-x86_64-unknown-linux-gnu/lib/rustlib/x86_64-unknown-linux-gnu/lib/libhashbrown-e3deb0e7e3f04966.rlib" "/opt/rustwide/rustup-home/toolchains/1.69.0-x86_64-unknown-linux-gnu/lib/rustlib/x86_64-unknown-linux-gnu/lib/libminiz_oxide-dabbb79c9815def4.rlib" "/opt/rustwide/rustup-home/toolchains/1.69.0-x86_64-unknown-linux-gnu/lib/rustlib/x86_64-unknown-linux-gnu/lib/libadler-305b01f34c9409f2.rlib" "/opt/rustwide/rustup-home/toolchains/1.69.0-x86_64-unknown-linux-gnu/lib/rustlib/x86_64-unknown-linux-gnu/lib/librustc_std_workspace_alloc-f833521df6074e73.rlib" "/opt/rustwide/rustup-home/toolchains/1.69.0-x86_64-unknown-linux-gnu/lib/rustlib/x86_64-unknown-linux-gnu/lib/libunwind-9ac333113350d171.rlib" "/opt/rustwide/rustup-home/toolchains/1.69.0-x86_64-unknown-linux-gnu/lib/rustlib/x86_64-unknown-linux-gnu/lib/libcfg_if-1c126114322d0eee.rlib" "/opt/rustwide/rustup-home/toolchains/1.69.0-x86_64-unknown-linux-gnu/lib/rustlib/x86_64-unknown-linux-gnu/lib/liblibc-bad9164fdeeecf92.rlib" "/opt/rustwide/rustup-home/toolchains/1.69.0-x86_64-unknown-linux-gnu/lib/rustlib/x86_64-unknown-linux-gnu/lib/liballoc-f9374b1e480fa681.rlib" "/opt/rustwide/rustup-home/toolchains/1.69.0-x86_64-unknown-linux-gnu/lib/rustlib/x86_64-unknown-linux-gnu/lib/librustc_std_workspace_core-207f06e41d9603af.rlib" "/opt/rustwide/rustup-home/toolchains/1.69.0-x86_64-unknown-linux-gnu/lib/rustlib/x86_64-unknown-linux-gnu/lib/libcore-7e2768e66e984e85.rlib" "/opt/rustwide/rustup-home/toolchains/1.69.0-x86_64-unknown-linux-gnu/lib/rustlib/x86_64-unknown-linux-gnu/lib/libcompiler_builtins-957b4aff41f8cd46.rlib" "-Wl,-Bdynamic" "-lssl" "-lcrypto" "-lgcc_s" "-lutil" "-lrt" "-lpthread" "-lm" "-ldl" "-lc" "-Wl,--eh-frame-hdr" "-Wl,-z,noexecstack" "-L" "/opt/rustwide/rustup-home/toolchains/1.69.0-x86_64-unknown-linux-gnu/lib/rustlib/x86_64-unknown-linux-gnu/lib" "-o" "/opt/rustwide/target/debug/examples/pin-14fdb27db02b9b0e" "-Wl,--gc-sections" "-pie" "-Wl,-z,relro,-z,now" "-nodefaultlibs"
[INFO] [stdout]   = note: collect2: fatal error: ld terminated with signal 9 [Killed]
[INFO] [stdout]           compilation terminated.
[INFO] [stdout]           
[INFO] [stdout] 
[INFO] [stdout] 
[INFO] [stdout] error: aborting due to previous error
[INFO] [stdout] 
[INFO] [stdout] 
[INFO] [stderr] error: could not compile `telegram-bot-ars` due to 2 previous errors
[INFO] [stdout] error: linking with `cc` failed: exit status: 1
[INFO] [stdout]   |
[INFO] [stdout]   = note: LC_ALL="C" PATH="/opt/rustwide/rustup-home/toolchains/1.69.0-x86_64-unknown-linux-gnu/lib/rustlib/x86_64-unknown-linux-gnu/bin:/opt/rustwide/cargo-home/bin:/usr/local/sbin:/usr/local/bin:/usr/sbin:/usr/bin:/sbin:/bin" VSLANG="1033" "cc" "-m64" "/tmp/rustcLKdqUD/symbols.o" "/opt/rustwide/target/debug/examples/tracing-cce46c93d87891c9.tracing.a83fae35-cgu.0.rcgu.o" "/opt/rustwide/target/debug/examples/tracing-cce46c93d87891c9.tracing.a83fae35-cgu.1.rcgu.o" "/opt/rustwide/target/debug/examples/tracing-cce46c93d87891c9.tracing.a83fae35-cgu.10.rcgu.o" "/opt/rustwide/target/debug/examples/tracing-cce46c93d87891c9.tracing.a83fae35-cgu.11.rcgu.o" "/opt/rustwide/target/debug/examples/tracing-cce46c93d87891c9.tracing.a83fae35-cgu.12.rcgu.o" "/opt/rustwide/target/debug/examples/tracing-cce46c93d87891c9.tracing.a83fae35-cgu.13.rcgu.o" "/opt/rustwide/target/debug/examples/tracing-cce46c93d87891c9.tracing.a83fae35-cgu.14.rcgu.o" "/opt/rustwide/target/debug/examples/tracing-cce46c93d87891c9.tracing.a83fae35-cgu.15.rcgu.o" "/opt/rustwide/target/debug/examples/tracing-cce46c93d87891c9.tracing.a83fae35-cgu.2.rcgu.o" "/opt/rustwide/target/debug/examples/tracing-cce46c93d87891c9.tracing.a83fae35-cgu.3.rcgu.o" "/opt/rustwide/target/debug/examples/tracing-cce46c93d87891c9.tracing.a83fae35-cgu.4.rcgu.o" "/opt/rustwide/target/debug/examples/tracing-cce46c93d87891c9.tracing.a83fae35-cgu.5.rcgu.o" "/opt/rustwide/target/debug/examples/tracing-cce46c93d87891c9.tracing.a83fae35-cgu.6.rcgu.o" "/opt/rustwide/target/debug/examples/tracing-cce46c93d87891c9.tracing.a83fae35-cgu.7.rcgu.o" "/opt/rustwide/target/debug/examples/tracing-cce46c93d87891c9.tracing.a83fae35-cgu.8.rcgu.o" "/opt/rustwide/target/debug/examples/tracing-cce46c93d87891c9.tracing.a83fae35-cgu.9.rcgu.o" "/opt/rustwide/target/debug/examples/tracing-cce46c93d87891c9.mp1c4cwf2ajbvc8.rcgu.o" "-Wl,--as-needed" "-L" "/opt/rustwide/target/debug/deps" "-L" "/opt/rustwide/rustup-home/toolchains/1.69.0-x86_64-unknown-linux-gnu/lib/rustlib/x86_64-unknown-linux-gnu/lib" "-Wl,-Bstatic" "/opt/rustwide/target/debug/deps/libtracing_subscriber-a1e19fce26c897ed.rlib" "/opt/rustwide/target/debug/deps/libchrono-0ccec41477c76d8a.rlib" "/opt/rustwide/target/debug/deps/libiana_time_zone-6a2f2c074bce83fa.rlib" "/opt/rustwide/target/debug/deps/libnum_integer-ea35e78038e668d1.rlib" "/opt/rustwide/target/debug/deps/libnum_traits-9bb78d120ed117cd.rlib" "/opt/rustwide/target/debug/deps/libsmallvec-22f2447eab0ca59b.rlib" "/opt/rustwide/target/debug/deps/libthread_local-713a8c0281fc5b5e.rlib" "/opt/rustwide/target/debug/deps/libsharded_slab-24ee8a9fa7a57bac.rlib" "/opt/rustwide/target/debug/deps/libtracing_serde-5dea297d552a4e0e.rlib" "/opt/rustwide/target/debug/deps/libtracing_log-60fbc8782631b2e3.rlib" "/opt/rustwide/target/debug/deps/libansi_term-d7fe617575af129f.rlib" "/opt/rustwide/target/debug/deps/libmatchers-2e6f22940fe7f64e.rlib" "/opt/rustwide/target/debug/deps/libregex_automata-68ec3c576f70df6f.rlib" "/opt/rustwide/target/debug/deps/libregex-425caea456f349d9.rlib" "/opt/rustwide/target/debug/deps/libregex_syntax-818c2f7eeae25f7c.rlib" "/opt/rustwide/target/debug/deps/liblazy_static-a15e1ed0a3c31761.rlib" "/opt/rustwide/target/debug/deps/libtelegram_bot_ars-f42637952fb24b56.rlib" "/opt/rustwide/target/debug/deps/libmultipart-d3e5e396dc0c9aae.rlib" "/opt/rustwide/target/debug/deps/libtempfile-07e8db2f68eac065.rlib" "/opt/rustwide/target/debug/deps/libfastrand-59169bb831841bec.rlib" "/opt/rustwide/target/debug/deps/libremove_dir_all-eff5dea3d8a02b70.rlib" "/opt/rustwide/target/debug/deps/librand-3c77dbbf51139520.rlib" "/opt/rustwide/target/debug/deps/librand_chacha-ba2c9958c13c0b9f.rlib" "/opt/rustwide/target/debug/deps/libppv_lite86-c3ad053967cc551c.rlib" "/opt/rustwide/target/debug/deps/librand_core-d68145d47b0fa2ce.rlib" "/opt/rustwide/target/debug/deps/libgetrandom-425ab72e6e268b69.rlib" "/opt/rustwide/target/debug/deps/libmime_guess-34a2b6656c8f171c.rlib" "/opt/rustwide/target/debug/deps/libunicase-1497c870e48e7415.rlib" "/opt/rustwide/target/debug/deps/libmime-2a4c3a9a364f5972.rlib" "/opt/rustwide/target/debug/deps/libhyper_tls-bc969d61b5e1e393.rlib" "/opt/rustwide/target/debug/deps/libtokio_native_tls-25ebdba459568c3c.rlib" "/opt/rustwide/target/debug/deps/libnative_tls-4843e2f6930d6c97.rlib" "/opt/rustwide/target/debug/deps/libopenssl_probe-2d1cd15c290ad1de.rlib" "/opt/rustwide/target/debug/deps/libopenssl-f3b3b000c93100e1.rlib" "/opt/rustwide/target/debug/deps/libbitflags-82cc2d155c6eb112.rlib" "/opt/rustwide/target/debug/deps/libforeign_types-f2b053f84105065c.rlib" "/opt/rustwide/target/debug/deps/libforeign_types_shared-48f8f1f9ea32d068.rlib" "/opt/rustwide/target/debug/deps/libopenssl_sys-293ee1e58be9fd2c.rlib" "/opt/rustwide/target/debug/deps/libhyper-78b7266408c989a9.rlib" "/opt/rustwide/target/debug/deps/libwant-39e2e15258c9e251.rlib" "/opt/rustwide/target/debug/deps/libtry_lock-372cab8856e9ce9d.rlib" "/opt/rustwide/target/debug/deps/libhttparse-30fefae29fd53c2e.rlib" "/opt/rustwide/target/debug/deps/libtower_service-a82a463fea06a00e.rlib" "/opt/rustwide/target/debug/deps/libhttp_body-f9fb3e81919c8394.rlib" "/opt/rustwide/target/debug/deps/libhttp-79afac92d992d05f.rlib" "/opt/rustwide/target/debug/deps/libfnv-41a559218f992797.rlib" "/opt/rustwide/target/debug/deps/libtelegram_bot_raw_ars-fc560c7d622850dc.rlib" "/opt/rustwide/target/debug/deps/libserde_json-408e094a1a92e1d9.rlib" "/opt/rustwide/target/debug/deps/libryu-4d4a16031edb6838.rlib" "/opt/rustwide/target/debug/deps/libitoa-b071e49db4f1be66.rlib" "/opt/rustwide/target/debug/deps/libserde-3f646c46043a09bb.rlib" "/opt/rustwide/target/debug/deps/libbytes-300feae2a21f90fa.rlib" "/opt/rustwide/target/debug/deps/libtracing_futures-05ac3a6015fd1aaf.rlib" "/opt/rustwide/target/debug/deps/libtracing-e29aa9b4af987ccb.rlib" "/opt/rustwide/target/debug/deps/libtracing_core-662db58f662c5be7.rlib" "/opt/rustwide/target/debug/deps/libonce_cell-f4689346a1005a4d.rlib" "/opt/rustwide/target/debug/deps/libpin_project-d21f54d90cdf08f5.rlib" "/opt/rustwide/target/debug/deps/libtokio-9384dd28007dff0e.rlib" "/opt/rustwide/target/debug/deps/libnum_cpus-0881820fe5e7de80.rlib" "/opt/rustwide/target/debug/deps/libsocket2-dd267eb4640de7b5.rlib" "/opt/rustwide/target/debug/deps/libmio-be5fc99708779feb.rlib" "/opt/rustwide/target/debug/deps/liblibc-d81809097c4281db.rlib" "/opt/rustwide/target/debug/deps/liblog-e4acea3c8ca43b70.rlib" "/opt/rustwide/target/debug/deps/libcfg_if-e5e118dd7d121aaa.rlib" "/opt/rustwide/target/debug/deps/libfutures-892828dab65f95a8.rlib" "/opt/rustwide/target/debug/deps/libfutures_executor-96046ed524a305da.rlib" "/opt/rustwide/target/debug/deps/libfutures_util-6c8cccbe889dcb64.rlib" "/opt/rustwide/target/debug/deps/libmemchr-b18e4aa3c7a38625.rlib" "/opt/rustwide/target/debug/deps/libfutures_io-3f9849ddf2bf8c6a.rlib" "/opt/rustwide/target/debug/deps/libslab-adc206ca6c0d0a92.rlib" "/opt/rustwide/target/debug/deps/libfutures_channel-511620819a75cad4.rlib" "/opt/rustwide/target/debug/deps/libpin_project_lite-e66e1bab7310d569.rlib" "/opt/rustwide/target/debug/deps/libfutures_sink-a57c6c821771da39.rlib" "/opt/rustwide/target/debug/deps/libfutures_task-30fd2c6681655f9e.rlib" "/opt/rustwide/target/debug/deps/libpin_utils-0d8eaf4ac0fcb221.rlib" "/opt/rustwide/target/debug/deps/libfutures_core-d2ec0c05d9f2cf66.rlib" "/opt/rustwide/rustup-home/toolchains/1.69.0-x86_64-unknown-linux-gnu/lib/rustlib/x86_64-unknown-linux-gnu/lib/libstd-89bc084783fdc439.rlib" "/opt/rustwide/rustup-home/toolchains/1.69.0-x86_64-unknown-linux-gnu/lib/rustlib/x86_64-unknown-linux-gnu/lib/libpanic_unwind-8bee4b287d4367c1.rlib" "/opt/rustwide/rustup-home/toolchains/1.69.0-x86_64-unknown-linux-gnu/lib/rustlib/x86_64-unknown-linux-gnu/lib/libobject-d61707aed80694c0.rlib" "/opt/rustwide/rustup-home/toolchains/1.69.0-x86_64-unknown-linux-gnu/lib/rustlib/x86_64-unknown-linux-gnu/lib/libmemchr-d85366256f22345b.rlib" "/opt/rustwide/rustup-home/toolchains/1.69.0-x86_64-unknown-linux-gnu/lib/rustlib/x86_64-unknown-linux-gnu/lib/libaddr2line-96069b86b8a8cae9.rlib" "/opt/rustwide/rustup-home/toolchains/1.69.0-x86_64-unknown-linux-gnu/lib/rustlib/x86_64-unknown-linux-gnu/lib/libgimli-d19d53abf68dfa6c.rlib" "/opt/rustwide/rustup-home/toolchains/1.69.0-x86_64-unknown-linux-gnu/lib/rustlib/x86_64-unknown-linux-gnu/lib/librustc_demangle-787cbccd19d64ac6.rlib" "/opt/rustwide/rustup-home/toolchains/1.69.0-x86_64-unknown-linux-gnu/lib/rustlib/x86_64-unknown-linux-gnu/lib/libstd_detect-b3837a36b830e0d0.rlib" "/opt/rustwide/rustup-home/toolchains/1.69.0-x86_64-unknown-linux-gnu/lib/rustlib/x86_64-unknown-linux-gnu/lib/libhashbrown-e3deb0e7e3f04966.rlib" "/opt/rustwide/rustup-home/toolchains/1.69.0-x86_64-unknown-linux-gnu/lib/rustlib/x86_64-unknown-linux-gnu/lib/libminiz_oxide-dabbb79c9815def4.rlib" "/opt/rustwide/rustup-home/toolchains/1.69.0-x86_64-unknown-linux-gnu/lib/rustlib/x86_64-unknown-linux-gnu/lib/libadler-305b01f34c9409f2.rlib" "/opt/rustwide/rustup-home/toolchains/1.69.0-x86_64-unknown-linux-gnu/lib/rustlib/x86_64-unknown-linux-gnu/lib/librustc_std_workspace_alloc-f833521df6074e73.rlib" "/opt/rustwide/rustup-home/toolchains/1.69.0-x86_64-unknown-linux-gnu/lib/rustlib/x86_64-unknown-linux-gnu/lib/libunwind-9ac333113350d171.rlib" "/opt/rustwide/rustup-home/toolchains/1.69.0-x86_64-unknown-linux-gnu/lib/rustlib/x86_64-unknown-linux-gnu/lib/libcfg_if-1c126114322d0eee.rlib" "/opt/rustwide/rustup-home/toolchains/1.69.0-x86_64-unknown-linux-gnu/lib/rustlib/x86_64-unknown-linux-gnu/lib/liblibc-bad9164fdeeecf92.rlib" "/opt/rustwide/rustup-home/toolchains/1.69.0-x86_64-unknown-linux-gnu/lib/rustlib/x86_64-unknown-linux-gnu/lib/liballoc-f9374b1e480fa681.rlib" "/opt/rustwide/rustup-home/toolchains/1.69.0-x86_64-unknown-linux-gnu/lib/rustlib/x86_64-unknown-linux-gnu/lib/librustc_std_workspace_core-207f06e41d9603af.rlib" "/opt/rustwide/rustup-home/toolchains/1.69.0-x86_64-unknown-linux-gnu/lib/rustlib/x86_64-unknown-linux-gnu/lib/libcore-7e2768e66e984e85.rlib" "/opt/rustwide/rustup-home/toolchains/1.69.0-x86_64-unknown-linux-gnu/lib/rustlib/x86_64-unknown-linux-gnu/lib/libcompiler_builtins-957b4aff41f8cd46.rlib" "-Wl,-Bdynamic" "-lssl" "-lcrypto" "-lgcc_s" "-lutil" "-lrt" "-lpthread" "-lm" "-ldl" "-lc" "-Wl,--eh-frame-hdr" "-Wl,-z,noexecstack" "-L" "/opt/rustwide/rustup-home/toolchains/1.69.0-x86_64-unknown-linux-gnu/lib/rustlib/x86_64-unknown-linux-gnu/lib" "-o" "/opt/rustwide/target/debug/examples/tracing-cce46c93d87891c9" "-Wl,--gc-sections" "-pie" "-Wl,-z,relro,-z,now" "-nodefaultlibs"
[INFO] [stdout]   = note: collect2: fatal error: ld terminated with signal 9 [Killed]
[INFO] [stdout]           compilation terminated.
[INFO] [stdout]           
[INFO] [stdout] 
[INFO] [stdout] 
[INFO] [stdout] error: aborting due to previous error
[INFO] [stdout] 
[INFO] [stdout] 
[INFO] [stderr] error: could not compile `telegram-bot-ars` due to 2 previous errors
[INFO] [stdout] error: linking with `cc` failed: exit status: 1
[INFO] [stdout]   |
[INFO] [stdout]   = note: LC_ALL="C" PATH="/opt/rustwide/rustup-home/toolchains/1.69.0-x86_64-unknown-linux-gnu/lib/rustlib/x86_64-unknown-linux-gnu/bin:/opt/rustwide/cargo-home/bin:/usr/local/sbin:/usr/local/bin:/usr/sbin:/usr/bin:/sbin:/bin" VSLANG="1033" "cc" "-m64" "/tmp/rustcDqqZre/symbols.o" "/opt/rustwide/target/debug/examples/send-b202ec6401418922.send.ebb4933f-cgu.0.rcgu.o" "/opt/rustwide/target/debug/examples/send-b202ec6401418922.send.ebb4933f-cgu.1.rcgu.o" "/opt/rustwide/target/debug/examples/send-b202ec6401418922.send.ebb4933f-cgu.10.rcgu.o" "/opt/rustwide/target/debug/examples/send-b202ec6401418922.send.ebb4933f-cgu.11.rcgu.o" "/opt/rustwide/target/debug/examples/send-b202ec6401418922.send.ebb4933f-cgu.12.rcgu.o" "/opt/rustwide/target/debug/examples/send-b202ec6401418922.send.ebb4933f-cgu.13.rcgu.o" "/opt/rustwide/target/debug/examples/send-b202ec6401418922.send.ebb4933f-cgu.14.rcgu.o" "/opt/rustwide/target/debug/examples/send-b202ec6401418922.send.ebb4933f-cgu.15.rcgu.o" "/opt/rustwide/target/debug/examples/send-b202ec6401418922.send.ebb4933f-cgu.2.rcgu.o" "/opt/rustwide/target/debug/examples/send-b202ec6401418922.send.ebb4933f-cgu.3.rcgu.o" "/opt/rustwide/target/debug/examples/send-b202ec6401418922.send.ebb4933f-cgu.4.rcgu.o" "/opt/rustwide/target/debug/examples/send-b202ec6401418922.send.ebb4933f-cgu.5.rcgu.o" "/opt/rustwide/target/debug/examples/send-b202ec6401418922.send.ebb4933f-cgu.6.rcgu.o" "/opt/rustwide/target/debug/examples/send-b202ec6401418922.send.ebb4933f-cgu.7.rcgu.o" "/opt/rustwide/target/debug/examples/send-b202ec6401418922.send.ebb4933f-cgu.8.rcgu.o" "/opt/rustwide/target/debug/examples/send-b202ec6401418922.send.ebb4933f-cgu.9.rcgu.o" "/opt/rustwide/target/debug/examples/send-b202ec6401418922.1xu4xk4mbfi185mm.rcgu.o" "-Wl,--as-needed" "-L" "/opt/rustwide/target/debug/deps" "-L" "/opt/rustwide/rustup-home/toolchains/1.69.0-x86_64-unknown-linux-gnu/lib/rustlib/x86_64-unknown-linux-gnu/lib" "-Wl,-Bstatic" "/opt/rustwide/target/debug/deps/libtelegram_bot_ars-f42637952fb24b56.rlib" "/opt/rustwide/target/debug/deps/libmultipart-d3e5e396dc0c9aae.rlib" "/opt/rustwide/target/debug/deps/libtempfile-07e8db2f68eac065.rlib" "/opt/rustwide/target/debug/deps/libfastrand-59169bb831841bec.rlib" "/opt/rustwide/target/debug/deps/libremove_dir_all-eff5dea3d8a02b70.rlib" "/opt/rustwide/target/debug/deps/librand-3c77dbbf51139520.rlib" "/opt/rustwide/target/debug/deps/librand_chacha-ba2c9958c13c0b9f.rlib" "/opt/rustwide/target/debug/deps/libppv_lite86-c3ad053967cc551c.rlib" "/opt/rustwide/target/debug/deps/librand_core-d68145d47b0fa2ce.rlib" "/opt/rustwide/target/debug/deps/libgetrandom-425ab72e6e268b69.rlib" "/opt/rustwide/target/debug/deps/libmime_guess-34a2b6656c8f171c.rlib" "/opt/rustwide/target/debug/deps/libunicase-1497c870e48e7415.rlib" "/opt/rustwide/target/debug/deps/libmime-2a4c3a9a364f5972.rlib" "/opt/rustwide/target/debug/deps/libhyper_tls-bc969d61b5e1e393.rlib" "/opt/rustwide/target/debug/deps/libtokio_native_tls-25ebdba459568c3c.rlib" "/opt/rustwide/target/debug/deps/libnative_tls-4843e2f6930d6c97.rlib" "/opt/rustwide/target/debug/deps/libopenssl_probe-2d1cd15c290ad1de.rlib" "/opt/rustwide/target/debug/deps/libopenssl-f3b3b000c93100e1.rlib" "/opt/rustwide/target/debug/deps/libbitflags-82cc2d155c6eb112.rlib" "/opt/rustwide/target/debug/deps/libforeign_types-f2b053f84105065c.rlib" "/opt/rustwide/target/debug/deps/libforeign_types_shared-48f8f1f9ea32d068.rlib" "/opt/rustwide/target/debug/deps/libopenssl_sys-293ee1e58be9fd2c.rlib" "/opt/rustwide/target/debug/deps/libhyper-78b7266408c989a9.rlib" "/opt/rustwide/target/debug/deps/libwant-39e2e15258c9e251.rlib" "/opt/rustwide/target/debug/deps/libtry_lock-372cab8856e9ce9d.rlib" "/opt/rustwide/target/debug/deps/libhttparse-30fefae29fd53c2e.rlib" "/opt/rustwide/target/debug/deps/libtower_service-a82a463fea06a00e.rlib" "/opt/rustwide/target/debug/deps/libhttp_body-f9fb3e81919c8394.rlib" "/opt/rustwide/target/debug/deps/libhttp-79afac92d992d05f.rlib" "/opt/rustwide/target/debug/deps/libfnv-41a559218f992797.rlib" "/opt/rustwide/target/debug/deps/libtelegram_bot_raw_ars-fc560c7d622850dc.rlib" "/opt/rustwide/target/debug/deps/libserde_json-408e094a1a92e1d9.rlib" "/opt/rustwide/target/debug/deps/libryu-4d4a16031edb6838.rlib" "/opt/rustwide/target/debug/deps/libitoa-b071e49db4f1be66.rlib" "/opt/rustwide/target/debug/deps/libserde-3f646c46043a09bb.rlib" "/opt/rustwide/target/debug/deps/libbytes-300feae2a21f90fa.rlib" "/opt/rustwide/target/debug/deps/libtracing_futures-05ac3a6015fd1aaf.rlib" "/opt/rustwide/target/debug/deps/libtracing-e29aa9b4af987ccb.rlib" "/opt/rustwide/target/debug/deps/libtracing_core-662db58f662c5be7.rlib" "/opt/rustwide/target/debug/deps/libonce_cell-f4689346a1005a4d.rlib" "/opt/rustwide/target/debug/deps/libpin_project-d21f54d90cdf08f5.rlib" "/opt/rustwide/target/debug/deps/libtokio-9384dd28007dff0e.rlib" "/opt/rustwide/target/debug/deps/libnum_cpus-0881820fe5e7de80.rlib" "/opt/rustwide/target/debug/deps/libsocket2-dd267eb4640de7b5.rlib" "/opt/rustwide/target/debug/deps/libmio-be5fc99708779feb.rlib" "/opt/rustwide/target/debug/deps/liblibc-d81809097c4281db.rlib" "/opt/rustwide/target/debug/deps/liblog-e4acea3c8ca43b70.rlib" "/opt/rustwide/target/debug/deps/libcfg_if-e5e118dd7d121aaa.rlib" "/opt/rustwide/target/debug/deps/libfutures-892828dab65f95a8.rlib" "/opt/rustwide/target/debug/deps/libfutures_executor-96046ed524a305da.rlib" "/opt/rustwide/target/debug/deps/libfutures_util-6c8cccbe889dcb64.rlib" "/opt/rustwide/target/debug/deps/libmemchr-b18e4aa3c7a38625.rlib" "/opt/rustwide/target/debug/deps/libfutures_io-3f9849ddf2bf8c6a.rlib" "/opt/rustwide/target/debug/deps/libslab-adc206ca6c0d0a92.rlib" "/opt/rustwide/target/debug/deps/libfutures_channel-511620819a75cad4.rlib" "/opt/rustwide/target/debug/deps/libpin_project_lite-e66e1bab7310d569.rlib" "/opt/rustwide/target/debug/deps/libfutures_sink-a57c6c821771da39.rlib" "/opt/rustwide/target/debug/deps/libfutures_task-30fd2c6681655f9e.rlib" "/opt/rustwide/target/debug/deps/libpin_utils-0d8eaf4ac0fcb221.rlib" "/opt/rustwide/target/debug/deps/libfutures_core-d2ec0c05d9f2cf66.rlib" "/opt/rustwide/rustup-home/toolchains/1.69.0-x86_64-unknown-linux-gnu/lib/rustlib/x86_64-unknown-linux-gnu/lib/libstd-89bc084783fdc439.rlib" "/opt/rustwide/rustup-home/toolchains/1.69.0-x86_64-unknown-linux-gnu/lib/rustlib/x86_64-unknown-linux-gnu/lib/libpanic_unwind-8bee4b287d4367c1.rlib" "/opt/rustwide/rustup-home/toolchains/1.69.0-x86_64-unknown-linux-gnu/lib/rustlib/x86_64-unknown-linux-gnu/lib/libobject-d61707aed80694c0.rlib" "/opt/rustwide/rustup-home/toolchains/1.69.0-x86_64-unknown-linux-gnu/lib/rustlib/x86_64-unknown-linux-gnu/lib/libmemchr-d85366256f22345b.rlib" "/opt/rustwide/rustup-home/toolchains/1.69.0-x86_64-unknown-linux-gnu/lib/rustlib/x86_64-unknown-linux-gnu/lib/libaddr2line-96069b86b8a8cae9.rlib" "/opt/rustwide/rustup-home/toolchains/1.69.0-x86_64-unknown-linux-gnu/lib/rustlib/x86_64-unknown-linux-gnu/lib/libgimli-d19d53abf68dfa6c.rlib" "/opt/rustwide/rustup-home/toolchains/1.69.0-x86_64-unknown-linux-gnu/lib/rustlib/x86_64-unknown-linux-gnu/lib/librustc_demangle-787cbccd19d64ac6.rlib" "/opt/rustwide/rustup-home/toolchains/1.69.0-x86_64-unknown-linux-gnu/lib/rustlib/x86_64-unknown-linux-gnu/lib/libstd_detect-b3837a36b830e0d0.rlib" "/opt/rustwide/rustup-home/toolchains/1.69.0-x86_64-unknown-linux-gnu/lib/rustlib/x86_64-unknown-linux-gnu/lib/libhashbrown-e3deb0e7e3f04966.rlib" "/opt/rustwide/rustup-home/toolchains/1.69.0-x86_64-unknown-linux-gnu/lib/rustlib/x86_64-unknown-linux-gnu/lib/libminiz_oxide-dabbb79c9815def4.rlib" "/opt/rustwide/rustup-home/toolchains/1.69.0-x86_64-unknown-linux-gnu/lib/rustlib/x86_64-unknown-linux-gnu/lib/libadler-305b01f34c9409f2.rlib" "/opt/rustwide/rustup-home/toolchains/1.69.0-x86_64-unknown-linux-gnu/lib/rustlib/x86_64-unknown-linux-gnu/lib/librustc_std_workspace_alloc-f833521df6074e73.rlib" "/opt/rustwide/rustup-home/toolchains/1.69.0-x86_64-unknown-linux-gnu/lib/rustlib/x86_64-unknown-linux-gnu/lib/libunwind-9ac333113350d171.rlib" "/opt/rustwide/rustup-home/toolchains/1.69.0-x86_64-unknown-linux-gnu/lib/rustlib/x86_64-unknown-linux-gnu/lib/libcfg_if-1c126114322d0eee.rlib" "/opt/rustwide/rustup-home/toolchains/1.69.0-x86_64-unknown-linux-gnu/lib/rustlib/x86_64-unknown-linux-gnu/lib/liblibc-bad9164fdeeecf92.rlib" "/opt/rustwide/rustup-home/toolchains/1.69.0-x86_64-unknown-linux-gnu/lib/rustlib/x86_64-unknown-linux-gnu/lib/liballoc-f9374b1e480fa681.rlib" "/opt/rustwide/rustup-home/toolchains/1.69.0-x86_64-unknown-linux-gnu/lib/rustlib/x86_64-unknown-linux-gnu/lib/librustc_std_workspace_core-207f06e41d9603af.rlib" "/opt/rustwide/rustup-home/toolchains/1.69.0-x86_64-unknown-linux-gnu/lib/rustlib/x86_64-unknown-linux-gnu/lib/libcore-7e2768e66e984e85.rlib" "/opt/rustwide/rustup-home/toolchains/1.69.0-x86_64-unknown-linux-gnu/lib/rustlib/x86_64-unknown-linux-gnu/lib/libcompiler_builtins-957b4aff41f8cd46.rlib" "-Wl,-Bdynamic" "-lssl" "-lcrypto" "-lgcc_s" "-lutil" "-lrt" "-lpthread" "-lm" "-ldl" "-lc" "-Wl,--eh-frame-hdr" "-Wl,-z,noexecstack" "-L" "/opt/rustwide/rustup-home/toolchains/1.69.0-x86_64-unknown-linux-gnu/lib/rustlib/x86_64-unknown-linux-gnu/lib" "-o" "/opt/rustwide/target/debug/examples/send-b202ec6401418922" "-Wl,--gc-sections" "-pie" "-Wl,-z,relro,-z,now" "-nodefaultlibs"
[INFO] [stdout]   = note: collect2: fatal error: ld terminated with signal 9 [Killed]
[INFO] [stdout]           compilation terminated.
[INFO] [stdout]           
[INFO] [stdout] 
[INFO] [stdout] 
[INFO] [stdout] error: aborting due to previous error
[INFO] [stdout] 
[INFO] [stdout] 
[INFO] [stderr] error: could not compile `telegram-bot-ars` due to 2 previous errors
[INFO] running `Command { std: "docker" "inspect" "8a27e23671efefdc8605f0fb53287651b411f3a98d6a8fd745bf01f83b4c9fec", kill_on_drop: false }`
[INFO] running `Command { std: "docker" "rm" "-f" "8a27e23671efefdc8605f0fb53287651b411f3a98d6a8fd745bf01f83b4c9fec", kill_on_drop: false }`
[INFO] [stdout] 8a27e23671efefdc8605f0fb53287651b411f3a98d6a8fd745bf01f83b4c9fec
