[INFO] fetching crate tbb-sys 1.1.0+2021.5.0...
[INFO] testing tbb-sys-1.1.0+2021.5.0 against 1.69.0 for beta-1.70-1
[INFO] extracting crate tbb-sys 1.1.0+2021.5.0 into /workspace/builds/worker-3-tc1/source
[INFO] validating manifest of crates.io crate tbb-sys 1.1.0+2021.5.0 on toolchain 1.69.0
[INFO] running `Command { std: CARGO_HOME="/workspace/cargo-home" RUSTUP_HOME="/workspace/rustup-home" "/workspace/cargo-home/bin/cargo" "+1.69.0" "metadata" "--manifest-path" "Cargo.toml" "--no-deps", kill_on_drop: false }`
[INFO] started tweaking crates.io crate tbb-sys 1.1.0+2021.5.0
[INFO] finished tweaking crates.io crate tbb-sys 1.1.0+2021.5.0
[INFO] tweaked toml for crates.io crate tbb-sys 1.1.0+2021.5.0 written to /workspace/builds/worker-3-tc1/source/Cargo.toml
[INFO] running `Command { std: CARGO_HOME="/workspace/cargo-home" RUSTUP_HOME="/workspace/rustup-home" __CARGO_TEST_CHANNEL_OVERRIDE_DO_NOT_USE_THIS="nightly" "/workspace/cargo-home/bin/cargo" "+1.69.0" "generate-lockfile" "--manifest-path" "Cargo.toml" "-Zno-index-update", kill_on_drop: false }`
[INFO] running `Command { std: CARGO_HOME="/workspace/cargo-home" RUSTUP_HOME="/workspace/rustup-home" "/workspace/cargo-home/bin/cargo" "+1.69.0" "fetch" "--manifest-path" "Cargo.toml", kill_on_drop: false }`
[INFO] [stderr]     Blocking waiting for file lock on package cache
[INFO] running `Command { std: "docker" "create" "-v" "/var/lib/crater-agent-workspace/builds/worker-3-tc1/target:/opt/rustwide/target:rw,Z" "-v" "/var/lib/crater-agent-workspace/builds/worker-3-tc1/source:/opt/rustwide/workdir:ro,Z" "-v" "/var/lib/crater-agent-workspace/cargo-home:/opt/rustwide/cargo-home:ro,Z" "-v" "/var/lib/crater-agent-workspace/rustup-home:/opt/rustwide/rustup-home:ro,Z" "-e" "SOURCE_DIR=/opt/rustwide/workdir" "-e" "CARGO_TARGET_DIR=/opt/rustwide/target" "-e" "CARGO_HOME=/opt/rustwide/cargo-home" "-e" "RUSTUP_HOME=/opt/rustwide/rustup-home" "-w" "/opt/rustwide/workdir" "-m" "1610612736" "--user" "0:0" "--network" "none" "ghcr.io/rust-lang/crates-build-env/linux@sha256:5ff2268d62e97bff2cde7d5815dd6ed5b47097566f13b8d0ca110b04b60e07ed" "/opt/rustwide/cargo-home/bin/cargo" "+1.69.0" "metadata" "--no-deps" "--format-version=1", kill_on_drop: false }`
[INFO] [stdout] 8c51a45d7e4106ee0548e8e059ff066262cd8cfc479f8932f3b300e26bc4b7c1
[INFO] running `Command { std: "docker" "start" "-a" "8c51a45d7e4106ee0548e8e059ff066262cd8cfc479f8932f3b300e26bc4b7c1", kill_on_drop: false }`
[INFO] running `Command { std: "docker" "inspect" "8c51a45d7e4106ee0548e8e059ff066262cd8cfc479f8932f3b300e26bc4b7c1", kill_on_drop: false }`
[INFO] running `Command { std: "docker" "rm" "-f" "8c51a45d7e4106ee0548e8e059ff066262cd8cfc479f8932f3b300e26bc4b7c1", kill_on_drop: false }`
[INFO] [stdout] 8c51a45d7e4106ee0548e8e059ff066262cd8cfc479f8932f3b300e26bc4b7c1
[INFO] running `Command { std: "docker" "create" "-v" "/var/lib/crater-agent-workspace/builds/worker-3-tc1/target:/opt/rustwide/target:rw,Z" "-v" "/var/lib/crater-agent-workspace/builds/worker-3-tc1/source:/opt/rustwide/workdir:ro,Z" "-v" "/var/lib/crater-agent-workspace/cargo-home:/opt/rustwide/cargo-home:ro,Z" "-v" "/var/lib/crater-agent-workspace/rustup-home:/opt/rustwide/rustup-home:ro,Z" "-e" "SOURCE_DIR=/opt/rustwide/workdir" "-e" "CARGO_TARGET_DIR=/opt/rustwide/target" "-e" "CARGO_INCREMENTAL=0" "-e" "RUST_BACKTRACE=full" "-e" "RUSTFLAGS=--cap-lints=warn" "-e" "RUSTDOCFLAGS=--cap-lints=warn" "-e" "CARGO_HOME=/opt/rustwide/cargo-home" "-e" "RUSTUP_HOME=/opt/rustwide/rustup-home" "-w" "/opt/rustwide/workdir" "-m" "1610612736" "--user" "0:0" "--network" "none" "ghcr.io/rust-lang/crates-build-env/linux@sha256:5ff2268d62e97bff2cde7d5815dd6ed5b47097566f13b8d0ca110b04b60e07ed" "/opt/rustwide/cargo-home/bin/cargo" "+1.69.0" "build" "--frozen" "--message-format=json", kill_on_drop: false }`
[INFO] [stdout] 7c56575393664618996fbbb745d2fcc8c25b1e83462d07a3889fa9a55fda11c9
[INFO] running `Command { std: "docker" "start" "-a" "7c56575393664618996fbbb745d2fcc8c25b1e83462d07a3889fa9a55fda11c9", kill_on_drop: false }`
[INFO] [stderr]    Compiling jobserver v0.1.26
[INFO] [stderr]    Compiling cc v1.0.79
[INFO] [stderr]    Compiling tbb-sys v1.1.0+2021.5.0 (/opt/rustwide/workdir)
[INFO] [stderr] The following warnings were emitted during compilation:
[INFO] [stderr] 
[INFO] [stderr] warning: c++: fatal error: Killed signal terminated program cc1plus
[INFO] [stderr] warning: compilation terminated.
[INFO] [stderr] warning: c++: fatal error: Killed signal terminated program cc1plus
[INFO] [stderr] warning: compilation terminated.
[INFO] [stderr] warning: c++: fatal error: Killed signal terminated program cc1plus
[INFO] [stderr] warning: compilation terminated.
[INFO] [stderr] warning: c++: fatal error: Killed signal terminated program cc1plus
[INFO] [stderr] warning: compilation terminated.
[INFO] [stderr] warning: c++: fatal error: Killed signal terminated program cc1plus
[INFO] [stderr] warning: compilation terminated.
[INFO] [stderr] 
[INFO] [stderr] error: failed to run custom build command for `tbb-sys v1.1.0+2021.5.0 (/opt/rustwide/workdir)`
[INFO] [stderr] note: To improve backtraces for build dependencies, set the CARGO_PROFILE_DEV_BUILD_OVERRIDE_DEBUG=true environment variable to enable debug information generation.
[INFO] [stderr] 
[INFO] [stderr] Caused by:
[INFO] [stderr]   process didn't exit successfully: `/opt/rustwide/target/debug/build/tbb-sys-4137029a105d1839/build-script-build` (exit status: 1)
[INFO] [stderr]   --- stdout
[INFO] [stderr]   TARGET = Some("x86_64-unknown-linux-gnu")
[INFO] [stderr]   OPT_LEVEL = Some("0")
[INFO] [stderr]   HOST = Some("x86_64-unknown-linux-gnu")
[INFO] [stderr]   cargo:rerun-if-env-changed=CXX_x86_64-unknown-linux-gnu
[INFO] [stderr]   CXX_x86_64-unknown-linux-gnu = None
[INFO] [stderr]   cargo:rerun-if-env-changed=CXX_x86_64_unknown_linux_gnu
[INFO] [stderr]   CXX_x86_64_unknown_linux_gnu = None
[INFO] [stderr]   cargo:rerun-if-env-changed=HOST_CXX
[INFO] [stderr]   HOST_CXX = None
[INFO] [stderr]   cargo:rerun-if-env-changed=CXX
[INFO] [stderr]   CXX = None
[INFO] [stderr]   cargo:rerun-if-env-changed=CXXFLAGS_x86_64-unknown-linux-gnu
[INFO] [stderr]   CXXFLAGS_x86_64-unknown-linux-gnu = None
[INFO] [stderr]   cargo:rerun-if-env-changed=CXXFLAGS_x86_64_unknown_linux_gnu
[INFO] [stderr]   CXXFLAGS_x86_64_unknown_linux_gnu = None
[INFO] [stderr]   cargo:rerun-if-env-changed=HOST_CXXFLAGS
[INFO] [stderr]   HOST_CXXFLAGS = None
[INFO] [stderr]   cargo:rerun-if-env-changed=CXXFLAGS
[INFO] [stderr]   CXXFLAGS = None
[INFO] [stderr]   cargo:rerun-if-env-changed=CRATE_CC_NO_DEFAULTS
[INFO] [stderr]   CRATE_CC_NO_DEFAULTS = None
[INFO] [stderr]   DEBUG = Some("true")
[INFO] [stderr]   CARGO_CFG_TARGET_FEATURE = Some("fxsr,sse,sse2")
[INFO] [stderr]   cargo:rerun-if-env-changed=CXX_x86_64-unknown-linux-gnu
[INFO] [stderr]   CXX_x86_64-unknown-linux-gnu = None
[INFO] [stderr]   cargo:rerun-if-env-changed=CXX_x86_64_unknown_linux_gnu
[INFO] [stderr]   CXX_x86_64_unknown_linux_gnu = None
[INFO] [stderr]   cargo:rerun-if-env-changed=HOST_CXX
[INFO] [stderr]   HOST_CXX = None
[INFO] [stderr]   cargo:rerun-if-env-changed=CXX
[INFO] [stderr]   CXX = None
[INFO] [stderr]   cargo:rerun-if-env-changed=CXXFLAGS_x86_64-unknown-linux-gnu
[INFO] [stderr]   CXXFLAGS_x86_64-unknown-linux-gnu = None
[INFO] [stderr]   cargo:rerun-if-env-changed=CXXFLAGS_x86_64_unknown_linux_gnu
[INFO] [stderr]   CXXFLAGS_x86_64_unknown_linux_gnu = None
[INFO] [stderr]   cargo:rerun-if-env-changed=HOST_CXXFLAGS
[INFO] [stderr]   HOST_CXXFLAGS = None
[INFO] [stderr]   cargo:rerun-if-env-changed=CXXFLAGS
[INFO] [stderr]   CXXFLAGS = None
[INFO] [stderr]   cargo:rerun-if-env-changed=CRATE_CC_NO_DEFAULTS
[INFO] [stderr]   CRATE_CC_NO_DEFAULTS = None
[INFO] [stderr]   CARGO_CFG_TARGET_FEATURE = Some("fxsr,sse,sse2")
[INFO] [stderr]   cargo:rerun-if-env-changed=CXX_x86_64-unknown-linux-gnu
[INFO] [stderr]   CXX_x86_64-unknown-linux-gnu = None
[INFO] [stderr]   cargo:rerun-if-env-changed=CXX_x86_64_unknown_linux_gnu
[INFO] [stderr]   CXX_x86_64_unknown_linux_gnu = None
[INFO] [stderr]   cargo:rerun-if-env-changed=HOST_CXX
[INFO] [stderr]   HOST_CXX = None
[INFO] [stderr]   cargo:rerun-if-env-changed=CXX
[INFO] [stderr]   CXX = None
[INFO] [stderr]   cargo:rerun-if-env-changed=CXXFLAGS_x86_64-unknown-linux-gnu
[INFO] [stderr]   CXXFLAGS_x86_64-unknown-linux-gnu = None
[INFO] [stderr]   cargo:rerun-if-env-changed=CXXFLAGS_x86_64_unknown_linux_gnu
[INFO] [stderr]   CXXFLAGS_x86_64_unknown_linux_gnu = None
[INFO] [stderr]   cargo:rerun-if-env-changed=HOST_CXXFLAGS
[INFO] [stderr]   HOST_CXXFLAGS = None
[INFO] [stderr]   cargo:rerun-if-env-changed=CXXFLAGS
[INFO] [stderr]   CXXFLAGS = None
[INFO] [stderr]   cargo:rerun-if-env-changed=CRATE_CC_NO_DEFAULTS
[INFO] [stderr]   CRATE_CC_NO_DEFAULTS = None
[INFO] [stderr]   CARGO_CFG_TARGET_FEATURE = Some("fxsr,sse,sse2")
[INFO] [stderr]   cargo:rerun-if-env-changed=CXX_x86_64-unknown-linux-gnu
[INFO] [stderr]   CXX_x86_64-unknown-linux-gnu = None
[INFO] [stderr]   cargo:rerun-if-env-changed=CXX_x86_64_unknown_linux_gnu
[INFO] [stderr]   CXX_x86_64_unknown_linux_gnu = None
[INFO] [stderr]   cargo:rerun-if-env-changed=HOST_CXX
[INFO] [stderr]   HOST_CXX = None
[INFO] [stderr]   cargo:rerun-if-env-changed=CXX
[INFO] [stderr]   CXX = None
[INFO] [stderr]   cargo:rerun-if-env-changed=CXXFLAGS_x86_64-unknown-linux-gnu
[INFO] [stderr]   CXXFLAGS_x86_64-unknown-linux-gnu = None
[INFO] [stderr]   cargo:rerun-if-env-changed=CXXFLAGS_x86_64_unknown_linux_gnu
[INFO] [stderr]   CXXFLAGS_x86_64_unknown_linux_gnu = None
[INFO] [stderr]   cargo:rerun-if-env-changed=HOST_CXXFLAGS
[INFO] [stderr]   HOST_CXXFLAGS = None
[INFO] [stderr]   cargo:rerun-if-env-changed=CXXFLAGS
[INFO] [stderr]   CXXFLAGS = None
[INFO] [stderr]   cargo:rerun-if-env-changed=CRATE_CC_NO_DEFAULTS
[INFO] [stderr]   CRATE_CC_NO_DEFAULTS = None
[INFO] [stderr]   CARGO_CFG_TARGET_FEATURE = Some("fxsr,sse,sse2")
[INFO] [stderr]   cargo:rerun-if-env-changed=CXX_x86_64-unknown-linux-gnu
[INFO] [stderr]   CXX_x86_64-unknown-linux-gnu = None
[INFO] [stderr]   cargo:rerun-if-env-changed=CXX_x86_64_unknown_linux_gnu
[INFO] [stderr]   CXX_x86_64_unknown_linux_gnu = None
[INFO] [stderr]   cargo:rerun-if-env-changed=HOST_CXX
[INFO] [stderr]   HOST_CXX = None
[INFO] [stderr]   cargo:rerun-if-env-changed=CXX
[INFO] [stderr]   CXX = None
[INFO] [stderr]   cargo:rerun-if-env-changed=CXXFLAGS_x86_64-unknown-linux-gnu
[INFO] [stderr]   CXXFLAGS_x86_64-unknown-linux-gnu = None
[INFO] [stderr]   cargo:rerun-if-env-changed=CXXFLAGS_x86_64_unknown_linux_gnu
[INFO] [stderr]   CXXFLAGS_x86_64_unknown_linux_gnu = None
[INFO] [stderr]   cargo:rerun-if-env-changed=HOST_CXXFLAGS
[INFO] [stderr]   HOST_CXXFLAGS = None
[INFO] [stderr]   cargo:rerun-if-env-changed=CXXFLAGS
[INFO] [stderr]   CXXFLAGS = None
[INFO] [stderr]   cargo:rerun-if-env-changed=CRATE_CC_NO_DEFAULTS
[INFO] [stderr]   CRATE_CC_NO_DEFAULTS = None
[INFO] [stderr]   CARGO_CFG_TARGET_FEATURE = Some("fxsr,sse,sse2")
[INFO] [stderr]   cargo:rerun-if-env-changed=CXX_x86_64-unknown-linux-gnu
[INFO] [stderr]   CXX_x86_64-unknown-linux-gnu = None
[INFO] [stderr]   cargo:rerun-if-env-changed=CXX_x86_64_unknown_linux_gnu
[INFO] [stderr]   CXX_x86_64_unknown_linux_gnu = None
[INFO] [stderr]   cargo:rerun-if-env-changed=HOST_CXX
[INFO] [stderr]   HOST_CXX = None
[INFO] [stderr]   cargo:rerun-if-env-changed=CXX
[INFO] [stderr]   CXX = None
[INFO] [stderr]   cargo:rerun-if-env-changed=CXXFLAGS_x86_64-unknown-linux-gnu
[INFO] [stderr]   CXXFLAGS_x86_64-unknown-linux-gnu = None
[INFO] [stderr]   cargo:rerun-if-env-changed=CXXFLAGS_x86_64_unknown_linux_gnu
[INFO] [stderr]   CXXFLAGS_x86_64_unknown_linux_gnu = None
[INFO] [stderr]   cargo:rerun-if-env-changed=HOST_CXXFLAGS
[INFO] [stderr]   HOST_CXXFLAGS = None
[INFO] [stderr]   cargo:rerun-if-env-changed=CXXFLAGS
[INFO] [stderr]   CXXFLAGS = None
[INFO] [stderr]   cargo:rerun-if-env-changed=CRATE_CC_NO_DEFAULTS
[INFO] [stderr]   CRATE_CC_NO_DEFAULTS = None
[INFO] [stderr]   CARGO_CFG_TARGET_FEATURE = Some("fxsr,sse,sse2")
[INFO] [stderr]   cargo:rerun-if-env-changed=CXX_x86_64-unknown-linux-gnu
[INFO] [stderr]   CXX_x86_64-unknown-linux-gnu = None
[INFO] [stderr]   cargo:rerun-if-env-changed=CXX_x86_64_unknown_linux_gnu
[INFO] [stderr]   CXX_x86_64_unknown_linux_gnu = None
[INFO] [stderr]   cargo:rerun-if-env-changed=HOST_CXX
[INFO] [stderr]   HOST_CXX = None
[INFO] [stderr]   cargo:rerun-if-env-changed=CXX
[INFO] [stderr]   CXX = None
[INFO] [stderr]   cargo:rerun-if-env-changed=CXXFLAGS_x86_64-unknown-linux-gnu
[INFO] [stderr]   CXXFLAGS_x86_64-unknown-linux-gnu = None
[INFO] [stderr]   cargo:rerun-if-env-changed=CXXFLAGS_x86_64_unknown_linux_gnu
[INFO] [stderr]   CXXFLAGS_x86_64_unknown_linux_gnu = None
[INFO] [stderr]   cargo:rerun-if-env-changed=HOST_CXXFLAGS
[INFO] [stderr]   HOST_CXXFLAGS = None
[INFO] [stderr]   cargo:rerun-if-env-changed=CXXFLAGS
[INFO] [stderr]   CXXFLAGS = None
[INFO] [stderr]   cargo:rerun-if-env-changed=CRATE_CC_NO_DEFAULTS
[INFO] [stderr]   CRATE_CC_NO_DEFAULTS = None
[INFO] [stderr]   CARGO_CFG_TARGET_FEATURE = Some("fxsr,sse,sse2")
[INFO] [stderr]   running: "c++" "-O0" "-ffunction-sections" "-fdata-sections" "-fPIC" "-gdwarf-4" "-fno-omit-frame-pointer" "-m64" "-I" "/opt/rustwide/workdir/tbb/include" "-w" "-std=c++17" "-mwaitpkg" "-D__TBB_BUILD" "-D__TBB_NO_IMPLICIT_LINKAGE" "-D__TBB_USE_ITT_NOTIFY" "-o" "/opt/rustwide/target/debug/build/tbb-sys-37ba661c1e6279de/out/tbb/src/tbb/address_waiter.o" "-c" "tbb/src/tbb/address_waiter.cpp"
[INFO] [stderr]   running: "c++" "-O0" "-ffunction-sections" "-fdata-sections" "-fPIC" "-gdwarf-4" "-fno-omit-frame-pointer" "-m64" "-I" "/opt/rustwide/workdir/tbb/include" "-w" "-std=c++17" "-mwaitpkg" "-D__TBB_BUILD" "-D__TBB_NO_IMPLICIT_LINKAGE" "-D__TBB_USE_ITT_NOTIFY" "-o" "/opt/rustwide/target/debug/build/tbb-sys-37ba661c1e6279de/out/tbb/src/tbb/main.o" "-c" "tbb/src/tbb/main.cpp"
[INFO] [stderr]   running: "c++" "-O0" "-ffunction-sections" "-fdata-sections" "-fPIC" "-gdwarf-4" "-fno-omit-frame-pointer" "-m64" "-I" "/opt/rustwide/workdir/tbb/include" "-w" "-std=c++17" "-mwaitpkg" "-D__TBB_BUILD" "-D__TBB_NO_IMPLICIT_LINKAGE" "-D__TBB_USE_ITT_NOTIFY" "-o" "/opt/rustwide/target/debug/build/tbb-sys-37ba661c1e6279de/out/tbb/src/tbb/governor.o" "-c" "tbb/src/tbb/governor.cpp"
[INFO] [stderr]   running: "c++" "-O0" "-ffunction-sections" "-fdata-sections" "-fPIC" "-gdwarf-4" "-fno-omit-frame-pointer" "-m64" "-I" "/opt/rustwide/workdir/tbb/include" "-w" "-std=c++17" "-mwaitpkg" "-D__TBB_BUILD" "-D__TBB_NO_IMPLICIT_LINKAGE" "-D__TBB_USE_ITT_NOTIFY" "-o" "/opt/rustwide/target/debug/build/tbb-sys-37ba661c1e6279de/out/tbb/src/tbb/parallel_pipeline.o" "-c" "tbb/src/tbb/parallel_pipeline.cpp"
[INFO] [stderr]   running: "c++" "-O0" "-ffunction-sections" "-fdata-sections" "-fPIC" "-gdwarf-4" "-fno-omit-frame-pointer" "-m64" "-I" "/opt/rustwide/workdir/tbb/include" "-w" "-std=c++17" "-mwaitpkg" "-D__TBB_BUILD" "-D__TBB_NO_IMPLICIT_LINKAGE" "-D__TBB_USE_ITT_NOTIFY" "-o" "/opt/rustwide/target/debug/build/tbb-sys-37ba661c1e6279de/out/tbb/src/tbb/dynamic_link.o" "-c" "tbb/src/tbb/dynamic_link.cpp"
[INFO] [stderr]   running: "c++" "-O0" "-ffunction-sections" "-fdata-sections" "-fPIC" "-gdwarf-4" "-fno-omit-frame-pointer" "-m64" "-I" "/opt/rustwide/workdir/tbb/include" "-w" "-std=c++17" "-mwaitpkg" "-D__TBB_BUILD" "-D__TBB_NO_IMPLICIT_LINKAGE" "-D__TBB_USE_ITT_NOTIFY" "-o" "/opt/rustwide/target/debug/build/tbb-sys-37ba661c1e6279de/out/tbb/src/tbb/misc_ex.o" "-c" "tbb/src/tbb/misc_ex.cpp"
[INFO] [stderr]   running: "c++" "-O0" "-ffunction-sections" "-fdata-sections" "-fPIC" "-gdwarf-4" "-fno-omit-frame-pointer" "-m64" "-I" "/opt/rustwide/workdir/tbb/include" "-w" "-std=c++17" "-mwaitpkg" "-D__TBB_BUILD" "-D__TBB_NO_IMPLICIT_LINKAGE" "-D__TBB_USE_ITT_NOTIFY" "-o" "/opt/rustwide/target/debug/build/tbb-sys-37ba661c1e6279de/out/tbb/src/tbb/market.o" "-c" "tbb/src/tbb/market.cpp"
[INFO] [stderr]   running: "c++" "-O0" "-ffunction-sections" "-fdata-sections" "-fPIC" "-gdwarf-4" "-fno-omit-frame-pointer" "-m64" "-I" "/opt/rustwide/workdir/tbb/include" "-w" "-std=c++17" "-mwaitpkg" "-D__TBB_BUILD" "-D__TBB_NO_IMPLICIT_LINKAGE" "-D__TBB_USE_ITT_NOTIFY" "-o" "/opt/rustwide/target/debug/build/tbb-sys-37ba661c1e6279de/out/tbb/src/tbb/exception.o" "-c" "tbb/src/tbb/exception.cpp"
[INFO] [stderr]   running: "c++" "-O0" "-ffunction-sections" "-fdata-sections" "-fPIC" "-gdwarf-4" "-fno-omit-frame-pointer" "-m64" "-I" "/opt/rustwide/workdir/tbb/include" "-w" "-std=c++17" "-mwaitpkg" "-D__TBB_BUILD" "-D__TBB_NO_IMPLICIT_LINKAGE" "-D__TBB_USE_ITT_NOTIFY" "-o" "/opt/rustwide/target/debug/build/tbb-sys-37ba661c1e6279de/out/tbb/src/tbb/concurrent_bounded_queue.o" "-c" "tbb/src/tbb/concurrent_bounded_queue.cpp"
[INFO] [stderr]   running: "c++" "-O0" "-ffunction-sections" "-fdata-sections" "-fPIC" "-gdwarf-4" "-fno-omit-frame-pointer" "-m64" "-I" "/opt/rustwide/workdir/tbb/include" "-w" "-std=c++17" "-mwaitpkg" "-D__TBB_BUILD" "-D__TBB_NO_IMPLICIT_LINKAGE" "-D__TBB_USE_ITT_NOTIFY" "-o" "/opt/rustwide/target/debug/build/tbb-sys-37ba661c1e6279de/out/tbb/src/tbb/global_control.o" "-c" "tbb/src/tbb/global_control.cpp"
[INFO] [stderr]   running: "c++" "-O0" "-ffunction-sections" "-fdata-sections" "-fPIC" "-gdwarf-4" "-fno-omit-frame-pointer" "-m64" "-I" "/opt/rustwide/workdir/tbb/include" "-w" "-std=c++17" "-mwaitpkg" "-D__TBB_BUILD" "-D__TBB_NO_IMPLICIT_LINKAGE" "-D__TBB_USE_ITT_NOTIFY" "-o" "/opt/rustwide/target/debug/build/tbb-sys-37ba661c1e6279de/out/tbb/src/tbb/misc.o" "-c" "tbb/src/tbb/misc.cpp"
[INFO] [stderr]   running: "c++" "-O0" "-ffunction-sections" "-fdata-sections" "-fPIC" "-gdwarf-4" "-fno-omit-frame-pointer" "-m64" "-I" "/opt/rustwide/workdir/tbb/include" "-w" "-std=c++17" "-mwaitpkg" "-D__TBB_BUILD" "-D__TBB_NO_IMPLICIT_LINKAGE" "-D__TBB_USE_ITT_NOTIFY" "-o" "/opt/rustwide/target/debug/build/tbb-sys-37ba661c1e6279de/out/tbb/src/tbb/arena_slot.o" "-c" "tbb/src/tbb/arena_slot.cpp"
[INFO] [stderr]   running: "c++" "-O0" "-ffunction-sections" "-fdata-sections" "-fPIC" "-gdwarf-4" "-fno-omit-frame-pointer" "-m64" "-I" "/opt/rustwide/workdir/tbb/include" "-w" "-std=c++17" "-mwaitpkg" "-D__TBB_BUILD" "-D__TBB_NO_IMPLICIT_LINKAGE" "-D__TBB_USE_ITT_NOTIFY" "-o" "/opt/rustwide/target/debug/build/tbb-sys-37ba661c1e6279de/out/tbb/src/tbb/allocator.o" "-c" "tbb/src/tbb/allocator.cpp"
[INFO] [stderr]   running: "c++" "-O0" "-ffunction-sections" "-fdata-sections" "-fPIC" "-gdwarf-4" "-fno-omit-frame-pointer" "-m64" "-I" "/opt/rustwide/workdir/tbb/include" "-w" "-std=c++17" "-mwaitpkg" "-D__TBB_BUILD" "-D__TBB_NO_IMPLICIT_LINKAGE" "-D__TBB_USE_ITT_NOTIFY" "-o" "/opt/rustwide/target/debug/build/tbb-sys-37ba661c1e6279de/out/tbb/src/tbb/arena.o" "-c" "tbb/src/tbb/arena.cpp"
[INFO] [stderr]   running: "c++" "-O0" "-ffunction-sections" "-fdata-sections" "-fPIC" "-gdwarf-4" "-fno-omit-frame-pointer" "-m64" "-I" "/opt/rustwide/workdir/tbb/include" "-w" "-std=c++17" "-mwaitpkg" "-D__TBB_BUILD" "-D__TBB_NO_IMPLICIT_LINKAGE" "-D__TBB_USE_ITT_NOTIFY" "-o" "/opt/rustwide/target/debug/build/tbb-sys-37ba661c1e6279de/out/tbb/src/tbb/observer_proxy.o" "-c" "tbb/src/tbb/observer_proxy.cpp"
[INFO] [stderr]   running: "c++" "-O0" "-ffunction-sections" "-fdata-sections" "-fPIC" "-gdwarf-4" "-fno-omit-frame-pointer" "-m64" "-I" "/opt/rustwide/workdir/tbb/include" "-w" "-std=c++17" "-mwaitpkg" "-D__TBB_BUILD" "-D__TBB_NO_IMPLICIT_LINKAGE" "-D__TBB_USE_ITT_NOTIFY" "-o" "/opt/rustwide/target/debug/build/tbb-sys-37ba661c1e6279de/out/tbb/src/tbb/itt_notify.o" "-c" "tbb/src/tbb/itt_notify.cpp"
[INFO] [stderr]   exit status: 0
[INFO] [stderr]   running: "c++" "-O0" "-ffunction-sections" "-fdata-sections" "-fPIC" "-gdwarf-4" "-fno-omit-frame-pointer" "-m64" "-I" "/opt/rustwide/workdir/tbb/include" "-w" "-std=c++17" "-mwaitpkg" "-D__TBB_BUILD" "-D__TBB_NO_IMPLICIT_LINKAGE" "-D__TBB_USE_ITT_NOTIFY" "-o" "/opt/rustwide/target/debug/build/tbb-sys-37ba661c1e6279de/out/tbb/src/tbb/private_server.o" "-c" "tbb/src/tbb/private_server.cpp"
[INFO] [stderr]   exit status: 0
[INFO] [stderr]   running: "c++" "-O0" "-ffunction-sections" "-fdata-sections" "-fPIC" "-gdwarf-4" "-fno-omit-frame-pointer" "-m64" "-I" "/opt/rustwide/workdir/tbb/include" "-w" "-std=c++17" "-mwaitpkg" "-D__TBB_BUILD" "-D__TBB_NO_IMPLICIT_LINKAGE" "-D__TBB_USE_ITT_NOTIFY" "-o" "/opt/rustwide/target/debug/build/tbb-sys-37ba661c1e6279de/out/tbb/src/tbb/profiling.o" "-c" "tbb/src/tbb/profiling.cpp"
[INFO] [stderr]   cargo:warning=c++: fatal error: Killed signal terminated program cc1plus
[INFO] [stderr]   cargo:warning=compilation terminated.
[INFO] [stderr]   exit status: 1
[INFO] [stderr]   running: "c++" "-O0" "-ffunction-sections" "-fdata-sections" "-fPIC" "-gdwarf-4" "-fno-omit-frame-pointer" "-m64" "-I" "/opt/rustwide/workdir/tbb/include" "-w" "-std=c++17" "-mwaitpkg" "-D__TBB_BUILD" "-D__TBB_NO_IMPLICIT_LINKAGE" "-D__TBB_USE_ITT_NOTIFY" "-o" "/opt/rustwide/target/debug/build/tbb-sys-37ba661c1e6279de/out/tbb/src/tbb/queuing_rw_mutex.o" "-c" "tbb/src/tbb/queuing_rw_mutex.cpp"
[INFO] [stderr]   cargo:warning=c++: fatal error: Killed signal terminated program cc1plus
[INFO] [stderr]   cargo:warning=compilation terminated.
[INFO] [stderr]   exit status: 1
[INFO] [stderr]   cargo:warning=c++: fatal error: Killed signal terminated program cc1plus
[INFO] [stderr]   cargo:warning=compilation terminated.
[INFO] [stderr]   exit status: 1
[INFO] [stderr]   cargo:warning=c++: fatal error: Killed signal terminated program cc1plus
[INFO] [stderr]   cargo:warning=compilation terminated.
[INFO] [stderr]   exit status: 1
[INFO] [stderr]   cargo:warning=c++: fatal error: Killed signal terminated program cc1plus
[INFO] [stderr]   cargo:warning=compilation terminated.
[INFO] [stderr]   exit status: 1
[INFO] [stderr]   exit status: 0
[INFO] [stderr]   exit status: 0
[INFO] [stderr]   exit status: 0
[INFO] [stderr]   exit status: 0
[INFO] [stderr]   exit status: 0
[INFO] [stderr]   exit status: 0
[INFO] [stderr]   exit status: 0
[INFO] [stderr]   exit status: 0
[INFO] [stderr]   exit status: 0
[INFO] [stderr]   exit status: 0
[INFO] [stderr]   exit status: 0
[INFO] [stderr]   exit status: 0
[INFO] [stderr] 
[INFO] [stderr]   --- stderr
[INFO] [stderr] 
[INFO] [stderr] 
[INFO] [stderr]   error occurred: Command "c++" "-O0" "-ffunction-sections" "-fdata-sections" "-fPIC" "-gdwarf-4" "-fno-omit-frame-pointer" "-m64" "-I" "/opt/rustwide/workdir/tbb/include" "-w" "-std=c++17" "-mwaitpkg" "-D__TBB_BUILD" "-D__TBB_NO_IMPLICIT_LINKAGE" "-D__TBB_USE_ITT_NOTIFY" "-o" "/opt/rustwide/target/debug/build/tbb-sys-37ba661c1e6279de/out/tbb/src/tbb/arena.o" "-c" "tbb/src/tbb/arena.cpp" with args "c++" did not execute successfully (status code exit status: 1).
[INFO] [stderr] 
[INFO] [stderr] 
[INFO] running `Command { std: "docker" "inspect" "7c56575393664618996fbbb745d2fcc8c25b1e83462d07a3889fa9a55fda11c9", kill_on_drop: false }`
[INFO] running `Command { std: "docker" "rm" "-f" "7c56575393664618996fbbb745d2fcc8c25b1e83462d07a3889fa9a55fda11c9", kill_on_drop: false }`
[INFO] [stdout] 7c56575393664618996fbbb745d2fcc8c25b1e83462d07a3889fa9a55fda11c9
