[INFO] fetching crate tba 0.0.0...
[INFO] testing tba-0.0.0 against 1.69.0 for beta-1.70-1
[INFO] extracting crate tba 0.0.0 into /workspace/builds/worker-4-tc1/source
[INFO] validating manifest of crates.io crate tba 0.0.0 on toolchain 1.69.0
[INFO] running `Command { std: CARGO_HOME="/workspace/cargo-home" RUSTUP_HOME="/workspace/rustup-home" "/workspace/cargo-home/bin/cargo" "+1.69.0" "metadata" "--manifest-path" "Cargo.toml" "--no-deps", kill_on_drop: false }`
[INFO] started tweaking crates.io crate tba 0.0.0
[INFO] finished tweaking crates.io crate tba 0.0.0
[INFO] tweaked toml for crates.io crate tba 0.0.0 written to /workspace/builds/worker-4-tc1/source/Cargo.toml
[INFO] running `Command { std: CARGO_HOME="/workspace/cargo-home" RUSTUP_HOME="/workspace/rustup-home" __CARGO_TEST_CHANNEL_OVERRIDE_DO_NOT_USE_THIS="nightly" "/workspace/cargo-home/bin/cargo" "+1.69.0" "generate-lockfile" "--manifest-path" "Cargo.toml" "-Zno-index-update", kill_on_drop: false }`
[INFO] running `Command { std: CARGO_HOME="/workspace/cargo-home" RUSTUP_HOME="/workspace/rustup-home" "/workspace/cargo-home/bin/cargo" "+1.69.0" "fetch" "--manifest-path" "Cargo.toml", kill_on_drop: false }`
[INFO] [stderr]  Downloading crates ...
[INFO] [stderr]   Downloaded hyper v0.3.16
[INFO] running `Command { std: "docker" "create" "-v" "/var/lib/crater-agent-workspace/builds/worker-4-tc1/target:/opt/rustwide/target:rw,Z" "-v" "/var/lib/crater-agent-workspace/builds/worker-4-tc1/source:/opt/rustwide/workdir:ro,Z" "-v" "/var/lib/crater-agent-workspace/cargo-home:/opt/rustwide/cargo-home:ro,Z" "-v" "/var/lib/crater-agent-workspace/rustup-home:/opt/rustwide/rustup-home:ro,Z" "-e" "SOURCE_DIR=/opt/rustwide/workdir" "-e" "CARGO_TARGET_DIR=/opt/rustwide/target" "-e" "CARGO_HOME=/opt/rustwide/cargo-home" "-e" "RUSTUP_HOME=/opt/rustwide/rustup-home" "-w" "/opt/rustwide/workdir" "-m" "1610612736" "--user" "0:0" "--network" "none" "ghcr.io/rust-lang/crates-build-env/linux@sha256:5ff2268d62e97bff2cde7d5815dd6ed5b47097566f13b8d0ca110b04b60e07ed" "/opt/rustwide/cargo-home/bin/cargo" "+1.69.0" "metadata" "--no-deps" "--format-version=1", kill_on_drop: false }`
[INFO] [stdout] 278c2526a006a308d3ac66ac4ace2af0dd503c6848fcc7861426c182a60032d8
[INFO] running `Command { std: "docker" "start" "-a" "278c2526a006a308d3ac66ac4ace2af0dd503c6848fcc7861426c182a60032d8", kill_on_drop: false }`
[INFO] running `Command { std: "docker" "inspect" "278c2526a006a308d3ac66ac4ace2af0dd503c6848fcc7861426c182a60032d8", kill_on_drop: false }`
[INFO] running `Command { std: "docker" "rm" "-f" "278c2526a006a308d3ac66ac4ace2af0dd503c6848fcc7861426c182a60032d8", kill_on_drop: false }`
[INFO] [stdout] 278c2526a006a308d3ac66ac4ace2af0dd503c6848fcc7861426c182a60032d8
[INFO] running `Command { std: "docker" "create" "-v" "/var/lib/crater-agent-workspace/builds/worker-4-tc1/target:/opt/rustwide/target:rw,Z" "-v" "/var/lib/crater-agent-workspace/builds/worker-4-tc1/source:/opt/rustwide/workdir:ro,Z" "-v" "/var/lib/crater-agent-workspace/cargo-home:/opt/rustwide/cargo-home:ro,Z" "-v" "/var/lib/crater-agent-workspace/rustup-home:/opt/rustwide/rustup-home:ro,Z" "-e" "SOURCE_DIR=/opt/rustwide/workdir" "-e" "CARGO_TARGET_DIR=/opt/rustwide/target" "-e" "CARGO_INCREMENTAL=0" "-e" "RUST_BACKTRACE=full" "-e" "RUSTFLAGS=--cap-lints=warn" "-e" "RUSTDOCFLAGS=--cap-lints=warn" "-e" "CARGO_HOME=/opt/rustwide/cargo-home" "-e" "RUSTUP_HOME=/opt/rustwide/rustup-home" "-w" "/opt/rustwide/workdir" "-m" "1610612736" "--user" "0:0" "--network" "none" "ghcr.io/rust-lang/crates-build-env/linux@sha256:5ff2268d62e97bff2cde7d5815dd6ed5b47097566f13b8d0ca110b04b60e07ed" "/opt/rustwide/cargo-home/bin/cargo" "+1.69.0" "build" "--frozen" "--message-format=json", kill_on_drop: false }`
[INFO] [stdout] 081abd15b7a1183359c3a66e3046217ec164921c0af9b1941a89d585efc4d764
[INFO] running `Command { std: "docker" "start" "-a" "081abd15b7a1183359c3a66e3046217ec164921c0af9b1941a89d585efc4d764", kill_on_drop: false }`
[INFO] [stderr]    Compiling time-macros v0.2.8
[INFO] [stderr]    Compiling unicase v2.6.0
[INFO] [stderr]    Compiling cookie v0.17.0
[INFO] [stderr]    Compiling syn v2.0.15
[INFO] [stderr]    Compiling url v2.3.1
[INFO] [stderr]    Compiling traitobject v0.1.0
[INFO] [stderr]    Compiling typeable v0.1.2
[INFO] [stderr]    Compiling rustc-serialize v0.3.24
[INFO] [stderr]    Compiling time v0.3.20
[INFO] [stderr]    Compiling openssl-macros v0.1.1
[INFO] [stderr]    Compiling openssl v0.10.52
[INFO] [stderr]    Compiling hyper v0.3.16
[INFO] [stdout] error[E0432]: unresolved import `url::UrlParser`
[INFO] [stdout]   --> /opt/rustwide/cargo-home/registry/src/github.com-1ecc6299db9ec823/hyper-0.3.16/src/client/mod.rs:38:5
[INFO] [stdout]    |
[INFO] [stdout] 38 | use url::UrlParser;
[INFO] [stdout]    |     ^^^^^---------
[INFO] [stdout]    |     |    |
[INFO] [stdout]    |     |    help: a similar name exists in the module: `Parser`
[INFO] [stdout]    |     no `UrlParser` in the root
[INFO] [stdout] 
[INFO] [stdout] 
[INFO] [stdout] error[E0432]: unresolved import `openssl::ssl::SSL_VERIFY_NONE`
[INFO] [stdout]   --> /opt/rustwide/cargo-home/registry/src/github.com-1ecc6299db9ec823/hyper-0.3.16/src/net.rs:10:48
[INFO] [stdout]    |
[INFO] [stdout] 10 | use openssl::ssl::{Ssl, SslStream, SslContext, SSL_VERIFY_NONE};
[INFO] [stdout]    |                                                ^^^^^^^^^^^^^^^ no `SSL_VERIFY_NONE` in `ssl`
[INFO] [stdout] 
[INFO] [stdout] 
[INFO] [stdout] error[E0432]: unresolved import `openssl::ssl::SslMethod`
[INFO] [stdout]   --> /opt/rustwide/cargo-home/registry/src/github.com-1ecc6299db9ec823/hyper-0.3.16/src/net.rs:11:19
[INFO] [stdout]    |
[INFO] [stdout] 11 | use openssl::ssl::SslMethod::Sslv23;
[INFO] [stdout]    |                   ^^^^^^^^^ `SslMethod` is a struct, not a module
[INFO] [stdout] 
[INFO] [stdout] 
[INFO] [stdout] error[E0432]: unresolved imports `openssl::ssl::error::SslError`, `openssl::ssl::error::StreamError`, `openssl::ssl::error::OpenSslErrors`, `openssl::ssl::error::SslSessionClosed`
[INFO] [stdout]   --> /opt/rustwide/cargo-home/registry/src/github.com-1ecc6299db9ec823/hyper-0.3.16/src/net.rs:12:27
[INFO] [stdout]    |
[INFO] [stdout] 12 | use openssl::ssl::error::{SslError, StreamError, OpenSslErrors, SslSessionClosed};
[INFO] [stdout]    |                           ^^^^^^^^  ^^^^^^^^^^^  ^^^^^^^^^^^^^  ^^^^^^^^^^^^^^^^ no `SslSessionClosed` in `ssl::error`
[INFO] [stdout]    |                           |         |            |
[INFO] [stdout]    |                           |         |            no `OpenSslErrors` in `ssl::error`
[INFO] [stdout]    |                           |         no `StreamError` in `ssl::error`
[INFO] [stdout]    |                           no `SslError` in `ssl::error`
[INFO] [stdout]    |                           help: a similar name exists in the module: `StdError`
[INFO] [stdout] 
[INFO] [stdout] 
[INFO] [stdout] error[E0432]: unresolved import `openssl::x509::X509FileType`
[INFO] [stdout]   --> /opt/rustwide/cargo-home/registry/src/github.com-1ecc6299db9ec823/hyper-0.3.16/src/net.rs:13:5
[INFO] [stdout]    |
[INFO] [stdout] 13 | use openssl::x509::X509FileType;
[INFO] [stdout]    |     ^^^^^^^^^^^^^^^^^^^^^^^^^^^ no `X509FileType` in `x509`
[INFO] [stdout] 
[INFO] [stdout] 
[INFO] [stdout] error[E0432]: unresolved import `time::now_utc`
[INFO] [stdout]  --> /opt/rustwide/cargo-home/registry/src/github.com-1ecc6299db9ec823/hyper-0.3.16/src/server/response.rs:8:5
[INFO] [stdout]   |
[INFO] [stdout] 8 | use time::now_utc;
[INFO] [stdout]   |     ^^^^^^^^^^^^^ no `now_utc` in the root
[INFO] [stdout] 
[INFO] [stdout] 
[INFO] [stdout] error[E0106]: missing lifetime specifier
[INFO] [stdout]   --> /opt/rustwide/cargo-home/registry/src/github.com-1ecc6299db9ec823/hyper-0.3.16/src/header/common/cookie.rs:17:27
[INFO] [stdout]    |
[INFO] [stdout] 17 | pub struct Cookie(pub Vec<CookiePair>);
[INFO] [stdout]    |                           ^^^^^^^^^^ expected named lifetime parameter
[INFO] [stdout]    |
[INFO] [stdout] help: consider introducing a named lifetime parameter
[INFO] [stdout]    |
[INFO] [stdout] 17 | pub struct Cookie<'a>(pub Vec<CookiePair<'a>>);
[INFO] [stdout]    |                  ++++                   ++++
[INFO] [stdout] 
[INFO] [stdout] 
[INFO] [stdout] error[E0106]: missing lifetime specifier
[INFO] [stdout]   --> /opt/rustwide/cargo-home/registry/src/github.com-1ecc6299db9ec823/hyper-0.3.16/src/header/common/cookie.rs:19:22
[INFO] [stdout]    |
[INFO] [stdout] 19 | deref!(Cookie => Vec<CookiePair>);
[INFO] [stdout]    |                      ^^^^^^^^^^ expected named lifetime parameter
[INFO] [stdout]    |
[INFO] [stdout] 
[INFO] [stdout] 
[INFO] [stdout] error[E0106]: missing lifetime specifier
[INFO] [stdout]   --> /opt/rustwide/cargo-home/registry/src/github.com-1ecc6299db9ec823/hyper-0.3.16/src/header/common/set_cookie.rs:14:30
[INFO] [stdout]    |
[INFO] [stdout] 14 | pub struct SetCookie(pub Vec<Cookie>);
[INFO] [stdout]    |                              ^^^^^^ expected named lifetime parameter
[INFO] [stdout]    |
[INFO] [stdout] help: consider introducing a named lifetime parameter
[INFO] [stdout]    |
[INFO] [stdout] 14 | pub struct SetCookie<'a>(pub Vec<Cookie<'a>>);
[INFO] [stdout]    |                     ++++               ++++
[INFO] [stdout] 
[INFO] [stdout] 
[INFO] [stdout] error[E0106]: missing lifetime specifier
[INFO] [stdout]   --> /opt/rustwide/cargo-home/registry/src/github.com-1ecc6299db9ec823/hyper-0.3.16/src/header/common/set_cookie.rs:16:25
[INFO] [stdout]    |
[INFO] [stdout] 16 | deref!(SetCookie => Vec<Cookie>);
[INFO] [stdout]    |                         ^^^^^^ expected named lifetime parameter
[INFO] [stdout]    |
[INFO] [stdout] 
[INFO] [stdout] 
[INFO] [stdout] error[E0532]: cannot match against a tuple struct which contains private fields
[INFO] [stdout]   --> /opt/rustwide/cargo-home/registry/src/github.com-1ecc6299db9ec823/hyper-0.3.16/src/header/common/connection.rs:49:30
[INFO] [stdout]    |
[INFO] [stdout] 49 |             ConnectionHeader(UniCase(ref s)) => s.as_ref()
[INFO] [stdout]    |                              ^^^^^^^
[INFO] [stdout]    |
[INFO] [stdout] note: constructor is not visible here due to private fields
[INFO] [stdout]   --> /opt/rustwide/cargo-home/registry/src/github.com-1ecc6299db9ec823/hyper-0.3.16/src/header/common/connection.rs:49:38
[INFO] [stdout]    |
[INFO] [stdout] 49 |             ConnectionHeader(UniCase(ref s)) => s.as_ref()
[INFO] [stdout]    |                                      ^^^^^ private field
[INFO] [stdout] 
[INFO] [stdout] 
[INFO] [stdout] error[E0412]: cannot find type `Tm` in crate `time`
[INFO] [stdout]   --> /opt/rustwide/cargo-home/registry/src/github.com-1ecc6299db9ec823/hyper-0.3.16/src/header/shared/httpdate.rs:31:31
[INFO] [stdout]    |
[INFO] [stdout] 31 | pub struct HttpDate(pub time::Tm);
[INFO] [stdout]    |                               ^^ not found in `time`
[INFO] [stdout] 
[INFO] [stdout] 
[INFO] [stdout] error[E0425]: cannot find function `strptime` in crate `time`
[INFO] [stdout]   --> /opt/rustwide/cargo-home/registry/src/github.com-1ecc6299db9ec823/hyper-0.3.16/src/header/shared/httpdate.rs:36:21
[INFO] [stdout]    |
[INFO] [stdout] 36 |         match time::strptime(s, "%a, %d %b %Y %T %Z").or_else(|_| {
[INFO] [stdout]    |                     ^^^^^^^^ not found in `time`
[INFO] [stdout] 
[INFO] [stdout] 
[INFO] [stdout] error[E0425]: cannot find function `strptime` in crate `time`
[INFO] [stdout]   --> /opt/rustwide/cargo-home/registry/src/github.com-1ecc6299db9ec823/hyper-0.3.16/src/header/shared/httpdate.rs:37:19
[INFO] [stdout]    |
[INFO] [stdout] 37 |             time::strptime(s, "%A, %d-%b-%y %T %Z")
[INFO] [stdout]    |                   ^^^^^^^^ not found in `time`
[INFO] [stdout] 
[INFO] [stdout] 
[INFO] [stdout] error[E0425]: cannot find function `strptime` in crate `time`
[INFO] [stdout]   --> /opt/rustwide/cargo-home/registry/src/github.com-1ecc6299db9ec823/hyper-0.3.16/src/header/shared/httpdate.rs:39:23
[INFO] [stdout]    |
[INFO] [stdout] 39 |                 time::strptime(s, "%c")
[INFO] [stdout]    |                       ^^^^^^^^ not found in `time`
[INFO] [stdout] 
[INFO] [stdout] 
[INFO] [stdout] error[E0603]: crate import `mime` is private
[INFO] [stdout]    --> /opt/rustwide/cargo-home/registry/src/github.com-1ecc6299db9ec823/hyper-0.3.16/src/lib.rs:149:22
[INFO] [stdout]     |
[INFO] [stdout] 149 | pub use mimewrapper::mime;
[INFO] [stdout]     |                      ^^^^ private crate import
[INFO] [stdout]     |
[INFO] [stdout] note: the crate import `mime` is defined here
[INFO] [stdout]    --> /opt/rustwide/cargo-home/registry/src/github.com-1ecc6299db9ec823/hyper-0.3.16/src/lib.rs:190:5
[INFO] [stdout]     |
[INFO] [stdout] 190 |     extern crate mime;
[INFO] [stdout]     |     ^^^^^^^^^^^^^^^^^^
[INFO] [stdout] 
[INFO] [stdout] 
[INFO] [stdout] error[E0603]: module `error` is private
[INFO] [stdout]    --> /opt/rustwide/cargo-home/registry/src/github.com-1ecc6299db9ec823/hyper-0.3.16/src/net.rs:12:19
[INFO] [stdout]     |
[INFO] [stdout] 12  | use openssl::ssl::error::{SslError, StreamError, OpenSslErrors, SslSessionClosed};
[INFO] [stdout]     |                   ^^^^^ private module
[INFO] [stdout]     |
[INFO] [stdout] note: the module `error` is defined here
[INFO] [stdout]    --> /opt/rustwide/cargo-home/registry/src/github.com-1ecc6299db9ec823/openssl-0.10.52/src/ssl/mod.rs:113:1
[INFO] [stdout]     |
[INFO] [stdout] 113 | mod error;
[INFO] [stdout]     | ^^^^^^^^^
[INFO] [stdout] 
[INFO] [stdout] 
[INFO] [stdout] error[E0107]: struct takes 0 lifetime arguments but 1 lifetime argument was supplied
[INFO] [stdout]   --> /opt/rustwide/cargo-home/registry/src/github.com-1ecc6299db9ec823/hyper-0.3.16/src/header/common/cookie.rs:66:48
[INFO] [stdout]    |
[INFO] [stdout] 66 |     pub fn to_cookie_jar(&self, key: &[u8]) -> CookieJar<'static> {
[INFO] [stdout]    |                                                ^^^^^^^^^--------- help: remove these generics
[INFO] [stdout]    |                                                |
[INFO] [stdout]    |                                                expected 0 lifetime arguments
[INFO] [stdout]    |
[INFO] [stdout] note: struct defined here, with 0 lifetime parameters
[INFO] [stdout]   --> /opt/rustwide/cargo-home/registry/src/github.com-1ecc6299db9ec823/cookie-0.17.0/src/jar.rs:82:12
[INFO] [stdout]    |
[INFO] [stdout] 82 | pub struct CookieJar {
[INFO] [stdout]    |            ^^^^^^^^^
[INFO] [stdout] 
[INFO] [stdout] 
[INFO] [stdout] error[E0423]: cannot initialize a tuple struct which contains private fields
[INFO] [stdout]   --> /opt/rustwide/cargo-home/registry/src/github.com-1ecc6299db9ec823/hyper-0.3.16/src/header/common/connection.rs:39:38
[INFO] [stdout]    |
[INFO] [stdout] 39 |             s => Ok(ConnectionHeader(UniCase(s.to_string())))
[INFO] [stdout]    |                                      ^^^^^^^
[INFO] [stdout]    |
[INFO] [stdout] note: constructor is not visible here due to private fields
[INFO] [stdout]   --> /opt/rustwide/cargo-home/registry/src/github.com-1ecc6299db9ec823/unicase-2.6.0/src/lib.rs:80:23
[INFO] [stdout]    |
[INFO] [stdout] 80 | pub struct UniCase<S>(Encoding<S>);
[INFO] [stdout]    |                       ^^^^^^^^^^^ private field
[INFO] [stdout] 
[INFO] [stdout] 
[INFO] [stdout] error[E0423]: cannot initialize a tuple struct which contains private fields
[INFO] [stdout]   --> /opt/rustwide/cargo-home/registry/src/github.com-1ecc6299db9ec823/hyper-0.3.16/src/header/common/expect.rs:22:48
[INFO] [stdout]    |
[INFO] [stdout] 22 | const EXPECT_CONTINUE: UniCase<&'static str> = UniCase("100-continue");
[INFO] [stdout]    |                                                ^^^^^^^
[INFO] [stdout]    |
[INFO] [stdout] note: constructor is not visible here due to private fields
[INFO] [stdout]   --> /opt/rustwide/cargo-home/registry/src/github.com-1ecc6299db9ec823/unicase-2.6.0/src/lib.rs:80:23
[INFO] [stdout]    |
[INFO] [stdout] 80 | pub struct UniCase<S>(Encoding<S>);
[INFO] [stdout]    |                       ^^^^^^^^^^^ private field
[INFO] [stdout] 
[INFO] [stdout] 
[INFO] [stdout] error[E0423]: cannot initialize a tuple struct which contains private fields
[INFO] [stdout]   --> /opt/rustwide/cargo-home/registry/src/github.com-1ecc6299db9ec823/hyper-0.3.16/src/header/common/expect.rs:40:16
[INFO] [stdout]    |
[INFO] [stdout] 40 |             if UniCase(text) == EXPECT_CONTINUE {
[INFO] [stdout]    |                ^^^^^^^
[INFO] [stdout]    |
[INFO] [stdout] note: constructor is not visible here due to private fields
[INFO] [stdout]   --> /opt/rustwide/cargo-home/registry/src/github.com-1ecc6299db9ec823/unicase-2.6.0/src/lib.rs:80:23
[INFO] [stdout]    |
[INFO] [stdout] 80 | pub struct UniCase<S>(Encoding<S>);
[INFO] [stdout]    |                       ^^^^^^^^^^^ private field
[INFO] [stdout] 
[INFO] [stdout] 
[INFO] [stdout] error[E0423]: cannot initialize a tuple struct which contains private fields
[INFO] [stdout]   --> /opt/rustwide/cargo-home/registry/src/github.com-1ecc6299db9ec823/hyper-0.3.16/src/header/common/upgrade.rs:59:12
[INFO] [stdout]    |
[INFO] [stdout] 59 |         if UniCase(s) == UniCase("websocket") {
[INFO] [stdout]    |            ^^^^^^^
[INFO] [stdout]    |
[INFO] [stdout] note: constructor is not visible here due to private fields
[INFO] [stdout]   --> /opt/rustwide/cargo-home/registry/src/github.com-1ecc6299db9ec823/unicase-2.6.0/src/lib.rs:80:23
[INFO] [stdout]    |
[INFO] [stdout] 80 | pub struct UniCase<S>(Encoding<S>);
[INFO] [stdout]    |                       ^^^^^^^^^^^ private field
[INFO] [stdout] 
[INFO] [stdout] 
[INFO] [stdout] error[E0423]: cannot initialize a tuple struct which contains private fields
[INFO] [stdout]   --> /opt/rustwide/cargo-home/registry/src/github.com-1ecc6299db9ec823/hyper-0.3.16/src/header/common/upgrade.rs:59:26
[INFO] [stdout]    |
[INFO] [stdout] 59 |         if UniCase(s) == UniCase("websocket") {
[INFO] [stdout]    |                          ^^^^^^^
[INFO] [stdout]    |
[INFO] [stdout] note: constructor is not visible here due to private fields
[INFO] [stdout]   --> /opt/rustwide/cargo-home/registry/src/github.com-1ecc6299db9ec823/unicase-2.6.0/src/lib.rs:80:23
[INFO] [stdout]    |
[INFO] [stdout] 80 | pub struct UniCase<S>(Encoding<S>);
[INFO] [stdout]    |                       ^^^^^^^^^^^ private field
[INFO] [stdout] 
[INFO] [stdout] 
[INFO] [stdout] error[E0423]: cannot initialize a tuple struct which contains private fields
[INFO] [stdout]    --> /opt/rustwide/cargo-home/registry/src/github.com-1ecc6299db9ec823/hyper-0.3.16/src/header/mod.rs:121:24
[INFO] [stdout]     |
[INFO] [stdout] 121 |             let name = UniCase(CowStr(Cow::Owned(header.name.to_owned())));
[INFO] [stdout]     |                        ^^^^^^^
[INFO] [stdout]     |
[INFO] [stdout] note: constructor is not visible here due to private fields
[INFO] [stdout]    --> /opt/rustwide/cargo-home/registry/src/github.com-1ecc6299db9ec823/unicase-2.6.0/src/lib.rs:80:23
[INFO] [stdout]     |
[INFO] [stdout] 80  | pub struct UniCase<S>(Encoding<S>);
[INFO] [stdout]     |                       ^^^^^^^^^^^ private field
[INFO] [stdout] 
[INFO] [stdout] 
[INFO] [stdout] error[E0423]: cannot initialize a tuple struct which contains private fields
[INFO] [stdout]    --> /opt/rustwide/cargo-home/registry/src/github.com-1ecc6299db9ec823/hyper-0.3.16/src/header/mod.rs:137:26
[INFO] [stdout]     |
[INFO] [stdout] 137 |         self.data.insert(UniCase(CowStr(Cow::Borrowed(header_name::<H>()))),
[INFO] [stdout]     |                          ^^^^^^^
[INFO] [stdout]     |
[INFO] [stdout] note: constructor is not visible here due to private fields
[INFO] [stdout]    --> /opt/rustwide/cargo-home/registry/src/github.com-1ecc6299db9ec823/unicase-2.6.0/src/lib.rs:80:23
[INFO] [stdout]     |
[INFO] [stdout] 80  | pub struct UniCase<S>(Encoding<S>);
[INFO] [stdout]     |                       ^^^^^^^^^^^ private field
[INFO] [stdout] 
[INFO] [stdout] 
[INFO] [stdout] error[E0423]: cannot initialize a tuple struct which contains private fields
[INFO] [stdout]    --> /opt/rustwide/cargo-home/registry/src/github.com-1ecc6299db9ec823/hyper-0.3.16/src/header/mod.rs:154:19
[INFO] [stdout]     |
[INFO] [stdout] 154 |             .get(&UniCase(CowStr(Cow::Borrowed(unsafe { mem::transmute::<&str, &str>(name) }))))
[INFO] [stdout]     |                   ^^^^^^^
[INFO] [stdout]     |
[INFO] [stdout] note: constructor is not visible here due to private fields
[INFO] [stdout]    --> /opt/rustwide/cargo-home/registry/src/github.com-1ecc6299db9ec823/unicase-2.6.0/src/lib.rs:80:23
[INFO] [stdout]     |
[INFO] [stdout] 80  | pub struct UniCase<S>(Encoding<S>);
[INFO] [stdout]     |                       ^^^^^^^^^^^ private field
[INFO] [stdout] 
[INFO] [stdout] 
[INFO] [stdout] error[E0423]: cannot initialize a tuple struct which contains private fields
[INFO] [stdout]    --> /opt/rustwide/cargo-home/registry/src/github.com-1ecc6299db9ec823/hyper-0.3.16/src/header/mod.rs:168:26
[INFO] [stdout]     |
[INFO] [stdout] 168 |         self.data.insert(UniCase(CowStr(name.into())), Item::new_raw(value));
[INFO] [stdout]     |                          ^^^^^^^
[INFO] [stdout]     |
[INFO] [stdout] note: constructor is not visible here due to private fields
[INFO] [stdout]    --> /opt/rustwide/cargo-home/registry/src/github.com-1ecc6299db9ec823/unicase-2.6.0/src/lib.rs:80:23
[INFO] [stdout]     |
[INFO] [stdout] 80  | pub struct UniCase<S>(Encoding<S>);
[INFO] [stdout]     |                       ^^^^^^^^^^^ private field
[INFO] [stdout] 
[INFO] [stdout] 
[INFO] [stdout] error[E0423]: cannot initialize a tuple struct which contains private fields
[INFO] [stdout]    --> /opt/rustwide/cargo-home/registry/src/github.com-1ecc6299db9ec823/hyper-0.3.16/src/header/mod.rs:174:14
[INFO] [stdout]     |
[INFO] [stdout] 174 |             &UniCase(CowStr(Cow::Borrowed(unsafe { mem::transmute::<&str, &str>(name) })))
[INFO] [stdout]     |              ^^^^^^^
[INFO] [stdout]     |
[INFO] [stdout] note: constructor is not visible here due to private fields
[INFO] [stdout]    --> /opt/rustwide/cargo-home/registry/src/github.com-1ecc6299db9ec823/unicase-2.6.0/src/lib.rs:80:23
[INFO] [stdout]     |
[INFO] [stdout] 80  | pub struct UniCase<S>(Encoding<S>);
[INFO] [stdout]     |                       ^^^^^^^^^^^ private field
[INFO] [stdout] 
[INFO] [stdout] 
[INFO] [stdout] error[E0423]: cannot initialize a tuple struct which contains private fields
[INFO] [stdout]    --> /opt/rustwide/cargo-home/registry/src/github.com-1ecc6299db9ec823/hyper-0.3.16/src/header/mod.rs:180:24
[INFO] [stdout]     |
[INFO] [stdout] 180 |         self.data.get(&UniCase(CowStr(Cow::Borrowed(header_name::<H>())))).and_then(Item::typed::<H>)
[INFO] [stdout]     |                        ^^^^^^^
[INFO] [stdout]     |
[INFO] [stdout] note: constructor is not visible here due to private fields
[INFO] [stdout]    --> /opt/rustwide/cargo-home/registry/src/github.com-1ecc6299db9ec823/unicase-2.6.0/src/lib.rs:80:23
[INFO] [stdout]     |
[INFO] [stdout] 80  | pub struct UniCase<S>(Encoding<S>);
[INFO] [stdout]     |                       ^^^^^^^^^^^ private field
[INFO] [stdout] 
[INFO] [stdout] 
[INFO] [stdout] error[E0423]: cannot initialize a tuple struct which contains private fields
[INFO] [stdout]    --> /opt/rustwide/cargo-home/registry/src/github.com-1ecc6299db9ec823/hyper-0.3.16/src/header/mod.rs:185:28
[INFO] [stdout]     |
[INFO] [stdout] 185 |         self.data.get_mut(&UniCase(CowStr(Cow::Borrowed(header_name::<H>())))).and_then(Item::typed_mut::<H>)
[INFO] [stdout]     |                            ^^^^^^^
[INFO] [stdout]     |
[INFO] [stdout] note: constructor is not visible here due to private fields
[INFO] [stdout]    --> /opt/rustwide/cargo-home/registry/src/github.com-1ecc6299db9ec823/unicase-2.6.0/src/lib.rs:80:23
[INFO] [stdout]     |
[INFO] [stdout] 80  | pub struct UniCase<S>(Encoding<S>);
[INFO] [stdout]     |                       ^^^^^^^^^^^ private field
[INFO] [stdout] 
[INFO] [stdout] 
[INFO] [stdout] error[E0423]: cannot initialize a tuple struct which contains private fields
[INFO] [stdout]    --> /opt/rustwide/cargo-home/registry/src/github.com-1ecc6299db9ec823/hyper-0.3.16/src/header/mod.rs:199:33
[INFO] [stdout]     |
[INFO] [stdout] 199 |         self.data.contains_key(&UniCase(CowStr(Cow::Borrowed(header_name::<H>()))))
[INFO] [stdout]     |                                 ^^^^^^^
[INFO] [stdout]     |
[INFO] [stdout] note: constructor is not visible here due to private fields
[INFO] [stdout]    --> /opt/rustwide/cargo-home/registry/src/github.com-1ecc6299db9ec823/unicase-2.6.0/src/lib.rs:80:23
[INFO] [stdout]     |
[INFO] [stdout] 80  | pub struct UniCase<S>(Encoding<S>);
[INFO] [stdout]     |                       ^^^^^^^^^^^ private field
[INFO] [stdout] 
[INFO] [stdout] 
[INFO] [stdout] error[E0423]: cannot initialize a tuple struct which contains private fields
[INFO] [stdout]    --> /opt/rustwide/cargo-home/registry/src/github.com-1ecc6299db9ec823/hyper-0.3.16/src/header/mod.rs:205:27
[INFO] [stdout]     |
[INFO] [stdout] 205 |         self.data.remove(&UniCase(CowStr(Cow::Borrowed(header_name::<H>())))).is_some()
[INFO] [stdout]     |                           ^^^^^^^
[INFO] [stdout]     |
[INFO] [stdout] note: constructor is not visible here due to private fields
[INFO] [stdout]    --> /opt/rustwide/cargo-home/registry/src/github.com-1ecc6299db9ec823/unicase-2.6.0/src/lib.rs:80:23
[INFO] [stdout]     |
[INFO] [stdout] 80  | pub struct UniCase<S>(Encoding<S>);
[INFO] [stdout]     |                       ^^^^^^^^^^^ private field
[INFO] [stdout] 
[INFO] [stdout] 
[INFO] [stdout] error[E0423]: cannot initialize a tuple struct which contains private fields
[INFO] [stdout]    --> /opt/rustwide/cargo-home/registry/src/github.com-1ecc6299db9ec823/hyper-0.3.16/src/header/mod.rs:269:9
[INFO] [stdout]     |
[INFO] [stdout] 269 |         UniCase(CowStr(Cow::Borrowed(header_name::<H>()))) == *self.0
[INFO] [stdout]     |         ^^^^^^^
[INFO] [stdout]     |
[INFO] [stdout] note: constructor is not visible here due to private fields
[INFO] [stdout]    --> /opt/rustwide/cargo-home/registry/src/github.com-1ecc6299db9ec823/unicase-2.6.0/src/lib.rs:80:23
[INFO] [stdout]     |
[INFO] [stdout] 80  | pub struct UniCase<S>(Encoding<S>);
[INFO] [stdout]     |                       ^^^^^^^^^^^ private field
[INFO] [stdout] 
[INFO] [stdout] 
[INFO] [stdout] error: aborting due to 33 previous errors
[INFO] [stdout] 
[INFO] [stdout] 
[INFO] [stdout] Some errors have detailed explanations: E0106, E0107, E0412, E0423, E0425, E0432, E0532, E0603.
[INFO] [stdout] 
[INFO] [stdout] For more information about an error, try `rustc --explain E0106`.
[INFO] [stdout] 
[INFO] [stderr] error: could not compile `hyper` due to 34 previous errors
[INFO] [stderr] warning: build failed, waiting for other jobs to finish...
[INFO] running `Command { std: "docker" "inspect" "081abd15b7a1183359c3a66e3046217ec164921c0af9b1941a89d585efc4d764", kill_on_drop: false }`
[INFO] running `Command { std: "docker" "rm" "-f" "081abd15b7a1183359c3a66e3046217ec164921c0af9b1941a89d585efc4d764", kill_on_drop: false }`
[INFO] [stdout] 081abd15b7a1183359c3a66e3046217ec164921c0af9b1941a89d585efc4d764
