[INFO] fetching crate tar-wasi 0.4.38...
[INFO] testing tar-wasi-0.4.38 against beta-2023-04-20 for beta-1.70-1
[INFO] extracting crate tar-wasi 0.4.38 into /workspace/builds/worker-4-tc2/source
[INFO] validating manifest of crates.io crate tar-wasi 0.4.38 on toolchain beta-2023-04-20
[INFO] running `Command { std: CARGO_HOME="/workspace/cargo-home" RUSTUP_HOME="/workspace/rustup-home" "/workspace/cargo-home/bin/cargo" "+beta-2023-04-20" "metadata" "--manifest-path" "Cargo.toml" "--no-deps", kill_on_drop: false }`
[INFO] started tweaking crates.io crate tar-wasi 0.4.38
[INFO] finished tweaking crates.io crate tar-wasi 0.4.38
[INFO] tweaked toml for crates.io crate tar-wasi 0.4.38 written to /workspace/builds/worker-4-tc2/source/Cargo.toml
[INFO] crate crates.io crate tar-wasi 0.4.38 already has a lockfile, it will not be regenerated
[INFO] running `Command { std: CARGO_HOME="/workspace/cargo-home" RUSTUP_HOME="/workspace/rustup-home" "/workspace/cargo-home/bin/cargo" "+beta-2023-04-20" "fetch" "--manifest-path" "Cargo.toml", kill_on_drop: false }`
[INFO] running `Command { std: "docker" "create" "-v" "/var/lib/crater-agent-workspace/builds/worker-4-tc2/target:/opt/rustwide/target:rw,Z" "-v" "/var/lib/crater-agent-workspace/builds/worker-4-tc2/source:/opt/rustwide/workdir:ro,Z" "-v" "/var/lib/crater-agent-workspace/cargo-home:/opt/rustwide/cargo-home:ro,Z" "-v" "/var/lib/crater-agent-workspace/rustup-home:/opt/rustwide/rustup-home:ro,Z" "-e" "SOURCE_DIR=/opt/rustwide/workdir" "-e" "CARGO_TARGET_DIR=/opt/rustwide/target" "-e" "CARGO_HOME=/opt/rustwide/cargo-home" "-e" "RUSTUP_HOME=/opt/rustwide/rustup-home" "-w" "/opt/rustwide/workdir" "-m" "1610612736" "--user" "0:0" "--network" "none" "ghcr.io/rust-lang/crates-build-env/linux@sha256:5ff2268d62e97bff2cde7d5815dd6ed5b47097566f13b8d0ca110b04b60e07ed" "/opt/rustwide/cargo-home/bin/cargo" "+beta-2023-04-20" "metadata" "--no-deps" "--format-version=1", kill_on_drop: false }`
[INFO] [stdout] 60296fcae0011c1f006d7ec6b87a80c4b63cdfca4b2c0fce8c30f71b104fc175
[INFO] running `Command { std: "docker" "start" "-a" "60296fcae0011c1f006d7ec6b87a80c4b63cdfca4b2c0fce8c30f71b104fc175", kill_on_drop: false }`
[INFO] running `Command { std: "docker" "inspect" "60296fcae0011c1f006d7ec6b87a80c4b63cdfca4b2c0fce8c30f71b104fc175", kill_on_drop: false }`
[INFO] running `Command { std: "docker" "rm" "-f" "60296fcae0011c1f006d7ec6b87a80c4b63cdfca4b2c0fce8c30f71b104fc175", kill_on_drop: false }`
[INFO] [stdout] 60296fcae0011c1f006d7ec6b87a80c4b63cdfca4b2c0fce8c30f71b104fc175
[INFO] running `Command { std: "docker" "create" "-v" "/var/lib/crater-agent-workspace/builds/worker-4-tc2/target:/opt/rustwide/target:rw,Z" "-v" "/var/lib/crater-agent-workspace/builds/worker-4-tc2/source:/opt/rustwide/workdir:ro,Z" "-v" "/var/lib/crater-agent-workspace/cargo-home:/opt/rustwide/cargo-home:ro,Z" "-v" "/var/lib/crater-agent-workspace/rustup-home:/opt/rustwide/rustup-home:ro,Z" "-e" "SOURCE_DIR=/opt/rustwide/workdir" "-e" "CARGO_TARGET_DIR=/opt/rustwide/target" "-e" "CARGO_INCREMENTAL=0" "-e" "RUST_BACKTRACE=full" "-e" "RUSTFLAGS=--cap-lints=warn" "-e" "RUSTDOCFLAGS=--cap-lints=warn" "-e" "CARGO_HOME=/opt/rustwide/cargo-home" "-e" "RUSTUP_HOME=/opt/rustwide/rustup-home" "-w" "/opt/rustwide/workdir" "-m" "1610612736" "--user" "0:0" "--network" "none" "ghcr.io/rust-lang/crates-build-env/linux@sha256:5ff2268d62e97bff2cde7d5815dd6ed5b47097566f13b8d0ca110b04b60e07ed" "/opt/rustwide/cargo-home/bin/cargo" "+beta-2023-04-20" "build" "--frozen" "--message-format=json", kill_on_drop: false }`
[INFO] [stdout] 2c7effb4e6b74bbfa9635e5575f4543b783ee6ce5b1195f646cba700b43280e6
[INFO] running `Command { std: "docker" "start" "-a" "2c7effb4e6b74bbfa9635e5575f4543b783ee6ce5b1195f646cba700b43280e6", kill_on_drop: false }`
[INFO] [stderr]    Compiling libc v0.2.107
[INFO] [stderr]    Compiling xattr v0.2.2
[INFO] [stderr]    Compiling filetime v0.2.15
[INFO] [stderr]    Compiling tar-wasi v0.4.38 (/opt/rustwide/workdir)
[INFO] [stderr]     Finished dev [unoptimized + debuginfo] target(s) in 1.32s
[INFO] running `Command { std: "docker" "inspect" "2c7effb4e6b74bbfa9635e5575f4543b783ee6ce5b1195f646cba700b43280e6", kill_on_drop: false }`
[INFO] running `Command { std: "docker" "rm" "-f" "2c7effb4e6b74bbfa9635e5575f4543b783ee6ce5b1195f646cba700b43280e6", kill_on_drop: false }`
[INFO] [stdout] 2c7effb4e6b74bbfa9635e5575f4543b783ee6ce5b1195f646cba700b43280e6
[INFO] running `Command { std: "docker" "create" "-v" "/var/lib/crater-agent-workspace/builds/worker-4-tc2/target:/opt/rustwide/target:rw,Z" "-v" "/var/lib/crater-agent-workspace/builds/worker-4-tc2/source:/opt/rustwide/workdir:ro,Z" "-v" "/var/lib/crater-agent-workspace/cargo-home:/opt/rustwide/cargo-home:ro,Z" "-v" "/var/lib/crater-agent-workspace/rustup-home:/opt/rustwide/rustup-home:ro,Z" "-e" "SOURCE_DIR=/opt/rustwide/workdir" "-e" "CARGO_TARGET_DIR=/opt/rustwide/target" "-e" "CARGO_INCREMENTAL=0" "-e" "RUST_BACKTRACE=full" "-e" "RUSTFLAGS=--cap-lints=warn" "-e" "RUSTDOCFLAGS=--cap-lints=warn" "-e" "CARGO_HOME=/opt/rustwide/cargo-home" "-e" "RUSTUP_HOME=/opt/rustwide/rustup-home" "-w" "/opt/rustwide/workdir" "-m" "1610612736" "--user" "0:0" "--network" "none" "ghcr.io/rust-lang/crates-build-env/linux@sha256:5ff2268d62e97bff2cde7d5815dd6ed5b47097566f13b8d0ca110b04b60e07ed" "/opt/rustwide/cargo-home/bin/cargo" "+beta-2023-04-20" "test" "--frozen" "--no-run" "--message-format=json", kill_on_drop: false }`
[INFO] [stdout] 1b445f1fde17d964efc4689dc06d412c53339677300026c8bef29863fd1e83a2
[INFO] running `Command { std: "docker" "start" "-a" "1b445f1fde17d964efc4689dc06d412c53339677300026c8bef29863fd1e83a2", kill_on_drop: false }`
[INFO] [stderr]    Compiling getrandom v0.2.3
[INFO] [stderr]    Compiling rand_core v0.6.3
[INFO] [stderr]    Compiling rand_chacha v0.3.1
[INFO] [stderr]    Compiling rand v0.8.4
[INFO] [stderr]    Compiling tempfile v3.2.0
[INFO] [stderr]    Compiling tar-wasi v0.4.38 (/opt/rustwide/workdir)
[INFO] [stdout] error[E0463]: can't find crate for `tar`
[INFO] [stdout]  --> examples/raw_list.rs:5:1
[INFO] [stdout]   |
[INFO] [stdout] 5 | extern crate tar;
[INFO] [stdout]   | ^^^^^^^^^^^^^^^^^ can't find crate
[INFO] [stdout] 
[INFO] [stdout] 
[INFO] [stdout] error[E0463]: can't find crate for `tar`
[INFO] [stdout]  --> examples/list.rs:5:1
[INFO] [stdout]   |
[INFO] [stdout] 5 | extern crate tar;
[INFO] [stdout]   | ^^^^^^^^^^^^^^^^^ can't find crate
[INFO] [stdout] 
[INFO] [stdout] 
[INFO] [stdout] error[E0463]: can't find crate for `tar`
[INFO] [stdout]  --> examples/extract_file.rs:7:1
[INFO] [stdout]   |
[INFO] [stdout] 7 | extern crate tar;
[INFO] [stdout]   | ^^^^^^^^^^^^^^^^^ can't find crate
[INFO] [stdout] 
[INFO] [stdout] 
[INFO] [stdout] error[E0463]: can't find crate for `tar`
[INFO] [stdout]  --> examples/write.rs:1:1
[INFO] [stdout]   |
[INFO] [stdout] 1 | extern crate tar;
[INFO] [stdout]   | ^^^^^^^^^^^^^^^^^ can't find crate
[INFO] [stdout] 
[INFO] [stdout] 
[INFO] [stdout] error[E0463]: can't find crate for `tar`
[INFO] [stdout]  --> tests/entry.rs:2:1
[INFO] [stdout]   |
[INFO] [stdout] 2 | extern crate tar;
[INFO] [stdout]   | ^^^^^^^^^^^^^^^^^ can't find crate
[INFO] [stdout] 
[INFO] [stdout] 
[INFO] [stdout] error[E0463]: can't find crate for `tar`
[INFO] [stdout]  --> tests/all.rs:3:1
[INFO] [stdout]   |
[INFO] [stdout] 3 | extern crate tar;
[INFO] [stdout]   | ^^^^^^^^^^^^^^^^^ can't find crate
[INFO] [stdout] 
[INFO] [stdout] 
[INFO] [stdout] error: couldn't read tests/archives/simple.tar: No such file or directory (os error 2)
[INFO] [stdout]   --> tests/all.rs:29:10
[INFO] [stdout]    |
[INFO] [stdout] 29 |         &include_bytes!(concat!("archives/", $e))[..]
[INFO] [stdout]    |          ^^^^^^^^^^^^^^^^^^^^^^^^^^^^^^^^^^^^^^^^
[INFO] [stdout] ...
[INFO] [stdout] 39 |     let bytes = tar!("simple.tar");
[INFO] [stdout]    |                 ------------------ in this macro invocation
[INFO] [stdout]    |
[INFO] [stdout]    = note: this error originates in the macro `include_bytes` which comes from the expansion of the macro `tar` (in Nightly builds, run with -Z macro-backtrace for more info)
[INFO] [stdout] 
[INFO] [stdout] 
[INFO] [stdout] error: couldn't read tests/archives/simple.tar: No such file or directory (os error 2)
[INFO] [stdout]   --> tests/all.rs:29:10
[INFO] [stdout]    |
[INFO] [stdout] 29 |         &include_bytes!(concat!("archives/", $e))[..]
[INFO] [stdout]    |          ^^^^^^^^^^^^^^^^^^^^^^^^^^^^^^^^^^^^^^^^
[INFO] [stdout] ...
[INFO] [stdout] 84 |     let mut ar = Archive::new(Cursor::new(tar!("simple.tar")));
[INFO] [stdout]    |                                           ------------------ in this macro invocation
[INFO] [stdout]    |
[INFO] [stdout]    = note: this error originates in the macro `include_bytes` which comes from the expansion of the macro `tar` (in Nightly builds, run with -Z macro-backtrace for more info)
[INFO] [stdout] 
[INFO] [stdout] 
[INFO] [stdout] error: couldn't read tests/archives/simple_missing_last_header.tar: No such file or directory (os error 2)
[INFO] [stdout]   --> tests/all.rs:29:10
[INFO] [stdout]    |
[INFO] [stdout] 29 |         &include_bytes!(concat!("archives/", $e))[..]
[INFO] [stdout]    |          ^^^^^^^^^^^^^^^^^^^^^^^^^^^^^^^^^^^^^^^^
[INFO] [stdout] ...
[INFO] [stdout] 99 |     let mut ar = Archive::new(Cursor::new(tar!("simple_missing_last_header.tar")));
[INFO] [stdout]    |                                           -------------------------------------- in this macro invocation
[INFO] [stdout]    |
[INFO] [stdout]    = note: this error originates in the macro `include_bytes` which comes from the expansion of the macro `tar` (in Nightly builds, run with -Z macro-backtrace for more info)
[INFO] [stdout] 
[INFO] [stdout] 
[INFO] [stdout] error: couldn't read tests/archives/reading_files.tar: No such file or directory (os error 2)
[INFO] [stdout]    --> tests/all.rs:29:10
[INFO] [stdout]     |
[INFO] [stdout] 29  |         &include_bytes!(concat!("archives/", $e))[..]
[INFO] [stdout]     |          ^^^^^^^^^^^^^^^^^^^^^^^^^^^^^^^^^^^^^^^^
[INFO] [stdout] ...
[INFO] [stdout] 114 |     let rdr = Cursor::new(tar!("reading_files.tar"));
[INFO] [stdout]     |                           ------------------------- in this macro invocation
[INFO] [stdout]     |
[INFO] [stdout]     = note: this error originates in the macro `include_bytes` which comes from the expansion of the macro `tar` (in Nightly builds, run with -Z macro-backtrace for more info)
[INFO] [stdout] 
[INFO] [stdout] 
[INFO] [stdout] error: couldn't read tests/archives/reading_files.tar: No such file or directory (os error 2)
[INFO] [stdout]    --> tests/all.rs:29:10
[INFO] [stdout]     |
[INFO] [stdout] 29  |         &include_bytes!(concat!("archives/", $e))[..]
[INFO] [stdout]     |          ^^^^^^^^^^^^^^^^^^^^^^^^^^^^^^^^^^^^^^^^
[INFO] [stdout] ...
[INFO] [stdout] 229 |     let rdr = Cursor::new(tar!("reading_files.tar"));
[INFO] [stdout]     |                           ------------------------- in this macro invocation
[INFO] [stdout]     |
[INFO] [stdout]     = note: this error originates in the macro `include_bytes` which comes from the expansion of the macro `tar` (in Nightly builds, run with -Z macro-backtrace for more info)
[INFO] [stdout] 
[INFO] [stdout] 
[INFO] [stdout] error: couldn't read tests/archives/reading_files.tar: No such file or directory (os error 2)
[INFO] [stdout]    --> tests/all.rs:29:10
[INFO] [stdout]     |
[INFO] [stdout] 29  |         &include_bytes!(concat!("archives/", $e))[..]
[INFO] [stdout]     |          ^^^^^^^^^^^^^^^^^^^^^^^^^^^^^^^^^^^^^^^^
[INFO] [stdout] ...
[INFO] [stdout] 236 |     let rdr = Cursor::new(tar!("reading_files.tar"));
[INFO] [stdout]     |                           ------------------------- in this macro invocation
[INFO] [stdout]     |
[INFO] [stdout]     = note: this error originates in the macro `include_bytes` which comes from the expansion of the macro `tar` (in Nightly builds, run with -Z macro-backtrace for more info)
[INFO] [stdout] 
[INFO] [stdout] 
[INFO] [stdout] error: couldn't read tests/archives/reading_files.tar: No such file or directory (os error 2)
[INFO] [stdout]    --> tests/all.rs:29:10
[INFO] [stdout]     |
[INFO] [stdout] 29  |         &include_bytes!(concat!("archives/", $e))[..]
[INFO] [stdout]     |          ^^^^^^^^^^^^^^^^^^^^^^^^^^^^^^^^^^^^^^^^
[INFO] [stdout] ...
[INFO] [stdout] 272 |     let mut reader = LoggingReader::new(Cursor::new(tar!("reading_files.tar")));
[INFO] [stdout]     |                                                     ------------------------- in this macro invocation
[INFO] [stdout]     |
[INFO] [stdout]     = note: this error originates in the macro `include_bytes` which comes from the expansion of the macro `tar` (in Nightly builds, run with -Z macro-backtrace for more info)
[INFO] [stdout] 
[INFO] [stdout] 
[INFO] [stdout] error: couldn't read tests/archives/reading_files.tar: No such file or directory (os error 2)
[INFO] [stdout]    --> tests/all.rs:29:10
[INFO] [stdout]     |
[INFO] [stdout] 29  |         &include_bytes!(concat!("archives/", $e))[..]
[INFO] [stdout]     |          ^^^^^^^^^^^^^^^^^^^^^^^^^^^^^^^^^^^^^^^^
[INFO] [stdout] ...
[INFO] [stdout] 278 |     let mut seekable_reader = LoggingReader::new(Cursor::new(tar!("reading_files.tar")));
[INFO] [stdout]     |                                                              ------------------------- in this macro invocation
[INFO] [stdout]     |
[INFO] [stdout]     = note: this error originates in the macro `include_bytes` which comes from the expansion of the macro `tar` (in Nightly builds, run with -Z macro-backtrace for more info)
[INFO] [stdout] 
[INFO] [stdout] 
[INFO] [stdout] error: couldn't read tests/archives/directory.tar: No such file or directory (os error 2)
[INFO] [stdout]    --> tests/all.rs:29:10
[INFO] [stdout]     |
[INFO] [stdout] 29  |         &include_bytes!(concat!("archives/", $e))[..]
[INFO] [stdout]     |          ^^^^^^^^^^^^^^^^^^^^^^^^^^^^^^^^^^^^^^^^
[INFO] [stdout] ...
[INFO] [stdout] 301 |     let rdr = Cursor::new(tar!("directory.tar"));
[INFO] [stdout]     |                           --------------------- in this macro invocation
[INFO] [stdout]     |
[INFO] [stdout]     = note: this error originates in the macro `include_bytes` which comes from the expansion of the macro `tar` (in Nightly builds, run with -Z macro-backtrace for more info)
[INFO] [stdout] 
[INFO] [stdout] 
[INFO] [stdout] error: aborting due to previous error
[INFO] [stdout] 
[INFO] [stdout] 
[INFO] [stdout] For more information about this error, try `rustc --explain E0463`.
[INFO] [stdout] 
[INFO] [stdout] error: couldn't read tests/archives/reading_files.tar: No such file or directory (os error 2)
[INFO] [stdout]    --> tests/all.rs:29:10
[INFO] [stdout]     |
[INFO] [stdout] 29  |         &include_bytes!(concat!("archives/", $e))[..]
[INFO] [stdout]     |          ^^^^^^^^^^^^^^^^^^^^^^^^^^^^^^^^^^^^^^^^
[INFO] [stdout] ...
[INFO] [stdout] 314 |     let rdr = Cursor::new(tar!("reading_files.tar"));
[INFO] [stdout]     |                           ------------------------- in this macro invocation
[INFO] [stdout]     |
[INFO] [stdout]     = note: this error originates in the macro `include_bytes` which comes from the expansion of the macro `tar` (in Nightly builds, run with -Z macro-backtrace for more info)
[INFO] [stdout] 
[INFO] [stdout] 
[INFO] [stdout] error: couldn't read tests/archives/reading_files.tar: No such file or directory (os error 2)
[INFO] [stdout]    --> tests/all.rs:29:10
[INFO] [stdout]     |
[INFO] [stdout] 29  |         &include_bytes!(concat!("archives/", $e))[..]
[INFO] [stdout]     |          ^^^^^^^^^^^^^^^^^^^^^^^^^^^^^^^^^^^^^^^^
[INFO] [stdout] ...
[INFO] [stdout] 337 |     let rdr = Cursor::new(tar!("reading_files.tar"));
[INFO] [stdout]     |                           ------------------------- in this macro invocation
[INFO] [stdout]     |
[INFO] [stdout]     = note: this error originates in the macro `include_bytes` which comes from the expansion of the macro `tar` (in Nightly builds, run with -Z macro-backtrace for more info)
[INFO] [stdout] 
[INFO] [stdout] 
[INFO] [stdout] error: couldn't read tests/archives/link.tar: No such file or directory (os error 2)
[INFO] [stdout]    --> tests/all.rs:29:10
[INFO] [stdout]     |
[INFO] [stdout] 29  |         &include_bytes!(concat!("archives/", $e))[..]
[INFO] [stdout]     |          ^^^^^^^^^^^^^^^^^^^^^^^^^^^^^^^^^^^^^^^^
[INFO] [stdout] ...
[INFO] [stdout] 350 |     let rdr = Cursor::new(tar!("link.tar"));
[INFO] [stdout]     |                           ---------------- in this macro invocation
[INFO] [stdout]     |
[INFO] [stdout]     = note: this error originates in the macro `include_bytes` which comes from the expansion of the macro `tar` (in Nightly builds, run with -Z macro-backtrace for more info)
[INFO] [stdout] 
[INFO] [stdout] 
[INFO] [stdout] error: aborting due to previous error
[INFO] [stdout] 
[INFO] [stdout] 
[INFO] [stdout] For more information about this error, try `rustc --explain E0463`.
[INFO] [stdout] 
[INFO] [stdout] error: couldn't read tests/archives/link.tar: No such file or directory (os error 2)
[INFO] [stdout]    --> tests/all.rs:29:10
[INFO] [stdout]     |
[INFO] [stdout] 29  |         &include_bytes!(concat!("archives/", $e))[..]
[INFO] [stdout]     |          ^^^^^^^^^^^^^^^^^^^^^^^^^^^^^^^^^^^^^^^^
[INFO] [stdout] ...
[INFO] [stdout] 373 |     let rdr = Cursor::new(tar!("link.tar"));
[INFO] [stdout]     |                           ---------------- in this macro invocation
[INFO] [stdout]     |
[INFO] [stdout]     = note: this error originates in the macro `include_bytes` which comes from the expansion of the macro `tar` (in Nightly builds, run with -Z macro-backtrace for more info)
[INFO] [stdout] 
[INFO] [stdout] 
[INFO] [stdout] error: couldn't read tests/archives/xattrs.tar: No such file or directory (os error 2)
[INFO] [stdout]    --> tests/all.rs:29:10
[INFO] [stdout]     |
[INFO] [stdout] 29  |         &include_bytes!(concat!("archives/", $e))[..]
[INFO] [stdout]     |          ^^^^^^^^^^^^^^^^^^^^^^^^^^^^^^^^^^^^^^^^
[INFO] [stdout] ...
[INFO] [stdout] 385 |     let rdr = Cursor::new(tar!("xattrs.tar"));
[INFO] [stdout]     |                           ------------------ in this macro invocation
[INFO] [stdout]     |
[INFO] [stdout]     = note: this error originates in the macro `include_bytes` which comes from the expansion of the macro `tar` (in Nightly builds, run with -Z macro-backtrace for more info)
[INFO] [stdout] 
[INFO] [stdout] 
[INFO] [stdout] error: aborting due to previous error
[INFO] [stdout] 
[INFO] [stdout] 
[INFO] [stdout] For more information about this error, try `rustc --explain E0463`.
[INFO] [stdout] 
[INFO] [stdout] error: couldn't read tests/archives/xattrs.tar: No such file or directory (os error 2)
[INFO] [stdout]    --> tests/all.rs:29:10
[INFO] [stdout]     |
[INFO] [stdout] 29  |         &include_bytes!(concat!("archives/", $e))[..]
[INFO] [stdout]     |          ^^^^^^^^^^^^^^^^^^^^^^^^^^^^^^^^^^^^^^^^
[INFO] [stdout] ...
[INFO] [stdout] 400 |     let rdr = Cursor::new(tar!("xattrs.tar"));
[INFO] [stdout]     |                           ------------------ in this macro invocation
[INFO] [stdout]     |
[INFO] [stdout]     = note: this error originates in the macro `include_bytes` which comes from the expansion of the macro `tar` (in Nightly builds, run with -Z macro-backtrace for more info)
[INFO] [stdout] 
[INFO] [stdout] 
[INFO] [stderr] error: could not compile `tar-wasi` (example "write") due to 2 previous errors
[INFO] [stderr] warning: build failed, waiting for other jobs to finish...
[INFO] [stdout] error: couldn't read tests/archives/duplicate_dirs.tar: No such file or directory (os error 2)
[INFO] [stdout]    --> tests/all.rs:29:10
[INFO] [stdout]     |
[INFO] [stdout] 29  |         &include_bytes!(concat!("archives/", $e))[..]
[INFO] [stdout]     |          ^^^^^^^^^^^^^^^^^^^^^^^^^^^^^^^^^^^^^^^^
[INFO] [stdout] ...
[INFO] [stdout] 510 |     let rdr = Cursor::new(tar!("duplicate_dirs.tar"));
[INFO] [stdout]     |                           -------------------------- in this macro invocation
[INFO] [stdout]     |
[INFO] [stdout]     = note: this error originates in the macro `include_bytes` which comes from the expansion of the macro `tar` (in Nightly builds, run with -Z macro-backtrace for more info)
[INFO] [stdout] 
[INFO] [stdout] 
[INFO] [stderr] error: could not compile `tar-wasi` (example "list") due to 2 previous errors
[INFO] [stderr] error: could not compile `tar-wasi` (example "extract_file") due to 2 previous errors
[INFO] [stdout] error: couldn't read tests/archives/spaces.tar: No such file or directory (os error 2)
[INFO] [stdout]    --> tests/all.rs:29:10
[INFO] [stdout]     |
[INFO] [stdout] 29  |         &include_bytes!(concat!("archives/", $e))[..]
[INFO] [stdout]     |          ^^^^^^^^^^^^^^^^^^^^^^^^^^^^^^^^^^^^^^^^
[INFO] [stdout] ...
[INFO] [stdout] 660 |     let rdr = Cursor::new(tar!("spaces.tar"));
[INFO] [stdout]     |                           ------------------ in this macro invocation
[INFO] [stdout]     |
[INFO] [stdout]     = note: this error originates in the macro `include_bytes` which comes from the expansion of the macro `tar` (in Nightly builds, run with -Z macro-backtrace for more info)
[INFO] [stdout] 
[INFO] [stdout] 
[INFO] [stdout] error: couldn't read tests/archives/empty_filename.tar: No such file or directory (os error 2)
[INFO] [stdout]    --> tests/all.rs:29:10
[INFO] [stdout]     |
[INFO] [stdout] 29  |         &include_bytes!(concat!("archives/", $e))[..]
[INFO] [stdout]     |          ^^^^^^^^^^^^^^^^^^^^^^^^^^^^^^^^^^^^^^^^
[INFO] [stdout] ...
[INFO] [stdout] 700 |     let rdr = Cursor::new(tar!("empty_filename.tar"));
[INFO] [stdout]     |                           -------------------------- in this macro invocation
[INFO] [stdout]     |
[INFO] [stdout]     = note: this error originates in the macro `include_bytes` which comes from the expansion of the macro `tar` (in Nightly builds, run with -Z macro-backtrace for more info)
[INFO] [stdout] 
[INFO] [stdout] 
[INFO] [stdout] error: couldn't read tests/archives/file_times.tar: No such file or directory (os error 2)
[INFO] [stdout]    --> tests/all.rs:29:10
[INFO] [stdout]     |
[INFO] [stdout] 29  |         &include_bytes!(concat!("archives/", $e))[..]
[INFO] [stdout]     |          ^^^^^^^^^^^^^^^^^^^^^^^^^^^^^^^^^^^^^^^^
[INFO] [stdout] ...
[INFO] [stdout] 709 |     let rdr = Cursor::new(tar!("file_times.tar"));
[INFO] [stdout]     |                           ---------------------- in this macro invocation
[INFO] [stdout]     |
[INFO] [stdout]     = note: this error originates in the macro `include_bytes` which comes from the expansion of the macro `tar` (in Nightly builds, run with -Z macro-backtrace for more info)
[INFO] [stdout] 
[INFO] [stdout] 
[INFO] [stdout] error: aborting due to previous error
[INFO] [stdout] 
[INFO] [stdout] 
[INFO] [stdout] For more information about this error, try `rustc --explain E0463`.
[INFO] [stdout] 
[INFO] [stdout] error: couldn't read tests/archives/link.tar: No such file or directory (os error 2)
[INFO] [stdout]    --> tests/all.rs:29:10
[INFO] [stdout]     |
[INFO] [stdout] 29  |         &include_bytes!(concat!("archives/", $e))[..]
[INFO] [stdout]     |          ^^^^^^^^^^^^^^^^^^^^^^^^^^^^^^^^^^^^^^^^
[INFO] [stdout] ...
[INFO] [stdout] 794 |     let mut ar = Archive::new(Cursor::new(tar!("link.tar")));
[INFO] [stdout]     |                                           ---------------- in this macro invocation
[INFO] [stdout]     |
[INFO] [stdout]     = note: this error originates in the macro `include_bytes` which comes from the expansion of the macro `tar` (in Nightly builds, run with -Z macro-backtrace for more info)
[INFO] [stdout] 
[INFO] [stdout] 
[INFO] [stdout] error: couldn't read tests/archives/link.tar: No such file or directory (os error 2)
[INFO] [stdout]    --> tests/all.rs:29:10
[INFO] [stdout]     |
[INFO] [stdout] 29  |         &include_bytes!(concat!("archives/", $e))[..]
[INFO] [stdout]     |          ^^^^^^^^^^^^^^^^^^^^^^^^^^^^^^^^^^^^^^^^
[INFO] [stdout] ...
[INFO] [stdout] 809 |     let mut ar = Archive::new(Cursor::new(tar!("link.tar")));
[INFO] [stdout]     |                                           ---------------- in this macro invocation
[INFO] [stdout]     |
[INFO] [stdout]     = note: this error originates in the macro `include_bytes` which comes from the expansion of the macro `tar` (in Nightly builds, run with -Z macro-backtrace for more info)
[INFO] [stdout] 
[INFO] [stdout] 
[INFO] [stdout] error: couldn't read tests/archives/pax_size.tar: No such file or directory (os error 2)
[INFO] [stdout]    --> tests/all.rs:29:10
[INFO] [stdout]     |
[INFO] [stdout] 29  |         &include_bytes!(concat!("archives/", $e))[..]
[INFO] [stdout]     |          ^^^^^^^^^^^^^^^^^^^^^^^^^^^^^^^^^^^^^^^^
[INFO] [stdout] ...
[INFO] [stdout] 823 |     let mut ar = Archive::new(tar!("pax_size.tar"));
[INFO] [stdout]     |                               -------------------- in this macro invocation
[INFO] [stdout]     |
[INFO] [stdout]     = note: this error originates in the macro `include_bytes` which comes from the expansion of the macro `tar` (in Nightly builds, run with -Z macro-backtrace for more info)
[INFO] [stdout] 
[INFO] [stdout] 
[INFO] [stdout] error: couldn't read tests/archives/pax.tar: No such file or directory (os error 2)
[INFO] [stdout]    --> tests/all.rs:29:10
[INFO] [stdout]     |
[INFO] [stdout] 29  |         &include_bytes!(concat!("archives/", $e))[..]
[INFO] [stdout]     |          ^^^^^^^^^^^^^^^^^^^^^^^^^^^^^^^^^^^^^^^^
[INFO] [stdout] ...
[INFO] [stdout] 843 |     let mut ar = Archive::new(tar!("pax.tar"));
[INFO] [stdout]     |                               --------------- in this macro invocation
[INFO] [stdout]     |
[INFO] [stdout]     = note: this error originates in the macro `include_bytes` which comes from the expansion of the macro `tar` (in Nightly builds, run with -Z macro-backtrace for more info)
[INFO] [stdout] 
[INFO] [stdout] 
[INFO] [stdout] error: couldn't read tests/archives/pax2.tar: No such file or directory (os error 2)
[INFO] [stdout]    --> tests/all.rs:29:10
[INFO] [stdout]     |
[INFO] [stdout] 29  |         &include_bytes!(concat!("archives/", $e))[..]
[INFO] [stdout]     |          ^^^^^^^^^^^^^^^^^^^^^^^^^^^^^^^^^^^^^^^^
[INFO] [stdout] ...
[INFO] [stdout] 863 |     let mut ar = Archive::new(tar!("pax2.tar"));
[INFO] [stdout]     |                               ---------------- in this macro invocation
[INFO] [stdout]     |
[INFO] [stdout]     = note: this error originates in the macro `include_bytes` which comes from the expansion of the macro `tar` (in Nightly builds, run with -Z macro-backtrace for more info)
[INFO] [stdout] 
[INFO] [stdout] 
[INFO] [stdout] error: couldn't read tests/archives/pax2.tar: No such file or directory (os error 2)
[INFO] [stdout]    --> tests/all.rs:29:10
[INFO] [stdout]     |
[INFO] [stdout] 29  |         &include_bytes!(concat!("archives/", $e))[..]
[INFO] [stdout]     |          ^^^^^^^^^^^^^^^^^^^^^^^^^^^^^^^^^^^^^^^^
[INFO] [stdout] ...
[INFO] [stdout] 872 |     let mut ar = Archive::new(tar!("pax2.tar"));
[INFO] [stdout]     |                               ---------------- in this macro invocation
[INFO] [stdout]     |
[INFO] [stdout]     = note: this error originates in the macro `include_bytes` which comes from the expansion of the macro `tar` (in Nightly builds, run with -Z macro-backtrace for more info)
[INFO] [stdout] 
[INFO] [stdout] 
[INFO] [stderr] error: could not compile `tar-wasi` (example "raw_list") due to 2 previous errors
[INFO] [stdout] error: couldn't read tests/archives/sparse.tar: No such file or directory (os error 2)
[INFO] [stdout]    --> tests/all.rs:29:10
[INFO] [stdout]     |
[INFO] [stdout] 29  |         &include_bytes!(concat!("archives/", $e))[..]
[INFO] [stdout]     |          ^^^^^^^^^^^^^^^^^^^^^^^^^^^^^^^^^^^^^^^^
[INFO] [stdout] ...
[INFO] [stdout] 962 |     let rdr = Cursor::new(tar!("sparse.tar"));
[INFO] [stdout]     |                           ------------------ in this macro invocation
[INFO] [stdout]     |
[INFO] [stdout]     = note: this error originates in the macro `include_bytes` which comes from the expansion of the macro `tar` (in Nightly builds, run with -Z macro-backtrace for more info)
[INFO] [stdout] 
[INFO] [stdout] 
[INFO] [stdout] error: couldn't read tests/archives/sparse.tar: No such file or directory (os error 2)
[INFO] [stdout]     --> tests/all.rs:29:10
[INFO] [stdout]      |
[INFO] [stdout] 29   |         &include_bytes!(concat!("archives/", $e))[..]
[INFO] [stdout]      |          ^^^^^^^^^^^^^^^^^^^^^^^^^^^^^^^^^^^^^^^^
[INFO] [stdout] ...
[INFO] [stdout] 1013 |     let rdr = Cursor::new(tar!("sparse.tar"));
[INFO] [stdout]      |                           ------------------ in this macro invocation
[INFO] [stdout]      |
[INFO] [stdout]      = note: this error originates in the macro `include_bytes` which comes from the expansion of the macro `tar` (in Nightly builds, run with -Z macro-backtrace for more info)
[INFO] [stdout] 
[INFO] [stdout] 
[INFO] [stdout] error: couldn't read tests/archives/sparse-1.tar: No such file or directory (os error 2)
[INFO] [stdout]     --> tests/all.rs:29:10
[INFO] [stdout]      |
[INFO] [stdout] 29   |         &include_bytes!(concat!("archives/", $e))[..]
[INFO] [stdout]      |          ^^^^^^^^^^^^^^^^^^^^^^^^^^^^^^^^^^^^^^^^
[INFO] [stdout] ...
[INFO] [stdout] 1054 |     let rdr = Cursor::new(tar!("sparse-1.tar"));
[INFO] [stdout]      |                           -------------------- in this macro invocation
[INFO] [stdout]      |
[INFO] [stdout]      = note: this error originates in the macro `include_bytes` which comes from the expansion of the macro `tar` (in Nightly builds, run with -Z macro-backtrace for more info)
[INFO] [stdout] 
[INFO] [stdout] 
[INFO] [stdout] error: couldn't read tests/archives/7z_long_path.tar: No such file or directory (os error 2)
[INFO] [stdout]     --> tests/all.rs:29:10
[INFO] [stdout]      |
[INFO] [stdout] 29   |         &include_bytes!(concat!("archives/", $e))[..]
[INFO] [stdout]      |          ^^^^^^^^^^^^^^^^^^^^^^^^^^^^^^^^^^^^^^^^
[INFO] [stdout] ...
[INFO] [stdout] 1241 |     let rdr = Cursor::new(tar!("7z_long_path.tar"));
[INFO] [stdout]      |                           ------------------------ in this macro invocation
[INFO] [stdout]      |
[INFO] [stdout]      = note: this error originates in the macro `include_bytes` which comes from the expansion of the macro `tar` (in Nightly builds, run with -Z macro-backtrace for more info)
[INFO] [stdout] 
[INFO] [stdout] 
[INFO] [stdout] error: couldn't read tests/archives/7z_long_path.tar: No such file or directory (os error 2)
[INFO] [stdout]     --> tests/all.rs:29:10
[INFO] [stdout]      |
[INFO] [stdout] 29   |         &include_bytes!(concat!("archives/", $e))[..]
[INFO] [stdout]      |          ^^^^^^^^^^^^^^^^^^^^^^^^^^^^^^^^^^^^^^^^
[INFO] [stdout] ...
[INFO] [stdout] 1254 |     let rdr = Cursor::new(tar!("7z_long_path.tar"));
[INFO] [stdout]      |                           ------------------------ in this macro invocation
[INFO] [stdout]      |
[INFO] [stdout]      = note: this error originates in the macro `include_bytes` which comes from the expansion of the macro `tar` (in Nightly builds, run with -Z macro-backtrace for more info)
[INFO] [stdout] 
[INFO] [stdout] 
[INFO] [stdout] error: aborting due to previous error
[INFO] [stdout] 
[INFO] [stdout] 
[INFO] [stdout] For more information about this error, try `rustc --explain E0463`.
[INFO] [stdout] 
[INFO] [stderr] error: could not compile `tar-wasi` (test "entry") due to 2 previous errors
[INFO] [stdout] error: aborting due to 31 previous errors
[INFO] [stdout] 
[INFO] [stdout] 
[INFO] [stdout] For more information about this error, try `rustc --explain E0463`.
[INFO] [stdout] 
[INFO] [stderr] error: could not compile `tar-wasi` (test "all") due to 32 previous errors
[INFO] running `Command { std: "docker" "inspect" "1b445f1fde17d964efc4689dc06d412c53339677300026c8bef29863fd1e83a2", kill_on_drop: false }`
[INFO] running `Command { std: "docker" "rm" "-f" "1b445f1fde17d964efc4689dc06d412c53339677300026c8bef29863fd1e83a2", kill_on_drop: false }`
[INFO] [stdout] 1b445f1fde17d964efc4689dc06d412c53339677300026c8bef29863fd1e83a2
