[INFO] fetching crate taos-macros 0.2.15...
[INFO] testing taos-macros-0.2.15 against beta-2023-04-20 for beta-1.70-1
[INFO] extracting crate taos-macros 0.2.15 into /workspace/builds/worker-0-tc2/source
[INFO] validating manifest of crates.io crate taos-macros 0.2.15 on toolchain beta-2023-04-20
[INFO] running `Command { std: CARGO_HOME="/workspace/cargo-home" RUSTUP_HOME="/workspace/rustup-home" "/workspace/cargo-home/bin/cargo" "+beta-2023-04-20" "metadata" "--manifest-path" "Cargo.toml" "--no-deps", kill_on_drop: false }`
[INFO] started tweaking crates.io crate taos-macros 0.2.15
[INFO] finished tweaking crates.io crate taos-macros 0.2.15
[INFO] tweaked toml for crates.io crate taos-macros 0.2.15 written to /workspace/builds/worker-0-tc2/source/Cargo.toml
[INFO] running `Command { std: CARGO_HOME="/workspace/cargo-home" RUSTUP_HOME="/workspace/rustup-home" __CARGO_TEST_CHANNEL_OVERRIDE_DO_NOT_USE_THIS="nightly" "/workspace/cargo-home/bin/cargo" "+beta-2023-04-20" "generate-lockfile" "--manifest-path" "Cargo.toml" "-Zno-index-update", kill_on_drop: false }`
[INFO] [stderr]     Blocking waiting for file lock on package cache
[INFO] running `Command { std: CARGO_HOME="/workspace/cargo-home" RUSTUP_HOME="/workspace/rustup-home" "/workspace/cargo-home/bin/cargo" "+beta-2023-04-20" "fetch" "--manifest-path" "Cargo.toml", kill_on_drop: false }`
[INFO] running `Command { std: "docker" "create" "-v" "/var/lib/crater-agent-workspace/builds/worker-0-tc2/target:/opt/rustwide/target:rw,Z" "-v" "/var/lib/crater-agent-workspace/builds/worker-0-tc2/source:/opt/rustwide/workdir:ro,Z" "-v" "/var/lib/crater-agent-workspace/cargo-home:/opt/rustwide/cargo-home:ro,Z" "-v" "/var/lib/crater-agent-workspace/rustup-home:/opt/rustwide/rustup-home:ro,Z" "-e" "SOURCE_DIR=/opt/rustwide/workdir" "-e" "CARGO_TARGET_DIR=/opt/rustwide/target" "-e" "CARGO_HOME=/opt/rustwide/cargo-home" "-e" "RUSTUP_HOME=/opt/rustwide/rustup-home" "-w" "/opt/rustwide/workdir" "-m" "1610612736" "--user" "0:0" "--network" "none" "ghcr.io/rust-lang/crates-build-env/linux@sha256:5ff2268d62e97bff2cde7d5815dd6ed5b47097566f13b8d0ca110b04b60e07ed" "/opt/rustwide/cargo-home/bin/cargo" "+beta-2023-04-20" "metadata" "--no-deps" "--format-version=1", kill_on_drop: false }`
[INFO] [stdout] 64fe3cb6866422c6229e8b26faefdac25441e0d1c7f8f68f328fa8fa5ba14ca3
[INFO] running `Command { std: "docker" "start" "-a" "64fe3cb6866422c6229e8b26faefdac25441e0d1c7f8f68f328fa8fa5ba14ca3", kill_on_drop: false }`
[INFO] running `Command { std: "docker" "inspect" "64fe3cb6866422c6229e8b26faefdac25441e0d1c7f8f68f328fa8fa5ba14ca3", kill_on_drop: false }`
[INFO] running `Command { std: "docker" "rm" "-f" "64fe3cb6866422c6229e8b26faefdac25441e0d1c7f8f68f328fa8fa5ba14ca3", kill_on_drop: false }`
[INFO] [stdout] 64fe3cb6866422c6229e8b26faefdac25441e0d1c7f8f68f328fa8fa5ba14ca3
[INFO] running `Command { std: "docker" "create" "-v" "/var/lib/crater-agent-workspace/builds/worker-0-tc2/target:/opt/rustwide/target:rw,Z" "-v" "/var/lib/crater-agent-workspace/builds/worker-0-tc2/source:/opt/rustwide/workdir:ro,Z" "-v" "/var/lib/crater-agent-workspace/cargo-home:/opt/rustwide/cargo-home:ro,Z" "-v" "/var/lib/crater-agent-workspace/rustup-home:/opt/rustwide/rustup-home:ro,Z" "-e" "SOURCE_DIR=/opt/rustwide/workdir" "-e" "CARGO_TARGET_DIR=/opt/rustwide/target" "-e" "CARGO_INCREMENTAL=0" "-e" "RUST_BACKTRACE=full" "-e" "RUSTFLAGS=--cap-lints=warn" "-e" "RUSTDOCFLAGS=--cap-lints=warn" "-e" "CARGO_HOME=/opt/rustwide/cargo-home" "-e" "RUSTUP_HOME=/opt/rustwide/rustup-home" "-w" "/opt/rustwide/workdir" "-m" "1610612736" "--user" "0:0" "--network" "none" "ghcr.io/rust-lang/crates-build-env/linux@sha256:5ff2268d62e97bff2cde7d5815dd6ed5b47097566f13b8d0ca110b04b60e07ed" "/opt/rustwide/cargo-home/bin/cargo" "+beta-2023-04-20" "build" "--frozen" "--message-format=json", kill_on_drop: false }`
[INFO] [stdout] 739674142cd3b88746180213981dd5bb641c6382e421c5ccac6caf928f672ae3
[INFO] running `Command { std: "docker" "start" "-a" "739674142cd3b88746180213981dd5bb641c6382e421c5ccac6caf928f672ae3", kill_on_drop: false }`
[INFO] [stderr]    Compiling syn v1.0.109
[INFO] [stderr]    Compiling taos-macros v0.2.15 (/opt/rustwide/workdir)
[INFO] [stderr]     Finished dev [unoptimized + debuginfo] target(s) in 3.22s
[INFO] running `Command { std: "docker" "inspect" "739674142cd3b88746180213981dd5bb641c6382e421c5ccac6caf928f672ae3", kill_on_drop: false }`
[INFO] running `Command { std: "docker" "rm" "-f" "739674142cd3b88746180213981dd5bb641c6382e421c5ccac6caf928f672ae3", kill_on_drop: false }`
[INFO] [stdout] 739674142cd3b88746180213981dd5bb641c6382e421c5ccac6caf928f672ae3
[INFO] running `Command { std: "docker" "create" "-v" "/var/lib/crater-agent-workspace/builds/worker-0-tc2/target:/opt/rustwide/target:rw,Z" "-v" "/var/lib/crater-agent-workspace/builds/worker-0-tc2/source:/opt/rustwide/workdir:ro,Z" "-v" "/var/lib/crater-agent-workspace/cargo-home:/opt/rustwide/cargo-home:ro,Z" "-v" "/var/lib/crater-agent-workspace/rustup-home:/opt/rustwide/rustup-home:ro,Z" "-e" "SOURCE_DIR=/opt/rustwide/workdir" "-e" "CARGO_TARGET_DIR=/opt/rustwide/target" "-e" "CARGO_INCREMENTAL=0" "-e" "RUST_BACKTRACE=full" "-e" "RUSTFLAGS=--cap-lints=warn" "-e" "RUSTDOCFLAGS=--cap-lints=warn" "-e" "CARGO_HOME=/opt/rustwide/cargo-home" "-e" "RUSTUP_HOME=/opt/rustwide/rustup-home" "-w" "/opt/rustwide/workdir" "-m" "1610612736" "--user" "0:0" "--network" "none" "ghcr.io/rust-lang/crates-build-env/linux@sha256:5ff2268d62e97bff2cde7d5815dd6ed5b47097566f13b8d0ca110b04b60e07ed" "/opt/rustwide/cargo-home/bin/cargo" "+beta-2023-04-20" "test" "--frozen" "--no-run" "--message-format=json", kill_on_drop: false }`
[INFO] [stdout] 481d45fd00efbf0982ad07649f99306f38cf84a9e91cd42d0ce787f0505e7d3d
[INFO] running `Command { std: "docker" "start" "-a" "481d45fd00efbf0982ad07649f99306f38cf84a9e91cd42d0ce787f0505e7d3d", kill_on_drop: false }`
[INFO] [stderr]    Compiling proc-macro2 v1.0.56
[INFO] [stderr]    Compiling unicode-ident v1.0.8
[INFO] [stderr]    Compiling quote v1.0.26
[INFO] [stderr]    Compiling anyhow v1.0.71
[INFO] [stderr]    Compiling tokio v1.28.0
[INFO] [stderr]    Compiling syn v1.0.109
[INFO] [stderr]    Compiling taos-macros v0.2.15 (/opt/rustwide/workdir)
[INFO] [stdout] error[E0369]: binary operation `==` cannot be applied to type `ItemFn`
[INFO] [stdout]    --> src/cfg.rs:132:9
[INFO] [stdout]     |
[INFO] [stdout] 132 |         assert_eq!(r, e);
[INFO] [stdout]     |         ^^^^^^^^^^^^^^^^
[INFO] [stdout]     |         |
[INFO] [stdout]     |         ItemFn
[INFO] [stdout]     |         ItemFn
[INFO] [stdout]     |
[INFO] [stdout]     = note: this error originates in the macro `assert_eq` (in Nightly builds, run with -Z macro-backtrace for more info)
[INFO] [stdout] 
[INFO] [stdout] 
[INFO] [stdout] error[E0277]: `ItemFn` doesn't implement `Debug`
[INFO] [stdout]    --> src/cfg.rs:132:9
[INFO] [stdout]     |
[INFO] [stdout] 132 |         assert_eq!(r, e);
[INFO] [stdout]     |         ^^^^^^^^^^^^^^^^ `ItemFn` cannot be formatted using `{:?}` because it doesn't implement `Debug`
[INFO] [stdout]     |
[INFO] [stdout]     = help: the trait `Debug` is not implemented for `ItemFn`
[INFO] [stdout]     = note: this error originates in the macro `assert_eq` (in Nightly builds, run with -Z macro-backtrace for more info)
[INFO] [stdout] 
[INFO] [stdout] 
[INFO] [stdout] error[E0277]: `ItemFn` doesn't implement `Debug`
[INFO] [stdout]    --> src/cfg.rs:132:9
[INFO] [stdout]     |
[INFO] [stdout] 132 |         assert_eq!(r, e);
[INFO] [stdout]     |         ^^^^^^^^^^^^^^^^ `ItemFn` cannot be formatted using `{:?}` because it doesn't implement `Debug`
[INFO] [stdout]     |
[INFO] [stdout]     = help: the trait `Debug` is not implemented for `ItemFn`
[INFO] [stdout]     = note: this error originates in the macro `assert_eq` (in Nightly builds, run with -Z macro-backtrace for more info)
[INFO] [stdout] 
[INFO] [stdout] 
[INFO] [stdout] error[E0277]: `ItemFn` doesn't implement `Debug`
[INFO] [stdout]    --> src/cfg.rs:133:9
[INFO] [stdout]     |
[INFO] [stdout] 133 |         dbg!(&r);
[INFO] [stdout]     |         ^^^^^^^^ `ItemFn` cannot be formatted using `{:?}` because it doesn't implement `Debug`
[INFO] [stdout]     |
[INFO] [stdout]     = help: the trait `Debug` is not implemented for `ItemFn`
[INFO] [stdout]     = note: this error originates in the macro `$crate::format_args_nl` which comes from the expansion of the macro `dbg` (in Nightly builds, run with -Z macro-backtrace for more info)
[INFO] [stdout] 
[INFO] [stdout] 
[INFO] [stdout] error: aborting due to 4 previous errors
[INFO] [stdout] 
[INFO] [stdout] 
[INFO] [stdout] Some errors have detailed explanations: E0277, E0369.
[INFO] [stdout] 
[INFO] [stdout] For more information about an error, try `rustc --explain E0277`.
[INFO] [stdout] 
[INFO] [stderr] error: could not compile `taos-macros` (lib test) due to 5 previous errors
[INFO] [stderr] warning: build failed, waiting for other jobs to finish...
[INFO] running `Command { std: "docker" "inspect" "481d45fd00efbf0982ad07649f99306f38cf84a9e91cd42d0ce787f0505e7d3d", kill_on_drop: false }`
[INFO] running `Command { std: "docker" "rm" "-f" "481d45fd00efbf0982ad07649f99306f38cf84a9e91cd42d0ce787f0505e7d3d", kill_on_drop: false }`
[INFO] [stdout] 481d45fd00efbf0982ad07649f99306f38cf84a9e91cd42d0ce787f0505e7d3d
