[INFO] fetching crate tamasfe-schemars 0.8.1...
[INFO] testing tamasfe-schemars-0.8.1 against 1.69.0 for beta-1.70-1
[INFO] extracting crate tamasfe-schemars 0.8.1 into /workspace/builds/worker-7-tc1/source
[INFO] validating manifest of crates.io crate tamasfe-schemars 0.8.1 on toolchain 1.69.0
[INFO] running `Command { std: CARGO_HOME="/workspace/cargo-home" RUSTUP_HOME="/workspace/rustup-home" "/workspace/cargo-home/bin/cargo" "+1.69.0" "metadata" "--manifest-path" "Cargo.toml" "--no-deps", kill_on_drop: false }`
[INFO] started tweaking crates.io crate tamasfe-schemars 0.8.1
[INFO] removed 0 missing tests
[INFO] finished tweaking crates.io crate tamasfe-schemars 0.8.1
[INFO] tweaked toml for crates.io crate tamasfe-schemars 0.8.1 written to /workspace/builds/worker-7-tc1/source/Cargo.toml
[INFO] crate crates.io crate tamasfe-schemars 0.8.1 already has a lockfile, it will not be regenerated
[INFO] running `Command { std: CARGO_HOME="/workspace/cargo-home" RUSTUP_HOME="/workspace/rustup-home" "/workspace/cargo-home/bin/cargo" "+1.69.0" "fetch" "--manifest-path" "Cargo.toml", kill_on_drop: false }`
[INFO] [stderr]  Downloading crates ...
[INFO] [stderr]   Downloaded pretty_assertions v0.6.1
[INFO] [stderr]   Downloaded const_fn v0.4.2
[INFO] [stderr]   Downloaded dyn-clone v1.0.2
[INFO] [stderr]   Downloaded tamasfe-schemars_derive v0.8.0
[INFO] [stderr]   Downloaded trybuild v1.0.35
[INFO] [stderr]   Downloaded serde_derive v1.0.116
[INFO] [stderr]   Downloaded syn v1.0.44
[INFO] [stderr]   Downloaded serde v1.0.116
[INFO] running `Command { std: "docker" "create" "-v" "/var/lib/crater-agent-workspace/builds/worker-7-tc1/target:/opt/rustwide/target:rw,Z" "-v" "/var/lib/crater-agent-workspace/builds/worker-7-tc1/source:/opt/rustwide/workdir:ro,Z" "-v" "/var/lib/crater-agent-workspace/cargo-home:/opt/rustwide/cargo-home:ro,Z" "-v" "/var/lib/crater-agent-workspace/rustup-home:/opt/rustwide/rustup-home:ro,Z" "-e" "SOURCE_DIR=/opt/rustwide/workdir" "-e" "CARGO_TARGET_DIR=/opt/rustwide/target" "-e" "CARGO_HOME=/opt/rustwide/cargo-home" "-e" "RUSTUP_HOME=/opt/rustwide/rustup-home" "-w" "/opt/rustwide/workdir" "-m" "1610612736" "--user" "0:0" "--network" "none" "ghcr.io/rust-lang/crates-build-env/linux@sha256:5ff2268d62e97bff2cde7d5815dd6ed5b47097566f13b8d0ca110b04b60e07ed" "/opt/rustwide/cargo-home/bin/cargo" "+1.69.0" "metadata" "--no-deps" "--format-version=1", kill_on_drop: false }`
[INFO] [stdout] 914b729aa1d3191b30267a0eb954644f659ae52fb726e804e1e13336e7e81256
[INFO] running `Command { std: "docker" "start" "-a" "914b729aa1d3191b30267a0eb954644f659ae52fb726e804e1e13336e7e81256", kill_on_drop: false }`
[INFO] running `Command { std: "docker" "inspect" "914b729aa1d3191b30267a0eb954644f659ae52fb726e804e1e13336e7e81256", kill_on_drop: false }`
[INFO] running `Command { std: "docker" "rm" "-f" "914b729aa1d3191b30267a0eb954644f659ae52fb726e804e1e13336e7e81256", kill_on_drop: false }`
[INFO] [stdout] 914b729aa1d3191b30267a0eb954644f659ae52fb726e804e1e13336e7e81256
[INFO] running `Command { std: "docker" "create" "-v" "/var/lib/crater-agent-workspace/builds/worker-7-tc1/target:/opt/rustwide/target:rw,Z" "-v" "/var/lib/crater-agent-workspace/builds/worker-7-tc1/source:/opt/rustwide/workdir:ro,Z" "-v" "/var/lib/crater-agent-workspace/cargo-home:/opt/rustwide/cargo-home:ro,Z" "-v" "/var/lib/crater-agent-workspace/rustup-home:/opt/rustwide/rustup-home:ro,Z" "-e" "SOURCE_DIR=/opt/rustwide/workdir" "-e" "CARGO_TARGET_DIR=/opt/rustwide/target" "-e" "CARGO_INCREMENTAL=0" "-e" "RUST_BACKTRACE=full" "-e" "RUSTFLAGS=--cap-lints=warn" "-e" "RUSTDOCFLAGS=--cap-lints=warn" "-e" "CARGO_HOME=/opt/rustwide/cargo-home" "-e" "RUSTUP_HOME=/opt/rustwide/rustup-home" "-w" "/opt/rustwide/workdir" "-m" "1610612736" "--user" "0:0" "--network" "none" "ghcr.io/rust-lang/crates-build-env/linux@sha256:5ff2268d62e97bff2cde7d5815dd6ed5b47097566f13b8d0ca110b04b60e07ed" "/opt/rustwide/cargo-home/bin/cargo" "+1.69.0" "build" "--frozen" "--message-format=json", kill_on_drop: false }`
[INFO] [stdout] 86594231dfa404d79b9af8b332f69043bcc4b20e1f0bdb0cc6409585f8a3e93c
[INFO] running `Command { std: "docker" "start" "-a" "86594231dfa404d79b9af8b332f69043bcc4b20e1f0bdb0cc6409585f8a3e93c", kill_on_drop: false }`
[INFO] [stderr]    Compiling proc-macro2 v1.0.24
[INFO] [stderr]    Compiling unicode-xid v0.2.1
[INFO] [stderr]    Compiling syn v1.0.44
[INFO] [stderr]    Compiling serde_derive v1.0.116
[INFO] [stderr]    Compiling serde v1.0.116
[INFO] [stderr]    Compiling ryu v1.0.5
[INFO] [stderr]    Compiling serde_json v1.0.59
[INFO] [stderr]    Compiling itoa v0.4.6
[INFO] [stderr]    Compiling tamasfe-schemars v0.8.1 (/opt/rustwide/workdir)
[INFO] [stderr]    Compiling dyn-clone v1.0.2
[INFO] [stderr]    Compiling quote v1.0.7
[INFO] [stderr]    Compiling serde_derive_internals v0.25.0
[INFO] [stderr]    Compiling tamasfe-schemars_derive v0.8.0
[INFO] [stderr]     Finished dev [unoptimized + debuginfo] target(s) in 17.62s
[INFO] running `Command { std: "docker" "inspect" "86594231dfa404d79b9af8b332f69043bcc4b20e1f0bdb0cc6409585f8a3e93c", kill_on_drop: false }`
[INFO] running `Command { std: "docker" "rm" "-f" "86594231dfa404d79b9af8b332f69043bcc4b20e1f0bdb0cc6409585f8a3e93c", kill_on_drop: false }`
[INFO] [stdout] 86594231dfa404d79b9af8b332f69043bcc4b20e1f0bdb0cc6409585f8a3e93c
[INFO] running `Command { std: "docker" "create" "-v" "/var/lib/crater-agent-workspace/builds/worker-7-tc1/target:/opt/rustwide/target:rw,Z" "-v" "/var/lib/crater-agent-workspace/builds/worker-7-tc1/source:/opt/rustwide/workdir:ro,Z" "-v" "/var/lib/crater-agent-workspace/cargo-home:/opt/rustwide/cargo-home:ro,Z" "-v" "/var/lib/crater-agent-workspace/rustup-home:/opt/rustwide/rustup-home:ro,Z" "-e" "SOURCE_DIR=/opt/rustwide/workdir" "-e" "CARGO_TARGET_DIR=/opt/rustwide/target" "-e" "CARGO_INCREMENTAL=0" "-e" "RUST_BACKTRACE=full" "-e" "RUSTFLAGS=--cap-lints=warn" "-e" "RUSTDOCFLAGS=--cap-lints=warn" "-e" "CARGO_HOME=/opt/rustwide/cargo-home" "-e" "RUSTUP_HOME=/opt/rustwide/rustup-home" "-w" "/opt/rustwide/workdir" "-m" "1610612736" "--user" "0:0" "--network" "none" "ghcr.io/rust-lang/crates-build-env/linux@sha256:5ff2268d62e97bff2cde7d5815dd6ed5b47097566f13b8d0ca110b04b60e07ed" "/opt/rustwide/cargo-home/bin/cargo" "+1.69.0" "test" "--frozen" "--no-run" "--message-format=json", kill_on_drop: false }`
[INFO] [stdout] 28ccb2de86f59860108042dac0261e46c96e5dcf89c6d84ceeff0252c8ce514f
[INFO] running `Command { std: "docker" "start" "-a" "28ccb2de86f59860108042dac0261e46c96e5dcf89c6d84ceeff0252c8ce514f", kill_on_drop: false }`
[INFO] [stderr]    Compiling trybuild v1.0.35
[INFO] [stderr]    Compiling difference v2.0.0
[INFO] [stderr]    Compiling termcolor v1.1.0
[INFO] [stderr]    Compiling ansi_term v0.11.0
[INFO] [stderr]    Compiling glob v0.3.0
[INFO] [stderr]    Compiling toml v0.5.7
[INFO] [stderr]    Compiling pretty_assertions v0.6.1
[INFO] [stderr]    Compiling tamasfe-schemars v0.8.1 (/opt/rustwide/workdir)
[INFO] [stdout] error[E0433]: failed to resolve: use of undeclared crate or module `schemars`
[INFO] [stdout]  --> tests/dereference.rs:1:5
[INFO] [stdout]   |
[INFO] [stdout] 1 | use schemars::{gen::SchemaGenerator, JsonSchema};
[INFO] [stdout]   |     ^^^^^^^^ use of undeclared crate or module `schemars`
[INFO] [stdout] 
[INFO] [stdout] 
[INFO] [stdout] error[E0432]: unresolved import `schemars`
[INFO] [stdout]  --> tests/dereference.rs:1:5
[INFO] [stdout]   |
[INFO] [stdout] 1 | use schemars::{gen::SchemaGenerator, JsonSchema};
[INFO] [stdout]   |     ^^^^^^^^ use of undeclared crate or module `schemars`
[INFO] [stdout] 
[INFO] [stdout] 
[INFO] [stdout] error: cannot determine resolution for the derive macro `JsonSchema`
[INFO] [stdout]  --> tests/dereference.rs:4:17
[INFO] [stdout]   |
[INFO] [stdout] 4 | #[derive(Debug, JsonSchema)]
[INFO] [stdout]   |                 ^^^^^^^^^^
[INFO] [stdout]   |
[INFO] [stdout]   = note: import resolution is stuck, try simplifying macro imports
[INFO] [stdout] 
[INFO] [stdout] 
[INFO] [stdout] error[E0433]: failed to resolve: use of undeclared crate or module `schemars`
[INFO] [stdout]  --> tests/util/mod.rs:2:5
[INFO] [stdout]   |
[INFO] [stdout] 2 | use schemars::{gen::SchemaSettings, schema::RootSchema, schema_for, JsonSchema};
[INFO] [stdout]   |     ^^^^^^^^ use of undeclared crate or module `schemars`
[INFO] [stdout] 
[INFO] [stdout] 
[INFO] [stdout] error[E0432]: unresolved import `schemars`
[INFO] [stdout]  --> tests/util/mod.rs:2:5
[INFO] [stdout]   |
[INFO] [stdout] 2 | use schemars::{gen::SchemaSettings, schema::RootSchema, schema_for, JsonSchema};
[INFO] [stdout]   |     ^^^^^^^^ use of undeclared crate or module `schemars`
[INFO] [stdout] 
[INFO] [stdout] 
[INFO] [stdout] error[E0432]: unresolved import `schemars`
[INFO] [stdout]  --> tests/time.rs:2:5
[INFO] [stdout]   |
[INFO] [stdout] 2 | use schemars::JsonSchema;
[INFO] [stdout]   |     ^^^^^^^^ use of undeclared crate or module `schemars`
[INFO] [stdout] 
[INFO] [stdout] 
[INFO] [stdout] error: cannot determine resolution for the macro `schema_for`
[INFO] [stdout]   --> tests/util/mod.rs:17:18
[INFO] [stdout]    |
[INFO] [stdout] 17 |     let actual = schema_for!(T);
[INFO] [stdout]    |                  ^^^^^^^^^^
[INFO] [stdout]    |
[INFO] [stdout]    = note: import resolution is stuck, try simplifying macro imports
[INFO] [stdout] 
[INFO] [stdout] 
[INFO] [stdout] error: cannot determine resolution for the derive macro `JsonSchema`
[INFO] [stdout]  --> tests/time.rs:6:17
[INFO] [stdout]   |
[INFO] [stdout] 6 | #[derive(Debug, JsonSchema)]
[INFO] [stdout]   |                 ^^^^^^^^^^
[INFO] [stdout]   |
[INFO] [stdout]   = note: import resolution is stuck, try simplifying macro imports
[INFO] [stdout] 
[INFO] [stdout] 
[INFO] [stdout] error[E0433]: failed to resolve: use of undeclared crate or module `schemars`
[INFO] [stdout]  --> tests/util/mod.rs:2:5
[INFO] [stdout]   |
[INFO] [stdout] 2 | use schemars::{gen::SchemaSettings, schema::RootSchema, schema_for, JsonSchema};
[INFO] [stdout]   |     ^^^^^^^^ use of undeclared crate or module `schemars`
[INFO] [stdout] 
[INFO] [stdout] 
[INFO] [stdout] error[E0433]: failed to resolve: use of undeclared crate or module `schemars`
[INFO] [stdout]  --> tests/util/mod.rs:2:5
[INFO] [stdout]   |
[INFO] [stdout] 2 | use schemars::{gen::SchemaSettings, schema::RootSchema, schema_for, JsonSchema};
[INFO] [stdout]   |     ^^^^^^^^ use of undeclared crate or module `schemars`
[INFO] [stdout] 
[INFO] [stdout] 
[INFO] [stdout] error[E0433]: failed to resolve: use of undeclared crate or module `schemars`
[INFO] [stdout]  --> tests/util/mod.rs:2:5
[INFO] [stdout]   |
[INFO] [stdout] 2 | use schemars::{gen::SchemaSettings, schema::RootSchema, schema_for, JsonSchema};
[INFO] [stdout]   |     ^^^^^^^^ use of undeclared crate or module `schemars`
[INFO] [stdout] 
[INFO] [stdout] 
[INFO] [stdout] error[E0599]: no function or associated item named `schema_name` found for struct `Struct` in the current scope
[INFO] [stdout]   --> tests/dereference.rs:14:58
[INFO] [stdout]    |
[INFO] [stdout] 5  | pub struct Struct {
[INFO] [stdout]    | ----------------- function or associated item `schema_name` not found for this struct
[INFO] [stdout] ...
[INFO] [stdout] 14 |     let struct_schema = gen.definitions().get(&<Struct>::schema_name()).unwrap();
[INFO] [stdout]    |                                                          ^^^^^^^^^^^ function or associated item not found in `Struct`
[INFO] [stdout]    |
[INFO] [stdout]    = help: items from traits can only be used if the trait is implemented and in scope
[INFO] [stdout]    = note: the following trait defines an item `schema_name`, perhaps you need to implement it:
[INFO] [stdout]            candidate #1: `tamasfe_schemars::JsonSchema`
[INFO] [stdout] 
[INFO] [stdout] 
[INFO] [stdout] error[E0432]: unresolved import `schemars`
[INFO] [stdout]  --> tests/util/mod.rs:2:5
[INFO] [stdout]   |
[INFO] [stdout] 2 | use schemars::{gen::SchemaSettings, schema::RootSchema, schema_for, JsonSchema};
[INFO] [stdout]   |     ^^^^^^^^ use of undeclared crate or module `schemars`
[INFO] [stdout] 
[INFO] [stdout] 
[INFO] [stdout] error[E0432]: unresolved import `schemars`
[INFO] [stdout]  --> tests/skip.rs:2:5
[INFO] [stdout]   |
[INFO] [stdout] 2 | use schemars::JsonSchema;
[INFO] [stdout]   |     ^^^^^^^^ use of undeclared crate or module `schemars`
[INFO] [stdout] 
[INFO] [stdout] 
[INFO] [stdout] error: cannot determine resolution for the macro `schema_for`
[INFO] [stdout]   --> tests/util/mod.rs:17:18
[INFO] [stdout]    |
[INFO] [stdout] 17 |     let actual = schema_for!(T);
[INFO] [stdout]    |                  ^^^^^^^^^^
[INFO] [stdout]    |
[INFO] [stdout]    = note: import resolution is stuck, try simplifying macro imports
[INFO] [stdout] 
[INFO] [stdout] 
[INFO] [stdout] error: cannot determine resolution for the derive macro `JsonSchema`
[INFO] [stdout]  --> tests/skip.rs:5:17
[INFO] [stdout]   |
[INFO] [stdout] 5 | #[derive(Debug, JsonSchema)]
[INFO] [stdout]   |                 ^^^^^^^^^^
[INFO] [stdout]   |
[INFO] [stdout]   = note: import resolution is stuck, try simplifying macro imports
[INFO] [stdout] 
[INFO] [stdout] 
[INFO] [stdout] error: aborting due to 4 previous errors
[INFO] [stdout] 
[INFO] [stdout] 
[INFO] [stdout] error[E0433]: failed to resolve: use of undeclared crate or module `schemars`
[INFO] [stdout]  --> tests/util/mod.rs:2:5
[INFO] [stdout]   |
[INFO] [stdout] 2 | use schemars::{gen::SchemaSettings, schema::RootSchema, schema_for, JsonSchema};
[INFO] [stdout]   |     ^^^^^^^^ use of undeclared crate or module `schemars`
[INFO] [stdout] 
[INFO] [stdout] 
[INFO] [stdout] Some errors have detailed explanations: E0432, E0433, E0599.
[INFO] [stdout] 
[INFO] [stdout] For more information about an error, try `rustc --explain E0432`.
[INFO] [stdout] 
[INFO] [stdout] error: aborting due to 5 previous errors
[INFO] [stdout] 
[INFO] [stdout] 
[INFO] [stdout] error: cannot find attribute `schemars` in this scope
[INFO] [stdout]  --> tests/skip.rs:7:7
[INFO] [stdout]   |
[INFO] [stdout] 7 |     #[schemars(skip)]
[INFO] [stdout]   |       ^^^^^^^^
[INFO] [stdout] 
[INFO] [stdout] 
[INFO] [stdout] error[E0433]: failed to resolve: use of undeclared crate or module `schemars`
[INFO] [stdout]  --> tests/docs.rs:2:5
[INFO] [stdout]   |
[INFO] [stdout] 2 | use schemars::{gen::SchemaSettings, JsonSchema};
[INFO] [stdout]   |     ^^^^^^^^ use of undeclared crate or module `schemars`
[INFO] [stdout] 
[INFO] [stdout] 
[INFO] [stdout] error[E0432]: unresolved import `schemars`
[INFO] [stdout]  --> tests/util/mod.rs:2:5
[INFO] [stdout]   |
[INFO] [stdout] 2 | use schemars::{gen::SchemaSettings, schema::RootSchema, schema_for, JsonSchema};
[INFO] [stdout]   |     ^^^^^^^^ use of undeclared crate or module `schemars`
[INFO] [stdout] 
[INFO] [stdout] 
[INFO] [stdout] error[E0432]: unresolved import `schemars`
[INFO] [stdout]  --> tests/schema_with_enum.rs:2:5
[INFO] [stdout]   |
[INFO] [stdout] 2 | use schemars::JsonSchema;
[INFO] [stdout]   |     ^^^^^^^^ use of undeclared crate or module `schemars`
[INFO] [stdout] 
[INFO] [stdout] 
[INFO] [stdout] error: cannot determine resolution for the macro `schema_for`
[INFO] [stdout]   --> tests/util/mod.rs:17:18
[INFO] [stdout]    |
[INFO] [stdout] 17 |     let actual = schema_for!(T);
[INFO] [stdout]    |                  ^^^^^^^^^^
[INFO] [stdout]    |
[INFO] [stdout]    = note: import resolution is stuck, try simplifying macro imports
[INFO] [stdout] 
[INFO] [stdout] 
[INFO] [stdout] error: cannot determine resolution for the derive macro `JsonSchema`
[INFO] [stdout]   --> tests/schema_with_enum.rs:14:17
[INFO] [stdout]    |
[INFO] [stdout] 14 | #[derive(Debug, JsonSchema)]
[INFO] [stdout]    |                 ^^^^^^^^^^
[INFO] [stdout]    |
[INFO] [stdout]    = note: import resolution is stuck, try simplifying macro imports
[INFO] [stdout] 
[INFO] [stdout] 
[INFO] [stdout] error: cannot find attribute `serde` in this scope
[INFO] [stdout]  --> tests/skip.rs:9:7
[INFO] [stdout]   |
[INFO] [stdout] 9 |     #[serde(skip)]
[INFO] [stdout]   |       ^^^^^
[INFO] [stdout]   |
[INFO] [stdout]   = note: `serde` is in scope, but it is a crate, not an attribute
[INFO] [stdout] 
[INFO] [stdout] 
[INFO] [stdout] error[E0432]: unresolved import `schemars`
[INFO] [stdout]  --> tests/util/mod.rs:2:5
[INFO] [stdout]   |
[INFO] [stdout] 2 | use schemars::{gen::SchemaSettings, schema::RootSchema, schema_for, JsonSchema};
[INFO] [stdout]   |     ^^^^^^^^ use of undeclared crate or module `schemars`
[INFO] [stdout] 
[INFO] [stdout] 
[INFO] [stdout] error[E0432]: unresolved import `schemars`
[INFO] [stdout]  --> tests/docs.rs:2:5
[INFO] [stdout]   |
[INFO] [stdout] 2 | use schemars::{gen::SchemaSettings, JsonSchema};
[INFO] [stdout]   |     ^^^^^^^^ use of undeclared crate or module `schemars`
[INFO] [stdout] 
[INFO] [stdout] 
[INFO] [stdout] error: cannot determine resolution for the macro `schema_for`
[INFO] [stdout]   --> tests/util/mod.rs:17:18
[INFO] [stdout]    |
[INFO] [stdout] 17 |     let actual = schema_for!(T);
[INFO] [stdout]    |                  ^^^^^^^^^^
[INFO] [stdout]    |
[INFO] [stdout]    = note: import resolution is stuck, try simplifying macro imports
[INFO] [stdout] 
[INFO] [stdout] 
[INFO] [stdout] error: cannot find attribute `serde` in this scope
[INFO] [stdout]   --> tests/skip.rs:11:7
[INFO] [stdout]    |
[INFO] [stdout] 11 |     #[serde(skip_deserializing)]
[INFO] [stdout]    |       ^^^^^
[INFO] [stdout]    |
[INFO] [stdout]    = note: `serde` is in scope, but it is a crate, not an attribute
[INFO] [stdout] 
[INFO] [stdout] 
[INFO] [stdout] error: cannot determine resolution for the derive macro `JsonSchema`
[INFO] [stdout]  --> tests/docs.rs:5:17
[INFO] [stdout]   |
[INFO] [stdout] 5 | #[derive(Debug, JsonSchema)]
[INFO] [stdout]   |                 ^^^^^^^^^^
[INFO] [stdout]   |
[INFO] [stdout]   = note: import resolution is stuck, try simplifying macro imports
[INFO] [stdout] 
[INFO] [stdout] 
[INFO] [stdout] error: cannot determine resolution for the derive macro `JsonSchema`
[INFO] [stdout]   --> tests/docs.rs:23:17
[INFO] [stdout]    |
[INFO] [stdout] 23 | #[derive(Debug, JsonSchema)]
[INFO] [stdout]    |                 ^^^^^^^^^^
[INFO] [stdout]    |
[INFO] [stdout]    = note: import resolution is stuck, try simplifying macro imports
[INFO] [stdout] 
[INFO] [stdout] 
[INFO] [stdout] error: cannot determine resolution for the derive macro `JsonSchema`
[INFO] [stdout]   --> tests/docs.rs:28:17
[INFO] [stdout]    |
[INFO] [stdout] 28 | #[derive(Debug, JsonSchema)]
[INFO] [stdout]    |                 ^^^^^^^^^^
[INFO] [stdout]    |
[INFO] [stdout]    = note: import resolution is stuck, try simplifying macro imports
[INFO] [stdout] 
[INFO] [stdout] 
[INFO] [stdout] error: cannot determine resolution for the derive macro `JsonSchema`
[INFO] [stdout]   --> tests/docs.rs:72:17
[INFO] [stdout]    |
[INFO] [stdout] 72 | #[derive(Debug, JsonSchema)]
[INFO] [stdout]    |                 ^^^^^^^^^^
[INFO] [stdout]    |
[INFO] [stdout]    = note: import resolution is stuck, try simplifying macro imports
[INFO] [stdout] 
[INFO] [stdout] 
[INFO] [stdout] error: cannot find attribute `serde` in this scope
[INFO] [stdout]   --> tests/skip.rs:13:7
[INFO] [stdout]    |
[INFO] [stdout] 13 |     #[serde(skip_serializing)]
[INFO] [stdout]    |       ^^^^^
[INFO] [stdout]    |
[INFO] [stdout]    = note: `serde` is in scope, but it is a crate, not an attribute
[INFO] [stdout] 
[INFO] [stdout] 
[INFO] [stdout] error: cannot determine resolution for the derive macro `JsonSchema`
[INFO] [stdout]   --> tests/skip.rs:23:17
[INFO] [stdout]    |
[INFO] [stdout] 23 | #[derive(Debug, JsonSchema)]
[INFO] [stdout]    |                 ^^^^^^^^^^
[INFO] [stdout]    |
[INFO] [stdout]    = note: import resolution is stuck, try simplifying macro imports
[INFO] [stdout] 
[INFO] [stdout] 
[INFO] [stdout] error: cannot find attribute `schemars` in this scope
[INFO] [stdout]   --> tests/skip.rs:25:7
[INFO] [stdout]    |
[INFO] [stdout] 25 |     #[schemars(skip)] i32,
[INFO] [stdout]    |       ^^^^^^^^
[INFO] [stdout] 
[INFO] [stdout] 
[INFO] [stdout] Some errors have detailed explanations: E0432, E0433.
[INFO] [stdout] 
[INFO] [stdout] For more information about an error, try `rustc --explain E0432`.
[INFO] [stdout] 
[INFO] [stdout] error: cannot find attribute `serde` in this scope
[INFO] [stdout]   --> tests/skip.rs:26:7
[INFO] [stdout]    |
[INFO] [stdout] 26 |     #[serde(skip)] bool,
[INFO] [stdout]    |       ^^^^^
[INFO] [stdout]    |
[INFO] [stdout]    = note: `serde` is in scope, but it is a crate, not an attribute
[INFO] [stdout] 
[INFO] [stdout] 
[INFO] [stdout] error: cannot find attribute `serde` in this scope
[INFO] [stdout]   --> tests/skip.rs:27:7
[INFO] [stdout]    |
[INFO] [stdout] 27 |     #[serde(skip_deserializing)] String,
[INFO] [stdout]    |       ^^^^^
[INFO] [stdout]    |
[INFO] [stdout]    = note: `serde` is in scope, but it is a crate, not an attribute
[INFO] [stdout] 
[INFO] [stdout] 
[INFO] [stdout] error: cannot find attribute `serde` in this scope
[INFO] [stdout]   --> tests/skip.rs:28:7
[INFO] [stdout]    |
[INFO] [stdout] 28 |     #[serde(skip_serializing)] f32,
[INFO] [stdout]    |       ^^^^^
[INFO] [stdout]    |
[INFO] [stdout]    = note: `serde` is in scope, but it is a crate, not an attribute
[INFO] [stdout] 
[INFO] [stdout] 
[INFO] [stdout] error: cannot determine resolution for the derive macro `JsonSchema`
[INFO] [stdout]   --> tests/skip.rs:37:17
[INFO] [stdout]    |
[INFO] [stdout] 37 | #[derive(Debug, JsonSchema)]
[INFO] [stdout]    |                 ^^^^^^^^^^
[INFO] [stdout]    |
[INFO] [stdout]    = note: import resolution is stuck, try simplifying macro imports
[INFO] [stdout] 
[INFO] [stdout] 
[INFO] [stdout] error[E0432]: unresolved import `schemars`
[INFO] [stdout]  --> tests/util/mod.rs:2:5
[INFO] [stdout]   |
[INFO] [stdout] 2 | use schemars::{gen::SchemaSettings, schema::RootSchema, schema_for, JsonSchema};
[INFO] [stdout]   |     ^^^^^^^^ use of undeclared crate or module `schemars`
[INFO] [stdout] 
[INFO] [stdout] 
[INFO] [stderr] error: could not compile `tamasfe-schemars` due to 5 previous errors
[INFO] [stderr] warning: build failed, waiting for other jobs to finish...
[INFO] [stdout] error: cannot find attribute `schemars` in this scope
[INFO] [stdout]   --> tests/skip.rs:39:7
[INFO] [stdout]    |
[INFO] [stdout] 39 |     #[schemars(skip)]
[INFO] [stdout]    |       ^^^^^^^^
[INFO] [stdout] 
[INFO] [stdout] 
[INFO] [stdout] error[E0432]: unresolved import `schemars`
[INFO] [stdout]  --> tests/deprecated.rs:4:5
[INFO] [stdout]   |
[INFO] [stdout] 4 | use schemars::JsonSchema;
[INFO] [stdout]   |     ^^^^^^^^ use of undeclared crate or module `schemars`
[INFO] [stdout] 
[INFO] [stdout] 
[INFO] [stdout] error: cannot determine resolution for the macro `schema_for`
[INFO] [stdout]   --> tests/util/mod.rs:17:18
[INFO] [stdout]    |
[INFO] [stdout] 17 |     let actual = schema_for!(T);
[INFO] [stdout]    |                  ^^^^^^^^^^
[INFO] [stdout]    |
[INFO] [stdout]    = note: import resolution is stuck, try simplifying macro imports
[INFO] [stdout] 
[INFO] [stdout] 
[INFO] [stdout] error: cannot determine resolution for the derive macro `JsonSchema`
[INFO] [stdout]  --> tests/deprecated.rs:7:17
[INFO] [stdout]   |
[INFO] [stdout] 7 | #[derive(Debug, JsonSchema)]
[INFO] [stdout]   |                 ^^^^^^^^^^
[INFO] [stdout]   |
[INFO] [stdout]   = note: import resolution is stuck, try simplifying macro imports
[INFO] [stdout] 
[INFO] [stdout] 
[INFO] [stdout] error: cannot find attribute `serde` in this scope
[INFO] [stdout]   --> tests/skip.rs:41:7
[INFO] [stdout]    |
[INFO] [stdout] 41 |     #[serde(skip)]
[INFO] [stdout]    |       ^^^^^
[INFO] [stdout]    |
[INFO] [stdout]    = note: `serde` is in scope, but it is a crate, not an attribute
[INFO] [stdout] 
[INFO] [stdout] 
[INFO] [stdout] error: cannot determine resolution for the derive macro `JsonSchema`
[INFO] [stdout]   --> tests/deprecated.rs:20:17
[INFO] [stdout]    |
[INFO] [stdout] 20 | #[derive(Debug, JsonSchema)]
[INFO] [stdout]    |                 ^^^^^^^^^^
[INFO] [stdout]    |
[INFO] [stdout]    = note: import resolution is stuck, try simplifying macro imports
[INFO] [stdout] 
[INFO] [stdout] 
[INFO] [stdout] error: cannot find attribute `serde` in this scope
[INFO] [stdout]   --> tests/skip.rs:43:7
[INFO] [stdout]    |
[INFO] [stdout] 43 |     #[serde(skip_deserializing)]
[INFO] [stdout]    |       ^^^^^
[INFO] [stdout]    |
[INFO] [stdout]    = note: `serde` is in scope, but it is a crate, not an attribute
[INFO] [stdout] 
[INFO] [stdout] 
[INFO] [stdout] error: aborting due to 6 previous errors
[INFO] [stdout] 
[INFO] [stdout] 
[INFO] [stdout] Some errors have detailed explanations: E0432, E0433.
[INFO] [stdout] 
[INFO] [stdout] For more information about an error, try `rustc --explain E0432`.
[INFO] [stdout] 
[INFO] [stdout] error: cannot find attribute `serde` in this scope
[INFO] [stdout]   --> tests/skip.rs:45:7
[INFO] [stdout]    |
[INFO] [stdout] 45 |     #[serde(skip_serializing)]
[INFO] [stdout]    |       ^^^^^
[INFO] [stdout]    |
[INFO] [stdout]    = note: `serde` is in scope, but it is a crate, not an attribute
[INFO] [stdout] 
[INFO] [stdout] 
[INFO] [stderr] error: could not compile `tamasfe-schemars` due to 7 previous errors
[INFO] [stdout] error[E0433]: failed to resolve: use of undeclared crate or module `schemars`
[INFO] [stdout]  --> tests/util/mod.rs:2:5
[INFO] [stdout]   |
[INFO] [stdout] 2 | use schemars::{gen::SchemaSettings, schema::RootSchema, schema_for, JsonSchema};
[INFO] [stdout]   |     ^^^^^^^^ use of undeclared crate or module `schemars`
[INFO] [stdout] 
[INFO] [stdout] 
[INFO] [stdout] error: aborting due to 19 previous errors
[INFO] [stdout] 
[INFO] [stdout] 
[INFO] [stdout] Some errors have detailed explanations: E0432, E0433.
[INFO] [stdout] 
[INFO] [stdout] For more information about an error, try `rustc --explain E0432`.
[INFO] [stdout] 
[INFO] [stderr] error: could not compile `tamasfe-schemars` due to 6 previous errors
[INFO] [stdout] error[E0432]: unresolved import `schemars`
[INFO] [stdout]  --> tests/util/mod.rs:2:5
[INFO] [stdout]   |
[INFO] [stdout] 2 | use schemars::{gen::SchemaSettings, schema::RootSchema, schema_for, JsonSchema};
[INFO] [stdout]   |     ^^^^^^^^ use of undeclared crate or module `schemars`
[INFO] [stdout] 
[INFO] [stdout] 
[INFO] [stdout] error[E0432]: unresolved import `schemars`
[INFO] [stdout]  --> tests/schema_name.rs:2:5
[INFO] [stdout]   |
[INFO] [stdout] 2 | use schemars::JsonSchema;
[INFO] [stdout]   |     ^^^^^^^^ use of undeclared crate or module `schemars`
[INFO] [stdout] 
[INFO] [stdout] 
[INFO] [stdout] error: cannot determine resolution for the macro `schema_for`
[INFO] [stdout]   --> tests/util/mod.rs:17:18
[INFO] [stdout]    |
[INFO] [stdout] 17 |     let actual = schema_for!(T);
[INFO] [stdout]    |                  ^^^^^^^^^^
[INFO] [stdout]    |
[INFO] [stdout]    = note: import resolution is stuck, try simplifying macro imports
[INFO] [stdout] 
[INFO] [stdout] 
[INFO] [stdout] error: cannot determine resolution for the derive macro `JsonSchema`
[INFO] [stdout]  --> tests/schema_name.rs:5:17
[INFO] [stdout]   |
[INFO] [stdout] 5 | #[derive(Debug, JsonSchema)]
[INFO] [stdout]   |                 ^^^^^^^^^^
[INFO] [stdout]   |
[INFO] [stdout]   = note: import resolution is stuck, try simplifying macro imports
[INFO] [stdout] 
[INFO] [stdout] 
[INFO] [stderr] error: could not compile `tamasfe-schemars` due to 20 previous errors
[INFO] [stdout] error: cannot determine resolution for the derive macro `JsonSchema`
[INFO] [stdout]   --> tests/schema_name.rs:14:17
[INFO] [stdout]    |
[INFO] [stdout] 14 | #[derive(Debug, JsonSchema)]
[INFO] [stdout]    |                 ^^^^^^^^^^
[INFO] [stdout]    |
[INFO] [stdout]    = note: import resolution is stuck, try simplifying macro imports
[INFO] [stdout] 
[INFO] [stdout] 
[INFO] [stdout] error: cannot determine resolution for the derive macro `JsonSchema`
[INFO] [stdout]   --> tests/schema_name.rs:24:17
[INFO] [stdout]    |
[INFO] [stdout] 24 | #[derive(Debug, JsonSchema)]
[INFO] [stdout]    |                 ^^^^^^^^^^
[INFO] [stdout]    |
[INFO] [stdout]    = note: import resolution is stuck, try simplifying macro imports
[INFO] [stdout] 
[INFO] [stdout] 
[INFO] [stdout] error[E0433]: failed to resolve: use of undeclared crate or module `schemars`
[INFO] [stdout]  --> tests/util/mod.rs:2:5
[INFO] [stdout]   |
[INFO] [stdout] 2 | use schemars::{gen::SchemaSettings, schema::RootSchema, schema_for, JsonSchema};
[INFO] [stdout]   |     ^^^^^^^^ use of undeclared crate or module `schemars`
[INFO] [stdout] 
[INFO] [stdout] 
[INFO] [stdout] error[E0432]: unresolved import `schemars`
[INFO] [stdout]  --> tests/util/mod.rs:2:5
[INFO] [stdout]   |
[INFO] [stdout] 2 | use schemars::{gen::SchemaSettings, schema::RootSchema, schema_for, JsonSchema};
[INFO] [stdout]   |     ^^^^^^^^ use of undeclared crate or module `schemars`
[INFO] [stdout] 
[INFO] [stdout] 
[INFO] [stdout] error[E0432]: unresolved import `schemars`
[INFO] [stdout]  --> tests/property_name.rs:2:5
[INFO] [stdout]   |
[INFO] [stdout] 2 | use schemars::JsonSchema;
[INFO] [stdout]   |     ^^^^^^^^ use of undeclared crate or module `schemars`
[INFO] [stdout] 
[INFO] [stdout] 
[INFO] [stdout] error: cannot determine resolution for the macro `schema_for`
[INFO] [stdout]   --> tests/util/mod.rs:17:18
[INFO] [stdout]    |
[INFO] [stdout] 17 |     let actual = schema_for!(T);
[INFO] [stdout]    |                  ^^^^^^^^^^
[INFO] [stdout]    |
[INFO] [stdout]    = note: import resolution is stuck, try simplifying macro imports
[INFO] [stdout] 
[INFO] [stdout] 
[INFO] [stdout] error: cannot determine resolution for the derive macro `JsonSchema`
[INFO] [stdout]  --> tests/property_name.rs:5:17
[INFO] [stdout]   |
[INFO] [stdout] 5 | #[derive(Debug, JsonSchema)]
[INFO] [stdout]   |                 ^^^^^^^^^^
[INFO] [stdout]   |
[INFO] [stdout]   = note: import resolution is stuck, try simplifying macro imports
[INFO] [stdout] 
[INFO] [stdout] 
[INFO] [stdout] error[E0433]: failed to resolve: use of undeclared crate or module `schemars`
[INFO] [stdout]  --> tests/util/mod.rs:2:5
[INFO] [stdout]   |
[INFO] [stdout] 2 | use schemars::{gen::SchemaSettings, schema::RootSchema, schema_for, JsonSchema};
[INFO] [stdout]   |     ^^^^^^^^ use of undeclared crate or module `schemars`
[INFO] [stdout] 
[INFO] [stdout] 
[INFO] [stdout] error: cannot find attribute `serde` in this scope
[INFO] [stdout]   --> tests/schema_name.rs:25:3
[INFO] [stdout]    |
[INFO] [stdout] 25 | #[serde(rename = "a-new-name-{W}-{T}-{T}")]
[INFO] [stdout]    |   ^^^^^
[INFO] [stdout]    |
[INFO] [stdout]    = note: `serde` is in scope, but it is a crate, not an attribute
[INFO] [stdout] 
[INFO] [stdout] 
[INFO] [stdout] error[E0433]: failed to resolve: use of undeclared crate or module `schemars`
[INFO] [stdout]  --> tests/inline_subschemas.rs:2:5
[INFO] [stdout]   |
[INFO] [stdout] 2 | use schemars::gen::SchemaSettings;
[INFO] [stdout]   |     ^^^^^^^^ use of undeclared crate or module `schemars`
[INFO] [stdout] 
[INFO] [stdout] 
[INFO] [stdout] error[E0432]: unresolved import `schemars`
[INFO] [stdout]  --> tests/util/mod.rs:2:5
[INFO] [stdout]   |
[INFO] [stdout] 2 | use schemars::{gen::SchemaSettings, schema::RootSchema, schema_for, JsonSchema};
[INFO] [stdout]   |     ^^^^^^^^ use of undeclared crate or module `schemars`
[INFO] [stdout] 
[INFO] [stdout] 
[INFO] [stdout] error: cannot find attribute `schemars` in this scope
[INFO] [stdout]   --> tests/schema_name.rs:26:3
[INFO] [stdout]    |
[INFO] [stdout] 26 | #[schemars(rename_all = "camelCase")]
[INFO] [stdout]    |   ^^^^^^^^
[INFO] [stdout] 
[INFO] [stdout] 
[INFO] [stdout] error[E0432]: unresolved import `schemars`
[INFO] [stdout]  --> tests/inline_subschemas.rs:3:5
[INFO] [stdout]   |
[INFO] [stdout] 3 | use schemars::JsonSchema;
[INFO] [stdout]   |     ^^^^^^^^ use of undeclared crate or module `schemars`
[INFO] [stdout] 
[INFO] [stdout] 
[INFO] [stdout] error[E0433]: failed to resolve: use of undeclared crate or module `schemars`
[INFO] [stdout]  --> tests/util/mod.rs:2:5
[INFO] [stdout]   |
[INFO] [stdout] 2 | use schemars::{gen::SchemaSettings, schema::RootSchema, schema_for, JsonSchema};
[INFO] [stdout]   |     ^^^^^^^^ use of undeclared crate or module `schemars`
[INFO] [stdout] 
[INFO] [stdout] 
[INFO] [stdout] error: cannot determine resolution for the macro `schema_for`
[INFO] [stdout]   --> tests/util/mod.rs:17:18
[INFO] [stdout]    |
[INFO] [stdout] 17 |     let actual = schema_for!(T);
[INFO] [stdout]    |                  ^^^^^^^^^^
[INFO] [stdout]    |
[INFO] [stdout]    = note: import resolution is stuck, try simplifying macro imports
[INFO] [stdout] 
[INFO] [stdout] 
[INFO] [stdout] error: cannot determine resolution for the derive macro `JsonSchema`
[INFO] [stdout]  --> tests/inline_subschemas.rs:6:17
[INFO] [stdout]   |
[INFO] [stdout] 6 | #[derive(Debug, JsonSchema)]
[INFO] [stdout]   |                 ^^^^^^^^^^
[INFO] [stdout]   |
[INFO] [stdout]   = note: import resolution is stuck, try simplifying macro imports
[INFO] [stdout] 
[INFO] [stdout] 
[INFO] [stdout] error: cannot determine resolution for the derive macro `JsonSchema`
[INFO] [stdout]   --> tests/schema_name.rs:35:17
[INFO] [stdout]    |
[INFO] [stdout] 35 | #[derive(Debug, JsonSchema)]
[INFO] [stdout]    |                 ^^^^^^^^^^
[INFO] [stdout]    |
[INFO] [stdout]    = note: import resolution is stuck, try simplifying macro imports
[INFO] [stdout] 
[INFO] [stdout] 
[INFO] [stdout] error: cannot determine resolution for the derive macro `JsonSchema`
[INFO] [stdout]   --> tests/inline_subschemas.rs:11:17
[INFO] [stdout]    |
[INFO] [stdout] 11 | #[derive(Debug, JsonSchema)]
[INFO] [stdout]    |                 ^^^^^^^^^^
[INFO] [stdout]    |
[INFO] [stdout]    = note: import resolution is stuck, try simplifying macro imports
[INFO] [stdout] 
[INFO] [stdout] 
[INFO] [stdout] error: cannot find attribute `serde` in this scope
[INFO] [stdout]   --> tests/schema_name.rs:36:3
[INFO] [stdout]    |
[INFO] [stdout] 36 | #[serde(rename = "this-attribute-is-ignored")]
[INFO] [stdout]    |   ^^^^^
[INFO] [stdout]    |
[INFO] [stdout]    = note: `serde` is in scope, but it is a crate, not an attribute
[INFO] [stdout] 
[INFO] [stdout] 
[INFO] [stdout] error: cannot find attribute `schemars` in this scope
[INFO] [stdout]   --> tests/schema_name.rs:37:3
[INFO] [stdout]    |
[INFO] [stdout] 37 | #[schemars(rename = "another-new-name")]
[INFO] [stdout]    |   ^^^^^^^^
[INFO] [stdout] 
[INFO] [stdout] 
[INFO] [stdout] error: cannot find attribute `schemars` in this scope
[INFO] [stdout]   --> tests/schema_with_enum.rs:15:3
[INFO] [stdout]    |
[INFO] [stdout] 15 | #[schemars(rename_all = "camelCase")]
[INFO] [stdout]    |   ^^^^^^^^
[INFO] [stdout] 
[INFO] [stdout] 
[INFO] [stdout] error: cannot find attribute `serde` in this scope
[INFO] [stdout]  --> tests/property_name.rs:6:3
[INFO] [stdout]   |
[INFO] [stdout] 6 | #[serde(rename_all = "camelCase")]
[INFO] [stdout]   |   ^^^^^
[INFO] [stdout]   |
[INFO] [stdout]   = note: `serde` is in scope, but it is a crate, not an attribute
[INFO] [stdout] 
[INFO] [stdout] 
[INFO] [stdout] error: cannot find attribute `serde` in this scope
[INFO] [stdout]  --> tests/property_name.rs:9:7
[INFO] [stdout]   |
[INFO] [stdout] 9 |     #[serde(rename = "new_name_1")]
[INFO] [stdout]   |       ^^^^^
[INFO] [stdout]   |
[INFO] [stdout]   = note: `serde` is in scope, but it is a crate, not an attribute
[INFO] [stdout] 
[INFO] [stdout] 
[INFO] [stdout] error: aborting due to 12 previous errors
[INFO] [stdout] 
[INFO] [stdout] 
[INFO] [stdout] error: cannot find attribute `serde` in this scope
[INFO] [stdout]   --> tests/property_name.rs:11:7
[INFO] [stdout]    |
[INFO] [stdout] 11 |     #[serde(rename = "ignored")]
[INFO] [stdout]    |       ^^^^^
[INFO] [stdout]    |
[INFO] [stdout]    = note: `serde` is in scope, but it is a crate, not an attribute
[INFO] [stdout] 
[INFO] [stdout] 
[INFO] [stdout] Some errors have detailed explanations: E0432, E0433.
[INFO] [stdout] 
[INFO] [stdout] For more information about an error, try `rustc --explain E0432`.
[INFO] [stdout] 
[INFO] [stdout] error: cannot find attribute `schemars` in this scope
[INFO] [stdout]   --> tests/property_name.rs:12:7
[INFO] [stdout]    |
[INFO] [stdout] 12 |     #[schemars(rename = "new_name_2")]
[INFO] [stdout]    |       ^^^^^^^^
[INFO] [stdout] 
[INFO] [stdout] 
[INFO] [stdout] error: aborting due to 7 previous errors
[INFO] [stdout] 
[INFO] [stdout] 
[INFO] [stdout] Some errors have detailed explanations: E0432, E0433.
[INFO] [stdout] 
[INFO] [stdout] For more information about an error, try `rustc --explain E0432`.
[INFO] [stdout] 
[INFO] [stderr] error: could not compile `tamasfe-schemars` due to 13 previous errors
[INFO] [stderr] error: could not compile `tamasfe-schemars` due to 8 previous errors
[INFO] [stdout] error: aborting due to 9 previous errors
[INFO] [stdout] 
[INFO] [stdout] 
[INFO] [stdout] Some errors have detailed explanations: E0432, E0433.
[INFO] [stdout] 
[INFO] [stdout] For more information about an error, try `rustc --explain E0432`.
[INFO] [stdout] 
[INFO] [stderr] error: could not compile `tamasfe-schemars` due to 10 previous errors
[INFO] [stdout] error[E0432]: unresolved import `schemars`
[INFO] [stdout]  --> tests/derive_crate.rs:1:5
[INFO] [stdout]   |
[INFO] [stdout] 1 | use ::schemars as not_schemars;
[INFO] [stdout]   |     ^^^^^^^^^^^^^^^^^^^^^^^^^^ no external crate `schemars`
[INFO] [stdout] 
[INFO] [stdout] 
[INFO] [stdout] error: cannot find attribute `schemars` in this scope
[INFO] [stdout]   --> tests/schema_with_enum.rs:18:11
[INFO] [stdout]    |
[INFO] [stdout] 18 |         #[schemars(schema_with = "schema_fn")]
[INFO] [stdout]    |           ^^^^^^^^
[INFO] [stdout] 
[INFO] [stdout] 
[INFO] [stdout] error[E0432]: unresolved import `schemars`
[INFO] [stdout]  --> tests/util/mod.rs:2:5
[INFO] [stdout]   |
[INFO] [stdout] 2 | use schemars::{gen::SchemaSettings, schema::RootSchema, schema_for, JsonSchema};
[INFO] [stdout]   |     ^^^^^^^^ use of undeclared crate or module `schemars`
[INFO] [stdout] 
[INFO] [stdout] 
[INFO] [stdout] error: cannot determine resolution for the derive macro `not_schemars::JsonSchema`
[INFO] [stdout]  --> tests/derive_crate.rs:6:17
[INFO] [stdout]   |
[INFO] [stdout] 6 | #[derive(Debug, not_schemars::JsonSchema)]
[INFO] [stdout]   |                 ^^^^^^^^^^^^^^^^^^^^^^^^
[INFO] [stdout]   |
[INFO] [stdout]   = note: import resolution is stuck, try simplifying macro imports
[INFO] [stdout] 
[INFO] [stdout] 
[INFO] [stdout] error[E0432]: unresolved import `schemars`
[INFO] [stdout]  --> tests/enum.rs:2:5
[INFO] [stdout]   |
[INFO] [stdout] 2 | use schemars::{JsonSchema, Map};
[INFO] [stdout]   |     ^^^^^^^^ use of undeclared crate or module `schemars`
[INFO] [stdout] 
[INFO] [stdout] 
[INFO] [stdout] error: cannot determine resolution for the macro `schema_for`
[INFO] [stdout]   --> tests/util/mod.rs:17:18
[INFO] [stdout]    |
[INFO] [stdout] 17 |     let actual = schema_for!(T);
[INFO] [stdout]    |                  ^^^^^^^^^^
[INFO] [stdout]    |
[INFO] [stdout]    = note: import resolution is stuck, try simplifying macro imports
[INFO] [stdout] 
[INFO] [stdout] 
[INFO] [stdout] error: cannot determine resolution for the derive macro `JsonSchema`
[INFO] [stdout]  --> tests/enum.rs:8:17
[INFO] [stdout]   |
[INFO] [stdout] 8 | #[derive(Debug, JsonSchema)]
[INFO] [stdout]   |                 ^^^^^^^^^^
[INFO] [stdout]   |
[INFO] [stdout]   = note: import resolution is stuck, try simplifying macro imports
[INFO] [stdout] 
[INFO] [stdout] 
[INFO] [stdout] error: cannot determine resolution for the derive macro `JsonSchema`
[INFO] [stdout]   --> tests/enum.rs:11:17
[INFO] [stdout]    |
[INFO] [stdout] 11 | #[derive(Debug, JsonSchema)]
[INFO] [stdout]    |                 ^^^^^^^^^^
[INFO] [stdout]    |
[INFO] [stdout]    = note: import resolution is stuck, try simplifying macro imports
[INFO] [stdout] 
[INFO] [stdout] 
[INFO] [stdout] error: cannot determine resolution for the derive macro `JsonSchema`
[INFO] [stdout]   --> tests/enum.rs:17:17
[INFO] [stdout]    |
[INFO] [stdout] 17 | #[derive(Debug, JsonSchema)]
[INFO] [stdout]    |                 ^^^^^^^^^^
[INFO] [stdout]    |
[INFO] [stdout]    = note: import resolution is stuck, try simplifying macro imports
[INFO] [stdout] 
[INFO] [stdout] 
[INFO] [stdout] error: cannot find attribute `schemars` in this scope
[INFO] [stdout]  --> tests/derive_crate.rs:7:3
[INFO] [stdout]   |
[INFO] [stdout] 7 | #[schemars(crate = "not_schemars")]
[INFO] [stdout]   |   ^^^^^^^^
[INFO] [stdout]   |
[INFO] [stdout] note: `schemars` is imported here, but it is a crate, not an attribute
[INFO] [stdout]  --> tests/derive_crate.rs:4:5
[INFO] [stdout]   |
[INFO] [stdout] 4 | use std as schemars;
[INFO] [stdout]   |     ^^^^^^^^^^^^^^^
[INFO] [stdout] 
[INFO] [stdout] 
[INFO] [stdout] error: cannot find attribute `schemars` in this scope
[INFO] [stdout]   --> tests/docs.rs:73:3
[INFO] [stdout]    |
[INFO] [stdout] 73 | #[schemars(description = "New description")]
[INFO] [stdout]    |   ^^^^^^^^
[INFO] [stdout] 
[INFO] [stdout] 
[INFO] [stdout] error: cannot find attribute `schemars` in this scope
[INFO] [stdout]   --> tests/schema_with_enum.rs:21:15
[INFO] [stdout]    |
[INFO] [stdout] 21 |     NewType(#[schemars(schema_with = "schema_fn")] DoesntImplementJsonSchema),
[INFO] [stdout]    |               ^^^^^^^^
[INFO] [stdout] 
[INFO] [stdout] 
[INFO] [stdout] error: cannot find attribute `schemars` in this scope
[INFO] [stdout]   --> tests/docs.rs:76:7
[INFO] [stdout]    |
[INFO] [stdout] 76 |     #[schemars(title = "My integer", description = "This is an i32")]
[INFO] [stdout]    |       ^^^^^^^^
[INFO] [stdout] 
[INFO] [stdout] 
[INFO] [stdout] error: cannot find attribute `schemars` in this scope
[INFO] [stdout]   --> tests/schema_with_enum.rs:23:11
[INFO] [stdout]    |
[INFO] [stdout] 23 |         #[schemars(schema_with = "schema_fn")] DoesntImplementJsonSchema,
[INFO] [stdout]    |           ^^^^^^^^
[INFO] [stdout] 
[INFO] [stdout] 
[INFO] [stdout] error: cannot find attribute `schemars` in this scope
[INFO] [stdout]   --> tests/docs.rs:80:7
[INFO] [stdout]    |
[INFO] [stdout] 80 |     #[schemars(title = "", description = "")]
[INFO] [stdout]    |       ^^^^^^^^
[INFO] [stdout] 
[INFO] [stdout] 
[INFO] [stdout] error: cannot determine resolution for the derive macro `JsonSchema`
[INFO] [stdout]   --> tests/schema_with_enum.rs:35:17
[INFO] [stdout]    |
[INFO] [stdout] 35 | #[derive(Debug, JsonSchema)]
[INFO] [stdout]    |                 ^^^^^^^^^^
[INFO] [stdout]    |
[INFO] [stdout]    = note: import resolution is stuck, try simplifying macro imports
[INFO] [stdout] 
[INFO] [stdout] 
[INFO] [stdout] error: cannot find attribute `schemars` in this scope
[INFO] [stdout]   --> tests/schema_with_enum.rs:36:3
[INFO] [stdout]    |
[INFO] [stdout] 36 | #[schemars(tag = "typeProperty")]
[INFO] [stdout]    |   ^^^^^^^^
[INFO] [stdout] 
[INFO] [stdout] 
[INFO] [stdout] error: cannot find attribute `schemars` in this scope
[INFO] [stdout]   --> tests/schema_with_enum.rs:39:11
[INFO] [stdout]    |
[INFO] [stdout] 39 |         #[schemars(schema_with = "schema_fn")]
[INFO] [stdout]    |           ^^^^^^^^
[INFO] [stdout] 
[INFO] [stdout] 
[INFO] [stdout] error: cannot find attribute `schemars` in this scope
[INFO] [stdout]   --> tests/schema_with_enum.rs:42:15
[INFO] [stdout]    |
[INFO] [stdout] 42 |     NewType(#[schemars(schema_with = "schema_fn")] DoesntImplementJsonSchema),
[INFO] [stdout]    |               ^^^^^^^^
[INFO] [stdout] 
[INFO] [stdout] 
[INFO] [stdout] error: cannot determine resolution for the derive macro `JsonSchema`
[INFO] [stdout]   --> tests/schema_with_enum.rs:52:17
[INFO] [stdout]    |
[INFO] [stdout] 52 | #[derive(Debug, JsonSchema)]
[INFO] [stdout]    |                 ^^^^^^^^^^
[INFO] [stdout]    |
[INFO] [stdout]    = note: import resolution is stuck, try simplifying macro imports
[INFO] [stdout] 
[INFO] [stdout] 
[INFO] [stdout] error: cannot find attribute `schemars` in this scope
[INFO] [stdout]   --> tests/schema_with_enum.rs:53:3
[INFO] [stdout]    |
[INFO] [stdout] 53 | #[schemars(untagged)]
[INFO] [stdout]    |   ^^^^^^^^
[INFO] [stdout] 
[INFO] [stdout] 
[INFO] [stdout] error: aborting due to 12 previous errors
[INFO] [stdout] 
[INFO] [stdout] 
[INFO] [stdout] Some errors have detailed explanations: E0432, E0433.
[INFO] [stdout] 
[INFO] [stdout] For more information about an error, try `rustc --explain E0432`.
[INFO] [stdout] 
[INFO] [stdout] error: cannot find attribute `schemars` in this scope
[INFO] [stdout]   --> tests/schema_with_enum.rs:56:11
[INFO] [stdout]    |
[INFO] [stdout] 56 |         #[schemars(schema_with = "schema_fn")]
[INFO] [stdout]    |           ^^^^^^^^
[INFO] [stdout] 
[INFO] [stdout] 
[INFO] [stdout] error: cannot find attribute `schemars` in this scope
[INFO] [stdout]   --> tests/schema_with_enum.rs:59:15
[INFO] [stdout]    |
[INFO] [stdout] 59 |     NewType(#[schemars(schema_with = "schema_fn")] DoesntImplementJsonSchema),
[INFO] [stdout]    |               ^^^^^^^^
[INFO] [stdout] 
[INFO] [stdout] 
[INFO] [stdout] error: cannot find attribute `schemars` in this scope
[INFO] [stdout]   --> tests/schema_with_enum.rs:61:11
[INFO] [stdout]    |
[INFO] [stdout] 61 |         #[schemars(schema_with = "schema_fn")] DoesntImplementJsonSchema,
[INFO] [stdout]    |           ^^^^^^^^
[INFO] [stdout] 
[INFO] [stdout] 
[INFO] [stdout] error: cannot determine resolution for the derive macro `JsonSchema`
[INFO] [stdout]   --> tests/schema_with_enum.rs:73:17
[INFO] [stdout]    |
[INFO] [stdout] 73 | #[derive(Debug, JsonSchema)]
[INFO] [stdout]    |                 ^^^^^^^^^^
[INFO] [stdout]    |
[INFO] [stdout]    = note: import resolution is stuck, try simplifying macro imports
[INFO] [stdout] 
[INFO] [stdout] 
[INFO] [stdout] error: cannot find attribute `schemars` in this scope
[INFO] [stdout]   --> tests/schema_with_enum.rs:74:3
[INFO] [stdout]    |
[INFO] [stdout] 74 | #[schemars(tag = "t", content = "c")]
[INFO] [stdout]    |   ^^^^^^^^
[INFO] [stdout] 
[INFO] [stdout] 
[INFO] [stderr] error: could not compile `tamasfe-schemars` due to 13 previous errors
[INFO] [stdout] error: cannot find attribute `schemars` in this scope
[INFO] [stdout]   --> tests/schema_with_enum.rs:77:11
[INFO] [stdout]    |
[INFO] [stdout] 77 |         #[schemars(schema_with = "schema_fn")]
[INFO] [stdout]    |           ^^^^^^^^
[INFO] [stdout] 
[INFO] [stdout] 
[INFO] [stdout] error: cannot find attribute `schemars` in this scope
[INFO] [stdout]   --> tests/enum.rs:18:3
[INFO] [stdout]    |
[INFO] [stdout] 18 | #[schemars(rename_all = "camelCase")]
[INFO] [stdout]    |   ^^^^^^^^
[INFO] [stdout] 
[INFO] [stdout] 
[INFO] [stdout] error: cannot find attribute `schemars` in this scope
[INFO] [stdout]   --> tests/schema_with_enum.rs:80:15
[INFO] [stdout]    |
[INFO] [stdout] 80 |     NewType(#[schemars(schema_with = "schema_fn")] DoesntImplementJsonSchema),
[INFO] [stdout]    |               ^^^^^^^^
[INFO] [stdout] 
[INFO] [stdout] 
[INFO] [stdout] error: aborting due to 3 previous errors
[INFO] [stdout] 
[INFO] [stdout] 
[INFO] [stdout] error: cannot find attribute `schemars` in this scope
[INFO] [stdout]   --> tests/enum.rs:30:7
[INFO] [stdout]    |
[INFO] [stdout] 30 |     #[schemars(with = "i32")]
[INFO] [stdout]    |       ^^^^^^^^
[INFO] [stdout] 
[INFO] [stdout] 
[INFO] [stdout] For more information about this error, try `rustc --explain E0432`.
[INFO] [stdout] 
[INFO] [stdout] error: cannot determine resolution for the derive macro `JsonSchema`
[INFO] [stdout]   --> tests/enum.rs:39:17
[INFO] [stdout]    |
[INFO] [stdout] 39 | #[derive(Debug, JsonSchema)]
[INFO] [stdout]    |                 ^^^^^^^^^^
[INFO] [stdout]    |
[INFO] [stdout]    = note: import resolution is stuck, try simplifying macro imports
[INFO] [stdout] 
[INFO] [stdout] 
[INFO] [stdout] error: cannot find attribute `schemars` in this scope
[INFO] [stdout]   --> tests/schema_with_enum.rs:82:11
[INFO] [stdout]    |
[INFO] [stdout] 82 |         #[schemars(schema_with = "schema_fn")] DoesntImplementJsonSchema,
[INFO] [stdout]    |           ^^^^^^^^
[INFO] [stdout] 
[INFO] [stdout] 
[INFO] [stdout] error: cannot find attribute `schemars` in this scope
[INFO] [stdout]   --> tests/enum.rs:40:3
[INFO] [stdout]    |
[INFO] [stdout] 40 | #[schemars(tag = "typeProperty")]
[INFO] [stdout]    |   ^^^^^^^^
[INFO] [stdout] 
[INFO] [stdout] 
[INFO] [stdout] error: cannot find attribute `schemars` in this scope
[INFO] [stdout]   --> tests/enum.rs:51:7
[INFO] [stdout]    |
[INFO] [stdout] 51 |     #[schemars(with = "i32")]
[INFO] [stdout]    |       ^^^^^^^^
[INFO] [stdout] 
[INFO] [stdout] 
[INFO] [stdout] error: cannot determine resolution for the derive macro `JsonSchema`
[INFO] [stdout]   --> tests/enum.rs:60:17
[INFO] [stdout]    |
[INFO] [stdout] 60 | #[derive(Debug, JsonSchema)]
[INFO] [stdout]    |                 ^^^^^^^^^^
[INFO] [stdout]    |
[INFO] [stdout]    = note: import resolution is stuck, try simplifying macro imports
[INFO] [stdout] 
[INFO] [stdout] 
[INFO] [stderr] error: could not compile `tamasfe-schemars` due to 4 previous errors
[INFO] [stdout] error: cannot find attribute `schemars` in this scope
[INFO] [stdout]   --> tests/enum.rs:61:3
[INFO] [stdout]    |
[INFO] [stdout] 61 | #[schemars(untagged)]
[INFO] [stdout]    |   ^^^^^^^^
[INFO] [stdout] 
[INFO] [stdout] 
[INFO] [stdout] error: cannot find attribute `schemars` in this scope
[INFO] [stdout]   --> tests/enum.rs:72:7
[INFO] [stdout]    |
[INFO] [stdout] 72 |     #[schemars(with = "i32")]
[INFO] [stdout]    |       ^^^^^^^^
[INFO] [stdout] 
[INFO] [stdout] 
[INFO] [stdout] error: cannot determine resolution for the derive macro `JsonSchema`
[INFO] [stdout]   --> tests/enum.rs:81:17
[INFO] [stdout]    |
[INFO] [stdout] 81 | #[derive(Debug, JsonSchema)]
[INFO] [stdout]    |                 ^^^^^^^^^^
[INFO] [stdout]    |
[INFO] [stdout]    = note: import resolution is stuck, try simplifying macro imports
[INFO] [stdout] 
[INFO] [stdout] 
[INFO] [stdout] error[E0433]: failed to resolve: use of undeclared crate or module `schemars`
[INFO] [stdout]  --> tests/schema_with_enum.rs:7:24
[INFO] [stdout]   |
[INFO] [stdout] 7 | fn schema_fn(gen: &mut schemars::gen::SchemaGenerator) -> schemars::schema::Schema {
[INFO] [stdout]   |                        ^^^^^^^^ use of undeclared crate or module `schemars`
[INFO] [stdout] 
[INFO] [stdout] 
[INFO] [stdout] error[E0433]: failed to resolve: use of undeclared crate or module `schemars`
[INFO] [stdout]  --> tests/schema_with_enum.rs:7:59
[INFO] [stdout]   |
[INFO] [stdout] 7 | fn schema_fn(gen: &mut schemars::gen::SchemaGenerator) -> schemars::schema::Schema {
[INFO] [stdout]   |                                                           ^^^^^^^^ use of undeclared crate or module `schemars`
[INFO] [stdout] 
[INFO] [stdout] 
[INFO] [stdout] error: cannot find attribute `schemars` in this scope
[INFO] [stdout]   --> tests/enum.rs:82:3
[INFO] [stdout]    |
[INFO] [stdout] 82 | #[schemars(tag = "t", content = "c")]
[INFO] [stdout]    |   ^^^^^^^^
[INFO] [stdout] 
[INFO] [stdout] 
[INFO] [stdout] error: cannot find attribute `schemars` in this scope
[INFO] [stdout]   --> tests/enum.rs:94:7
[INFO] [stdout]    |
[INFO] [stdout] 94 |     #[schemars(with = "i32")]
[INFO] [stdout]    |       ^^^^^^^^
[INFO] [stdout] 
[INFO] [stdout] 
[INFO] [stdout] error[E0433]: failed to resolve: use of undeclared crate or module `schemars`
[INFO] [stdout]  --> tests/util/mod.rs:2:5
[INFO] [stdout]   |
[INFO] [stdout] 2 | use schemars::{gen::SchemaSettings, schema::RootSchema, schema_for, JsonSchema};
[INFO] [stdout]   |     ^^^^^^^^ use of undeclared crate or module `schemars`
[INFO] [stdout] 
[INFO] [stdout] 
[INFO] [stdout] error: aborting due to 25 previous errors
[INFO] [stdout] 
[INFO] [stdout] 
[INFO] [stdout] Some errors have detailed explanations: E0432, E0433.
[INFO] [stdout] 
[INFO] [stdout] For more information about an error, try `rustc --explain E0432`.
[INFO] [stdout] 
[INFO] [stdout] error[E0433]: failed to resolve: use of undeclared crate or module `schemars`
[INFO] [stdout]  --> tests/util/mod.rs:2:5
[INFO] [stdout]   |
[INFO] [stdout] 2 | use schemars::{gen::SchemaSettings, schema::RootSchema, schema_for, JsonSchema};
[INFO] [stdout]   |     ^^^^^^^^ use of undeclared crate or module `schemars`
[INFO] [stdout] 
[INFO] [stdout] 
[INFO] [stdout] error: aborting due to 18 previous errors
[INFO] [stdout] 
[INFO] [stdout] 
[INFO] [stdout] Some errors have detailed explanations: E0432, E0433.
[INFO] [stdout] 
[INFO] [stdout] For more information about an error, try `rustc --explain E0432`.
[INFO] [stdout] 
[INFO] [stderr] error: could not compile `tamasfe-schemars` due to 26 previous errors
[INFO] [stdout] error[E0432]: unresolved import `schemars`
[INFO] [stdout]  --> tests/util/mod.rs:2:5
[INFO] [stdout]   |
[INFO] [stdout] 2 | use schemars::{gen::SchemaSettings, schema::RootSchema, schema_for, JsonSchema};
[INFO] [stdout]   |     ^^^^^^^^ use of undeclared crate or module `schemars`
[INFO] [stdout] 
[INFO] [stdout] 
[INFO] [stdout] error[E0432]: unresolved import `schemars`
[INFO] [stdout]  --> tests/transparent.rs:2:5
[INFO] [stdout]   |
[INFO] [stdout] 2 | use schemars::JsonSchema;
[INFO] [stdout]   |     ^^^^^^^^ use of undeclared crate or module `schemars`
[INFO] [stdout] 
[INFO] [stdout] 
[INFO] [stdout] error: cannot determine resolution for the macro `schema_for`
[INFO] [stdout]   --> tests/util/mod.rs:17:18
[INFO] [stdout]    |
[INFO] [stdout] 17 |     let actual = schema_for!(T);
[INFO] [stdout]    |                  ^^^^^^^^^^
[INFO] [stdout]    |
[INFO] [stdout]    = note: import resolution is stuck, try simplifying macro imports
[INFO] [stdout] 
[INFO] [stdout] 
[INFO] [stdout] error: cannot determine resolution for the derive macro `JsonSchema`
[INFO] [stdout]  --> tests/transparent.rs:5:17
[INFO] [stdout]   |
[INFO] [stdout] 5 | #[derive(Debug, JsonSchema)]
[INFO] [stdout]   |                 ^^^^^^^^^^
[INFO] [stdout]   |
[INFO] [stdout]   = note: import resolution is stuck, try simplifying macro imports
[INFO] [stdout] 
[INFO] [stdout] 
[INFO] [stdout] error[E0432]: unresolved import `schemars`
[INFO] [stdout]  --> tests/util/mod.rs:2:5
[INFO] [stdout]   |
[INFO] [stdout] 2 | use schemars::{gen::SchemaSettings, schema::RootSchema, schema_for, JsonSchema};
[INFO] [stdout]   |     ^^^^^^^^ use of undeclared crate or module `schemars`
[INFO] [stdout] 
[INFO] [stdout] 
[INFO] [stdout] error: cannot determine resolution for the derive macro `JsonSchema`
[INFO] [stdout]   --> tests/transparent.rs:10:17
[INFO] [stdout]    |
[INFO] [stdout] 10 | #[derive(Debug, JsonSchema)]
[INFO] [stdout]    |                 ^^^^^^^^^^
[INFO] [stdout]    |
[INFO] [stdout]    = note: import resolution is stuck, try simplifying macro imports
[INFO] [stdout] 
[INFO] [stdout] 
[INFO] [stdout] error[E0432]: unresolved import `schemars`
[INFO] [stdout]  --> tests/flatten.rs:2:5
[INFO] [stdout]   |
[INFO] [stdout] 2 | use schemars::JsonSchema;
[INFO] [stdout]   |     ^^^^^^^^ use of undeclared crate or module `schemars`
[INFO] [stdout] 
[INFO] [stdout] 
[INFO] [stdout] error: cannot determine resolution for the macro `schema_for`
[INFO] [stdout]   --> tests/util/mod.rs:17:18
[INFO] [stdout]    |
[INFO] [stdout] 17 |     let actual = schema_for!(T);
[INFO] [stdout]    |                  ^^^^^^^^^^
[INFO] [stdout]    |
[INFO] [stdout]    = note: import resolution is stuck, try simplifying macro imports
[INFO] [stdout] 
[INFO] [stdout] 
[INFO] [stdout] error: cannot determine resolution for the derive macro `JsonSchema`
[INFO] [stdout]  --> tests/flatten.rs:5:17
[INFO] [stdout]   |
[INFO] [stdout] 5 | #[derive(Debug, JsonSchema)]
[INFO] [stdout]   |                 ^^^^^^^^^^
[INFO] [stdout]   |
[INFO] [stdout]   = note: import resolution is stuck, try simplifying macro imports
[INFO] [stdout] 
[INFO] [stdout] 
[INFO] [stderr] error: could not compile `tamasfe-schemars` due to 19 previous errors
[INFO] [stdout] error[E0432]: unresolved import `schemars`
[INFO] [stdout]   --> examples/remote_derive.rs:14:5
[INFO] [stdout]    |
[INFO] [stdout] 14 | use schemars::{schema_for, JsonSchema};
[INFO] [stdout]    |     ^^^^^^^^ use of undeclared crate or module `schemars`
[INFO] [stdout] 
[INFO] [stdout] 
[INFO] [stdout] error: cannot determine resolution for the derive macro `JsonSchema`
[INFO] [stdout]   --> examples/remote_derive.rs:18:10
[INFO] [stdout]    |
[INFO] [stdout] 18 | #[derive(JsonSchema)]
[INFO] [stdout]    |          ^^^^^^^^^^
[INFO] [stdout]    |
[INFO] [stdout]    = note: import resolution is stuck, try simplifying macro imports
[INFO] [stdout] 
[INFO] [stdout] 
[INFO] [stdout] error: cannot find attribute `serde` in this scope
[INFO] [stdout]   --> tests/flatten.rs:10:7
[INFO] [stdout]    |
[INFO] [stdout] 10 |     #[serde(default)]
[INFO] [stdout]    |       ^^^^^
[INFO] [stdout]    |
[INFO] [stdout]    = note: `serde` is in scope, but it is a crate, not an attribute
[INFO] [stdout] 
[INFO] [stdout] 
[INFO] [stdout] error: cannot determine resolution for the derive macro `JsonSchema`
[INFO] [stdout]   --> tests/flatten.rs:15:17
[INFO] [stdout]    |
[INFO] [stdout] 15 | #[derive(Debug, JsonSchema)]
[INFO] [stdout]    |                 ^^^^^^^^^^
[INFO] [stdout]    |
[INFO] [stdout]    = note: import resolution is stuck, try simplifying macro imports
[INFO] [stdout] 
[INFO] [stdout] 
[INFO] [stdout] error: cannot find attribute `serde` in this scope
[INFO] [stdout]   --> tests/transparent.rs:11:3
[INFO] [stdout]    |
[INFO] [stdout] 11 | #[serde(transparent)]
[INFO] [stdout]    |   ^^^^^
[INFO] [stdout]    |
[INFO] [stdout]    = note: `serde` is in scope, but it is a crate, not an attribute
[INFO] [stdout] 
[INFO] [stdout] 
[INFO] [stdout] error: cannot find attribute `serde` in this scope
[INFO] [stdout]   --> tests/transparent.rs:13:7
[INFO] [stdout]    |
[INFO] [stdout] 13 |     #[serde(with = "TransparentNewType")]
[INFO] [stdout]    |       ^^^^^
[INFO] [stdout]    |
[INFO] [stdout]    = note: `serde` is in scope, but it is a crate, not an attribute
[INFO] [stdout] 
[INFO] [stdout] 
[INFO] [stdout] error: cannot determine resolution for the derive macro `JsonSchema`
[INFO] [stdout]   --> tests/transparent.rs:17:17
[INFO] [stdout]    |
[INFO] [stdout] 17 | #[derive(Debug, JsonSchema)]
[INFO] [stdout]    |                 ^^^^^^^^^^
[INFO] [stdout]    |
[INFO] [stdout]    = note: import resolution is stuck, try simplifying macro imports
[INFO] [stdout] 
[INFO] [stdout] 
[INFO] [stdout] error: cannot find attribute `serde` in this scope
[INFO] [stdout]   --> examples/remote_derive.rs:19:3
[INFO] [stdout]    |
[INFO] [stdout] 19 | #[serde(remote = "Duration")]
[INFO] [stdout]    |   ^^^^^
[INFO] [stdout]    |
[INFO] [stdout]    = note: `serde` is in scope, but it is a crate, not an attribute
[INFO] [stdout] 
[INFO] [stdout] 
[INFO] [stdout] error: cannot determine resolution for the derive macro `JsonSchema`
[INFO] [stdout]   --> examples/remote_derive.rs:29:10
[INFO] [stdout]    |
[INFO] [stdout] 29 | #[derive(JsonSchema)]
[INFO] [stdout]    |          ^^^^^^^^^^
[INFO] [stdout]    |
[INFO] [stdout]    = note: import resolution is stuck, try simplifying macro imports
[INFO] [stdout] 
[INFO] [stdout] 
[INFO] [stdout] error: cannot find attribute `serde` in this scope
[INFO] [stdout]   --> examples/remote_derive.rs:32:7
[INFO] [stdout]    |
[INFO] [stdout] 32 |     #[serde(with = "DurationDef")]
[INFO] [stdout]    |       ^^^^^
[INFO] [stdout]    |
[INFO] [stdout]    = note: `serde` is in scope, but it is a crate, not an attribute
[INFO] [stdout] 
[INFO] [stdout] 
[INFO] [stdout] error: cannot find attribute `serde` in this scope
[INFO] [stdout]   --> examples/remote_derive.rs:35:7
[INFO] [stdout]    |
[INFO] [stdout] 35 |     #[serde(with = "Vec::<DurationDef>")]
[INFO] [stdout]    |       ^^^^^
[INFO] [stdout]    |
[INFO] [stdout]    = note: `serde` is in scope, but it is a crate, not an attribute
[INFO] [stdout] 
[INFO] [stdout] 
[INFO] [stdout] error: cannot determine resolution for the macro `schema_for`
[INFO] [stdout]   --> examples/remote_derive.rs:40:18
[INFO] [stdout]    |
[INFO] [stdout] 40 |     let schema = schema_for!(Process);
[INFO] [stdout]    |                  ^^^^^^^^^^
[INFO] [stdout]    |
[INFO] [stdout]    = note: import resolution is stuck, try simplifying macro imports
[INFO] [stdout] 
[INFO] [stdout] 
[INFO] [stdout] error: cannot find attribute `schemars` in this scope
[INFO] [stdout]   --> tests/flatten.rs:16:3
[INFO] [stdout]    |
[INFO] [stdout] 16 | #[schemars(rename = "Flat")]
[INFO] [stdout]    |   ^^^^^^^^
[INFO] [stdout] 
[INFO] [stdout] 
[INFO] [stdout] error: cannot find attribute `schemars` in this scope
[INFO] [stdout]   --> tests/flatten.rs:19:7
[INFO] [stdout]    |
[INFO] [stdout] 19 |     #[schemars(flatten)]
[INFO] [stdout]    |       ^^^^^^^^
[INFO] [stdout] 
[INFO] [stdout] 
[INFO] [stdout] error: aborting due to 7 previous errors
[INFO] [stdout] 
[INFO] [stdout] 
[INFO] [stdout] For more information about this error, try `rustc --explain E0432`.
[INFO] [stdout] 
[INFO] [stdout] error: cannot determine resolution for the derive macro `JsonSchema`
[INFO] [stdout]   --> tests/flatten.rs:25:17
[INFO] [stdout]    |
[INFO] [stdout] 25 | #[derive(Debug, JsonSchema)]
[INFO] [stdout]    |                 ^^^^^^^^^^
[INFO] [stdout]    |
[INFO] [stdout]    = note: import resolution is stuck, try simplifying macro imports
[INFO] [stdout] 
[INFO] [stdout] 
[INFO] [stdout] error: cannot find attribute `serde` in this scope
[INFO] [stdout]   --> tests/flatten.rs:28:7
[INFO] [stdout]    |
[INFO] [stdout] 28 |     #[serde(flatten)]
[INFO] [stdout]    |       ^^^^^
[INFO] [stdout]    |
[INFO] [stdout]    = note: `serde` is in scope, but it is a crate, not an attribute
[INFO] [stdout] 
[INFO] [stdout] 
[INFO] [stderr] error: could not compile `tamasfe-schemars` due to 8 previous errors
[INFO] [stdout] error: cannot find attribute `serde` in this scope
[INFO] [stdout]   --> tests/flatten.rs:30:7
[INFO] [stdout]    |
[INFO] [stdout] 30 |     #[serde(flatten)]
[INFO] [stdout]    |       ^^^^^
[INFO] [stdout]    |
[INFO] [stdout]    = note: `serde` is in scope, but it is a crate, not an attribute
[INFO] [stdout] 
[INFO] [stdout] 
[INFO] [stdout] error: cannot determine resolution for the derive macro `JsonSchema`
[INFO] [stdout]   --> tests/flatten.rs:34:17
[INFO] [stdout]    |
[INFO] [stdout] 34 | #[derive(Debug, JsonSchema)]
[INFO] [stdout]    |                 ^^^^^^^^^^
[INFO] [stdout]    |
[INFO] [stdout]    = note: import resolution is stuck, try simplifying macro imports
[INFO] [stdout] 
[INFO] [stdout] 
[INFO] [stdout] error: cannot determine resolution for the derive macro `JsonSchema`
[INFO] [stdout]   --> tests/flatten.rs:39:17
[INFO] [stdout]    |
[INFO] [stdout] 39 | #[derive(Debug, JsonSchema)]
[INFO] [stdout]    |                 ^^^^^^^^^^
[INFO] [stdout]    |
[INFO] [stdout]    = note: import resolution is stuck, try simplifying macro imports
[INFO] [stdout] 
[INFO] [stdout] 
[INFO] [stdout] error: cannot find attribute `serde` in this scope
[INFO] [stdout]   --> tests/flatten.rs:41:7
[INFO] [stdout]    |
[INFO] [stdout] 41 |     #[serde(default)]
[INFO] [stdout]    |       ^^^^^
[INFO] [stdout]    |
[INFO] [stdout]    = note: `serde` is in scope, but it is a crate, not an attribute
[INFO] [stdout] 
[INFO] [stdout] 
[INFO] [stdout] error[E0433]: failed to resolve: use of undeclared crate or module `schemars`
[INFO] [stdout]  --> tests/util/mod.rs:2:5
[INFO] [stdout]   |
[INFO] [stdout] 2 | use schemars::{gen::SchemaSettings, schema::RootSchema, schema_for, JsonSchema};
[INFO] [stdout]   |     ^^^^^^^^ use of undeclared crate or module `schemars`
[INFO] [stdout] 
[INFO] [stdout] 
[INFO] [stdout] error: cannot find attribute `schemars` in this scope
[INFO] [stdout]   --> tests/transparent.rs:18:3
[INFO] [stdout]    |
[INFO] [stdout] 18 | #[schemars(transparent)]
[INFO] [stdout]    |   ^^^^^^^^
[INFO] [stdout] 
[INFO] [stdout] 
[INFO] [stdout] error: cannot determine resolution for the derive macro `JsonSchema`
[INFO] [stdout]   --> tests/transparent.rs:21:17
[INFO] [stdout]    |
[INFO] [stdout] 21 | #[derive(Debug, JsonSchema)]
[INFO] [stdout]    |                 ^^^^^^^^^^
[INFO] [stdout]    |
[INFO] [stdout]    = note: import resolution is stuck, try simplifying macro imports
[INFO] [stdout] 
[INFO] [stdout] 
[INFO] [stdout] error[E0432]: unresolved import `schemars`
[INFO] [stdout]  --> tests/util/mod.rs:2:5
[INFO] [stdout]   |
[INFO] [stdout] 2 | use schemars::{gen::SchemaSettings, schema::RootSchema, schema_for, JsonSchema};
[INFO] [stdout]   |     ^^^^^^^^ use of undeclared crate or module `schemars`
[INFO] [stdout] 
[INFO] [stdout] 
[INFO] [stdout] error[E0432]: unresolved import `schemars`
[INFO] [stdout]  --> tests/default.rs:2:5
[INFO] [stdout]   |
[INFO] [stdout] 2 | use schemars::JsonSchema;
[INFO] [stdout]   |     ^^^^^^^^ use of undeclared crate or module `schemars`
[INFO] [stdout] 
[INFO] [stdout] 
[INFO] [stdout] error: cannot determine resolution for the macro `schema_for`
[INFO] [stdout]   --> tests/util/mod.rs:17:18
[INFO] [stdout]    |
[INFO] [stdout] 17 |     let actual = schema_for!(T);
[INFO] [stdout]    |                  ^^^^^^^^^^
[INFO] [stdout]    |
[INFO] [stdout]    = note: import resolution is stuck, try simplifying macro imports
[INFO] [stdout] 
[INFO] [stdout] 
[INFO] [stdout] error: cannot determine resolution for the derive macro `JsonSchema`
[INFO] [stdout]   --> tests/default.rs:28:43
[INFO] [stdout]    |
[INFO] [stdout] 28 | #[derive(Default, Deserialize, Serialize, JsonSchema, Debug)]
[INFO] [stdout]    |                                           ^^^^^^^^^^
[INFO] [stdout]    |
[INFO] [stdout]    = note: import resolution is stuck, try simplifying macro imports
[INFO] [stdout] 
[INFO] [stdout] 
[INFO] [stdout] error: aborting due to 15 previous errors
[INFO] [stdout] 
[INFO] [stdout] 
[INFO] [stdout] Some errors have detailed explanations: E0432, E0433.
[INFO] [stdout] 
[INFO] [stdout] For more information about an error, try `rustc --explain E0432`.
[INFO] [stdout] 
[INFO] [stderr] error: could not compile `tamasfe-schemars` due to 16 previous errors
[INFO] [stdout] error: cannot determine resolution for the derive macro `JsonSchema`
[INFO] [stdout]   --> tests/default.rs:42:43
[INFO] [stdout]    |
[INFO] [stdout] 42 | #[derive(Default, Deserialize, Serialize, JsonSchema, Debug, PartialEq)]
[INFO] [stdout]    |                                           ^^^^^^^^^^
[INFO] [stdout]    |
[INFO] [stdout]    = note: import resolution is stuck, try simplifying macro imports
[INFO] [stdout] 
[INFO] [stdout] 
[INFO] [stdout] error: aborting due to 11 previous errors
[INFO] [stdout] 
[INFO] [stdout] 
[INFO] [stdout] Some errors have detailed explanations: E0432, E0433.
[INFO] [stdout] 
[INFO] [stdout] For more information about an error, try `rustc --explain E0432`.
[INFO] [stdout] 
[INFO] [stdout] error: aborting due to 6 previous errors
[INFO] [stdout] 
[INFO] [stdout] 
[INFO] [stdout] Some errors have detailed explanations: E0432, E0433.
[INFO] [stdout] 
[INFO] [stdout] For more information about an error, try `rustc --explain E0432`.
[INFO] [stdout] 
[INFO] [stderr] error: could not compile `tamasfe-schemars` due to 12 previous errors
[INFO] [stderr] error: could not compile `tamasfe-schemars` due to 7 previous errors
[INFO] running `Command { std: "docker" "inspect" "28ccb2de86f59860108042dac0261e46c96e5dcf89c6d84ceeff0252c8ce514f", kill_on_drop: false }`
[INFO] running `Command { std: "docker" "rm" "-f" "28ccb2de86f59860108042dac0261e46c96e5dcf89c6d84ceeff0252c8ce514f", kill_on_drop: false }`
[INFO] [stdout] 28ccb2de86f59860108042dac0261e46c96e5dcf89c6d84ceeff0252c8ce514f
