[INFO] fetching crate tailwind-ast 0.4.1...
[INFO] testing tailwind-ast-0.4.1 against beta-2023-04-20 for beta-1.70-1
[INFO] extracting crate tailwind-ast 0.4.1 into /workspace/builds/worker-4-tc2/source
[INFO] validating manifest of crates.io crate tailwind-ast 0.4.1 on toolchain beta-2023-04-20
[INFO] running `Command { std: CARGO_HOME="/workspace/cargo-home" RUSTUP_HOME="/workspace/rustup-home" "/workspace/cargo-home/bin/cargo" "+beta-2023-04-20" "metadata" "--manifest-path" "Cargo.toml" "--no-deps", kill_on_drop: false }`
[INFO] started tweaking crates.io crate tailwind-ast 0.4.1
[INFO] finished tweaking crates.io crate tailwind-ast 0.4.1
[INFO] tweaked toml for crates.io crate tailwind-ast 0.4.1 written to /workspace/builds/worker-4-tc2/source/Cargo.toml
[INFO] running `Command { std: CARGO_HOME="/workspace/cargo-home" RUSTUP_HOME="/workspace/rustup-home" __CARGO_TEST_CHANNEL_OVERRIDE_DO_NOT_USE_THIS="nightly" "/workspace/cargo-home/bin/cargo" "+beta-2023-04-20" "generate-lockfile" "--manifest-path" "Cargo.toml" "-Zno-index-update", kill_on_drop: false }`
[INFO] running `Command { std: CARGO_HOME="/workspace/cargo-home" RUSTUP_HOME="/workspace/rustup-home" "/workspace/cargo-home/bin/cargo" "+beta-2023-04-20" "fetch" "--manifest-path" "Cargo.toml", kill_on_drop: false }`
[INFO] running `Command { std: "docker" "create" "-v" "/var/lib/crater-agent-workspace/builds/worker-4-tc2/target:/opt/rustwide/target:rw,Z" "-v" "/var/lib/crater-agent-workspace/builds/worker-4-tc2/source:/opt/rustwide/workdir:ro,Z" "-v" "/var/lib/crater-agent-workspace/cargo-home:/opt/rustwide/cargo-home:ro,Z" "-v" "/var/lib/crater-agent-workspace/rustup-home:/opt/rustwide/rustup-home:ro,Z" "-e" "SOURCE_DIR=/opt/rustwide/workdir" "-e" "CARGO_TARGET_DIR=/opt/rustwide/target" "-e" "CARGO_HOME=/opt/rustwide/cargo-home" "-e" "RUSTUP_HOME=/opt/rustwide/rustup-home" "-w" "/opt/rustwide/workdir" "-m" "1610612736" "--user" "0:0" "--network" "none" "ghcr.io/rust-lang/crates-build-env/linux@sha256:5ff2268d62e97bff2cde7d5815dd6ed5b47097566f13b8d0ca110b04b60e07ed" "/opt/rustwide/cargo-home/bin/cargo" "+beta-2023-04-20" "metadata" "--no-deps" "--format-version=1", kill_on_drop: false }`
[INFO] [stdout] 2b6dbbb844d1eeb8c47e7ce9823fe92f46827fcc35b1d8ea317b0bc3589de2c0
[INFO] running `Command { std: "docker" "start" "-a" "2b6dbbb844d1eeb8c47e7ce9823fe92f46827fcc35b1d8ea317b0bc3589de2c0", kill_on_drop: false }`
[INFO] running `Command { std: "docker" "inspect" "2b6dbbb844d1eeb8c47e7ce9823fe92f46827fcc35b1d8ea317b0bc3589de2c0", kill_on_drop: false }`
[INFO] running `Command { std: "docker" "rm" "-f" "2b6dbbb844d1eeb8c47e7ce9823fe92f46827fcc35b1d8ea317b0bc3589de2c0", kill_on_drop: false }`
[INFO] [stdout] 2b6dbbb844d1eeb8c47e7ce9823fe92f46827fcc35b1d8ea317b0bc3589de2c0
[INFO] running `Command { std: "docker" "create" "-v" "/var/lib/crater-agent-workspace/builds/worker-4-tc2/target:/opt/rustwide/target:rw,Z" "-v" "/var/lib/crater-agent-workspace/builds/worker-4-tc2/source:/opt/rustwide/workdir:ro,Z" "-v" "/var/lib/crater-agent-workspace/cargo-home:/opt/rustwide/cargo-home:ro,Z" "-v" "/var/lib/crater-agent-workspace/rustup-home:/opt/rustwide/rustup-home:ro,Z" "-e" "SOURCE_DIR=/opt/rustwide/workdir" "-e" "CARGO_TARGET_DIR=/opt/rustwide/target" "-e" "CARGO_INCREMENTAL=0" "-e" "RUST_BACKTRACE=full" "-e" "RUSTFLAGS=--cap-lints=warn" "-e" "RUSTDOCFLAGS=--cap-lints=warn" "-e" "CARGO_HOME=/opt/rustwide/cargo-home" "-e" "RUSTUP_HOME=/opt/rustwide/rustup-home" "-w" "/opt/rustwide/workdir" "-m" "1610612736" "--user" "0:0" "--network" "none" "ghcr.io/rust-lang/crates-build-env/linux@sha256:5ff2268d62e97bff2cde7d5815dd6ed5b47097566f13b8d0ca110b04b60e07ed" "/opt/rustwide/cargo-home/bin/cargo" "+beta-2023-04-20" "build" "--frozen" "--message-format=json", kill_on_drop: false }`
[INFO] [stdout] 2305d2f33f0450c3d599d42b2fa7c5a75cfd172b9191622c97e75ad94005bd12
[INFO] running `Command { std: "docker" "start" "-a" "2305d2f33f0450c3d599d42b2fa7c5a75cfd172b9191622c97e75ad94005bd12", kill_on_drop: false }`
[INFO] [stderr]    Compiling memchr v2.5.0
[INFO] [stderr]    Compiling minimal-lexical v0.2.1
[INFO] [stderr]    Compiling nom v7.1.3
[INFO] [stderr]    Compiling tailwind-ast v0.4.1 (/opt/rustwide/workdir)
[INFO] [stderr]     Finished dev [unoptimized + debuginfo] target(s) in 3.30s
[INFO] running `Command { std: "docker" "inspect" "2305d2f33f0450c3d599d42b2fa7c5a75cfd172b9191622c97e75ad94005bd12", kill_on_drop: false }`
[INFO] running `Command { std: "docker" "rm" "-f" "2305d2f33f0450c3d599d42b2fa7c5a75cfd172b9191622c97e75ad94005bd12", kill_on_drop: false }`
[INFO] [stdout] 2305d2f33f0450c3d599d42b2fa7c5a75cfd172b9191622c97e75ad94005bd12
[INFO] running `Command { std: "docker" "create" "-v" "/var/lib/crater-agent-workspace/builds/worker-4-tc2/target:/opt/rustwide/target:rw,Z" "-v" "/var/lib/crater-agent-workspace/builds/worker-4-tc2/source:/opt/rustwide/workdir:ro,Z" "-v" "/var/lib/crater-agent-workspace/cargo-home:/opt/rustwide/cargo-home:ro,Z" "-v" "/var/lib/crater-agent-workspace/rustup-home:/opt/rustwide/rustup-home:ro,Z" "-e" "SOURCE_DIR=/opt/rustwide/workdir" "-e" "CARGO_TARGET_DIR=/opt/rustwide/target" "-e" "CARGO_INCREMENTAL=0" "-e" "RUST_BACKTRACE=full" "-e" "RUSTFLAGS=--cap-lints=warn" "-e" "RUSTDOCFLAGS=--cap-lints=warn" "-e" "CARGO_HOME=/opt/rustwide/cargo-home" "-e" "RUSTUP_HOME=/opt/rustwide/rustup-home" "-w" "/opt/rustwide/workdir" "-m" "1610612736" "--user" "0:0" "--network" "none" "ghcr.io/rust-lang/crates-build-env/linux@sha256:5ff2268d62e97bff2cde7d5815dd6ed5b47097566f13b8d0ca110b04b60e07ed" "/opt/rustwide/cargo-home/bin/cargo" "+beta-2023-04-20" "test" "--frozen" "--no-run" "--message-format=json", kill_on_drop: false }`
[INFO] [stdout] f03c5c953f14f9e3ee01db5259da94e2b743e74846133cf12094ccf0f5984523
[INFO] running `Command { std: "docker" "start" "-a" "f03c5c953f14f9e3ee01db5259da94e2b743e74846133cf12094ccf0f5984523", kill_on_drop: false }`
[INFO] [stderr]    Compiling tailwind-ast v0.4.1 (/opt/rustwide/workdir)
[INFO] [stdout] error[E0063]: missing field `important` in initializer of `ast::AstStyle<'_>`
[INFO] [stdout]   --> src/ast/tests.rs:45:18
[INFO] [stdout]    |
[INFO] [stdout] 45 |     let output = AstStyle {
[INFO] [stdout]    |                  ^^^^^^^^ missing `important`
[INFO] [stdout] 
[INFO] [stdout] 
[INFO] [stdout] error[E0063]: missing field `important` in initializer of `ast::AstStyle<'_>`
[INFO] [stdout]   --> src/ast/tests.rs:54:18
[INFO] [stdout]    |
[INFO] [stdout] 54 |     let output = AstStyle {
[INFO] [stdout]    |                  ^^^^^^^^ missing `important`
[INFO] [stdout] 
[INFO] [stdout] 
[INFO] [stdout] error[E0063]: missing field `important` in initializer of `ast::AstStyle<'_>`
[INFO] [stdout]   --> src/ast/tests.rs:63:18
[INFO] [stdout]    |
[INFO] [stdout] 63 |     let output = AstStyle {
[INFO] [stdout]    |                  ^^^^^^^^ missing `important`
[INFO] [stdout] 
[INFO] [stdout] 
[INFO] [stdout] error[E0063]: missing field `important` in initializer of `ast::AstStyle<'_>`
[INFO] [stdout]   --> src/ast/tests.rs:86:15
[INFO] [stdout]    |
[INFO] [stdout] 86 |         head: AstStyle { negative: false, variants: vec![], elements: vec!["w"], arbitrary: None },
[INFO] [stdout]    |               ^^^^^^^^ missing `important`
[INFO] [stdout] 
[INFO] [stdout] 
[INFO] [stdout] error[E0063]: missing field `important` in initializer of `ast::AstStyle<'_>`
[INFO] [stdout]   --> src/ast/tests.rs:88:20
[INFO] [stdout]    |
[INFO] [stdout] 88 |             Styled(AstStyle {
[INFO] [stdout]    |                    ^^^^^^^^ missing `important`
[INFO] [stdout] 
[INFO] [stdout] 
[INFO] [stdout] error[E0063]: missing field `important` in initializer of `ast::AstStyle<'_>`
[INFO] [stdout]   --> src/ast/tests.rs:94:20
[INFO] [stdout]    |
[INFO] [stdout] 94 |             Styled(AstStyle {
[INFO] [stdout]    |                    ^^^^^^^^ missing `important`
[INFO] [stdout] 
[INFO] [stdout] 
[INFO] [stdout] error[E0063]: missing field `important` in initializer of `ast::AstGroup<'_>`
[INFO] [stdout]   --> src/ast/tests.rs:85:18
[INFO] [stdout]    |
[INFO] [stdout] 85 |     let output = AstGroup {
[INFO] [stdout]    |                  ^^^^^^^^ missing `important`
[INFO] [stdout] 
[INFO] [stdout] 
[INFO] [stdout] error[E0063]: missing field `important` in initializer of `ast::AstStyle<'_>`
[INFO] [stdout]    --> src/ast/tests.rs:105:15
[INFO] [stdout]     |
[INFO] [stdout] 105 |         head: AstStyle {
[INFO] [stdout]     |               ^^^^^^^^ missing `important`
[INFO] [stdout] 
[INFO] [stdout] 
[INFO] [stdout] error[E0063]: missing field `important` in initializer of `ast::AstStyle<'_>`
[INFO] [stdout]    --> src/ast/tests.rs:112:20
[INFO] [stdout]     |
[INFO] [stdout] 112 |             Styled(AstStyle {
[INFO] [stdout]     |                    ^^^^^^^^ missing `important`
[INFO] [stdout] 
[INFO] [stdout] 
[INFO] [stdout] error[E0063]: missing field `important` in initializer of `ast::AstStyle<'_>`
[INFO] [stdout]    --> src/ast/tests.rs:118:20
[INFO] [stdout]     |
[INFO] [stdout] 118 |             Styled(AstStyle {
[INFO] [stdout]     |                    ^^^^^^^^ missing `important`
[INFO] [stdout] 
[INFO] [stdout] 
[INFO] [stdout] error[E0063]: missing field `important` in initializer of `ast::AstStyle<'_>`
[INFO] [stdout]    --> src/ast/tests.rs:125:23
[INFO] [stdout]     |
[INFO] [stdout] 125 |                 head: AstStyle {
[INFO] [stdout]     |                       ^^^^^^^^ missing `important`
[INFO] [stdout] 
[INFO] [stdout] 
[INFO] [stdout] error[E0063]: missing field `important` in initializer of `ast::AstStyle<'_>`
[INFO] [stdout]    --> src/ast/tests.rs:132:28
[INFO] [stdout]     |
[INFO] [stdout] 132 |                     Styled(AstStyle {
[INFO] [stdout]     |                            ^^^^^^^^ missing `important`
[INFO] [stdout] 
[INFO] [stdout] 
[INFO] [stdout] error[E0063]: missing field `important` in initializer of `ast::AstStyle<'_>`
[INFO] [stdout]    --> src/ast/tests.rs:138:28
[INFO] [stdout]     |
[INFO] [stdout] 138 |                     Styled(AstStyle {
[INFO] [stdout]     |                            ^^^^^^^^ missing `important`
[INFO] [stdout] 
[INFO] [stdout] 
[INFO] [stdout] error[E0063]: missing field `important` in initializer of `ast::AstGroup<'_>`
[INFO] [stdout]    --> src/ast/tests.rs:124:21
[INFO] [stdout]     |
[INFO] [stdout] 124 |             Grouped(AstGroup {
[INFO] [stdout]     |                     ^^^^^^^^ missing `important`
[INFO] [stdout] 
[INFO] [stdout] 
[INFO] [stdout] error[E0063]: missing field `important` in initializer of `ast::AstGroup<'_>`
[INFO] [stdout]    --> src/ast/tests.rs:104:18
[INFO] [stdout]     |
[INFO] [stdout] 104 |     let output = AstGroup {
[INFO] [stdout]     |                  ^^^^^^^^ missing `important`
[INFO] [stdout] 
[INFO] [stdout] 
[INFO] [stdout] error[E0063]: missing field `important` in initializer of `ast::AstStyle<'_>`
[INFO] [stdout]    --> src/ast/tests.rs:155:15
[INFO] [stdout]     |
[INFO] [stdout] 155 |         head: AstStyle {
[INFO] [stdout]     |               ^^^^^^^^ missing `important`
[INFO] [stdout] 
[INFO] [stdout] 
[INFO] [stdout] error[E0063]: missing field `important` in initializer of `ast::AstStyle<'_>`
[INFO] [stdout]    --> src/ast/tests.rs:162:20
[INFO] [stdout]     |
[INFO] [stdout] 162 |             Styled(AstStyle {
[INFO] [stdout]     |                    ^^^^^^^^ missing `important`
[INFO] [stdout] 
[INFO] [stdout] 
[INFO] [stdout] error[E0063]: missing field `important` in initializer of `ast::AstStyle<'_>`
[INFO] [stdout]    --> src/ast/tests.rs:168:20
[INFO] [stdout]     |
[INFO] [stdout] 168 |             Styled(AstStyle {
[INFO] [stdout]     |                    ^^^^^^^^ missing `important`
[INFO] [stdout] 
[INFO] [stdout] 
[INFO] [stdout] error[E0063]: missing field `important` in initializer of `ast::AstStyle<'_>`
[INFO] [stdout]    --> src/ast/tests.rs:174:20
[INFO] [stdout]     |
[INFO] [stdout] 174 |             Styled(AstStyle {
[INFO] [stdout]     |                    ^^^^^^^^ missing `important`
[INFO] [stdout] 
[INFO] [stdout] 
[INFO] [stdout] error[E0063]: missing field `important` in initializer of `ast::AstGroup<'_>`
[INFO] [stdout]    --> src/ast/tests.rs:154:18
[INFO] [stdout]     |
[INFO] [stdout] 154 |     let output = AstGroup {
[INFO] [stdout]     |                  ^^^^^^^^ missing `important`
[INFO] [stdout] 
[INFO] [stdout] 
[INFO] [stdout] error: aborting due to 20 previous errors
[INFO] [stdout] 
[INFO] [stdout] 
[INFO] [stdout] For more information about this error, try `rustc --explain E0063`.
[INFO] [stdout] 
[INFO] [stderr] error: could not compile `tailwind-ast` (lib test) due to 21 previous errors
[INFO] [stderr] warning: build failed, waiting for other jobs to finish...
[INFO] running `Command { std: "docker" "inspect" "f03c5c953f14f9e3ee01db5259da94e2b743e74846133cf12094ccf0f5984523", kill_on_drop: false }`
[INFO] running `Command { std: "docker" "rm" "-f" "f03c5c953f14f9e3ee01db5259da94e2b743e74846133cf12094ccf0f5984523", kill_on_drop: false }`
[INFO] [stdout] f03c5c953f14f9e3ee01db5259da94e2b743e74846133cf12094ccf0f5984523
