[INFO] fetching crate system-configuration 0.5.0...
[INFO] testing system-configuration-0.5.0 against 1.69.0 for beta-1.70-1
[INFO] extracting crate system-configuration 0.5.0 into /workspace/builds/worker-3-tc1/source
[INFO] validating manifest of crates.io crate system-configuration 0.5.0 on toolchain 1.69.0
[INFO] running `Command { std: CARGO_HOME="/workspace/cargo-home" RUSTUP_HOME="/workspace/rustup-home" "/workspace/cargo-home/bin/cargo" "+1.69.0" "metadata" "--manifest-path" "Cargo.toml" "--no-deps", kill_on_drop: false }`
[INFO] started tweaking crates.io crate system-configuration 0.5.0
[INFO] finished tweaking crates.io crate system-configuration 0.5.0
[INFO] tweaked toml for crates.io crate system-configuration 0.5.0 written to /workspace/builds/worker-3-tc1/source/Cargo.toml
[INFO] crate crates.io crate system-configuration 0.5.0 already has a lockfile, it will not be regenerated
[INFO] running `Command { std: CARGO_HOME="/workspace/cargo-home" RUSTUP_HOME="/workspace/rustup-home" "/workspace/cargo-home/bin/cargo" "+1.69.0" "fetch" "--manifest-path" "Cargo.toml", kill_on_drop: false }`
[INFO] [stderr]  Downloading crates ...
[INFO] [stderr]   Downloaded system-configuration-sys v0.5.0
[INFO] running `Command { std: "docker" "create" "-v" "/var/lib/crater-agent-workspace/builds/worker-3-tc1/target:/opt/rustwide/target:rw,Z" "-v" "/var/lib/crater-agent-workspace/builds/worker-3-tc1/source:/opt/rustwide/workdir:ro,Z" "-v" "/var/lib/crater-agent-workspace/cargo-home:/opt/rustwide/cargo-home:ro,Z" "-v" "/var/lib/crater-agent-workspace/rustup-home:/opt/rustwide/rustup-home:ro,Z" "-e" "SOURCE_DIR=/opt/rustwide/workdir" "-e" "CARGO_TARGET_DIR=/opt/rustwide/target" "-e" "CARGO_HOME=/opt/rustwide/cargo-home" "-e" "RUSTUP_HOME=/opt/rustwide/rustup-home" "-w" "/opt/rustwide/workdir" "-m" "1610612736" "--user" "0:0" "--network" "none" "ghcr.io/rust-lang/crates-build-env/linux@sha256:5ff2268d62e97bff2cde7d5815dd6ed5b47097566f13b8d0ca110b04b60e07ed" "/opt/rustwide/cargo-home/bin/cargo" "+1.69.0" "metadata" "--no-deps" "--format-version=1", kill_on_drop: false }`
[INFO] [stdout] f49865553f159238e3112278b4fc014844172ed0ea68dd864e7153a93081bfe0
[INFO] running `Command { std: "docker" "start" "-a" "f49865553f159238e3112278b4fc014844172ed0ea68dd864e7153a93081bfe0", kill_on_drop: false }`
[INFO] running `Command { std: "docker" "inspect" "f49865553f159238e3112278b4fc014844172ed0ea68dd864e7153a93081bfe0", kill_on_drop: false }`
[INFO] running `Command { std: "docker" "rm" "-f" "f49865553f159238e3112278b4fc014844172ed0ea68dd864e7153a93081bfe0", kill_on_drop: false }`
[INFO] [stdout] f49865553f159238e3112278b4fc014844172ed0ea68dd864e7153a93081bfe0
[INFO] running `Command { std: "docker" "create" "-v" "/var/lib/crater-agent-workspace/builds/worker-3-tc1/target:/opt/rustwide/target:rw,Z" "-v" "/var/lib/crater-agent-workspace/builds/worker-3-tc1/source:/opt/rustwide/workdir:ro,Z" "-v" "/var/lib/crater-agent-workspace/cargo-home:/opt/rustwide/cargo-home:ro,Z" "-v" "/var/lib/crater-agent-workspace/rustup-home:/opt/rustwide/rustup-home:ro,Z" "-e" "SOURCE_DIR=/opt/rustwide/workdir" "-e" "CARGO_TARGET_DIR=/opt/rustwide/target" "-e" "CARGO_INCREMENTAL=0" "-e" "RUST_BACKTRACE=full" "-e" "RUSTFLAGS=--cap-lints=warn" "-e" "RUSTDOCFLAGS=--cap-lints=warn" "-e" "CARGO_HOME=/opt/rustwide/cargo-home" "-e" "RUSTUP_HOME=/opt/rustwide/rustup-home" "-w" "/opt/rustwide/workdir" "-m" "1610612736" "--user" "0:0" "--network" "none" "ghcr.io/rust-lang/crates-build-env/linux@sha256:5ff2268d62e97bff2cde7d5815dd6ed5b47097566f13b8d0ca110b04b60e07ed" "/opt/rustwide/cargo-home/bin/cargo" "+1.69.0" "build" "--frozen" "--message-format=json", kill_on_drop: false }`
[INFO] [stdout] dd833d4ef9b9f6202632c8f8b9316951ad0881c9fe9058459b271fd10ceea90f
[INFO] running `Command { std: "docker" "start" "-a" "dd833d4ef9b9f6202632c8f8b9316951ad0881c9fe9058459b271fd10ceea90f", kill_on_drop: false }`
[INFO] [stderr]    Compiling core-foundation-sys v0.8.3
[INFO] [stderr]    Compiling libc v0.2.112
[INFO] [stderr]    Compiling system-configuration-sys v0.5.0
[INFO] [stderr]    Compiling core-foundation v0.9.2
[INFO] [stderr]    Compiling system-configuration v0.5.0 (/opt/rustwide/workdir)
[INFO] [stdout] error[E0560]: struct `sockaddr_in` has no field named `sin_len`
[INFO] [stdout]    --> src/network_reachability.rs:331:13
[INFO] [stdout]     |
[INFO] [stdout] 331 |             sin_len: std::mem::size_of::<libc::sockaddr_in>() as u8,
[INFO] [stdout]     |             ^^^^^^^ `sockaddr_in` does not have this field
[INFO] [stdout]     |
[INFO] [stdout]     = note: available fields are: `sin_family`, `sin_port`, `sin_addr`, `sin_zero`
[INFO] [stdout] 
[INFO] [stdout] 
[INFO] [stdout] error[E0308]: mismatched types
[INFO] [stdout]    --> src/network_reachability.rs:332:25
[INFO] [stdout]     |
[INFO] [stdout] 332 |             sin_family: libc::AF_INET as u8,
[INFO] [stdout]     |                         ^^^^^^^^^^^^^^^^^^^ expected `u16`, found `u8`
[INFO] [stdout] 
[INFO] [stdout] 
[INFO] [stdout] error[E0308]: mismatched types
[INFO] [stdout]    --> src/network_reachability.rs:337:24
[INFO] [stdout]     |
[INFO] [stdout] 337 |             sin_zero: [0i8; 8],
[INFO] [stdout]     |                        ^^^ expected `u8`, found `i8`
[INFO] [stdout]     |
[INFO] [stdout] help: change the type of the numeric literal from `i8` to `u8`
[INFO] [stdout]     |
[INFO] [stdout] 337 |             sin_zero: [0u8; 8],
[INFO] [stdout]     |                         ~~
[INFO] [stdout] 
[INFO] [stdout] 
[INFO] [stdout] error[E0560]: struct `sockaddr_in6` has no field named `sin6_len`
[INFO] [stdout]    --> src/network_reachability.rs:340:13
[INFO] [stdout]     |
[INFO] [stdout] 340 |             sin6_len: std::mem::size_of::<libc::sockaddr_in6>() as u8,
[INFO] [stdout]     |             ^^^^^^^^ `sockaddr_in6` does not have this field
[INFO] [stdout]     |
[INFO] [stdout]     = note: available fields are: `sin6_family`, `sin6_port`, `sin6_flowinfo`, `sin6_addr`, `sin6_scope_id`
[INFO] [stdout] 
[INFO] [stdout] 
[INFO] [stdout] error[E0308]: mismatched types
[INFO] [stdout]    --> src/network_reachability.rs:341:26
[INFO] [stdout]     |
[INFO] [stdout] 341 |             sin6_family: libc::AF_INET6 as u8,
[INFO] [stdout]     |                          ^^^^^^^^^^^^^^^^^^^^ expected `u16`, found `u8`
[INFO] [stdout] 
[INFO] [stdout] 
[INFO] [stdout] error: aborting due to 5 previous errors
[INFO] [stdout] 
[INFO] [stdout] 
[INFO] [stdout] Some errors have detailed explanations: E0308, E0560.
[INFO] [stdout] 
[INFO] [stdout] For more information about an error, try `rustc --explain E0308`.
[INFO] [stdout] 
[INFO] [stderr] error: could not compile `system-configuration` due to 6 previous errors
[INFO] running `Command { std: "docker" "inspect" "dd833d4ef9b9f6202632c8f8b9316951ad0881c9fe9058459b271fd10ceea90f", kill_on_drop: false }`
[INFO] running `Command { std: "docker" "rm" "-f" "dd833d4ef9b9f6202632c8f8b9316951ad0881c9fe9058459b271fd10ceea90f", kill_on_drop: false }`
[INFO] [stdout] dd833d4ef9b9f6202632c8f8b9316951ad0881c9fe9058459b271fd10ceea90f
