[INFO] fetching crate sx127x_lora 0.3.1...
[INFO] testing sx127x_lora-0.3.1 against beta-2023-04-20 for beta-1.70-1
[INFO] extracting crate sx127x_lora 0.3.1 into /workspace/builds/worker-4-tc2/source
[INFO] validating manifest of crates.io crate sx127x_lora 0.3.1 on toolchain beta-2023-04-20
[INFO] running `Command { std: CARGO_HOME="/workspace/cargo-home" RUSTUP_HOME="/workspace/rustup-home" "/workspace/cargo-home/bin/cargo" "+beta-2023-04-20" "metadata" "--manifest-path" "Cargo.toml" "--no-deps", kill_on_drop: false }`
[INFO] started tweaking crates.io crate sx127x_lora 0.3.1
[INFO] finished tweaking crates.io crate sx127x_lora 0.3.1
[INFO] tweaked toml for crates.io crate sx127x_lora 0.3.1 written to /workspace/builds/worker-4-tc2/source/Cargo.toml
[INFO] crate crates.io crate sx127x_lora 0.3.1 already has a lockfile, it will not be regenerated
[INFO] running `Command { std: CARGO_HOME="/workspace/cargo-home" RUSTUP_HOME="/workspace/rustup-home" "/workspace/cargo-home/bin/cargo" "+beta-2023-04-20" "fetch" "--manifest-path" "Cargo.toml", kill_on_drop: false }`
[INFO] [stderr]  Downloading crates ...
[INFO] [stderr]   Downloaded bit_field v0.9.0
[INFO] running `Command { std: "docker" "create" "-v" "/var/lib/crater-agent-workspace/builds/worker-4-tc2/target:/opt/rustwide/target:rw,Z" "-v" "/var/lib/crater-agent-workspace/builds/worker-4-tc2/source:/opt/rustwide/workdir:ro,Z" "-v" "/var/lib/crater-agent-workspace/cargo-home:/opt/rustwide/cargo-home:ro,Z" "-v" "/var/lib/crater-agent-workspace/rustup-home:/opt/rustwide/rustup-home:ro,Z" "-e" "SOURCE_DIR=/opt/rustwide/workdir" "-e" "CARGO_TARGET_DIR=/opt/rustwide/target" "-e" "CARGO_HOME=/opt/rustwide/cargo-home" "-e" "RUSTUP_HOME=/opt/rustwide/rustup-home" "-w" "/opt/rustwide/workdir" "-m" "1610612736" "--user" "0:0" "--network" "none" "ghcr.io/rust-lang/crates-build-env/linux@sha256:5ff2268d62e97bff2cde7d5815dd6ed5b47097566f13b8d0ca110b04b60e07ed" "/opt/rustwide/cargo-home/bin/cargo" "+beta-2023-04-20" "metadata" "--no-deps" "--format-version=1", kill_on_drop: false }`
[INFO] [stdout] 15246f86ff37f54b8e44ad6adba4c1108d5516021918e79b77ef0a6fbef64402
[INFO] running `Command { std: "docker" "start" "-a" "15246f86ff37f54b8e44ad6adba4c1108d5516021918e79b77ef0a6fbef64402", kill_on_drop: false }`
[INFO] running `Command { std: "docker" "inspect" "15246f86ff37f54b8e44ad6adba4c1108d5516021918e79b77ef0a6fbef64402", kill_on_drop: false }`
[INFO] running `Command { std: "docker" "rm" "-f" "15246f86ff37f54b8e44ad6adba4c1108d5516021918e79b77ef0a6fbef64402", kill_on_drop: false }`
[INFO] [stdout] 15246f86ff37f54b8e44ad6adba4c1108d5516021918e79b77ef0a6fbef64402
[INFO] running `Command { std: "docker" "create" "-v" "/var/lib/crater-agent-workspace/builds/worker-4-tc2/target:/opt/rustwide/target:rw,Z" "-v" "/var/lib/crater-agent-workspace/builds/worker-4-tc2/source:/opt/rustwide/workdir:ro,Z" "-v" "/var/lib/crater-agent-workspace/cargo-home:/opt/rustwide/cargo-home:ro,Z" "-v" "/var/lib/crater-agent-workspace/rustup-home:/opt/rustwide/rustup-home:ro,Z" "-e" "SOURCE_DIR=/opt/rustwide/workdir" "-e" "CARGO_TARGET_DIR=/opt/rustwide/target" "-e" "CARGO_INCREMENTAL=0" "-e" "RUST_BACKTRACE=full" "-e" "RUSTFLAGS=--cap-lints=warn" "-e" "RUSTDOCFLAGS=--cap-lints=warn" "-e" "CARGO_HOME=/opt/rustwide/cargo-home" "-e" "RUSTUP_HOME=/opt/rustwide/rustup-home" "-w" "/opt/rustwide/workdir" "-m" "1610612736" "--user" "0:0" "--network" "none" "ghcr.io/rust-lang/crates-build-env/linux@sha256:5ff2268d62e97bff2cde7d5815dd6ed5b47097566f13b8d0ca110b04b60e07ed" "/opt/rustwide/cargo-home/bin/cargo" "+beta-2023-04-20" "build" "--frozen" "--message-format=json", kill_on_drop: false }`
[INFO] [stdout] d746c0b44cbb2dadd61efe379d23222379ac930a838b5a61e3c15b599bb74131
[INFO] running `Command { std: "docker" "start" "-a" "d746c0b44cbb2dadd61efe379d23222379ac930a838b5a61e3c15b599bb74131", kill_on_drop: false }`
[INFO] [stderr]    Compiling void v1.0.2
[INFO] [stderr]    Compiling nb v0.1.2
[INFO] [stderr]    Compiling bit_field v0.9.0
[INFO] [stderr]    Compiling embedded-hal v0.2.3
[INFO] [stderr]    Compiling sx127x_lora v0.3.1 (/opt/rustwide/workdir)
[INFO] [stderr]     Finished dev [unoptimized + debuginfo] target(s) in 0.38s
[INFO] running `Command { std: "docker" "inspect" "d746c0b44cbb2dadd61efe379d23222379ac930a838b5a61e3c15b599bb74131", kill_on_drop: false }`
[INFO] running `Command { std: "docker" "rm" "-f" "d746c0b44cbb2dadd61efe379d23222379ac930a838b5a61e3c15b599bb74131", kill_on_drop: false }`
[INFO] [stdout] d746c0b44cbb2dadd61efe379d23222379ac930a838b5a61e3c15b599bb74131
[INFO] running `Command { std: "docker" "create" "-v" "/var/lib/crater-agent-workspace/builds/worker-4-tc2/target:/opt/rustwide/target:rw,Z" "-v" "/var/lib/crater-agent-workspace/builds/worker-4-tc2/source:/opt/rustwide/workdir:ro,Z" "-v" "/var/lib/crater-agent-workspace/cargo-home:/opt/rustwide/cargo-home:ro,Z" "-v" "/var/lib/crater-agent-workspace/rustup-home:/opt/rustwide/rustup-home:ro,Z" "-e" "SOURCE_DIR=/opt/rustwide/workdir" "-e" "CARGO_TARGET_DIR=/opt/rustwide/target" "-e" "CARGO_INCREMENTAL=0" "-e" "RUST_BACKTRACE=full" "-e" "RUSTFLAGS=--cap-lints=warn" "-e" "RUSTDOCFLAGS=--cap-lints=warn" "-e" "CARGO_HOME=/opt/rustwide/cargo-home" "-e" "RUSTUP_HOME=/opt/rustwide/rustup-home" "-w" "/opt/rustwide/workdir" "-m" "1610612736" "--user" "0:0" "--network" "none" "ghcr.io/rust-lang/crates-build-env/linux@sha256:5ff2268d62e97bff2cde7d5815dd6ed5b47097566f13b8d0ca110b04b60e07ed" "/opt/rustwide/cargo-home/bin/cargo" "+beta-2023-04-20" "test" "--frozen" "--no-run" "--message-format=json", kill_on_drop: false }`
[INFO] [stdout] 4a41c7df87f2579a2f6e01ce4d7282005f25d149bd3059e39eff13726214da15
[INFO] running `Command { std: "docker" "start" "-a" "4a41c7df87f2579a2f6e01ce4d7282005f25d149bd3059e39eff13726214da15", kill_on_drop: false }`
[INFO] [stderr]    Compiling sx127x_lora v0.3.1 (/opt/rustwide/workdir)
[INFO] [stdout] error[E0463]: can't find crate for `stm32f429_hal`
[INFO] [stdout]  --> examples/stm32f4_receive.rs:5:1
[INFO] [stdout]   |
[INFO] [stdout] 5 | extern crate stm32f429_hal as hal;
[INFO] [stdout]   | ^^^^^^^^^^^^^^^^^^^^^^^^^^^^^^^^^^ can't find crate
[INFO] [stdout] 
[INFO] [stdout] 
[INFO] [stdout] error[E0463]: can't find crate for `cortex_m`
[INFO] [stdout]  --> examples/stm32f4_receive.rs:6:1
[INFO] [stdout]   |
[INFO] [stdout] 6 | extern crate cortex_m;
[INFO] [stdout]   | ^^^^^^^^^^^^^^^^^^^^^^ can't find crate
[INFO] [stdout] 
[INFO] [stdout] 
[INFO] [stdout] error[E0463]: can't find crate for `panic_semihosting`
[INFO] [stdout]  --> examples/stm32f4_receive.rs:7:1
[INFO] [stdout]   |
[INFO] [stdout] 7 | extern crate panic_semihosting;
[INFO] [stdout]   | ^^^^^^^^^^^^^^^^^^^^^^^^^^^^^^^ can't find crate
[INFO] [stdout] 
[INFO] [stdout] 
[INFO] [stdout] error[E0432]: unresolved import `cortex_m_semihosting`
[INFO] [stdout]   --> examples/stm32f4_receive.rs:10:5
[INFO] [stdout]    |
[INFO] [stdout] 10 | use cortex_m_semihosting::*;
[INFO] [stdout]    |     ^^^^^^^^^^^^^^^^^^^^ use of undeclared crate or module `cortex_m_semihosting`
[INFO] [stdout] 
[INFO] [stdout] 
[INFO] [stdout] error: cannot find attribute `entry` in this scope
[INFO] [stdout]   --> examples/stm32f4_receive.rs:20:3
[INFO] [stdout]    |
[INFO] [stdout] 20 | #[entry]
[INFO] [stdout]    |   ^^^^^
[INFO] [stdout] 
[INFO] [stdout] 
[INFO] [stdout] error: cannot find macro `hprintln` in this scope
[INFO] [stdout]   --> examples/stm32f4_receive.rs:60:17
[INFO] [stdout]    |
[INFO] [stdout] 60 |                 hprintln!("New Packet with size {} and RSSI: {}", size,lora.get_packet_rssi()).unwrap();
[INFO] [stdout]    |                 ^^^^^^^^
[INFO] [stdout] 
[INFO] [stdout] 
[INFO] [stdout] error: cannot find macro `hprint` in this scope
[INFO] [stdout]   --> examples/stm32f4_receive.rs:62:17
[INFO] [stdout]    |
[INFO] [stdout] 62 |                 hprint!("with Payload: ");
[INFO] [stdout]    |                 ^^^^^^
[INFO] [stdout] 
[INFO] [stdout] 
[INFO] [stdout] error: cannot find macro `hprint` in this scope
[INFO] [stdout]   --> examples/stm32f4_receive.rs:64:21
[INFO] [stdout]    |
[INFO] [stdout] 64 |                     hprint!("{}",buffer[i] as char).unwrap();
[INFO] [stdout]    |                     ^^^^^^
[INFO] [stdout] 
[INFO] [stdout] 
[INFO] [stdout] error: cannot find macro `hprintln` in this scope
[INFO] [stdout]   --> examples/stm32f4_receive.rs:66:17
[INFO] [stdout]    |
[INFO] [stdout] 66 |                 hprintln!();
[INFO] [stdout]    |                 ^^^^^^^^
[INFO] [stdout] 
[INFO] [stdout] 
[INFO] [stdout] error: cannot find macro `hprintln` in this scope
[INFO] [stdout]   --> examples/stm32f4_receive.rs:68:24
[INFO] [stdout]    |
[INFO] [stdout] 68 |             Err(()) => hprintln!("Timeout").unwrap(),
[INFO] [stdout]    |                        ^^^^^^^^
[INFO] [stdout] 
[INFO] [stdout] 
[INFO] [stdout] error[E0463]: can't find crate for `linux_embedded_hal`
[INFO] [stdout]  --> examples/pi_simple_send.rs:3:1
[INFO] [stdout]   |
[INFO] [stdout] 3 | extern crate linux_embedded_hal as hal;
[INFO] [stdout]   | ^^^^^^^^^^^^^^^^^^^^^^^^^^^^^^^^^^^^^^^ can't find crate
[INFO] [stdout] 
[INFO] [stdout] 
[INFO] [stdout] error[E0554]: `#![feature]` may not be used on the beta release channel
[INFO] [stdout]  --> examples/pi_simple_send.rs:1:1
[INFO] [stdout]   |
[INFO] [stdout] 1 | #![feature(extern_crate_item_prelude)]
[INFO] [stdout]   | ^^^^^^^^^^^^^^^^^^^^^^^^^^^^^^^^^^^^^^ help: remove the attribute
[INFO] [stdout]   |
[INFO] [stdout]   = help: the feature `extern_crate_item_prelude` has been stable since `1.31.0` and no longer requires an attribute to enable
[INFO] [stdout] 
[INFO] [stdout] 
[INFO] [stdout] warning: the feature `extern_crate_item_prelude` has been stable since 1.31.0 and no longer requires an attribute to enable
[INFO] [stdout]  --> examples/pi_simple_send.rs:1:12
[INFO] [stdout]   |
[INFO] [stdout] 1 | #![feature(extern_crate_item_prelude)]
[INFO] [stdout]   |            ^^^^^^^^^^^^^^^^^^^^^^^^^
[INFO] [stdout]   |
[INFO] [stdout]   = note: `#[warn(stable_features)]` on by default
[INFO] [stdout] 
[INFO] [stdout] 
[INFO] [stdout] error: `#[panic_handler]` function required, but not found
[INFO] [stdout] 
[INFO] [stdout] 
[INFO] [stdout] error: language item required, but not found: `eh_personality`
[INFO] [stdout]   |
[INFO] [stdout]   = note: this can occur when a binary crate with `#![no_std]` is compiled for a target where `eh_personality` is defined in the standard library
[INFO] [stdout]   = help: you may be able to compile for a target that doesn't need `eh_personality`, specify a target with `--target` or in `.cargo/config`
[INFO] [stdout] 
[INFO] [stdout] 
[INFO] [stdout] error: aborting due to 12 previous errors
[INFO] [stdout] 
[INFO] [stdout] 
[INFO] [stdout] Some errors have detailed explanations: E0432, E0463.
[INFO] [stdout] 
[INFO] [stdout] For more information about an error, try `rustc --explain E0432`.
[INFO] [stdout] 
[INFO] [stderr] error: could not compile `sx127x_lora` (example "stm32f4_receive") due to 13 previous errors
[INFO] [stderr] warning: build failed, waiting for other jobs to finish...
[INFO] [stdout] error: aborting due to 2 previous errors; 1 warning emitted
[INFO] [stdout] 
[INFO] [stdout] 
[INFO] [stdout] Some errors have detailed explanations: E0463, E0554.
[INFO] [stdout] 
[INFO] [stdout] For more information about an error, try `rustc --explain E0463`.
[INFO] [stdout] 
[INFO] [stderr] error: could not compile `sx127x_lora` (example "pi_simple_send") due to 3 previous errors; 1 warning emitted
[INFO] running `Command { std: "docker" "inspect" "4a41c7df87f2579a2f6e01ce4d7282005f25d149bd3059e39eff13726214da15", kill_on_drop: false }`
[INFO] running `Command { std: "docker" "rm" "-f" "4a41c7df87f2579a2f6e01ce4d7282005f25d149bd3059e39eff13726214da15", kill_on_drop: false }`
[INFO] [stdout] 4a41c7df87f2579a2f6e01ce4d7282005f25d149bd3059e39eff13726214da15
