[INFO] fetching crate superlu-sys 0.3.2...
[INFO] testing superlu-sys-0.3.2 against beta-2023-04-20 for beta-1.70-1
[INFO] extracting crate superlu-sys 0.3.2 into /workspace/builds/worker-3-tc2/source
[INFO] validating manifest of crates.io crate superlu-sys 0.3.2 on toolchain beta-2023-04-20
[INFO] running `Command { std: CARGO_HOME="/workspace/cargo-home" RUSTUP_HOME="/workspace/rustup-home" "/workspace/cargo-home/bin/cargo" "+beta-2023-04-20" "metadata" "--manifest-path" "Cargo.toml" "--no-deps", kill_on_drop: false }`
[INFO] started tweaking crates.io crate superlu-sys 0.3.2
[INFO] finished tweaking crates.io crate superlu-sys 0.3.2
[INFO] tweaked toml for crates.io crate superlu-sys 0.3.2 written to /workspace/builds/worker-3-tc2/source/Cargo.toml
[INFO] running `Command { std: CARGO_HOME="/workspace/cargo-home" RUSTUP_HOME="/workspace/rustup-home" __CARGO_TEST_CHANNEL_OVERRIDE_DO_NOT_USE_THIS="nightly" "/workspace/cargo-home/bin/cargo" "+beta-2023-04-20" "generate-lockfile" "--manifest-path" "Cargo.toml" "-Zno-index-update", kill_on_drop: false }`
[INFO] running `Command { std: CARGO_HOME="/workspace/cargo-home" RUSTUP_HOME="/workspace/rustup-home" "/workspace/cargo-home/bin/cargo" "+beta-2023-04-20" "fetch" "--manifest-path" "Cargo.toml", kill_on_drop: false }`
[INFO] [stderr]  Downloading crates ...
[INFO] [stderr]   Downloaded openblas-src v0.5.6
[INFO] running `Command { std: "docker" "create" "-v" "/var/lib/crater-agent-workspace/builds/worker-3-tc2/target:/opt/rustwide/target:rw,Z" "-v" "/var/lib/crater-agent-workspace/builds/worker-3-tc2/source:/opt/rustwide/workdir:ro,Z" "-v" "/var/lib/crater-agent-workspace/cargo-home:/opt/rustwide/cargo-home:ro,Z" "-v" "/var/lib/crater-agent-workspace/rustup-home:/opt/rustwide/rustup-home:ro,Z" "-e" "SOURCE_DIR=/opt/rustwide/workdir" "-e" "CARGO_TARGET_DIR=/opt/rustwide/target" "-e" "CARGO_HOME=/opt/rustwide/cargo-home" "-e" "RUSTUP_HOME=/opt/rustwide/rustup-home" "-w" "/opt/rustwide/workdir" "-m" "1610612736" "--user" "0:0" "--network" "none" "ghcr.io/rust-lang/crates-build-env/linux@sha256:5ff2268d62e97bff2cde7d5815dd6ed5b47097566f13b8d0ca110b04b60e07ed" "/opt/rustwide/cargo-home/bin/cargo" "+beta-2023-04-20" "metadata" "--no-deps" "--format-version=1", kill_on_drop: false }`
[INFO] [stdout] c4758c2fcd85dfcefaa390ebf3f65b3e964701671453ddf5856190b840329674
[INFO] running `Command { std: "docker" "start" "-a" "c4758c2fcd85dfcefaa390ebf3f65b3e964701671453ddf5856190b840329674", kill_on_drop: false }`
[INFO] running `Command { std: "docker" "inspect" "c4758c2fcd85dfcefaa390ebf3f65b3e964701671453ddf5856190b840329674", kill_on_drop: false }`
[INFO] running `Command { std: "docker" "rm" "-f" "c4758c2fcd85dfcefaa390ebf3f65b3e964701671453ddf5856190b840329674", kill_on_drop: false }`
[INFO] [stdout] c4758c2fcd85dfcefaa390ebf3f65b3e964701671453ddf5856190b840329674
[INFO] running `Command { std: "docker" "create" "-v" "/var/lib/crater-agent-workspace/builds/worker-3-tc2/target:/opt/rustwide/target:rw,Z" "-v" "/var/lib/crater-agent-workspace/builds/worker-3-tc2/source:/opt/rustwide/workdir:ro,Z" "-v" "/var/lib/crater-agent-workspace/cargo-home:/opt/rustwide/cargo-home:ro,Z" "-v" "/var/lib/crater-agent-workspace/rustup-home:/opt/rustwide/rustup-home:ro,Z" "-e" "SOURCE_DIR=/opt/rustwide/workdir" "-e" "CARGO_TARGET_DIR=/opt/rustwide/target" "-e" "CARGO_INCREMENTAL=0" "-e" "RUST_BACKTRACE=full" "-e" "RUSTFLAGS=--cap-lints=warn" "-e" "RUSTDOCFLAGS=--cap-lints=warn" "-e" "CARGO_HOME=/opt/rustwide/cargo-home" "-e" "RUSTUP_HOME=/opt/rustwide/rustup-home" "-w" "/opt/rustwide/workdir" "-m" "1610612736" "--user" "0:0" "--network" "none" "ghcr.io/rust-lang/crates-build-env/linux@sha256:5ff2268d62e97bff2cde7d5815dd6ed5b47097566f13b8d0ca110b04b60e07ed" "/opt/rustwide/cargo-home/bin/cargo" "+beta-2023-04-20" "build" "--frozen" "--message-format=json", kill_on_drop: false }`
[INFO] [stdout] 741993aea5defc10886623c40283adf8ba801f264a99ef914923cb87e190144f
[INFO] running `Command { std: "docker" "start" "-a" "741993aea5defc10886623c40283adf8ba801f264a99ef914923cb87e190144f", kill_on_drop: false }`
[INFO] [stderr]    Compiling openblas-src v0.5.6
[INFO] [stderr]    Compiling libc v0.2.142
[INFO] [stderr]    Compiling superlu-sys v0.3.2 (/opt/rustwide/workdir)
[INFO] [stdout] warning: use of deprecated macro `try`: use the `?` operator instead
[INFO] [stdout]   --> build.rs:60:18
[INFO] [stdout]    |
[INFO] [stdout] 60 |     for entry in try!(fs::read_dir(source)) {
[INFO] [stdout]    |                  ^^^
[INFO] [stdout]    |
[INFO] [stdout]    = note: `#[warn(deprecated)]` on by default
[INFO] [stdout] 
[INFO] [stdout] 
[INFO] [stdout] warning: use of deprecated macro `try`: use the `?` operator instead
[INFO] [stdout]   --> build.rs:61:20
[INFO] [stdout]    |
[INFO] [stdout] 61 |         let path = try!(entry).path();
[INFO] [stdout]    |                    ^^^
[INFO] [stdout] 
[INFO] [stdout] 
[INFO] [stdout] warning: use of deprecated macro `try`: use the `?` operator instead
[INFO] [stdout]   --> build.rs:68:21
[INFO] [stdout]    |
[INFO] [stdout] 68 |                     try!(fs::copy(&path, destination.join(name)));
[INFO] [stdout]    |                     ^^^
[INFO] [stdout] 
[INFO] [stdout] 
[INFO] [stdout] warning: 3 warnings emitted
[INFO] [stdout] 
[INFO] [stdout] 
[INFO] [stderr] error: failed to run custom build command for `openblas-src v0.5.6`
[INFO] [stderr] note: To improve backtraces for build dependencies, set the CARGO_PROFILE_DEV_BUILD_OVERRIDE_DEBUG=true environment variable to enable debug information generation.
[INFO] [stderr] 
[INFO] [stderr] Caused by:
[INFO] [stderr]   process didn't exit successfully: `/opt/rustwide/target/debug/build/openblas-src-29376a11819cc2d1/build-script-build` (exit status: 101)
[INFO] [stderr]   --- stdout
[INFO] [stderr]   Running: `cd "source" && "make" "libs" "netlib" "shared" "BINARY=64" "YES_CBLAS=1" "YES_LAPACKE=1" "-j16"`
[INFO] [stderr] 
[INFO] [stderr]   --- stderr
[INFO] [stderr]   /usr/bin/ld: cannot open output file getarch: Read-only file system
[INFO] [stderr]   collect2: error: ld returned 1 exit status
[INFO] [stderr]   make: *** [Makefile.prebuild:54: getarch] Error 1
[INFO] [stderr]   Makefile.system:958: Makefile.: No such file or directory
[INFO] [stderr]   make: *** No rule to make target 'Makefile.'.  Stop.
[INFO] [stderr]   thread 'main' panicked at 'Failed: `cd "source" && "make" "libs" "netlib" "shared" "BINARY=64" "YES_CBLAS=1" "YES_LAPACKE=1" "-j16"` (exit status: 2)', /opt/rustwide/cargo-home/registry/src/index.crates.io-6f17d22bba15001f/openblas-src-0.5.6/build.rs:50:13
[INFO] [stderr]   stack backtrace:
[INFO] [stderr]      0:     0x56485cb9ffba - std::backtrace_rs::backtrace::libunwind::trace::h2f05d0192276a8f6
[INFO] [stderr]                                  at /rustc/1b7dd2252b99671ce5d1cb9664c5f8636329436d/library/std/src/../../backtrace/src/backtrace/libunwind.rs:93:5
[INFO] [stderr]      1:     0x56485cb9ffba - std::backtrace_rs::backtrace::trace_unsynchronized::hedc23dff7a1af150
[INFO] [stderr]                                  at /rustc/1b7dd2252b99671ce5d1cb9664c5f8636329436d/library/std/src/../../backtrace/src/backtrace/mod.rs:66:5
[INFO] [stderr]      2:     0x56485cb9ffba - std::sys_common::backtrace::_print_fmt::h17541ef7592f3ce2
[INFO] [stderr]                                  at /rustc/1b7dd2252b99671ce5d1cb9664c5f8636329436d/library/std/src/sys_common/backtrace.rs:65:5
[INFO] [stderr]      3:     0x56485cb9ffba - <std::sys_common::backtrace::_print::DisplayBacktrace as core::fmt::Display>::fmt::h20f75df5ab0c0792
[INFO] [stderr]                                  at /rustc/1b7dd2252b99671ce5d1cb9664c5f8636329436d/library/std/src/sys_common/backtrace.rs:44:22
[INFO] [stderr]      4:     0x56485cbbe64f - core::fmt::write::h78109e6f466b3af6
[INFO] [stderr]                                  at /rustc/1b7dd2252b99671ce5d1cb9664c5f8636329436d/library/core/src/fmt/mod.rs:1254:17
[INFO] [stderr]      5:     0x56485cb9da95 - std::io::Write::write_fmt::hc59e1b02dd273c8a
[INFO] [stderr]                                  at /rustc/1b7dd2252b99671ce5d1cb9664c5f8636329436d/library/std/src/io/mod.rs:1698:15
[INFO] [stderr]      6:     0x56485cb9fd85 - std::sys_common::backtrace::_print::h8dac57a9f8fbf9a5
[INFO] [stderr]                                  at /rustc/1b7dd2252b99671ce5d1cb9664c5f8636329436d/library/std/src/sys_common/backtrace.rs:47:5
[INFO] [stderr]      7:     0x56485cb9fd85 - std::sys_common::backtrace::print::hf9ecbf41d1aa712f
[INFO] [stderr]                                  at /rustc/1b7dd2252b99671ce5d1cb9664c5f8636329436d/library/std/src/sys_common/backtrace.rs:34:9
[INFO] [stderr]      8:     0x56485cba138e - std::panicking::default_hook::{{closure}}::h04c07acfc84ca028
[INFO] [stderr]                                  at /rustc/1b7dd2252b99671ce5d1cb9664c5f8636329436d/library/std/src/panicking.rs:269:22
[INFO] [stderr]      9:     0x56485cba1135 - std::panicking::default_hook::h01f6bb23e1eceb2c
[INFO] [stderr]                                  at /rustc/1b7dd2252b99671ce5d1cb9664c5f8636329436d/library/std/src/panicking.rs:288:9
[INFO] [stderr]     10:     0x56485cba18ee - std::panicking::rust_panic_with_hook::h2bb3722bbaf2f6df
[INFO] [stderr]                                  at /rustc/1b7dd2252b99671ce5d1cb9664c5f8636329436d/library/std/src/panicking.rs:691:13
[INFO] [stderr]     11:     0x56485cba17e9 - std::panicking::begin_panic_handler::{{closure}}::h91bc7f36a4be011b
[INFO] [stderr]                                  at /rustc/1b7dd2252b99671ce5d1cb9664c5f8636329436d/library/std/src/panicking.rs:582:13
[INFO] [stderr]     12:     0x56485cba0426 - std::sys_common::backtrace::__rust_end_short_backtrace::h8b3d3717114f9e59
[INFO] [stderr]                                  at /rustc/1b7dd2252b99671ce5d1cb9664c5f8636329436d/library/std/src/sys_common/backtrace.rs:150:18
[INFO] [stderr]     13:     0x56485cba1542 - rust_begin_unwind
[INFO] [stderr]                                  at /rustc/1b7dd2252b99671ce5d1cb9664c5f8636329436d/library/std/src/panicking.rs:578:5
[INFO] [stderr]     14:     0x56485cb7b583 - core::panicking::panic_fmt::hfd368e3fbdabea26
[INFO] [stderr]                                  at /rustc/1b7dd2252b99671ce5d1cb9664c5f8636329436d/library/core/src/panicking.rs:67:14
[INFO] [stderr]     15:     0x56485cb7ecb2 - build_script_build::run::h3a5e9c96e5d9a409
[INFO] [stderr]     16:     0x56485cb7e762 - build_script_build::main::h195d80a94d88053f
[INFO] [stderr]     17:     0x56485cb7f313 - core::ops::function::FnOnce::call_once::hc949df5942466652
[INFO] [stderr]     18:     0x56485cb7daa6 - std::sys_common::backtrace::__rust_begin_short_backtrace::h656523b901dc6df6
[INFO] [stderr]     19:     0x56485cb7daf9 - std::rt::lang_start::{{closure}}::h8a6fa8c10dc20aae
[INFO] [stderr]     20:     0x56485cb9afbe - core::ops::function::impls::<impl core::ops::function::FnOnce<A> for &F>::call_once::h2eb19b8ce4148df4
[INFO] [stderr]                                  at /rustc/1b7dd2252b99671ce5d1cb9664c5f8636329436d/library/core/src/ops/function.rs:287:13
[INFO] [stderr]     21:     0x56485cb9afbe - std::panicking::try::do_call::h2e900feff5d504c5
[INFO] [stderr]                                  at /rustc/1b7dd2252b99671ce5d1cb9664c5f8636329436d/library/std/src/panicking.rs:485:40
[INFO] [stderr]     22:     0x56485cb9afbe - std::panicking::try::h8854836cb85aa9f2
[INFO] [stderr]                                  at /rustc/1b7dd2252b99671ce5d1cb9664c5f8636329436d/library/std/src/panicking.rs:449:19
[INFO] [stderr]     23:     0x56485cb9afbe - std::panic::catch_unwind::h706025dd4c48f64b
[INFO] [stderr]                                  at /rustc/1b7dd2252b99671ce5d1cb9664c5f8636329436d/library/std/src/panic.rs:140:14
[INFO] [stderr]     24:     0x56485cb9afbe - std::rt::lang_start_internal::{{closure}}::h7be5b97f4a07a91a
[INFO] [stderr]                                  at /rustc/1b7dd2252b99671ce5d1cb9664c5f8636329436d/library/std/src/rt.rs:148:48
[INFO] [stderr]     25:     0x56485cb9afbe - std::panicking::try::do_call::h59847e9d0a176965
[INFO] [stderr]                                  at /rustc/1b7dd2252b99671ce5d1cb9664c5f8636329436d/library/std/src/panicking.rs:485:40
[INFO] [stderr]     26:     0x56485cb9afbe - std::panicking::try::h399a918ba8522823
[INFO] [stderr]                                  at /rustc/1b7dd2252b99671ce5d1cb9664c5f8636329436d/library/std/src/panicking.rs:449:19
[INFO] [stderr]     27:     0x56485cb9afbe - std::panic::catch_unwind::hca7ca6c55b2a2e26
[INFO] [stderr]                                  at /rustc/1b7dd2252b99671ce5d1cb9664c5f8636329436d/library/std/src/panic.rs:140:14
[INFO] [stderr]     28:     0x56485cb9afbe - std::rt::lang_start_internal::h2c807a81560459eb
[INFO] [stderr]                                  at /rustc/1b7dd2252b99671ce5d1cb9664c5f8636329436d/library/std/src/rt.rs:148:20
[INFO] [stderr]     29:     0x56485cb7dad7 - std::rt::lang_start::hc1d907ba4c88bec6
[INFO] [stderr]     30:     0x56485cb7ecd5 - main
[INFO] [stderr]     31:     0x7f374859ed90 - <unknown>
[INFO] [stderr]     32:     0x7f374859ee40 - __libc_start_main
[INFO] [stderr]     33:     0x56485cb7bab5 - _start
[INFO] [stderr]     34:                0x0 - <unknown>
[INFO] [stderr] warning: build failed, waiting for other jobs to finish...
[INFO] running `Command { std: "docker" "inspect" "741993aea5defc10886623c40283adf8ba801f264a99ef914923cb87e190144f", kill_on_drop: false }`
[INFO] running `Command { std: "docker" "rm" "-f" "741993aea5defc10886623c40283adf8ba801f264a99ef914923cb87e190144f", kill_on_drop: false }`
[INFO] [stdout] 741993aea5defc10886623c40283adf8ba801f264a99ef914923cb87e190144f
