[INFO] fetching crate sunset-sshwire-derive 0.1.0...
[INFO] testing sunset-sshwire-derive-0.1.0 against 1.69.0 for beta-1.70-1
[INFO] extracting crate sunset-sshwire-derive 0.1.0 into /workspace/builds/worker-3-tc1/source
[INFO] validating manifest of crates.io crate sunset-sshwire-derive 0.1.0 on toolchain 1.69.0
[INFO] running `Command { std: CARGO_HOME="/workspace/cargo-home" RUSTUP_HOME="/workspace/rustup-home" "/workspace/cargo-home/bin/cargo" "+1.69.0" "metadata" "--manifest-path" "Cargo.toml" "--no-deps", kill_on_drop: false }`
[INFO] started tweaking crates.io crate sunset-sshwire-derive 0.1.0
[INFO] finished tweaking crates.io crate sunset-sshwire-derive 0.1.0
[INFO] tweaked toml for crates.io crate sunset-sshwire-derive 0.1.0 written to /workspace/builds/worker-3-tc1/source/Cargo.toml
[INFO] running `Command { std: CARGO_HOME="/workspace/cargo-home" RUSTUP_HOME="/workspace/rustup-home" __CARGO_TEST_CHANNEL_OVERRIDE_DO_NOT_USE_THIS="nightly" "/workspace/cargo-home/bin/cargo" "+1.69.0" "generate-lockfile" "--manifest-path" "Cargo.toml" "-Zno-index-update", kill_on_drop: false }`
[INFO] running `Command { std: CARGO_HOME="/workspace/cargo-home" RUSTUP_HOME="/workspace/rustup-home" "/workspace/cargo-home/bin/cargo" "+1.69.0" "fetch" "--manifest-path" "Cargo.toml", kill_on_drop: false }`
[INFO] running `Command { std: "docker" "create" "-v" "/var/lib/crater-agent-workspace/builds/worker-3-tc1/target:/opt/rustwide/target:rw,Z" "-v" "/var/lib/crater-agent-workspace/builds/worker-3-tc1/source:/opt/rustwide/workdir:ro,Z" "-v" "/var/lib/crater-agent-workspace/cargo-home:/opt/rustwide/cargo-home:ro,Z" "-v" "/var/lib/crater-agent-workspace/rustup-home:/opt/rustwide/rustup-home:ro,Z" "-e" "SOURCE_DIR=/opt/rustwide/workdir" "-e" "CARGO_TARGET_DIR=/opt/rustwide/target" "-e" "CARGO_HOME=/opt/rustwide/cargo-home" "-e" "RUSTUP_HOME=/opt/rustwide/rustup-home" "-w" "/opt/rustwide/workdir" "-m" "1610612736" "--user" "0:0" "--network" "none" "ghcr.io/rust-lang/crates-build-env/linux@sha256:5ff2268d62e97bff2cde7d5815dd6ed5b47097566f13b8d0ca110b04b60e07ed" "/opt/rustwide/cargo-home/bin/cargo" "+1.69.0" "metadata" "--no-deps" "--format-version=1", kill_on_drop: false }`
[INFO] [stdout] b7e9bf4a8a8667a6ea4386075e2936237e06a911cddc08798ca9c93381d49c76
[INFO] running `Command { std: "docker" "start" "-a" "b7e9bf4a8a8667a6ea4386075e2936237e06a911cddc08798ca9c93381d49c76", kill_on_drop: false }`
[INFO] running `Command { std: "docker" "inspect" "b7e9bf4a8a8667a6ea4386075e2936237e06a911cddc08798ca9c93381d49c76", kill_on_drop: false }`
[INFO] running `Command { std: "docker" "rm" "-f" "b7e9bf4a8a8667a6ea4386075e2936237e06a911cddc08798ca9c93381d49c76", kill_on_drop: false }`
[INFO] [stdout] b7e9bf4a8a8667a6ea4386075e2936237e06a911cddc08798ca9c93381d49c76
[INFO] running `Command { std: "docker" "create" "-v" "/var/lib/crater-agent-workspace/builds/worker-3-tc1/target:/opt/rustwide/target:rw,Z" "-v" "/var/lib/crater-agent-workspace/builds/worker-3-tc1/source:/opt/rustwide/workdir:ro,Z" "-v" "/var/lib/crater-agent-workspace/cargo-home:/opt/rustwide/cargo-home:ro,Z" "-v" "/var/lib/crater-agent-workspace/rustup-home:/opt/rustwide/rustup-home:ro,Z" "-e" "SOURCE_DIR=/opt/rustwide/workdir" "-e" "CARGO_TARGET_DIR=/opt/rustwide/target" "-e" "CARGO_INCREMENTAL=0" "-e" "RUST_BACKTRACE=full" "-e" "RUSTFLAGS=--cap-lints=warn" "-e" "RUSTDOCFLAGS=--cap-lints=warn" "-e" "CARGO_HOME=/opt/rustwide/cargo-home" "-e" "RUSTUP_HOME=/opt/rustwide/rustup-home" "-w" "/opt/rustwide/workdir" "-m" "1610612736" "--user" "0:0" "--network" "none" "ghcr.io/rust-lang/crates-build-env/linux@sha256:5ff2268d62e97bff2cde7d5815dd6ed5b47097566f13b8d0ca110b04b60e07ed" "/opt/rustwide/cargo-home/bin/cargo" "+1.69.0" "build" "--frozen" "--message-format=json", kill_on_drop: false }`
[INFO] [stdout] 87898ea053173cd06765b202baa57a24a03d1c8f1ccb433101b091bfaf9a9ecc
[INFO] running `Command { std: "docker" "start" "-a" "87898ea053173cd06765b202baa57a24a03d1c8f1ccb433101b091bfaf9a9ecc", kill_on_drop: false }`
[INFO] [stderr]    Compiling virtue v0.0.13
[INFO] [stderr]    Compiling sunset-sshwire-derive v0.1.0 (/opt/rustwide/workdir)
[INFO] [stdout] error[E0061]: this method takes 2 arguments but 1 argument was supplied
[INFO] [stdout]   --> src/lib.rs:41:13
[INFO] [stdout]    |
[INFO] [stdout] 41 |         gen.export_to_file("SSHEncode");
[INFO] [stdout]    |             ^^^^^^^^^^^^^^------------- an argument of type `&str` is missing
[INFO] [stdout]    |
[INFO] [stdout] note: method defined here
[INFO] [stdout]   --> /opt/rustwide/cargo-home/registry/src/github.com-1ecc6299db9ec823/virtue-0.0.13/src/generate/generator.rs:98:12
[INFO] [stdout]    |
[INFO] [stdout] 98 |     pub fn export_to_file(&self, crate_name: &str, file_postfix: &str) -> bool {
[INFO] [stdout]    |            ^^^^^^^^^^^^^^
[INFO] [stdout] help: provide the argument
[INFO] [stdout]    |
[INFO] [stdout] 41 |         gen.export_to_file("SSHEncode", /* &str */);
[INFO] [stdout]    |                           ~~~~~~~~~~~~~~~~~~~~~~~~~
[INFO] [stdout] 
[INFO] [stdout] 
[INFO] [stdout] error[E0061]: this method takes 2 arguments but 1 argument was supplied
[INFO] [stdout]   --> src/lib.rs:59:13
[INFO] [stdout]    |
[INFO] [stdout] 59 |         gen.export_to_file("SSHDecode");
[INFO] [stdout]    |             ^^^^^^^^^^^^^^------------- an argument of type `&str` is missing
[INFO] [stdout]    |
[INFO] [stdout] note: method defined here
[INFO] [stdout]   --> /opt/rustwide/cargo-home/registry/src/github.com-1ecc6299db9ec823/virtue-0.0.13/src/generate/generator.rs:98:12
[INFO] [stdout]    |
[INFO] [stdout] 98 |     pub fn export_to_file(&self, crate_name: &str, file_postfix: &str) -> bool {
[INFO] [stdout]    |            ^^^^^^^^^^^^^^
[INFO] [stdout] help: provide the argument
[INFO] [stdout]    |
[INFO] [stdout] 59 |         gen.export_to_file("SSHDecode", /* &str */);
[INFO] [stdout]    |                           ~~~~~~~~~~~~~~~~~~~~~~~~~
[INFO] [stdout] 
[INFO] [stdout] 
[INFO] [stdout] error[E0308]: mismatched types
[INFO] [stdout]    --> src/lib.rs:219:17
[INFO] [stdout]     |
[INFO] [stdout] 218 |             match &body.fields {
[INFO] [stdout]     |                   ------------ this expression has type `&Option<virtue::parse::Fields>`
[INFO] [stdout] 219 |                 Fields::Tuple(v) => {
[INFO] [stdout]     |                 ^^^^^^^^^^^^^^^^ expected `Option<Fields>`, found `Fields`
[INFO] [stdout]     |
[INFO] [stdout]     = note: expected enum `Option<virtue::parse::Fields>`
[INFO] [stdout]                found enum `virtue::parse::Fields`
[INFO] [stdout] 
[INFO] [stdout] 
[INFO] [stdout] error[E0308]: mismatched types
[INFO] [stdout]    --> src/lib.rs:228:17
[INFO] [stdout]     |
[INFO] [stdout] 218 |             match &body.fields {
[INFO] [stdout]     |                   ------------ this expression has type `&Option<virtue::parse::Fields>`
[INFO] [stdout] ...
[INFO] [stdout] 228 |                 Fields::Struct(v) => {
[INFO] [stdout]     |                 ^^^^^^^^^^^^^^^^^ expected `Option<Fields>`, found `Fields`
[INFO] [stdout]     |
[INFO] [stdout]     = note: expected enum `Option<virtue::parse::Fields>`
[INFO] [stdout]                found enum `virtue::parse::Fields`
[INFO] [stdout] 
[INFO] [stdout] 
[INFO] [stdout] error[E0599]: no variant or associated item named `Unit` found for enum `virtue::parse::Fields` in the current scope
[INFO] [stdout]    --> src/lib.rs:286:33
[INFO] [stdout]     |
[INFO] [stdout] 286 |                         Fields::Unit => {
[INFO] [stdout]     |                                 ^^^^ variant or associated item not found in `Fields`
[INFO] [stdout] 
[INFO] [stdout] 
[INFO] [stdout] error[E0308]: mismatched types
[INFO] [stdout]    --> src/lib.rs:289:25
[INFO] [stdout]     |
[INFO] [stdout] 285 |                     match var.fields {
[INFO] [stdout]     |                           ---------- this expression has type `Option<virtue::parse::Fields>`
[INFO] [stdout] ...
[INFO] [stdout] 289 |                         Fields::Tuple(ref f) if f.len() == 1 => {
[INFO] [stdout]     |                         ^^^^^^^^^^^^^^^^^^^^ expected `Option<Fields>`, found `Fields`
[INFO] [stdout]     |
[INFO] [stdout]     = note: expected enum `Option<virtue::parse::Fields>`
[INFO] [stdout]                found enum `virtue::parse::Fields`
[INFO] [stdout] help: try wrapping the pattern in `Some`
[INFO] [stdout]     |
[INFO] [stdout] 289 |                         Some(Fields::Tuple(ref f)) if f.len() == 1 => {
[INFO] [stdout]     |                         +++++                    +
[INFO] [stdout] 
[INFO] [stdout] 
[INFO] [stdout] error[E0599]: no variant or associated item named `Unit` found for enum `virtue::parse::Fields` in the current scope
[INFO] [stdout]    --> src/lib.rs:362:33
[INFO] [stdout]     |
[INFO] [stdout] 362 |                         Fields::Unit => {
[INFO] [stdout]     |                                 ^^^^ variant or associated item not found in `Fields`
[INFO] [stdout] 
[INFO] [stdout] 
[INFO] [stdout] error[E0308]: mismatched types
[INFO] [stdout]    --> src/lib.rs:365:25
[INFO] [stdout]     |
[INFO] [stdout] 361 |                     match var.fields {
[INFO] [stdout]     |                           ---------- this expression has type `Option<virtue::parse::Fields>`
[INFO] [stdout] ...
[INFO] [stdout] 365 |                         Fields::Tuple(ref f) if f.len() == 1 => {
[INFO] [stdout]     |                         ^^^^^^^^^^^^^^^^^^^^ expected `Option<Fields>`, found `Fields`
[INFO] [stdout]     |
[INFO] [stdout]     = note: expected enum `Option<virtue::parse::Fields>`
[INFO] [stdout]                found enum `virtue::parse::Fields`
[INFO] [stdout] help: try wrapping the pattern in `Some`
[INFO] [stdout]     |
[INFO] [stdout] 365 |                         Some(Fields::Tuple(ref f)) if f.len() == 1 => {
[INFO] [stdout]     |                         +++++                    +
[INFO] [stdout] 
[INFO] [stdout] 
[INFO] [stdout] error[E0308]: mismatched types
[INFO] [stdout]    --> src/lib.rs:399:20
[INFO] [stdout]     |
[INFO] [stdout] 399 |             if let Fields::Struct(v) = &body.fields {
[INFO] [stdout]     |                    ^^^^^^^^^^^^^^^^^   ------------ this expression has type `&Option<virtue::parse::Fields>`
[INFO] [stdout]     |                    |
[INFO] [stdout]     |                    expected `Option<Fields>`, found `Fields`
[INFO] [stdout]     |
[INFO] [stdout]     = note: expected enum `Option<virtue::parse::Fields>`
[INFO] [stdout]                found enum `virtue::parse::Fields`
[INFO] [stdout] 
[INFO] [stdout] 
[INFO] [stdout] error[E0308]: mismatched types
[INFO] [stdout]    --> src/lib.rs:420:21
[INFO] [stdout]     |
[INFO] [stdout] 419 |                 match &body.fields {
[INFO] [stdout]     |                       ------------ this expression has type `&Option<virtue::parse::Fields>`
[INFO] [stdout] 420 |                     Fields::Tuple(_) => {
[INFO] [stdout]     |                     ^^^^^^^^^^^^^^^^ expected `Option<Fields>`, found `Fields`
[INFO] [stdout]     |
[INFO] [stdout]     = note: expected enum `Option<virtue::parse::Fields>`
[INFO] [stdout]                found enum `virtue::parse::Fields`
[INFO] [stdout] 
[INFO] [stdout] 
[INFO] [stdout] error[E0308]: mismatched types
[INFO] [stdout]    --> src/lib.rs:430:21
[INFO] [stdout]     |
[INFO] [stdout] 419 |                 match &body.fields {
[INFO] [stdout]     |                       ------------ this expression has type `&Option<virtue::parse::Fields>`
[INFO] [stdout] ...
[INFO] [stdout] 430 |                     Fields::Struct(v) => {
[INFO] [stdout]     |                     ^^^^^^^^^^^^^^^^^ expected `Option<Fields>`, found `Fields`
[INFO] [stdout]     |
[INFO] [stdout]     = note: expected enum `Option<virtue::parse::Fields>`
[INFO] [stdout]                found enum `virtue::parse::Fields`
[INFO] [stdout] 
[INFO] [stdout] 
[INFO] [stdout] error[E0599]: no method named `names` found for enum `Option` in the current scope
[INFO] [stdout]    --> src/lib.rs:424:50
[INFO] [stdout]     |
[INFO] [stdout] 424 | ...                   for _ in body.fields.names() {
[INFO] [stdout]     |                                            ^^^^^ method not found in `Option<Fields>`
[INFO] [stdout]     |
[INFO] [stdout] note: the method `names` exists on the type `virtue::parse::Fields`
[INFO] [stdout]    --> /opt/rustwide/cargo-home/registry/src/github.com-1ecc6299db9ec823/virtue-0.0.13/src/parse/body.rs:363:5
[INFO] [stdout]     |
[INFO] [stdout] 363 |     pub fn names(&self) -> Vec<IdentOrIndex> {
[INFO] [stdout]     |     ^^^^^^^^^^^^^^^^^^^^^^^^^^^^^^^^^^^^^^^^
[INFO] [stdout] help: consider using `Option::expect` to unwrap the `virtue::parse::Fields` value, panicking if the value is an `Option::None`
[INFO] [stdout]     |
[INFO] [stdout] 424 |                             for _ in body.fields.expect("REASON").names() {
[INFO] [stdout]     |                                                 +++++++++++++++++
[INFO] [stdout] 
[INFO] [stdout] 
[INFO] [stdout] error[E0599]: no variant or associated item named `Unit` found for enum `virtue::parse::Fields` in the current scope
[INFO] [stdout]    --> src/lib.rs:530:41
[INFO] [stdout]     |
[INFO] [stdout] 530 | ...                   Fields::Unit => {
[INFO] [stdout]     |                               ^^^^ variant or associated item not found in `Fields`
[INFO] [stdout] 
[INFO] [stdout] 
[INFO] [stdout] error[E0308]: mismatched types
[INFO] [stdout]    --> src/lib.rs:533:33
[INFO] [stdout]     |
[INFO] [stdout] 529 | ...                   match var.fields {
[INFO] [stdout]     |                             ---------- this expression has type `Option<virtue::parse::Fields>`
[INFO] [stdout] ...
[INFO] [stdout] 533 | ...                       Fields::Tuple(ref f) if f.len() == 1 => {
[INFO] [stdout]     |                           ^^^^^^^^^^^^^^^^^^^^ expected `Option<Fields>`, found `Fields`
[INFO] [stdout]     |
[INFO] [stdout]     = note: expected enum `Option<virtue::parse::Fields>`
[INFO] [stdout]                found enum `virtue::parse::Fields`
[INFO] [stdout] help: try wrapping the pattern in `Some`
[INFO] [stdout]     |
[INFO] [stdout] 533 |                                 Some(Fields::Tuple(ref f)) if f.len() == 1 => {
[INFO] [stdout]     |                                 +++++                    +
[INFO] [stdout] 
[INFO] [stdout] 
[INFO] [stdout] error: aborting due to 14 previous errors
[INFO] [stdout] 
[INFO] [stdout] 
[INFO] [stdout] Some errors have detailed explanations: E0061, E0308, E0599.
[INFO] [stdout] 
[INFO] [stdout] For more information about an error, try `rustc --explain E0061`.
[INFO] [stdout] 
[INFO] [stderr] error: could not compile `sunset-sshwire-derive` due to 15 previous errors
[INFO] running `Command { std: "docker" "inspect" "87898ea053173cd06765b202baa57a24a03d1c8f1ccb433101b091bfaf9a9ecc", kill_on_drop: false }`
[INFO] running `Command { std: "docker" "rm" "-f" "87898ea053173cd06765b202baa57a24a03d1c8f1ccb433101b091bfaf9a9ecc", kill_on_drop: false }`
[INFO] [stdout] 87898ea053173cd06765b202baa57a24a03d1c8f1ccb433101b091bfaf9a9ecc
