[INFO] fetching crate summa 0.8.8...
[INFO] testing summa-0.8.8 against 1.69.0 for beta-1.70-1
[INFO] extracting crate summa 0.8.8 into /workspace/builds/worker-6-tc1/source
[INFO] validating manifest of crates.io crate summa 0.8.8 on toolchain 1.69.0
[INFO] running `Command { std: CARGO_HOME="/workspace/cargo-home" RUSTUP_HOME="/workspace/rustup-home" "/workspace/cargo-home/bin/cargo" "+1.69.0" "metadata" "--manifest-path" "Cargo.toml" "--no-deps", kill_on_drop: false }`
[INFO] removed /workspace/builds/worker-6-tc1/source/.cargo/config.toml
[INFO] started tweaking crates.io crate summa 0.8.8
[INFO] finished tweaking crates.io crate summa 0.8.8
[INFO] tweaked toml for crates.io crate summa 0.8.8 written to /workspace/builds/worker-6-tc1/source/Cargo.toml
[INFO] crate crates.io crate summa 0.8.8 already has a lockfile, it will not be regenerated
[INFO] running `Command { std: CARGO_HOME="/workspace/cargo-home" RUSTUP_HOME="/workspace/rustup-home" "/workspace/cargo-home/bin/cargo" "+1.69.0" "fetch" "--manifest-path" "Cargo.toml", kill_on_drop: false }`
[INFO] [stderr]  Downloading crates ...
[INFO] [stderr]   Downloaded axum-core v0.2.6
[INFO] [stderr]   Downloaded path-absolutize v3.0.13
[INFO] [stderr]   Downloaded protobuf v2.27.1
[INFO] [stderr]   Downloaded axum v0.5.6
[INFO] [stderr]   Downloaded murmurhash32 v0.2.0
[INFO] [stderr]   Downloaded fail v0.5.0
[INFO] [stderr]   Downloaded fastfield_codecs v0.2.0
[INFO] [stderr]   Downloaded fastdivide v0.4.0
[INFO] [stderr]   Downloaded bitpacking v0.8.4
[INFO] [stderr]   Downloaded path-dedot v3.0.17
[INFO] [stderr]   Downloaded opentelemetry-prometheus v0.10.0
[INFO] [stderr]   Downloaded rdkafka v0.28.0
[INFO] [stderr]   Downloaded memmap2 v0.5.3
[INFO] [stderr]   Downloaded oneshot v0.1.3
[INFO] [stderr]   Downloaded prometheus v0.13.1
[INFO] [stderr]   Downloaded census v0.4.0
[INFO] [stderr]   Downloaded lru v0.7.7
[INFO] [stderr]   Downloaded lz4_flex v0.9.3
[INFO] [stderr]   Downloaded levenshtein_automata v0.2.1
[INFO] [stderr]   Downloaded measure_time v0.8.2
[INFO] [stderr]   Downloaded tantivy-bitpacker v0.2.0
[INFO] [stderr]   Downloaded ownedbytes v0.3.0
[INFO] [stderr]   Downloaded tantivy-common v0.3.0
[INFO] [stderr]   Downloaded tantivy-query-grammar v0.18.0
[INFO] [stderr]   Downloaded rust-stemmers v1.2.0
[INFO] [stderr]   Downloaded tantivy-fst v0.3.0
[INFO] [stderr]   Downloaded rdkafka-sys v4.2.0+1.8.2
[INFO] [stderr]   Downloaded tantivy v0.18.0
[INFO] [stderr]   Downloaded prettyplease v0.1.15
[INFO] [stderr]   Downloaded fasteval2 v2.0.3
[INFO] running `Command { std: "docker" "create" "-v" "/var/lib/crater-agent-workspace/builds/worker-6-tc1/target:/opt/rustwide/target:rw,Z" "-v" "/var/lib/crater-agent-workspace/builds/worker-6-tc1/source:/opt/rustwide/workdir:ro,Z" "-v" "/var/lib/crater-agent-workspace/cargo-home:/opt/rustwide/cargo-home:ro,Z" "-v" "/var/lib/crater-agent-workspace/rustup-home:/opt/rustwide/rustup-home:ro,Z" "-e" "SOURCE_DIR=/opt/rustwide/workdir" "-e" "CARGO_TARGET_DIR=/opt/rustwide/target" "-e" "CARGO_HOME=/opt/rustwide/cargo-home" "-e" "RUSTUP_HOME=/opt/rustwide/rustup-home" "-w" "/opt/rustwide/workdir" "-m" "1610612736" "--user" "0:0" "--network" "none" "ghcr.io/rust-lang/crates-build-env/linux@sha256:5ff2268d62e97bff2cde7d5815dd6ed5b47097566f13b8d0ca110b04b60e07ed" "/opt/rustwide/cargo-home/bin/cargo" "+1.69.0" "metadata" "--no-deps" "--format-version=1", kill_on_drop: false }`
[INFO] [stdout] ab8ece01bb4b860571a7573f30ed63ec8fd557e04cc194112657d7ccee83dc22
[INFO] running `Command { std: "docker" "start" "-a" "ab8ece01bb4b860571a7573f30ed63ec8fd557e04cc194112657d7ccee83dc22", kill_on_drop: false }`
[INFO] running `Command { std: "docker" "inspect" "ab8ece01bb4b860571a7573f30ed63ec8fd557e04cc194112657d7ccee83dc22", kill_on_drop: false }`
[INFO] running `Command { std: "docker" "rm" "-f" "ab8ece01bb4b860571a7573f30ed63ec8fd557e04cc194112657d7ccee83dc22", kill_on_drop: false }`
[INFO] [stdout] ab8ece01bb4b860571a7573f30ed63ec8fd557e04cc194112657d7ccee83dc22
[INFO] running `Command { std: "docker" "create" "-v" "/var/lib/crater-agent-workspace/builds/worker-6-tc1/target:/opt/rustwide/target:rw,Z" "-v" "/var/lib/crater-agent-workspace/builds/worker-6-tc1/source:/opt/rustwide/workdir:ro,Z" "-v" "/var/lib/crater-agent-workspace/cargo-home:/opt/rustwide/cargo-home:ro,Z" "-v" "/var/lib/crater-agent-workspace/rustup-home:/opt/rustwide/rustup-home:ro,Z" "-e" "SOURCE_DIR=/opt/rustwide/workdir" "-e" "CARGO_TARGET_DIR=/opt/rustwide/target" "-e" "CARGO_INCREMENTAL=0" "-e" "RUST_BACKTRACE=full" "-e" "RUSTFLAGS=--cap-lints=warn" "-e" "RUSTDOCFLAGS=--cap-lints=warn" "-e" "CARGO_HOME=/opt/rustwide/cargo-home" "-e" "RUSTUP_HOME=/opt/rustwide/rustup-home" "-w" "/opt/rustwide/workdir" "-m" "1610612736" "--user" "0:0" "--network" "none" "ghcr.io/rust-lang/crates-build-env/linux@sha256:5ff2268d62e97bff2cde7d5815dd6ed5b47097566f13b8d0ca110b04b60e07ed" "/opt/rustwide/cargo-home/bin/cargo" "+1.69.0" "build" "--frozen" "--message-format=json", kill_on_drop: false }`
[INFO] [stdout] 525ba79916e35107bbd1e65220fd8ba308b9949084bbbe0933cdd1c5844cb5b5
[INFO] running `Command { std: "docker" "start" "-a" "525ba79916e35107bbd1e65220fd8ba308b9949084bbbe0933cdd1c5844cb5b5", kill_on_drop: false }`
[INFO] [stderr]    Compiling libc v0.2.126
[INFO] [stderr]    Compiling proc-macro2 v1.0.39
[INFO] [stderr]    Compiling unicode-ident v1.0.1
[INFO] [stderr]    Compiling syn v1.0.98
[INFO] [stderr]    Compiling once_cell v1.12.0
[INFO] [stderr]    Compiling smallvec v1.8.1
[INFO] [stderr]    Compiling futures-core v0.3.21
[INFO] [stderr]    Compiling regex-syntax v0.6.26
[INFO] [stderr]    Compiling ahash v0.7.6
[INFO] [stderr]    Compiling lock_api v0.4.7
[INFO] [stderr]    Compiling serde_derive v1.0.137
[INFO] [stderr]    Compiling either v1.7.0
[INFO] [stderr]    Compiling serde v1.0.137
[INFO] [stderr]    Compiling bytes v1.1.0
[INFO] [stderr]    Compiling parking_lot_core v0.9.3
[INFO] [stderr]    Compiling futures-channel v0.3.21
[INFO] [stderr]    Compiling itoa v1.0.2
[INFO] [stderr]    Compiling futures-task v0.3.21
[INFO] [stderr]    Compiling futures-sink v0.3.21
[INFO] [stderr]    Compiling anyhow v1.0.58
[INFO] [stderr]    Compiling futures-util v0.3.21
[INFO] [stderr]    Compiling tracing-core v0.1.26
[INFO] [stderr]    Compiling slab v0.4.6
[INFO] [stderr]    Compiling futures-io v0.3.21
[INFO] [stderr]    Compiling itertools v0.10.3
[INFO] [stderr]    Compiling indexmap v1.9.1
[INFO] [stderr]    Compiling aho-corasick v0.7.18
[INFO] [stderr]    Compiling crossbeam-utils v0.8.10
[INFO] [stderr]    Compiling ppv-lite86 v0.2.16
[INFO] [stderr]    Compiling remove_dir_all v0.5.3
[INFO] [stderr]    Compiling fixedbitset v0.4.2
[INFO] [stderr]    Compiling fastrand v1.7.0
[INFO] [stderr]    Compiling async-trait v0.1.56
[INFO] [stderr]    Compiling http v0.2.8
[INFO] [stderr]    Compiling hashbrown v0.12.1
[INFO] [stderr]    Compiling log v0.4.17
[INFO] [stderr]    Compiling quote v1.0.19
[INFO] [stderr]    Compiling multimap v0.8.3
[INFO] [stderr]    Compiling getrandom v0.2.7
[INFO] [stderr]    Compiling jobserver v0.1.24
[INFO] [stderr]    Compiling num_cpus v1.13.1
[INFO] [stderr]    Compiling signal-hook-registry v1.4.0
[INFO] [stderr]    Compiling mio v0.8.4
[INFO] [stderr]    Compiling socket2 v0.4.4
[INFO] [stderr]    Compiling cc v1.0.73
[INFO] [stderr]    Compiling parking_lot v0.12.1
[INFO] [stderr]    Compiling which v4.2.5
[INFO] [stderr]    Compiling rand_core v0.6.3
[INFO] [stderr]    Compiling tempfile v3.3.0
[INFO] [stderr]    Compiling heck v0.4.0
[INFO] [stderr]    Compiling rand_chacha v0.3.1
[INFO] [stderr]    Compiling prettyplease v0.1.15
[INFO] [stderr]    Compiling cmake v0.1.48
[INFO] [stderr]    Compiling regex v1.5.6
[INFO] [stderr]    Compiling http-body v0.4.5
[INFO] [stderr]    Compiling rand v0.8.5
[INFO] [stderr]    Compiling ryu v1.0.10
[INFO] [stderr]    Compiling pkg-config v0.3.25
[INFO] [stderr]    Compiling strsim v0.10.0
[INFO] [stderr]    Compiling petgraph v0.6.2
[INFO] [stderr]    Compiling serde_json v1.0.82
[INFO] [stderr]    Compiling httparse v1.7.1
[INFO] [stderr]    Compiling crossbeam-channel v0.5.5
[INFO] [stderr]    Compiling crossbeam-epoch v0.9.9
[INFO] [stderr]    Compiling try-lock v0.2.3
[INFO] [stderr]    Compiling ident_case v1.0.1
[INFO] [stderr]    Compiling ucd-trie v0.1.3
[INFO] [stderr]    Compiling prost-build v0.10.4
[INFO] [stderr]    Compiling zstd-sys v2.0.1+zstd.1.5.2
[INFO] [stderr]    Compiling want v0.3.0
[INFO] [stderr]    Compiling pest v2.1.3
[INFO] [stderr]    Compiling libz-sys v1.1.8
[INFO] [stderr]    Compiling instant v0.1.12
[INFO] [stderr]    Compiling maplit v1.0.2
[INFO] [stderr]    Compiling percent-encoding v2.1.0
[INFO] [stderr]    Compiling tower-layer v0.3.1
[INFO] [stderr]    Compiling rayon-core v1.9.3
[INFO] [stderr]    Compiling base64 v0.13.0
[INFO] [stderr]    Compiling parking_lot_core v0.8.5
[INFO] [stderr]    Compiling mime v0.3.16
[INFO] [stderr]    Compiling alloc-no-stdlib v2.0.3
[INFO] [stderr]    Compiling http-range-header v0.3.0
[INFO] [stderr]    Compiling crunchy v0.2.2
[INFO] [stderr]    Compiling protobuf v2.27.1
[INFO] [stderr]    Compiling ansi_term v0.12.1
[INFO] [stderr]    Compiling stable_deref_trait v1.2.0
[INFO] [stderr]    Compiling pest_meta v2.1.3
[INFO] [stderr]    Compiling ownedbytes v0.3.0
[INFO] [stderr]    Compiling crossbeam-deque v0.8.1
[INFO] [stderr]    Compiling miniz_oxide v0.5.3
[INFO] [stderr]    Compiling alloc-stdlib v0.2.1
[INFO] [stderr]    Compiling rdkafka-sys v4.2.0+1.8.2
[INFO] [stderr]    Compiling regex-automata v0.1.10
[INFO] [stderr]    Compiling rayon v1.5.3
[INFO] [stderr]    Compiling dlv-list v0.3.0
[INFO] [stderr]    Compiling matchit v0.5.0
[INFO] [stderr]    Compiling prometheus v0.13.1
[INFO] [stderr]    Compiling snap v1.0.5
[INFO] [stderr]    Compiling sync_wrapper v0.1.1
[INFO] [stderr]    Compiling num_threads v0.1.6
[INFO] [stderr]    Compiling linked-hash-map v0.5.6
[INFO] [stderr]    Compiling ordered-multimap v0.4.3
[INFO] [stderr]    Compiling yaml-rust v0.4.5
[INFO] [stderr]    Compiling flate2 v1.0.24
[INFO] [stderr]    Compiling brotli-decompressor v2.3.2
[INFO] [stderr]    Compiling tantivy-common v0.3.0
[INFO] [stderr]    Compiling matchers v0.1.0
[INFO] [stderr]    Compiling hashbrown v0.11.2
[INFO] [stderr]    Compiling dashmap v4.0.2
[INFO] [stderr]    Compiling atty v0.2.14
[INFO] [stderr]    Compiling tracing-log v0.1.3
[INFO] [stderr]    Compiling thread_local v1.1.4
[INFO] [stderr]    Compiling unicode-linebreak v0.1.2
[INFO] [stderr]    Compiling combine v4.6.4
[INFO] [stderr]    Compiling sharded-slab v0.1.4
[INFO] [stderr]    Compiling signal-hook v0.3.14
[INFO] [stderr]    Compiling diff v0.1.12
[INFO] [stderr]    Compiling darling_core v0.14.1
[INFO] [stderr]    Compiling toml v0.5.9
[INFO] [stderr]    Compiling pest_generator v2.1.3
[INFO] [stderr]    Compiling smawk v0.3.1
[INFO] [stderr]    Compiling regex-syntax v0.4.2
[INFO] [stderr]    Compiling minimal-lexical v0.2.1
[INFO] [stderr]    Compiling os_str_bytes v6.1.0
[INFO] [stderr]    Compiling tantivy-bitpacker v0.2.0
[INFO] [stderr]    Compiling utf8-ranges v1.0.5
[INFO] [stderr]    Compiling unicode-width v0.1.9
[INFO] [stderr]    Compiling clap_lex v0.2.4
[INFO] [stderr]    Compiling fastfield_codecs v0.2.0
[INFO] [stderr]    Compiling nom v7.1.1
[INFO] [stderr]    Compiling pretty_assertions v1.2.1
[INFO] [stderr]    Compiling lru v0.7.7
[INFO] [stderr]    Compiling brotli v3.3.4
[INFO] [stderr]    Compiling parking_lot v0.11.2
[INFO] [stderr]    Compiling rust-ini v0.18.0
[INFO] [stderr]    Compiling tantivy-fst v0.3.0
[INFO] [stderr]    Compiling bitpacking v0.8.4
[INFO] [stderr]    Compiling textwrap v0.15.0
[INFO] [stderr]    Compiling murmurhash32 v0.2.0
[INFO] [stderr]    Compiling measure_time v0.8.2
[INFO] [stderr]    Compiling fail v0.5.0
[INFO] [stderr]    Compiling fs2 v0.4.3
[INFO] [stderr]    Compiling memmap2 v0.5.3
[INFO] [stderr]    Compiling path-dedot v3.0.17
[INFO] [stderr]    Compiling easy-parallel v3.2.0
[INFO] [stderr]    Compiling downcast-rs v1.2.0
[INFO] [stderr]    Compiling pathdiff v0.2.1
[INFO] [stderr]    Compiling census v0.4.0
[INFO] [stderr]    Compiling htmlescape v0.3.1
[INFO] [stderr]    Compiling termcolor v1.1.3
[INFO] [stderr]    Compiling levenshtein_automata v0.2.1
[INFO] [stderr]    Compiling fastdivide v0.4.0
[INFO] [stderr]    Compiling oneshot v0.1.3
[INFO] [stderr]    Compiling lz4_flex v0.9.3
[INFO] [stderr]    Compiling event-listener v2.5.2
[INFO] [stderr]    Compiling futures-macro v0.3.21
[INFO] [stderr] error: could not compile `protobuf`
[INFO] [stderr] 
[INFO] [stderr] Caused by:
[INFO] [stderr]   process didn't exit successfully: `rustc --crate-name protobuf --edition=2018 /opt/rustwide/cargo-home/registry/src/github.com-1ecc6299db9ec823/protobuf-2.27.1/src/lib.rs --error-format=json --json=diagnostic-rendered-ansi,artifacts,future-incompat --crate-type lib --emit=dep-info,metadata,link -C embed-bitcode=no -C debuginfo=2 -C metadata=b10f2572d3e820a7 -C extra-filename=-b10f2572d3e820a7 --out-dir /opt/rustwide/target/debug/deps -L dependency=/opt/rustwide/target/debug/deps --cap-lints allow --cap-lints=warn` (signal: 9, SIGKILL: kill)
[INFO] [stderr] warning: build failed, waiting for other jobs to finish...
[INFO] [stderr] error: could not compile `brotli`
[INFO] [stderr] 
[INFO] [stderr] Caused by:
[INFO] [stderr]   process didn't exit successfully: `rustc --crate-name brotli /opt/rustwide/cargo-home/registry/src/github.com-1ecc6299db9ec823/brotli-3.3.4/src/lib.rs --error-format=json --json=diagnostic-rendered-ansi,artifacts,future-incompat --crate-type lib --emit=dep-info,metadata,link -C embed-bitcode=no -C debuginfo=2 --cfg 'feature="alloc-stdlib"' --cfg 'feature="default"' --cfg 'feature="ffi-api"' --cfg 'feature="std"' -C metadata=5784dae578665b07 -C extra-filename=-5784dae578665b07 --out-dir /opt/rustwide/target/debug/deps -L dependency=/opt/rustwide/target/debug/deps --extern alloc_no_stdlib=/opt/rustwide/target/debug/deps/liballoc_no_stdlib-e7cde35ff748eb68.rmeta --extern alloc_stdlib=/opt/rustwide/target/debug/deps/liballoc_stdlib-82a86bd8af4677a6.rmeta --extern brotli_decompressor=/opt/rustwide/target/debug/deps/libbrotli_decompressor-c81b19532e898358.rmeta --cap-lints allow --cap-lints=warn` (signal: 9, SIGKILL: kill)
[INFO] [stderr] error: could not compile `combine`
[INFO] [stderr] 
[INFO] [stderr] Caused by:
[INFO] [stderr]   process didn't exit successfully: `rustc --crate-name combine --edition=2018 /opt/rustwide/cargo-home/registry/src/github.com-1ecc6299db9ec823/combine-4.6.4/src/lib.rs --error-format=json --json=diagnostic-rendered-ansi,artifacts,future-incompat --crate-type lib --emit=dep-info,metadata,link -C embed-bitcode=no -C debuginfo=2 -C metadata=be467b523053bc12 -C extra-filename=-be467b523053bc12 --out-dir /opt/rustwide/target/debug/deps -L dependency=/opt/rustwide/target/debug/deps --extern memchr=/opt/rustwide/target/debug/deps/libmemchr-b18e4aa3c7a38625.rmeta --cap-lints allow --cap-lints=warn` (signal: 9, SIGKILL: kill)
[INFO] [stderr] error: could not compile `rayon`
[INFO] [stderr] 
[INFO] [stderr] Caused by:
[INFO] [stderr]   process didn't exit successfully: `rustc --crate-name rayon --edition=2018 /opt/rustwide/cargo-home/registry/src/github.com-1ecc6299db9ec823/rayon-1.5.3/src/lib.rs --error-format=json --json=diagnostic-rendered-ansi,artifacts,future-incompat --crate-type lib --emit=dep-info,metadata,link -C embed-bitcode=no -C debuginfo=2 -C metadata=cf3137c4bc81a107 -C extra-filename=-cf3137c4bc81a107 --out-dir /opt/rustwide/target/debug/deps -L dependency=/opt/rustwide/target/debug/deps --extern crossbeam_deque=/opt/rustwide/target/debug/deps/libcrossbeam_deque-f46aa9c2cb9537bf.rmeta --extern either=/opt/rustwide/target/debug/deps/libeither-88fce22f57d70138.rmeta --extern rayon_core=/opt/rustwide/target/debug/deps/librayon_core-c7ab62478da101d9.rmeta --cap-lints allow --cap-lints=warn --cfg has_step_by_rev --cfg has_min_const_generics --cfg has_control_flow` (signal: 9, SIGKILL: kill)
[INFO] [stderr] error: could not compile `petgraph`
[INFO] [stderr] 
[INFO] [stderr] Caused by:
[INFO] [stderr]   process didn't exit successfully: `rustc --crate-name petgraph --edition=2018 /opt/rustwide/cargo-home/registry/src/github.com-1ecc6299db9ec823/petgraph-0.6.2/src/lib.rs --error-format=json --json=diagnostic-rendered-ansi,artifacts,future-incompat --crate-type lib --emit=dep-info,metadata,link -C embed-bitcode=no -C debuginfo=2 -C metadata=2d6760ee6a1ffcad -C extra-filename=-2d6760ee6a1ffcad --out-dir /opt/rustwide/target/debug/deps -L dependency=/opt/rustwide/target/debug/deps --extern fixedbitset=/opt/rustwide/target/debug/deps/libfixedbitset-077d9e42317371d2.rmeta --extern indexmap=/opt/rustwide/target/debug/deps/libindexmap-0bce5150e6475803.rmeta --cap-lints allow --cap-lints=warn` (signal: 9, SIGKILL: kill)
[INFO] [stderr] error: could not compile `levenshtein_automata`
[INFO] [stderr] 
[INFO] [stderr] Caused by:
[INFO] [stderr]   process didn't exit successfully: `rustc --crate-name levenshtein_automata --edition=2018 /opt/rustwide/cargo-home/registry/src/github.com-1ecc6299db9ec823/levenshtein_automata-0.2.1/src/lib.rs --error-format=json --json=diagnostic-rendered-ansi,artifacts,future-incompat --crate-type lib --emit=dep-info,metadata,link -C embed-bitcode=no -C debuginfo=2 -C metadata=5875a2dae60529c6 -C extra-filename=-5875a2dae60529c6 --out-dir /opt/rustwide/target/debug/deps -L dependency=/opt/rustwide/target/debug/deps --cap-lints allow --cap-lints=warn` (signal: 9, SIGKILL: kill)
[INFO] [stderr] error: could not compile `futures-macro`
[INFO] [stderr] 
[INFO] [stderr] Caused by:
[INFO] [stderr]   process didn't exit successfully: `rustc --crate-name futures_macro --edition=2018 /opt/rustwide/cargo-home/registry/src/github.com-1ecc6299db9ec823/futures-macro-0.3.21/src/lib.rs --error-format=json --json=diagnostic-rendered-ansi,artifacts,future-incompat --crate-type proc-macro --emit=dep-info,link -C prefer-dynamic -C embed-bitcode=no -C metadata=9bc640201d0e31e3 -C extra-filename=-9bc640201d0e31e3 --out-dir /opt/rustwide/target/debug/deps -L dependency=/opt/rustwide/target/debug/deps --extern proc_macro2=/opt/rustwide/target/debug/deps/libproc_macro2-0688548dc833097a.rlib --extern quote=/opt/rustwide/target/debug/deps/libquote-ac60f88db44d0708.rlib --extern syn=/opt/rustwide/target/debug/deps/libsyn-0beda331ddf3083d.rlib --extern proc_macro --cap-lints allow --cap-lints=warn` (signal: 9, SIGKILL: kill)
[INFO] [stderr] error: could not compile `serde_derive`
[INFO] [stderr] 
[INFO] [stderr] Caused by:
[INFO] [stderr]   process didn't exit successfully: `rustc --crate-name serde_derive /opt/rustwide/cargo-home/registry/src/github.com-1ecc6299db9ec823/serde_derive-1.0.137/src/lib.rs --error-format=json --json=diagnostic-rendered-ansi,artifacts,future-incompat --crate-type proc-macro --emit=dep-info,link -C prefer-dynamic -C embed-bitcode=no --cfg 'feature="default"' -C metadata=ceeb810e8ff56ebc -C extra-filename=-ceeb810e8ff56ebc --out-dir /opt/rustwide/target/debug/deps -L dependency=/opt/rustwide/target/debug/deps --extern proc_macro2=/opt/rustwide/target/debug/deps/libproc_macro2-0688548dc833097a.rlib --extern quote=/opt/rustwide/target/debug/deps/libquote-ac60f88db44d0708.rlib --extern syn=/opt/rustwide/target/debug/deps/libsyn-0beda331ddf3083d.rlib --extern proc_macro --cap-lints allow --cap-lints=warn --cfg underscore_consts --cfg ptr_addr_of` (signal: 9, SIGKILL: kill)
[INFO] [stderr] error: failed to run custom build command for `prost-build v0.10.4`
[INFO] [stderr] note: To improve backtraces for build dependencies, set the CARGO_PROFILE_DEV_BUILD_OVERRIDE_DEBUG=true environment variable to enable debug information generation.
[INFO] [stderr] 
[INFO] [stderr] Caused by:
[INFO] [stderr]   process didn't exit successfully: `/opt/rustwide/target/debug/build/prost-build-a149a4a620cca6e4/build-script-build` (exit status: 101)
[INFO] [stderr]   --- stdout
[INFO] [stderr]   cargo:rerun-if-changed=/opt/rustwide/cargo-home/registry/src/github.com-1ecc6299db9ec823/prost-build-0.10.4/third-party/protobuf/cmake
[INFO] [stderr]   CMAKE_TOOLCHAIN_FILE_x86_64-unknown-linux-gnu = None
[INFO] [stderr]   CMAKE_TOOLCHAIN_FILE_x86_64_unknown_linux_gnu = None
[INFO] [stderr]   HOST_CMAKE_TOOLCHAIN_FILE = None
[INFO] [stderr]   CMAKE_TOOLCHAIN_FILE = None
[INFO] [stderr]   CMAKE_GENERATOR_x86_64-unknown-linux-gnu = None
[INFO] [stderr]   CMAKE_GENERATOR_x86_64_unknown_linux_gnu = None
[INFO] [stderr]   HOST_CMAKE_GENERATOR = None
[INFO] [stderr]   CMAKE_GENERATOR = None
[INFO] [stderr]   CMAKE_PREFIX_PATH_x86_64-unknown-linux-gnu = None
[INFO] [stderr]   CMAKE_PREFIX_PATH_x86_64_unknown_linux_gnu = None
[INFO] [stderr]   HOST_CMAKE_PREFIX_PATH = None
[INFO] [stderr]   CMAKE_PREFIX_PATH = None
[INFO] [stderr]   CMAKE_x86_64-unknown-linux-gnu = None
[INFO] [stderr]   CMAKE_x86_64_unknown_linux_gnu = None
[INFO] [stderr]   HOST_CMAKE = None
[INFO] [stderr]   CMAKE = None
[INFO] [stderr]   running: cd "/opt/rustwide/target/debug/build/prost-build-3e65ee4090944ddd/out/build" && CMAKE_PREFIX_PATH="" "cmake" "/opt/rustwide/cargo-home/registry/src/github.com-1ecc6299db9ec823/prost-build-0.10.4/third-party/protobuf/cmake" "-Dprotobuf_BUILD_TESTS=OFF" "-DCMAKE_INSTALL_PREFIX=/opt/rustwide/target/debug/build/prost-build-3e65ee4090944ddd/out" "-DCMAKE_C_FLAGS= -ffunction-sections -fdata-sections -fPIC -m64" "-DCMAKE_C_COMPILER=/usr/bin/cc" "-DCMAKE_CXX_FLAGS= -ffunction-sections -fdata-sections -fPIC -m64" "-DCMAKE_CXX_COMPILER=/usr/bin/c++" "-DCMAKE_ASM_FLAGS= -ffunction-sections -fdata-sections -fPIC -m64" "-DCMAKE_ASM_COMPILER=/usr/bin/cc" "-DCMAKE_BUILD_TYPE=Debug"
[INFO] [stderr]   -- The C compiler identification is GNU 11.3.0
[INFO] [stderr]   -- The CXX compiler identification is GNU 11.3.0
[INFO] [stderr]   -- Detecting C compiler ABI info
[INFO] [stderr]   -- Detecting C compiler ABI info - done
[INFO] [stderr]   -- Check for working C compiler: /usr/bin/cc - skipped
[INFO] [stderr]   -- Detecting C compile features
[INFO] [stderr]   -- Detecting C compile features - done
[INFO] [stderr]   -- Detecting CXX compiler ABI info
[INFO] [stderr]   -- Detecting CXX compiler ABI info - done
[INFO] [stderr]   -- Check for working CXX compiler: /usr/bin/c++ - skipped
[INFO] [stderr]   -- Detecting CXX compile features
[INFO] [stderr]   -- Detecting CXX compile features - done
[INFO] [stderr]   -- 
[INFO] [stderr]   -- 3.19.4.0
[INFO] [stderr]   -- Looking for pthread.h
[INFO] [stderr]   -- Looking for pthread.h - found
[INFO] [stderr]   -- Performing Test CMAKE_HAVE_LIBC_PTHREAD
[INFO] [stderr]   -- Performing Test CMAKE_HAVE_LIBC_PTHREAD - Success
[INFO] [stderr]   -- Found Threads: TRUE  
[INFO] [stderr]   -- Found ZLIB: /usr/lib/x86_64-linux-gnu/libz.so (found version "1.2.11") 
[INFO] [stderr]   -- Performing Test protobuf_HAVE_BUILTIN_ATOMICS
[INFO] [stderr]   -- Performing Test protobuf_HAVE_BUILTIN_ATOMICS - Success
[INFO] [stderr]   -- Configuring done
[INFO] [stderr]   -- Generating done
[INFO] [stderr]   -- Build files have been written to: /opt/rustwide/target/debug/build/prost-build-3e65ee4090944ddd/out/build
[INFO] [stderr]   running: cd "/opt/rustwide/target/debug/build/prost-build-3e65ee4090944ddd/out/build" && MAKEFLAGS="-j --jobserver-fds=6,7 --jobserver-auth=6,7" "cmake" "--build" "." "--target" "install" "--config" "Debug" "--parallel" "16"
[INFO] [stderr]   [  0%] Building CXX object CMakeFiles/libprotobuf.dir/opt/rustwide/cargo-home/registry/src/github.com-1ecc6299db9ec823/prost-build-0.10.4/third-party/protobuf/src/google/protobuf/arena.cc.o
[INFO] [stderr]   [  0%] Building CXX object CMakeFiles/libprotobuf.dir/opt/rustwide/cargo-home/registry/src/github.com-1ecc6299db9ec823/prost-build-0.10.4/third-party/protobuf/src/google/protobuf/any_lite.cc.o
[INFO] [stderr]   [  1%] Building CXX object CMakeFiles/libprotobuf.dir/opt/rustwide/cargo-home/registry/src/github.com-1ecc6299db9ec823/prost-build-0.10.4/third-party/protobuf/src/google/protobuf/arenastring.cc.o
[INFO] [stderr]   [  1%] Building CXX object CMakeFiles/libprotobuf.dir/opt/rustwide/cargo-home/registry/src/github.com-1ecc6299db9ec823/prost-build-0.10.4/third-party/protobuf/src/google/protobuf/extension_set.cc.o
[INFO] [stderr]   [  1%] Building CXX object CMakeFiles/libprotobuf.dir/opt/rustwide/cargo-home/registry/src/github.com-1ecc6299db9ec823/prost-build-0.10.4/third-party/protobuf/src/google/protobuf/generated_message_table_driven_lite.cc.o
[INFO] [stderr]   [  3%] Building CXX object CMakeFiles/libprotobuf.dir/opt/rustwide/cargo-home/registry/src/github.com-1ecc6299db9ec823/prost-build-0.10.4/third-party/protobuf/src/google/protobuf/generated_enum_util.cc.o
[INFO] [stderr]   [  3%] Building CXX object CMakeFiles/libprotobuf-lite.dir/opt/rustwide/cargo-home/registry/src/github.com-1ecc6299db9ec823/prost-build-0.10.4/third-party/protobuf/src/google/protobuf/any_lite.cc.o
[INFO] [stderr]   [  4%] Building CXX object CMakeFiles/libprotobuf-lite.dir/opt/rustwide/cargo-home/registry/src/github.com-1ecc6299db9ec823/prost-build-0.10.4/third-party/protobuf/src/google/protobuf/arenastring.cc.o
[INFO] [stderr]   [  4%] Building CXX object CMakeFiles/libprotobuf-lite.dir/opt/rustwide/cargo-home/registry/src/github.com-1ecc6299db9ec823/prost-build-0.10.4/third-party/protobuf/src/google/protobuf/generated_message_util.cc.o
[INFO] [stderr]   [  4%] Building CXX object CMakeFiles/libprotobuf-lite.dir/opt/rustwide/cargo-home/registry/src/github.com-1ecc6299db9ec823/prost-build-0.10.4/third-party/protobuf/src/google/protobuf/arena.cc.o
[INFO] [stderr]   [  6%] Building CXX object CMakeFiles/libprotobuf-lite.dir/opt/rustwide/cargo-home/registry/src/github.com-1ecc6299db9ec823/prost-build-0.10.4/third-party/protobuf/src/google/protobuf/generated_message_tctable_lite.cc.o
[INFO] [stderr]   [  6%] Building CXX object CMakeFiles/libprotobuf.dir/opt/rustwide/cargo-home/registry/src/github.com-1ecc6299db9ec823/prost-build-0.10.4/third-party/protobuf/src/google/protobuf/generated_message_tctable_lite.cc.o
[INFO] [stderr]   [  6%] Building CXX object CMakeFiles/libprotobuf-lite.dir/opt/rustwide/cargo-home/registry/src/github.com-1ecc6299db9ec823/prost-build-0.10.4/third-party/protobuf/src/google/protobuf/generated_message_table_driven_lite.cc.o
[INFO] [stderr]   [  6%] Building CXX object CMakeFiles/libprotobuf-lite.dir/opt/rustwide/cargo-home/registry/src/github.com-1ecc6299db9ec823/prost-build-0.10.4/third-party/protobuf/src/google/protobuf/extension_set.cc.o
[INFO] [stderr]   [  7%] Building CXX object CMakeFiles/libprotobuf-lite.dir/opt/rustwide/cargo-home/registry/src/github.com-1ecc6299db9ec823/prost-build-0.10.4/third-party/protobuf/src/google/protobuf/implicit_weak_message.cc.o
[INFO] [stderr]   [  8%] Building CXX object CMakeFiles/libprotobuf-lite.dir/opt/rustwide/cargo-home/registry/src/github.com-1ecc6299db9ec823/prost-build-0.10.4/third-party/protobuf/src/google/protobuf/generated_enum_util.cc.o
[INFO] [stderr]   [  8%] Building CXX object CMakeFiles/libprotobuf.dir/opt/rustwide/cargo-home/registry/src/github.com-1ecc6299db9ec823/prost-build-0.10.4/third-party/protobuf/src/google/protobuf/generated_message_util.cc.o
[INFO] [stderr] 
[INFO] [stderr]   --- stderr
[INFO] [stderr]   CMake Warning:
[INFO] [stderr]     Manually-specified variables were not used by the project:
[INFO] [stderr] 
[INFO] [stderr]       CMAKE_ASM_COMPILER
[INFO] [stderr]       CMAKE_ASM_FLAGS
[INFO] [stderr] 
[INFO] [stderr] 
[INFO] [stderr]   gmake: warning: -j16 forced in submake: resetting jobserver mode.
[INFO] [stderr]   c++: fatal error: Killed signal terminated program cc1plus
[INFO] [stderr]   compilation terminated.
[INFO] [stderr]   gmake[2]: *** [CMakeFiles/libprotobuf-lite.dir/build.make:174: CMakeFiles/libprotobuf-lite.dir/opt/rustwide/cargo-home/registry/src/github.com-1ecc6299db9ec823/prost-build-0.10.4/third-party/protobuf/src/google/protobuf/generated_message_util.cc.o] Error 1
[INFO] [stderr]   gmake[2]: *** Waiting for unfinished jobs....
[INFO] [stderr]   c++: fatal error: Killed signal terminated program cc1plus
[INFO] [stderr]   compilation terminated.
[INFO] [stderr]   gmake[2]: *** [CMakeFiles/libprotobuf.dir/build.make:132: CMakeFiles/libprotobuf.dir/opt/rustwide/cargo-home/registry/src/github.com-1ecc6299db9ec823/prost-build-0.10.4/third-party/protobuf/src/google/protobuf/generated_enum_util.cc.o] Error 1
[INFO] [stderr]   gmake[2]: *** Waiting for unfinished jobs....
[INFO] [stderr]   c++: fatal error: Killed signal terminated program cc1plus
[INFO] [stderr]   compilation terminated.
[INFO] [stderr]   gmake[2]: *** [CMakeFiles/libprotobuf-lite.dir/build.make:76: CMakeFiles/libprotobuf-lite.dir/opt/rustwide/cargo-home/registry/src/github.com-1ecc6299db9ec823/prost-build-0.10.4/third-party/protobuf/src/google/protobuf/any_lite.cc.o] Error 1
[INFO] [stderr]   c++: fatal error: Killed signal terminated program cc1plus
[INFO] [stderr]   compilation terminated.
[INFO] [stderr]   gmake[2]: *** [CMakeFiles/libprotobuf.dir/build.make:118: CMakeFiles/libprotobuf.dir/opt/rustwide/cargo-home/registry/src/github.com-1ecc6299db9ec823/prost-build-0.10.4/third-party/protobuf/src/google/protobuf/extension_set.cc.o] Error 1
[INFO] [stderr]   In file included from /opt/rustwide/cargo-home/registry/src/github.com-1ecc6299db9ec823/prost-build-0.10.4/third-party/protobuf/src/google/protobuf/generated_message_tctable_lite.cc:36:
[INFO] [stderr]   /opt/rustwide/cargo-home/registry/src/github.com-1ecc6299db9ec823/prost-build-0.10.4/third-party/protobuf/src/google/protobuf/generated_message_tctable_impl.h: In function 'void google::protobuf::internal::AlignFail(uintptr_t) [with long unsigned int align = 4]':
[INFO] [stderr]   /opt/rustwide/cargo-home/registry/src/github.com-1ecc6299db9ec823/prost-build-0.10.4/third-party/protobuf/src/google/protobuf/generated_message_tctable_impl.h:103:1: warning: 'noreturn' function does return
[INFO] [stderr]     103 | }
[INFO] [stderr]         | ^
[INFO] [stderr]   /opt/rustwide/cargo-home/registry/src/github.com-1ecc6299db9ec823/prost-build-0.10.4/third-party/protobuf/src/google/protobuf/generated_message_tctable_impl.h: In function 'void google::protobuf::internal::AlignFail(uintptr_t) [with long unsigned int align = 8]':
[INFO] [stderr]   /opt/rustwide/cargo-home/registry/src/github.com-1ecc6299db9ec823/prost-build-0.10.4/third-party/protobuf/src/google/protobuf/generated_message_tctable_impl.h:103:1: warning: 'noreturn' function does return
[INFO] [stderr]   In file included from /opt/rustwide/cargo-home/registry/src/github.com-1ecc6299db9ec823/prost-build-0.10.4/third-party/protobuf/src/google/protobuf/generated_message_tctable_lite.cc:36:
[INFO] [stderr]   /opt/rustwide/cargo-home/registry/src/github.com-1ecc6299db9ec823/prost-build-0.10.4/third-party/protobuf/src/google/protobuf/generated_message_tctable_impl.h: In function 'void google::protobuf::internal::AlignFail(uintptr_t) [with long unsigned int align = 4]':
[INFO] [stderr]   /opt/rustwide/cargo-home/registry/src/github.com-1ecc6299db9ec823/prost-build-0.10.4/third-party/protobuf/src/google/protobuf/generated_message_tctable_impl.h:103:1: warning: 'noreturn' function does return
[INFO] [stderr]     103 | }
[INFO] [stderr]         | ^
[INFO] [stderr]   /opt/rustwide/cargo-home/registry/src/github.com-1ecc6299db9ec823/prost-build-0.10.4/third-party/protobuf/src/google/protobuf/generated_message_tctable_impl.h: In function 'void google::protobuf::internal::AlignFail(uintptr_t) [with long unsigned int align = 8]':
[INFO] [stderr]   /opt/rustwide/cargo-home/registry/src/github.com-1ecc6299db9ec823/prost-build-0.10.4/third-party/protobuf/src/google/protobuf/generated_message_tctable_impl.h:103:1: warning: 'noreturn' function does return
[INFO] [stderr]   gmake[1]: *** [CMakeFiles/Makefile2:115: CMakeFiles/libprotobuf.dir/all] Error 2
[INFO] [stderr]   gmake[1]: *** Waiting for unfinished jobs....
[INFO] [stderr]   gmake[1]: *** [CMakeFiles/Makefile2:89: CMakeFiles/libprotobuf-lite.dir/all] Error 2
[INFO] [stderr]   gmake: *** [Makefile:136: all] Error 2
[INFO] [stderr]   thread 'main' panicked at '
[INFO] [stderr]   command did not execute successfully, got: exit status: 2
[INFO] [stderr] 
[INFO] [stderr]   build script failed, must exit now', /opt/rustwide/cargo-home/registry/src/github.com-1ecc6299db9ec823/cmake-0.1.48/src/lib.rs:975:5
[INFO] [stderr]   stack backtrace:
[INFO] [stderr]      0:     0x55b131d8ef9a - std::backtrace_rs::backtrace::libunwind::trace::ha9053a9a07ca49cb
[INFO] [stderr]                                  at /rustc/84c898d65adf2f39a5a98507f1fe0ce10a2b8dbc/library/std/src/../../backtrace/src/backtrace/libunwind.rs:93:5
[INFO] [stderr]      1:     0x55b131d8ef9a - std::backtrace_rs::backtrace::trace_unsynchronized::h9c2852a457ad564e
[INFO] [stderr]                                  at /rustc/84c898d65adf2f39a5a98507f1fe0ce10a2b8dbc/library/std/src/../../backtrace/src/backtrace/mod.rs:66:5
[INFO] [stderr]      2:     0x55b131d8ef9a - std::sys_common::backtrace::_print_fmt::h457936fbfaa0070f
[INFO] [stderr]                                  at /rustc/84c898d65adf2f39a5a98507f1fe0ce10a2b8dbc/library/std/src/sys_common/backtrace.rs:65:5
[INFO] [stderr]      3:     0x55b131d8ef9a - <std::sys_common::backtrace::_print::DisplayBacktrace as core::fmt::Display>::fmt::h5779d7bf7f70cb0c
[INFO] [stderr]                                  at /rustc/84c898d65adf2f39a5a98507f1fe0ce10a2b8dbc/library/std/src/sys_common/backtrace.rs:44:22
[INFO] [stderr]      4:     0x55b131daf2ae - core::fmt::write::h5a4baaff1bcd3eb5
[INFO] [stderr]                                  at /rustc/84c898d65adf2f39a5a98507f1fe0ce10a2b8dbc/library/core/src/fmt/mod.rs:1232:17
[INFO] [stderr]      5:     0x55b131d8bf95 - std::io::Write::write_fmt::h4bc1f301cb9e9cce
[INFO] [stderr]                                  at /rustc/84c898d65adf2f39a5a98507f1fe0ce10a2b8dbc/library/std/src/io/mod.rs:1684:15
[INFO] [stderr]      6:     0x55b131d8ed65 - std::sys_common::backtrace::_print::h5fcdc36060f177e8
[INFO] [stderr]                                  at /rustc/84c898d65adf2f39a5a98507f1fe0ce10a2b8dbc/library/std/src/sys_common/backtrace.rs:47:5
[INFO] [stderr]      7:     0x55b131d8ed65 - std::sys_common::backtrace::print::h54ca9458b876c8bf
[INFO] [stderr]                                  at /rustc/84c898d65adf2f39a5a98507f1fe0ce10a2b8dbc/library/std/src/sys_common/backtrace.rs:34:9
[INFO] [stderr]      8:     0x55b131d9073f - std::panicking::default_hook::{{closure}}::hbe471161c7664ed6
[INFO] [stderr]                                  at /rustc/84c898d65adf2f39a5a98507f1fe0ce10a2b8dbc/library/std/src/panicking.rs:271:22
[INFO] [stderr]      9:     0x55b131d9047b - std::panicking::default_hook::ha3500da57aa4ac4f
[INFO] [stderr]                                  at /rustc/84c898d65adf2f39a5a98507f1fe0ce10a2b8dbc/library/std/src/panicking.rs:290:9
[INFO] [stderr]     10:     0x55b131d90ce8 - std::panicking::rust_panic_with_hook::h50c09d000dc561d2
[INFO] [stderr]                                  at /rustc/84c898d65adf2f39a5a98507f1fe0ce10a2b8dbc/library/std/src/panicking.rs:692:13
[INFO] [stderr]     11:     0x55b131d90be9 - std::panicking::begin_panic_handler::{{closure}}::h9e2b2176e00e0d9c
[INFO] [stderr]                                  at /rustc/84c898d65adf2f39a5a98507f1fe0ce10a2b8dbc/library/std/src/panicking.rs:583:13
[INFO] [stderr]     12:     0x55b131d8f406 - std::sys_common::backtrace::__rust_end_short_backtrace::h5739b8e512c09d02
[INFO] [stderr]                                  at /rustc/84c898d65adf2f39a5a98507f1fe0ce10a2b8dbc/library/std/src/sys_common/backtrace.rs:150:18
[INFO] [stderr]     13:     0x55b131d908f2 - rust_begin_unwind
[INFO] [stderr]                                  at /rustc/84c898d65adf2f39a5a98507f1fe0ce10a2b8dbc/library/std/src/panicking.rs:579:5
[INFO] [stderr]     14:     0x55b131d0f7a3 - core::panicking::panic_fmt::hf33a1475b4dc5c3e
[INFO] [stderr]                                  at /rustc/84c898d65adf2f39a5a98507f1fe0ce10a2b8dbc/library/core/src/panicking.rs:64:14
[INFO] [stderr]     15:     0x55b131d1c00f - cmake::fail::h436a0e48fc10ea78
[INFO] [stderr]     16:     0x55b131d1ba73 - cmake::run::h4c6242534702da0b
[INFO] [stderr]     17:     0x55b131d18eb9 - cmake::Config::build::habcecc67bef8f9ea
[INFO] [stderr]     18:     0x55b131d1227a - build_script_build::compile::hc47aec4dd5984803
[INFO] [stderr]     19:     0x55b131d124cd - build_script_build::protoc::h51afbc66280db637
[INFO] [stderr]     20:     0x55b131d124e9 - build_script_build::main::h8514b63dd56a1cc0
[INFO] [stderr]     21:     0x55b131d14463 - core::ops::function::FnOnce::call_once::hddce1f081e3413ab
[INFO] [stderr]     22:     0x55b131d14149 - std::sys_common::backtrace::__rust_begin_short_backtrace::h81660ad56423e99b
[INFO] [stderr]     23:     0x55b131d11639 - std::rt::lang_start::{{closure}}::hd2c2fb963ca01b4e
[INFO] [stderr]     24:     0x55b131d8804c - core::ops::function::impls::<impl core::ops::function::FnOnce<A> for &F>::call_once::hd6efcd3bec896f2c
[INFO] [stderr]                                  at /rustc/84c898d65adf2f39a5a98507f1fe0ce10a2b8dbc/library/core/src/ops/function.rs:287:13
[INFO] [stderr]     25:     0x55b131d8804c - std::panicking::try::do_call::hce04e543bb1f4cbb
[INFO] [stderr]                                  at /rustc/84c898d65adf2f39a5a98507f1fe0ce10a2b8dbc/library/std/src/panicking.rs:487:40
[INFO] [stderr]     26:     0x55b131d8804c - std::panicking::try::h3342dd4e1f680968
[INFO] [stderr]                                  at /rustc/84c898d65adf2f39a5a98507f1fe0ce10a2b8dbc/library/std/src/panicking.rs:451:19
[INFO] [stderr]     27:     0x55b131d8804c - std::panic::catch_unwind::h148ce1e59ac0cee7
[INFO] [stderr]                                  at /rustc/84c898d65adf2f39a5a98507f1fe0ce10a2b8dbc/library/std/src/panic.rs:140:14
[INFO] [stderr]     28:     0x55b131d8804c - std::rt::lang_start_internal::{{closure}}::h25f9dda2057a67fe
[INFO] [stderr]                                  at /rustc/84c898d65adf2f39a5a98507f1fe0ce10a2b8dbc/library/std/src/rt.rs:148:48
[INFO] [stderr]     29:     0x55b131d8804c - std::panicking::try::do_call::h7caaaeaf9401650b
[INFO] [stderr]                                  at /rustc/84c898d65adf2f39a5a98507f1fe0ce10a2b8dbc/library/std/src/panicking.rs:487:40
[INFO] [stderr]     30:     0x55b131d8804c - std::panicking::try::he7d15285746cbbc2
[INFO] [stderr]                                  at /rustc/84c898d65adf2f39a5a98507f1fe0ce10a2b8dbc/library/std/src/panicking.rs:451:19
[INFO] [stderr]     31:     0x55b131d8804c - std::panic::catch_unwind::h89fb4f50c0301fe0
[INFO] [stderr]                                  at /rustc/84c898d65adf2f39a5a98507f1fe0ce10a2b8dbc/library/std/src/panic.rs:140:14
[INFO] [stderr]     32:     0x55b131d8804c - std::rt::lang_start_internal::h078acd489417d3c1
[INFO] [stderr]                                  at /rustc/84c898d65adf2f39a5a98507f1fe0ce10a2b8dbc/library/std/src/rt.rs:148:20
[INFO] [stderr]     33:     0x55b131d11617 - std::rt::lang_start::h40f308157f85c009
[INFO] [stderr]     34:     0x55b131d127d5 - main
[INFO] [stderr]     35:     0x7fe690b9bd90 - <unknown>
[INFO] [stderr]     36:     0x7fe690b9be40 - __libc_start_main
[INFO] [stderr]     37:     0x55b131d0fd25 - _start
[INFO] [stderr]     38:                0x0 - <unknown>
[INFO] running `Command { std: "docker" "inspect" "525ba79916e35107bbd1e65220fd8ba308b9949084bbbe0933cdd1c5844cb5b5", kill_on_drop: false }`
[INFO] running `Command { std: "docker" "rm" "-f" "525ba79916e35107bbd1e65220fd8ba308b9949084bbbe0933cdd1c5844cb5b5", kill_on_drop: false }`
[INFO] [stdout] 525ba79916e35107bbd1e65220fd8ba308b9949084bbbe0933cdd1c5844cb5b5
