[INFO] fetching crate subito 0.1.1...
[INFO] testing subito-0.1.1 against 1.69.0 for beta-1.70-1
[INFO] extracting crate subito 0.1.1 into /workspace/builds/worker-2-tc1/source
[INFO] validating manifest of crates.io crate subito 0.1.1 on toolchain 1.69.0
[INFO] running `Command { std: CARGO_HOME="/workspace/cargo-home" RUSTUP_HOME="/workspace/rustup-home" "/workspace/cargo-home/bin/cargo" "+1.69.0" "metadata" "--manifest-path" "Cargo.toml" "--no-deps", kill_on_drop: false }`
[INFO] started tweaking crates.io crate subito 0.1.1
[INFO] finished tweaking crates.io crate subito 0.1.1
[INFO] tweaked toml for crates.io crate subito 0.1.1 written to /workspace/builds/worker-2-tc1/source/Cargo.toml
[INFO] crate crates.io crate subito 0.1.1 already has a lockfile, it will not be regenerated
[INFO] running `Command { std: CARGO_HOME="/workspace/cargo-home" RUSTUP_HOME="/workspace/rustup-home" "/workspace/cargo-home/bin/cargo" "+1.69.0" "fetch" "--manifest-path" "Cargo.toml", kill_on_drop: false }`
[INFO] [stderr]  Downloading crates ...
[INFO] [stderr]   Downloaded nothing v0.1.11
[INFO] [stderr]   Downloaded solana-frozen-abi-macro v1.11.7
[INFO] [stderr]   Downloaded keccak v0.1.2
[INFO] [stderr]   Downloaded sha3 v0.10.2
[INFO] [stderr]   Downloaded solana-frozen-abi v1.11.7
[INFO] [stderr]   Downloaded solana-sdk-macro v1.11.7
[INFO] [stderr]   Downloaded solana-program v1.11.7
[INFO] running `Command { std: "docker" "create" "-v" "/var/lib/crater-agent-workspace/builds/worker-2-tc1/target:/opt/rustwide/target:rw,Z" "-v" "/var/lib/crater-agent-workspace/builds/worker-2-tc1/source:/opt/rustwide/workdir:ro,Z" "-v" "/var/lib/crater-agent-workspace/cargo-home:/opt/rustwide/cargo-home:ro,Z" "-v" "/var/lib/crater-agent-workspace/rustup-home:/opt/rustwide/rustup-home:ro,Z" "-e" "SOURCE_DIR=/opt/rustwide/workdir" "-e" "CARGO_TARGET_DIR=/opt/rustwide/target" "-e" "CARGO_HOME=/opt/rustwide/cargo-home" "-e" "RUSTUP_HOME=/opt/rustwide/rustup-home" "-w" "/opt/rustwide/workdir" "-m" "1610612736" "--user" "0:0" "--network" "none" "ghcr.io/rust-lang/crates-build-env/linux@sha256:5ff2268d62e97bff2cde7d5815dd6ed5b47097566f13b8d0ca110b04b60e07ed" "/opt/rustwide/cargo-home/bin/cargo" "+1.69.0" "metadata" "--no-deps" "--format-version=1", kill_on_drop: false }`
[INFO] [stdout] 694f914bad43022925398ead939c3a624c6e38ba91d9d96785a413bae0bee5a2
[INFO] running `Command { std: "docker" "start" "-a" "694f914bad43022925398ead939c3a624c6e38ba91d9d96785a413bae0bee5a2", kill_on_drop: false }`
[INFO] running `Command { std: "docker" "inspect" "694f914bad43022925398ead939c3a624c6e38ba91d9d96785a413bae0bee5a2", kill_on_drop: false }`
[INFO] running `Command { std: "docker" "rm" "-f" "694f914bad43022925398ead939c3a624c6e38ba91d9d96785a413bae0bee5a2", kill_on_drop: false }`
[INFO] [stdout] 694f914bad43022925398ead939c3a624c6e38ba91d9d96785a413bae0bee5a2
[INFO] running `Command { std: "docker" "create" "-v" "/var/lib/crater-agent-workspace/builds/worker-2-tc1/target:/opt/rustwide/target:rw,Z" "-v" "/var/lib/crater-agent-workspace/builds/worker-2-tc1/source:/opt/rustwide/workdir:ro,Z" "-v" "/var/lib/crater-agent-workspace/cargo-home:/opt/rustwide/cargo-home:ro,Z" "-v" "/var/lib/crater-agent-workspace/rustup-home:/opt/rustwide/rustup-home:ro,Z" "-e" "SOURCE_DIR=/opt/rustwide/workdir" "-e" "CARGO_TARGET_DIR=/opt/rustwide/target" "-e" "CARGO_INCREMENTAL=0" "-e" "RUST_BACKTRACE=full" "-e" "RUSTFLAGS=--cap-lints=warn" "-e" "RUSTDOCFLAGS=--cap-lints=warn" "-e" "CARGO_HOME=/opt/rustwide/cargo-home" "-e" "RUSTUP_HOME=/opt/rustwide/rustup-home" "-w" "/opt/rustwide/workdir" "-m" "1610612736" "--user" "0:0" "--network" "none" "ghcr.io/rust-lang/crates-build-env/linux@sha256:5ff2268d62e97bff2cde7d5815dd6ed5b47097566f13b8d0ca110b04b60e07ed" "/opt/rustwide/cargo-home/bin/cargo" "+1.69.0" "build" "--frozen" "--message-format=json", kill_on_drop: false }`
[INFO] [stdout] a92201b06b2ccffa68843917089b1d38317a7734149239d8d44ed83f24209095
[INFO] running `Command { std: "docker" "start" "-a" "a92201b06b2ccffa68843917089b1d38317a7734149239d8d44ed83f24209095", kill_on_drop: false }`
[INFO] [stderr]    Compiling proc-macro2 v1.0.43
[INFO] [stderr]    Compiling quote v1.0.21
[INFO] [stderr]    Compiling unicode-ident v1.0.3
[INFO] [stderr]    Compiling syn v1.0.99
[INFO] [stderr]    Compiling typenum v1.15.0
[INFO] [stderr]    Compiling serde_derive v1.0.144
[INFO] [stderr]    Compiling serde v1.0.144
[INFO] [stderr]    Compiling libc v0.2.132
[INFO] [stderr]    Compiling generic-array v0.14.6
[INFO] [stderr]    Compiling once_cell v1.13.1
[INFO] [stderr]    Compiling subtle v2.4.1
[INFO] [stderr]    Compiling semver v1.0.13
[INFO] [stderr]    Compiling crunchy v0.2.2
[INFO] [stderr]    Compiling getrandom v0.1.16
[INFO] [stderr]    Compiling crossbeam-utils v0.8.11
[INFO] [stderr]    Compiling memoffset v0.6.5
[INFO] [stderr]    Compiling rustc_version v0.4.0
[INFO] [stderr]    Compiling crossbeam-epoch v0.9.10
[INFO] [stderr]    Compiling getrandom v0.2.7
[INFO] [stderr]    Compiling jobserver v0.1.24
[INFO] [stderr]    Compiling ahash v0.7.6
[INFO] [stderr]    Compiling cc v1.0.73
[INFO] [stderr]    Compiling digest v0.9.0
[INFO] [stderr]    Compiling wasm-bindgen-shared v0.2.82
[INFO] [stderr]    Compiling log v0.4.17
[INFO] [stderr]    Compiling scopeguard v1.1.0
[INFO] [stderr]    Compiling rayon-core v1.9.3
[INFO] [stderr]    Compiling libsecp256k1-core v0.2.2
[INFO] [stderr]    Compiling rand_core v0.5.1
[INFO] [stderr]    Compiling block-padding v0.2.1
[INFO] [stderr]    Compiling unicode-xid v0.2.3
[INFO] [stderr]    Compiling cpufeatures v0.2.4
[INFO] [stderr]    Compiling crossbeam-deque v0.8.2
[INFO] [stderr]    Compiling num_cpus v1.13.1
[INFO] [stderr]    Compiling crossbeam-channel v0.5.6
[INFO] [stderr]    Compiling rayon v1.5.3
[INFO] [stderr]    Compiling feature-probe v0.1.1
[INFO] [stderr]    Compiling bumpalo v3.11.0
[INFO] [stderr]    Compiling ppv-lite86 v0.2.16
[INFO] [stderr]    Compiling either v1.8.0
[INFO] [stderr]    Compiling bv v0.11.1
[INFO] [stderr]    Compiling libsecp256k1-gen-ecmult v0.2.1
[INFO] [stderr]    Compiling rand_chacha v0.2.2
[INFO] [stderr]    Compiling libsecp256k1-gen-genmult v0.2.1
[INFO] [stderr]    Compiling blake3 v1.3.1
[INFO] [stderr]    Compiling rand_core v0.6.3
[INFO] [stderr]    Compiling solana-frozen-abi-macro v1.11.7
[INFO] [stderr]    Compiling bitmaps v2.1.0
[INFO] [stderr]    Compiling im v15.1.0
[INFO] [stderr]    Compiling tinyvec_macros v0.1.0
[INFO] [stderr]    Compiling arrayref v0.3.6
[INFO] [stderr]    Compiling rustversion v1.0.9
[INFO] [stderr]    Compiling serde_json v1.0.85
[INFO] [stderr]    Compiling opaque-debug v0.3.0
[INFO] [stderr]    Compiling anyhow v1.0.62
[INFO] [stderr]    Compiling sized-chunks v0.6.5
[INFO] [stderr]    Compiling tinyvec v1.6.0
[INFO] [stderr]    Compiling libsecp256k1 v0.6.0
[INFO] [stderr]    Compiling rand_xoshiro v0.6.0
[INFO] [stderr]    Compiling rand v0.7.3
[INFO] [stderr]    Compiling solana-frozen-abi v1.11.7
[INFO] [stderr]    Compiling toml v0.5.9
[INFO] [stderr]    Compiling num-traits v0.2.15
[INFO] [stderr]    Compiling wasm-bindgen v0.2.82
[INFO] [stderr]    Compiling ryu v1.0.11
[INFO] [stderr]    Compiling constant_time_eq v0.1.5
[INFO] [stderr]    Compiling itoa v1.0.3
[INFO] [stderr]    Compiling arrayvec v0.7.2
[INFO] [stderr]    Compiling synstructure v0.12.6
[INFO] [stderr]    Compiling wasm-bindgen-backend v0.2.82
[INFO] [stderr]    Compiling borsh-derive-internal v0.9.3
[INFO] [stderr]    Compiling borsh-schema-derive-internal v0.9.3
[INFO] [stderr]    Compiling byteorder v1.4.3
[INFO] [stderr]    Compiling proc-macro-crate v0.1.5
[INFO] [stderr]    Compiling bs58 v0.4.0
[INFO] [stderr]    Compiling pmutil v0.5.3
[INFO] [stderr]    Compiling wasm-bindgen-macro-support v0.2.82
[INFO] [stderr]    Compiling unicode-normalization v0.1.21
[INFO] [stderr]    Compiling solana-program v1.11.7
[INFO] [stderr]    Compiling hashbrown v0.12.3
[INFO] [stderr]    Compiling hashbrown v0.11.2
[INFO] [stderr]    Compiling memmap2 v0.5.7
[INFO] [stderr]    Compiling keccak v0.1.2
[INFO] [stderr]    Compiling base64 v0.12.3
[INFO] [stderr]    Compiling Inflector v0.11.4
[INFO] [stderr]    Compiling rustc-hash v1.1.0
[INFO] [stderr]    Compiling itertools v0.10.3
[INFO] [stderr]    Compiling base64 v0.13.0
[INFO] [stderr]    Compiling thiserror-impl v1.0.32
[INFO] [stderr]    Compiling zeroize_derive v1.3.2
[INFO] [stderr]    Compiling bytemuck_derive v1.2.1
[INFO] [stderr]    Compiling borsh-derive v0.9.3
[INFO] [stderr]    Compiling wasm-bindgen-macro v0.2.82
[INFO] [stderr]    Compiling borsh v0.9.3
[INFO] [stderr]    Compiling zeroize v1.3.0
[INFO] [stderr]    Compiling bytemuck v1.12.1
[INFO] [stderr]    Compiling num-derive v0.3.3
[INFO] [stderr]    Compiling is-macro v0.2.1
[INFO] [stderr]    Compiling solana-sdk-macro v1.11.7
[INFO] [stderr]    Compiling thiserror v1.0.32
[INFO] [stderr]    Compiling nothing v0.1.11
[INFO] [stdout] error[E0554]: `#![feature]` may not be used on the stable release channel
[INFO] [stdout]   --> /opt/rustwide/cargo-home/registry/src/github.com-1ecc6299db9ec823/nothing-0.1.11/lib.rs:42:1
[INFO] [stdout]    |
[INFO] [stdout] 42 | #![feature(derive_default_enum)]
[INFO] [stdout]    | ^^^^^^^^^^^^^^^^^^^^^^^^^^^^^^^^ help: remove the attribute
[INFO] [stdout]    |
[INFO] [stdout]    = help: the feature `derive_default_enum` has been stable since `1.62.0` and no longer requires an attribute to enable
[INFO] [stdout] 
[INFO] [stdout] 
[INFO] [stdout] error[E0554]: `#![feature]` may not be used on the stable release channel
[INFO] [stdout]   --> /opt/rustwide/cargo-home/registry/src/github.com-1ecc6299db9ec823/nothing-0.1.11/lib.rs:43:1
[INFO] [stdout]    |
[INFO] [stdout] 43 | #![feature(try_trait_v2)]
[INFO] [stdout]    | ^^^^^^^^^^^^^^^^^^^^^^^^^
[INFO] [stdout] 
[INFO] [stdout] 
[INFO] [stdout] error[E0554]: `#![feature]` may not be used on the stable release channel
[INFO] [stdout]   --> /opt/rustwide/cargo-home/registry/src/github.com-1ecc6299db9ec823/nothing-0.1.11/lib.rs:43:12
[INFO] [stdout]    |
[INFO] [stdout] 43 | #![feature(try_trait_v2)]
[INFO] [stdout]    |            ^^^^^^^^^^^^
[INFO] [stdout] 
[INFO] [stdout] 
[INFO] [stdout] error: aborting due to 3 previous errors
[INFO] [stdout] 
[INFO] [stdout] 
[INFO] [stdout] For more information about this error, try `rustc --explain E0554`.
[INFO] [stdout] 
[INFO] [stderr] error: could not compile `nothing` due to 4 previous errors
[INFO] [stderr] warning: build failed, waiting for other jobs to finish...
[INFO] running `Command { std: "docker" "inspect" "a92201b06b2ccffa68843917089b1d38317a7734149239d8d44ed83f24209095", kill_on_drop: false }`
[INFO] running `Command { std: "docker" "rm" "-f" "a92201b06b2ccffa68843917089b1d38317a7734149239d8d44ed83f24209095", kill_on_drop: false }`
[INFO] [stdout] a92201b06b2ccffa68843917089b1d38317a7734149239d8d44ed83f24209095
