[INFO] fetching crate stripe2 29.0.0...
[INFO] testing stripe2-29.0.0 against 1.69.0 for beta-1.70-1
[INFO] extracting crate stripe2 29.0.0 into /workspace/builds/worker-7-tc1/source
[INFO] validating manifest of crates.io crate stripe2 29.0.0 on toolchain 1.69.0
[INFO] running `Command { std: CARGO_HOME="/workspace/cargo-home" RUSTUP_HOME="/workspace/rustup-home" "/workspace/cargo-home/bin/cargo" "+1.69.0" "metadata" "--manifest-path" "Cargo.toml" "--no-deps", kill_on_drop: false }`
[INFO] started tweaking crates.io crate stripe2 29.0.0
[INFO] removed 0 missing examples
[INFO] finished tweaking crates.io crate stripe2 29.0.0
[INFO] tweaked toml for crates.io crate stripe2 29.0.0 written to /workspace/builds/worker-7-tc1/source/Cargo.toml
[INFO] crate crates.io crate stripe2 29.0.0 already has a lockfile, it will not be regenerated
[INFO] running `Command { std: CARGO_HOME="/workspace/cargo-home" RUSTUP_HOME="/workspace/rustup-home" "/workspace/cargo-home/bin/cargo" "+1.69.0" "fetch" "--manifest-path" "Cargo.toml", kill_on_drop: false }`
[INFO] [stderr]  Downloading crates ...
[INFO] [stderr]   Downloaded httpclient v0.6.0
[INFO] running `Command { std: "docker" "create" "-v" "/var/lib/crater-agent-workspace/builds/worker-7-tc1/target:/opt/rustwide/target:rw,Z" "-v" "/var/lib/crater-agent-workspace/builds/worker-7-tc1/source:/opt/rustwide/workdir:ro,Z" "-v" "/var/lib/crater-agent-workspace/cargo-home:/opt/rustwide/cargo-home:ro,Z" "-v" "/var/lib/crater-agent-workspace/rustup-home:/opt/rustwide/rustup-home:ro,Z" "-e" "SOURCE_DIR=/opt/rustwide/workdir" "-e" "CARGO_TARGET_DIR=/opt/rustwide/target" "-e" "CARGO_HOME=/opt/rustwide/cargo-home" "-e" "RUSTUP_HOME=/opt/rustwide/rustup-home" "-w" "/opt/rustwide/workdir" "-m" "1610612736" "--user" "0:0" "--network" "none" "ghcr.io/rust-lang/crates-build-env/linux@sha256:5ff2268d62e97bff2cde7d5815dd6ed5b47097566f13b8d0ca110b04b60e07ed" "/opt/rustwide/cargo-home/bin/cargo" "+1.69.0" "metadata" "--no-deps" "--format-version=1", kill_on_drop: false }`
[INFO] [stdout] d60f687e1453ab8608bef79d1a4bd8d22f75b50b62a4579e6bccf332b0a20406
[INFO] running `Command { std: "docker" "start" "-a" "d60f687e1453ab8608bef79d1a4bd8d22f75b50b62a4579e6bccf332b0a20406", kill_on_drop: false }`
[INFO] running `Command { std: "docker" "inspect" "d60f687e1453ab8608bef79d1a4bd8d22f75b50b62a4579e6bccf332b0a20406", kill_on_drop: false }`
[INFO] running `Command { std: "docker" "rm" "-f" "d60f687e1453ab8608bef79d1a4bd8d22f75b50b62a4579e6bccf332b0a20406", kill_on_drop: false }`
[INFO] [stdout] d60f687e1453ab8608bef79d1a4bd8d22f75b50b62a4579e6bccf332b0a20406
[INFO] running `Command { std: "docker" "create" "-v" "/var/lib/crater-agent-workspace/builds/worker-7-tc1/target:/opt/rustwide/target:rw,Z" "-v" "/var/lib/crater-agent-workspace/builds/worker-7-tc1/source:/opt/rustwide/workdir:ro,Z" "-v" "/var/lib/crater-agent-workspace/cargo-home:/opt/rustwide/cargo-home:ro,Z" "-v" "/var/lib/crater-agent-workspace/rustup-home:/opt/rustwide/rustup-home:ro,Z" "-e" "SOURCE_DIR=/opt/rustwide/workdir" "-e" "CARGO_TARGET_DIR=/opt/rustwide/target" "-e" "CARGO_INCREMENTAL=0" "-e" "RUST_BACKTRACE=full" "-e" "RUSTFLAGS=--cap-lints=warn" "-e" "RUSTDOCFLAGS=--cap-lints=warn" "-e" "CARGO_HOME=/opt/rustwide/cargo-home" "-e" "RUSTUP_HOME=/opt/rustwide/rustup-home" "-w" "/opt/rustwide/workdir" "-m" "1610612736" "--user" "0:0" "--network" "none" "ghcr.io/rust-lang/crates-build-env/linux@sha256:5ff2268d62e97bff2cde7d5815dd6ed5b47097566f13b8d0ca110b04b60e07ed" "/opt/rustwide/cargo-home/bin/cargo" "+1.69.0" "build" "--frozen" "--message-format=json", kill_on_drop: false }`
[INFO] [stdout] 14730e7c1b9245147bcfc5d779a5acb59cf659a07051f5c7e05721b3e66b9fe4
[INFO] running `Command { std: "docker" "start" "-a" "14730e7c1b9245147bcfc5d779a5acb59cf659a07051f5c7e05721b3e66b9fe4", kill_on_drop: false }`
[INFO] [stderr]    Compiling proc-macro2 v1.0.47
[INFO] [stderr]    Compiling unicode-ident v1.0.5
[INFO] [stderr]    Compiling quote v1.0.21
[INFO] [stderr]    Compiling syn v1.0.103
[INFO] [stderr]    Compiling libc v0.2.137
[INFO] [stderr]    Compiling cc v1.0.77
[INFO] [stderr]    Compiling log v0.4.17
[INFO] [stderr]    Compiling once_cell v1.16.0
[INFO] [stderr]    Compiling futures-core v0.3.25
[INFO] [stderr]    Compiling futures-task v0.3.25
[INFO] [stderr]    Compiling parking_lot_core v0.9.4
[INFO] [stderr]    Compiling futures-channel v0.3.25
[INFO] [stderr]    Compiling slab v0.4.7
[INFO] [stderr]    Compiling bytes v1.3.0
[INFO] [stderr]    Compiling untrusted v0.7.1
[INFO] [stderr]    Compiling spin v0.5.2
[INFO] [stderr]    Compiling futures-util v0.3.25
[INFO] [stderr]    Compiling futures-sink v0.3.25
[INFO] [stderr]    Compiling tokio v1.22.0
[INFO] [stderr]    Compiling futures-io v0.3.25
[INFO] [stderr]    Compiling itoa v1.0.4
[INFO] [stderr]    Compiling httparse v1.8.0
[INFO] [stderr]    Compiling serde_derive v1.0.147
[INFO] [stderr]    Compiling rustls v0.20.7
[INFO] [stderr]    Compiling tracing-core v0.1.30
[INFO] [stderr]    Compiling base64 v0.13.1
[INFO] [stderr]    Compiling serde v1.0.147
[INFO] [stderr]    Compiling http v0.2.8
[INFO] [stderr]    Compiling want v0.3.0
[INFO] [stderr]    Compiling async-trait v0.1.58
[INFO] [stderr]    Compiling tower-service v0.3.2
[INFO] [stderr]    Compiling encoding_rs v0.8.31
[INFO] [stderr]    Compiling thiserror v1.0.37
[INFO] [stderr]    Compiling serde_json v1.0.89
[INFO] [stderr]    Compiling ryu v1.0.11
[INFO] [stderr]    Compiling rustls-pemfile v1.0.1
[INFO] [stderr]    Compiling anyhow v1.0.66
[INFO] [stderr]    Compiling urlencoding v2.1.2
[INFO] [stderr]    Compiling tracing v0.1.37
[INFO] [stderr]    Compiling rustls-native-certs v0.6.2
[INFO] [stderr]    Compiling ring v0.16.20
[INFO] [stderr]    Compiling signal-hook-registry v1.4.0
[INFO] [stderr]    Compiling mio v0.8.5
[INFO] [stderr]    Compiling socket2 v0.4.7
[INFO] [stderr]    Compiling num_cpus v1.14.0
[INFO] [stderr]    Compiling parking_lot v0.12.1
[INFO] [stderr]    Compiling http-body v0.4.5
[INFO] [stderr]    Compiling sct v0.7.0
[INFO] [stderr]    Compiling webpki v0.22.0
[INFO] [stderr]    Compiling futures-macro v0.3.25
[INFO] [stderr]    Compiling tokio-macros v1.8.0
[INFO] [stderr]    Compiling thiserror-impl v1.0.37
[INFO] [stderr]    Compiling futures-executor v0.3.25
[INFO] [stderr]    Compiling futures v0.3.25
[INFO] [stderr]    Compiling hyper v0.14.23
[INFO] [stderr]    Compiling tokio-rustls v0.23.4
[INFO] [stderr]    Compiling hyper-rustls v0.23.1
[INFO] [stderr]    Compiling httpclient v0.6.0
[INFO] [stderr]    Compiling stripe2 v29.0.0 (/opt/rustwide/workdir)
[INFO] [stderr]     Finished dev [unoptimized + debuginfo] target(s) in 46.40s
[INFO] running `Command { std: "docker" "inspect" "14730e7c1b9245147bcfc5d779a5acb59cf659a07051f5c7e05721b3e66b9fe4", kill_on_drop: false }`
[INFO] running `Command { std: "docker" "rm" "-f" "14730e7c1b9245147bcfc5d779a5acb59cf659a07051f5c7e05721b3e66b9fe4", kill_on_drop: false }`
[INFO] [stdout] 14730e7c1b9245147bcfc5d779a5acb59cf659a07051f5c7e05721b3e66b9fe4
[INFO] running `Command { std: "docker" "create" "-v" "/var/lib/crater-agent-workspace/builds/worker-7-tc1/target:/opt/rustwide/target:rw,Z" "-v" "/var/lib/crater-agent-workspace/builds/worker-7-tc1/source:/opt/rustwide/workdir:ro,Z" "-v" "/var/lib/crater-agent-workspace/cargo-home:/opt/rustwide/cargo-home:ro,Z" "-v" "/var/lib/crater-agent-workspace/rustup-home:/opt/rustwide/rustup-home:ro,Z" "-e" "SOURCE_DIR=/opt/rustwide/workdir" "-e" "CARGO_TARGET_DIR=/opt/rustwide/target" "-e" "CARGO_INCREMENTAL=0" "-e" "RUST_BACKTRACE=full" "-e" "RUSTFLAGS=--cap-lints=warn" "-e" "RUSTDOCFLAGS=--cap-lints=warn" "-e" "CARGO_HOME=/opt/rustwide/cargo-home" "-e" "RUSTUP_HOME=/opt/rustwide/rustup-home" "-w" "/opt/rustwide/workdir" "-m" "1610612736" "--user" "0:0" "--network" "none" "ghcr.io/rust-lang/crates-build-env/linux@sha256:5ff2268d62e97bff2cde7d5815dd6ed5b47097566f13b8d0ca110b04b60e07ed" "/opt/rustwide/cargo-home/bin/cargo" "+1.69.0" "test" "--frozen" "--no-run" "--message-format=json", kill_on_drop: false }`
[INFO] [stdout] 2bf7b21cff92d6af6d3d76f449f37e12df0de82ca350b2c13e0c6c99e8cfb885
[INFO] running `Command { std: "docker" "start" "-a" "2bf7b21cff92d6af6d3d76f449f37e12df0de82ca350b2c13e0c6c99e8cfb885", kill_on_drop: false }`
[INFO] [stderr]    Compiling stripe2 v29.0.0 (/opt/rustwide/workdir)
[INFO] [stdout] error[E0599]: no method named `get_orders_id` found for struct `StripeClient` in the current scope
[INFO] [stdout]  --> examples/get_orders_id.rs:9:10
[INFO] [stdout]   |
[INFO] [stdout] 8 |       let response = client
[INFO] [stdout]   |  ____________________-
[INFO] [stdout] 9 | |         .get_orders_id(id)
[INFO] [stdout]   | |         -^^^^^^^^^^^^^ help: there is a method with a similar name: `get_products_id`
[INFO] [stdout]   | |_________|
[INFO] [stdout]   | 
[INFO] [stdout] 
[INFO] [stdout] 
[INFO] [stdout] error: aborting due to previous error
[INFO] [stdout] 
[INFO] [stdout] 
[INFO] [stdout] For more information about this error, try `rustc --explain E0599`.
[INFO] [stdout] 
[INFO] [stderr] error: could not compile `stripe2` due to 2 previous errors
[INFO] [stderr] warning: build failed, waiting for other jobs to finish...
[INFO] [stdout] error[E0599]: no method named `post_skus_id` found for struct `StripeClient` in the current scope
[INFO] [stdout]  --> examples/post_skus_id.rs:8:27
[INFO] [stdout]   |
[INFO] [stdout] 8 |     let response = client.post_skus_id(id).send().await.unwrap();
[INFO] [stdout]   |                           ^^^^^^^^^^^^ help: there is a method with a similar name: `post_products_id`
[INFO] [stdout] 
[INFO] [stdout] 
[INFO] [stdout] error: aborting due to previous error
[INFO] [stdout] 
[INFO] [stdout] 
[INFO] [stdout] For more information about this error, try `rustc --explain E0599`.
[INFO] [stdout] 
[INFO] [stderr] error: could not compile `stripe2` due to 2 previous errors
[INFO] [stderr] error: could not compile `stripe2`
[INFO] [stderr] 
[INFO] [stderr] Caused by:
[INFO] [stderr]   process didn't exit successfully: `rustc --crate-name stripe2 --edition=2021 src/lib.rs --error-format=json --json=diagnostic-rendered-ansi,artifacts,future-incompat --emit=dep-info,link -C embed-bitcode=no -C debuginfo=2 --test -C metadata=69b8a48337221267 -C extra-filename=-69b8a48337221267 --out-dir /opt/rustwide/target/debug/deps -L dependency=/opt/rustwide/target/debug/deps --extern anyhow=/opt/rustwide/target/debug/deps/libanyhow-4e07f3178634810c.rlib --extern httpclient=/opt/rustwide/target/debug/deps/libhttpclient-e9440e8cdef447db.rlib --extern serde=/opt/rustwide/target/debug/deps/libserde-d77aec7a32a31bd3.rlib --extern serde_json=/opt/rustwide/target/debug/deps/libserde_json-085525b883c5aa01.rlib --extern tokio=/opt/rustwide/target/debug/deps/libtokio-a5119ba364230469.rlib --cap-lints=warn -L native=/opt/rustwide/target/debug/build/ring-c4de7a7b86f42bd3/out` (signal: 9, SIGKILL: kill)
[INFO] [stderr] error: could not compile `stripe2`
[INFO] [stderr] 
[INFO] [stderr] Caused by:
[INFO] [stderr]   process didn't exit successfully: `rustc --crate-name get_subscriptions_subscription_exposed_id --edition=2021 examples/get_subscriptions_subscription_exposed_id.rs --error-format=json --json=diagnostic-rendered-ansi,artifacts,future-incompat --crate-type bin --emit=dep-info,link -C embed-bitcode=no -C debuginfo=2 -C metadata=fd78f6f266f0a79c -C extra-filename=-fd78f6f266f0a79c --out-dir /opt/rustwide/target/debug/examples -L dependency=/opt/rustwide/target/debug/deps --extern anyhow=/opt/rustwide/target/debug/deps/libanyhow-4e07f3178634810c.rlib --extern httpclient=/opt/rustwide/target/debug/deps/libhttpclient-e9440e8cdef447db.rlib --extern serde=/opt/rustwide/target/debug/deps/libserde-d77aec7a32a31bd3.rlib --extern serde_json=/opt/rustwide/target/debug/deps/libserde_json-085525b883c5aa01.rlib --extern stripe2=/opt/rustwide/target/debug/deps/libstripe2-01435466e1586556.rlib --extern tokio=/opt/rustwide/target/debug/deps/libtokio-a5119ba364230469.rlib --cap-lints=warn -L native=/opt/rustwide/target/debug/build/ring-c4de7a7b86f42bd3/out` (signal: 9, SIGKILL: kill)
[INFO] [stderr] error: could not compile `stripe2`
[INFO] [stderr] 
[INFO] [stderr] Caused by:
[INFO] [stderr]   process didn't exit successfully: `rustc --crate-name post_identity_verification_sessions --edition=2021 examples/post_identity_verification_sessions.rs --error-format=json --json=diagnostic-rendered-ansi,artifacts,future-incompat --crate-type bin --emit=dep-info,link -C embed-bitcode=no -C debuginfo=2 -C metadata=a3bdf153eb1ac688 -C extra-filename=-a3bdf153eb1ac688 --out-dir /opt/rustwide/target/debug/examples -L dependency=/opt/rustwide/target/debug/deps --extern anyhow=/opt/rustwide/target/debug/deps/libanyhow-4e07f3178634810c.rlib --extern httpclient=/opt/rustwide/target/debug/deps/libhttpclient-e9440e8cdef447db.rlib --extern serde=/opt/rustwide/target/debug/deps/libserde-d77aec7a32a31bd3.rlib --extern serde_json=/opt/rustwide/target/debug/deps/libserde_json-085525b883c5aa01.rlib --extern stripe2=/opt/rustwide/target/debug/deps/libstripe2-01435466e1586556.rlib --extern tokio=/opt/rustwide/target/debug/deps/libtokio-a5119ba364230469.rlib --cap-lints=warn -L native=/opt/rustwide/target/debug/build/ring-c4de7a7b86f42bd3/out` (signal: 9, SIGKILL: kill)
[INFO] [stderr] error: could not compile `stripe2`
[INFO] [stderr] 
[INFO] [stderr] Caused by:
[INFO] [stderr]   process didn't exit successfully: `rustc --crate-name get_financial_connections_accounts_account --edition=2021 examples/get_financial_connections_accounts_account.rs --error-format=json --json=diagnostic-rendered-ansi,artifacts,future-incompat --crate-type bin --emit=dep-info,link -C embed-bitcode=no -C debuginfo=2 -C metadata=4c04fb5d171c0a2c -C extra-filename=-4c04fb5d171c0a2c --out-dir /opt/rustwide/target/debug/examples -L dependency=/opt/rustwide/target/debug/deps --extern anyhow=/opt/rustwide/target/debug/deps/libanyhow-4e07f3178634810c.rlib --extern httpclient=/opt/rustwide/target/debug/deps/libhttpclient-e9440e8cdef447db.rlib --extern serde=/opt/rustwide/target/debug/deps/libserde-d77aec7a32a31bd3.rlib --extern serde_json=/opt/rustwide/target/debug/deps/libserde_json-085525b883c5aa01.rlib --extern stripe2=/opt/rustwide/target/debug/deps/libstripe2-01435466e1586556.rlib --extern tokio=/opt/rustwide/target/debug/deps/libtokio-a5119ba364230469.rlib --cap-lints=warn -L native=/opt/rustwide/target/debug/build/ring-c4de7a7b86f42bd3/out` (signal: 9, SIGKILL: kill)
[INFO] [stderr] error: could not compile `stripe2`
[INFO] [stderr] 
[INFO] [stderr] Caused by:
[INFO] [stderr]   process didn't exit successfully: `rustc --crate-name post_payment_intents --edition=2021 examples/post_payment_intents.rs --error-format=json --json=diagnostic-rendered-ansi,artifacts,future-incompat --crate-type bin --emit=dep-info,link -C embed-bitcode=no -C debuginfo=2 -C metadata=ddbe2df7de81df72 -C extra-filename=-ddbe2df7de81df72 --out-dir /opt/rustwide/target/debug/examples -L dependency=/opt/rustwide/target/debug/deps --extern anyhow=/opt/rustwide/target/debug/deps/libanyhow-4e07f3178634810c.rlib --extern httpclient=/opt/rustwide/target/debug/deps/libhttpclient-e9440e8cdef447db.rlib --extern serde=/opt/rustwide/target/debug/deps/libserde-d77aec7a32a31bd3.rlib --extern serde_json=/opt/rustwide/target/debug/deps/libserde_json-085525b883c5aa01.rlib --extern stripe2=/opt/rustwide/target/debug/deps/libstripe2-01435466e1586556.rlib --extern tokio=/opt/rustwide/target/debug/deps/libtokio-a5119ba364230469.rlib --cap-lints=warn -L native=/opt/rustwide/target/debug/build/ring-c4de7a7b86f42bd3/out` (signal: 9, SIGKILL: kill)
[INFO] [stderr] error: could not compile `stripe2`
[INFO] [stderr] 
[INFO] [stderr] Caused by:
[INFO] [stderr]   process didn't exit successfully: `rustc --crate-name post_test_helpers_treasury_outbound_payments_id_fail --edition=2021 examples/post_test_helpers_treasury_outbound_payments_id_fail.rs --error-format=json --json=diagnostic-rendered-ansi,artifacts,future-incompat --crate-type bin --emit=dep-info,link -C embed-bitcode=no -C debuginfo=2 -C metadata=3deb5049e1443206 -C extra-filename=-3deb5049e1443206 --out-dir /opt/rustwide/target/debug/examples -L dependency=/opt/rustwide/target/debug/deps --extern anyhow=/opt/rustwide/target/debug/deps/libanyhow-4e07f3178634810c.rlib --extern httpclient=/opt/rustwide/target/debug/deps/libhttpclient-e9440e8cdef447db.rlib --extern serde=/opt/rustwide/target/debug/deps/libserde-d77aec7a32a31bd3.rlib --extern serde_json=/opt/rustwide/target/debug/deps/libserde_json-085525b883c5aa01.rlib --extern stripe2=/opt/rustwide/target/debug/deps/libstripe2-01435466e1586556.rlib --extern tokio=/opt/rustwide/target/debug/deps/libtokio-a5119ba364230469.rlib --cap-lints=warn -L native=/opt/rustwide/target/debug/build/ring-c4de7a7b86f42bd3/out` (signal: 9, SIGKILL: kill)
[INFO] [stderr] error: could not compile `stripe2`
[INFO] [stderr] 
[INFO] [stderr] Caused by:
[INFO] [stderr]   process didn't exit successfully: `rustc --crate-name get_country_specs_country --edition=2021 examples/get_country_specs_country.rs --error-format=json --json=diagnostic-rendered-ansi,artifacts,future-incompat --crate-type bin --emit=dep-info,link -C embed-bitcode=no -C debuginfo=2 -C metadata=1752ae35f86a0d7f -C extra-filename=-1752ae35f86a0d7f --out-dir /opt/rustwide/target/debug/examples -L dependency=/opt/rustwide/target/debug/deps --extern anyhow=/opt/rustwide/target/debug/deps/libanyhow-4e07f3178634810c.rlib --extern httpclient=/opt/rustwide/target/debug/deps/libhttpclient-e9440e8cdef447db.rlib --extern serde=/opt/rustwide/target/debug/deps/libserde-d77aec7a32a31bd3.rlib --extern serde_json=/opt/rustwide/target/debug/deps/libserde_json-085525b883c5aa01.rlib --extern stripe2=/opt/rustwide/target/debug/deps/libstripe2-01435466e1586556.rlib --extern tokio=/opt/rustwide/target/debug/deps/libtokio-a5119ba364230469.rlib --cap-lints=warn -L native=/opt/rustwide/target/debug/build/ring-c4de7a7b86f42bd3/out` (signal: 9, SIGKILL: kill)
[INFO] [stderr] error: could not compile `stripe2`
[INFO] [stderr] 
[INFO] [stderr] Caused by:
[INFO] [stderr]   process didn't exit successfully: `rustc --crate-name post_payouts_payout_reverse --edition=2021 examples/post_payouts_payout_reverse.rs --error-format=json --json=diagnostic-rendered-ansi,artifacts,future-incompat --crate-type bin --emit=dep-info,link -C embed-bitcode=no -C debuginfo=2 -C metadata=505c3cf3a92db99b -C extra-filename=-505c3cf3a92db99b --out-dir /opt/rustwide/target/debug/examples -L dependency=/opt/rustwide/target/debug/deps --extern anyhow=/opt/rustwide/target/debug/deps/libanyhow-4e07f3178634810c.rlib --extern httpclient=/opt/rustwide/target/debug/deps/libhttpclient-e9440e8cdef447db.rlib --extern serde=/opt/rustwide/target/debug/deps/libserde-d77aec7a32a31bd3.rlib --extern serde_json=/opt/rustwide/target/debug/deps/libserde_json-085525b883c5aa01.rlib --extern stripe2=/opt/rustwide/target/debug/deps/libstripe2-01435466e1586556.rlib --extern tokio=/opt/rustwide/target/debug/deps/libtokio-a5119ba364230469.rlib --cap-lints=warn -L native=/opt/rustwide/target/debug/build/ring-c4de7a7b86f42bd3/out` (signal: 9, SIGKILL: kill)
[INFO] [stderr] error: could not compile `stripe2`
[INFO] [stderr] 
[INFO] [stderr] Caused by:
[INFO] [stderr]   process didn't exit successfully: `rustc --crate-name get_radar_early_fraud_warnings_early_fraud_warning --edition=2021 examples/get_radar_early_fraud_warnings_early_fraud_warning.rs --error-format=json --json=diagnostic-rendered-ansi,artifacts,future-incompat --crate-type bin --emit=dep-info,link -C embed-bitcode=no -C debuginfo=2 -C metadata=06015917d0416261 -C extra-filename=-06015917d0416261 --out-dir /opt/rustwide/target/debug/examples -L dependency=/opt/rustwide/target/debug/deps --extern anyhow=/opt/rustwide/target/debug/deps/libanyhow-4e07f3178634810c.rlib --extern httpclient=/opt/rustwide/target/debug/deps/libhttpclient-e9440e8cdef447db.rlib --extern serde=/opt/rustwide/target/debug/deps/libserde-d77aec7a32a31bd3.rlib --extern serde_json=/opt/rustwide/target/debug/deps/libserde_json-085525b883c5aa01.rlib --extern stripe2=/opt/rustwide/target/debug/deps/libstripe2-01435466e1586556.rlib --extern tokio=/opt/rustwide/target/debug/deps/libtokio-a5119ba364230469.rlib --cap-lints=warn -L native=/opt/rustwide/target/debug/build/ring-c4de7a7b86f42bd3/out` (signal: 9, SIGKILL: kill)
[INFO] [stderr] error: could not compile `stripe2`
[INFO] [stderr] 
[INFO] [stderr] Caused by:
[INFO] [stderr]   process didn't exit successfully: `rustc --crate-name post_financial_connections_accounts_account_disconnect --edition=2021 examples/post_financial_connections_accounts_account_disconnect.rs --error-format=json --json=diagnostic-rendered-ansi,artifacts,future-incompat --crate-type bin --emit=dep-info,link -C embed-bitcode=no -C debuginfo=2 -C metadata=46d5074038cbc037 -C extra-filename=-46d5074038cbc037 --out-dir /opt/rustwide/target/debug/examples -L dependency=/opt/rustwide/target/debug/deps --extern anyhow=/opt/rustwide/target/debug/deps/libanyhow-4e07f3178634810c.rlib --extern httpclient=/opt/rustwide/target/debug/deps/libhttpclient-e9440e8cdef447db.rlib --extern serde=/opt/rustwide/target/debug/deps/libserde-d77aec7a32a31bd3.rlib --extern serde_json=/opt/rustwide/target/debug/deps/libserde_json-085525b883c5aa01.rlib --extern stripe2=/opt/rustwide/target/debug/deps/libstripe2-01435466e1586556.rlib --extern tokio=/opt/rustwide/target/debug/deps/libtokio-a5119ba364230469.rlib --cap-lints=warn -L native=/opt/rustwide/target/debug/build/ring-c4de7a7b86f42bd3/out` (signal: 9, SIGKILL: kill)
[INFO] [stderr] error: could not compile `stripe2`
[INFO] [stderr] 
[INFO] [stderr] Caused by:
[INFO] [stderr]   process didn't exit successfully: `rustc --crate-name post_application_fees_id_refunds --edition=2021 examples/post_application_fees_id_refunds.rs --error-format=json --json=diagnostic-rendered-ansi,artifacts,future-incompat --crate-type bin --emit=dep-info,link -C embed-bitcode=no -C debuginfo=2 -C metadata=a1c6bd79372a14c4 -C extra-filename=-a1c6bd79372a14c4 --out-dir /opt/rustwide/target/debug/examples -L dependency=/opt/rustwide/target/debug/deps --extern anyhow=/opt/rustwide/target/debug/deps/libanyhow-4e07f3178634810c.rlib --extern httpclient=/opt/rustwide/target/debug/deps/libhttpclient-e9440e8cdef447db.rlib --extern serde=/opt/rustwide/target/debug/deps/libserde-d77aec7a32a31bd3.rlib --extern serde_json=/opt/rustwide/target/debug/deps/libserde_json-085525b883c5aa01.rlib --extern stripe2=/opt/rustwide/target/debug/deps/libstripe2-01435466e1586556.rlib --extern tokio=/opt/rustwide/target/debug/deps/libtokio-a5119ba364230469.rlib --cap-lints=warn -L native=/opt/rustwide/target/debug/build/ring-c4de7a7b86f42bd3/out` (signal: 9, SIGKILL: kill)
[INFO] [stdout] error: linking with `cc` failed: exit status: 1
[INFO] [stdout]   |
[INFO] [stdout]   = note: LC_ALL="C" PATH="/opt/rustwide/rustup-home/toolchains/1.69.0-x86_64-unknown-linux-gnu/lib/rustlib/x86_64-unknown-linux-gnu/bin:/opt/rustwide/cargo-home/bin:/usr/local/sbin:/usr/local/bin:/usr/sbin:/usr/bin:/sbin:/bin" VSLANG="1033" "cc" "-m64" "/tmp/rustcn4PyaM/symbols.o" "/opt/rustwide/target/debug/examples/get_quotes_quote_computed_upfront_line_items-989c8b9df8197df7.get_quotes_quote_computed_upfront_line_items.e87f94f7-cgu.0.rcgu.o" "/opt/rustwide/target/debug/examples/get_quotes_quote_computed_upfront_line_items-989c8b9df8197df7.get_quotes_quote_computed_upfront_line_items.e87f94f7-cgu.1.rcgu.o" "/opt/rustwide/target/debug/examples/get_quotes_quote_computed_upfront_line_items-989c8b9df8197df7.get_quotes_quote_computed_upfront_line_items.e87f94f7-cgu.10.rcgu.o" "/opt/rustwide/target/debug/examples/get_quotes_quote_computed_upfront_line_items-989c8b9df8197df7.get_quotes_quote_computed_upfront_line_items.e87f94f7-cgu.11.rcgu.o" "/opt/rustwide/target/debug/examples/get_quotes_quote_computed_upfront_line_items-989c8b9df8197df7.get_quotes_quote_computed_upfront_line_items.e87f94f7-cgu.12.rcgu.o" "/opt/rustwide/target/debug/examples/get_quotes_quote_computed_upfront_line_items-989c8b9df8197df7.get_quotes_quote_computed_upfront_line_items.e87f94f7-cgu.13.rcgu.o" "/opt/rustwide/target/debug/examples/get_quotes_quote_computed_upfront_line_items-989c8b9df8197df7.get_quotes_quote_computed_upfront_line_items.e87f94f7-cgu.14.rcgu.o" "/opt/rustwide/target/debug/examples/get_quotes_quote_computed_upfront_line_items-989c8b9df8197df7.get_quotes_quote_computed_upfront_line_items.e87f94f7-cgu.15.rcgu.o" "/opt/rustwide/target/debug/examples/get_quotes_quote_computed_upfront_line_items-989c8b9df8197df7.get_quotes_quote_computed_upfront_line_items.e87f94f7-cgu.2.rcgu.o" "/opt/rustwide/target/debug/examples/get_quotes_quote_computed_upfront_line_items-989c8b9df8197df7.get_quotes_quote_computed_upfront_line_items.e87f94f7-cgu.3.rcgu.o" "/opt/rustwide/target/debug/examples/get_quotes_quote_computed_upfront_line_items-989c8b9df8197df7.get_quotes_quote_computed_upfront_line_items.e87f94f7-cgu.4.rcgu.o" "/opt/rustwide/target/debug/examples/get_quotes_quote_computed_upfront_line_items-989c8b9df8197df7.get_quotes_quote_computed_upfront_line_items.e87f94f7-cgu.5.rcgu.o" "/opt/rustwide/target/debug/examples/get_quotes_quote_computed_upfront_line_items-989c8b9df8197df7.get_quotes_quote_computed_upfront_line_items.e87f94f7-cgu.6.rcgu.o" "/opt/rustwide/target/debug/examples/get_quotes_quote_computed_upfront_line_items-989c8b9df8197df7.get_quotes_quote_computed_upfront_line_items.e87f94f7-cgu.7.rcgu.o" "/opt/rustwide/target/debug/examples/get_quotes_quote_computed_upfront_line_items-989c8b9df8197df7.get_quotes_quote_computed_upfront_line_items.e87f94f7-cgu.8.rcgu.o" "/opt/rustwide/target/debug/examples/get_quotes_quote_computed_upfront_line_items-989c8b9df8197df7.get_quotes_quote_computed_upfront_line_items.e87f94f7-cgu.9.rcgu.o" "/opt/rustwide/target/debug/examples/get_quotes_quote_computed_upfront_line_items-989c8b9df8197df7.1q8rkc6279un7sml.rcgu.o" "-Wl,--as-needed" "-L" "/opt/rustwide/target/debug/deps" "-L" "/opt/rustwide/target/debug/build/ring-c4de7a7b86f42bd3/out" "-L" "/opt/rustwide/rustup-home/toolchains/1.69.0-x86_64-unknown-linux-gnu/lib/rustlib/x86_64-unknown-linux-gnu/lib" "-Wl,-Bstatic" "/opt/rustwide/target/debug/deps/libstripe2-01435466e1586556.rlib" "/opt/rustwide/target/debug/deps/libhttpclient-e9440e8cdef447db.rlib" "/opt/rustwide/target/debug/deps/liburlencoding-1157924a9e5f842f.rlib" "/opt/rustwide/target/debug/deps/libthiserror-e5536beddce18bf0.rlib" "/opt/rustwide/target/debug/deps/libencoding_rs-445b6023340cc421.rlib" "/opt/rustwide/target/debug/deps/libwalkdir-b48bc91a5fc3dc05.rlib" "/opt/rustwide/target/debug/deps/libsame_file-fab28c3c81b2d2fa.rlib" "/opt/rustwide/target/debug/deps/libhyper_rustls-a49a8ecd9a88dde0.rlib" "/opt/rustwide/target/debug/deps/librustls_native_certs-86341fc600151d7a.rlib" "/opt/rustwide/target/debug/deps/librustls_pemfile-41fda47de2b16aff.rlib" "/opt/rustwide/target/debug/deps/libbase64-58bd2041a3052460.rlib" "/opt/rustwide/target/debug/deps/libopenssl_probe-2d1cd15c290ad1de.rlib" "/opt/rustwide/target/debug/deps/libtokio_rustls-5730199cfa21df71.rlib" "/opt/rustwide/target/debug/deps/librustls-fa1227491523c5e7.rlib" "/opt/rustwide/target/debug/deps/libsct-5836af5eef183464.rlib" "/opt/rustwide/target/debug/deps/libwebpki-1f11a3f2de4ab910.rlib" "/opt/rustwide/target/debug/deps/libring-25f5b64699adc528.rlib" "/opt/rustwide/target/debug/deps/libspin-ba7f384cfb4b159f.rlib" "/opt/rustwide/target/debug/deps/libuntrusted-ec41ab00ed225515.rlib" "/opt/rustwide/target/debug/deps/libhyper-867e48e9cfa8143a.rlib" "/opt/rustwide/target/debug/deps/libwant-1e20505a393def83.rlib" "/opt/rustwide/target/debug/deps/libtry_lock-372cab8856e9ce9d.rlib" "/opt/rustwide/target/debug/deps/libhttparse-30fefae29fd53c2e.rlib" "/opt/rustwide/target/debug/deps/libtower_service-a82a463fea06a00e.rlib" "/opt/rustwide/target/debug/deps/libtracing-5838c5e3478945c6.rlib" "/opt/rustwide/target/debug/deps/libtracing_core-7cccb0855fe9d4cc.rlib" "/opt/rustwide/target/debug/deps/libonce_cell-021a162636773b89.rlib" "/opt/rustwide/target/debug/deps/libhttp_body-4182004dce678479.rlib" "/opt/rustwide/target/debug/deps/libfutures_util-c16555d8e03a05c9.rlib" "/opt/rustwide/target/debug/deps/libfutures_io-3f9849ddf2bf8c6a.rlib" "/opt/rustwide/target/debug/deps/libslab-adc206ca6c0d0a92.rlib" "/opt/rustwide/target/debug/deps/libfutures_channel-511620819a75cad4.rlib" "/opt/rustwide/target/debug/deps/libfutures_sink-a57c6c821771da39.rlib" "/opt/rustwide/target/debug/deps/libfutures_task-30fd2c6681655f9e.rlib" "/opt/rustwide/target/debug/deps/libpin_utils-0d8eaf4ac0fcb221.rlib" "/opt/rustwide/target/debug/deps/libfutures_core-d2ec0c05d9f2cf66.rlib" "/opt/rustwide/target/debug/deps/libtokio-a5119ba364230469.rlib" "/opt/rustwide/target/debug/deps/libsignal_hook_registry-71500c2966944a1f.rlib" "/opt/rustwide/target/debug/deps/libnum_cpus-c7fc7e9f4a6e1cb0.rlib" "/opt/rustwide/target/debug/deps/libsocket2-06d227105c392312.rlib" "/opt/rustwide/target/debug/deps/libmemchr-b18e4aa3c7a38625.rlib" "/opt/rustwide/target/debug/deps/libmio-c1eade645103593e.rlib" "/opt/rustwide/target/debug/deps/liblog-b7002f1ab15c8d8b.rlib" "/opt/rustwide/target/debug/deps/libparking_lot-eefb80dd390a9509.rlib" "/opt/rustwide/target/debug/deps/libparking_lot_core-d1506e201c93aef0.rlib" "/opt/rustwide/target/debug/deps/liblibc-92ebe89a76ebb892.rlib" "/opt/rustwide/target/debug/deps/libcfg_if-e5e118dd7d121aaa.rlib" "/opt/rustwide/target/debug/deps/libsmallvec-22f2447eab0ca59b.rlib" "/opt/rustwide/target/debug/deps/liblock_api-68f9f4627da435ce.rlib" "/opt/rustwide/target/debug/deps/libscopeguard-f471875f675163b5.rlib" "/opt/rustwide/target/debug/deps/libpin_project_lite-e66e1bab7310d569.rlib" "/opt/rustwide/target/debug/deps/libhttpdate-fbb447b85a38529c.rlib" "/opt/rustwide/target/debug/deps/libhttp-d483b4e91525a9a8.rlib" "/opt/rustwide/target/debug/deps/libbytes-300feae2a21f90fa.rlib" "/opt/rustwide/target/debug/deps/libfnv-41a559218f992797.rlib" "/opt/rustwide/target/debug/deps/libanyhow-4e07f3178634810c.rlib" "/opt/rustwide/target/debug/deps/libserde_json-085525b883c5aa01.rlib" "/opt/rustwide/target/debug/deps/libryu-88ed33e27302889f.rlib" "/opt/rustwide/target/debug/deps/libitoa-91803136d76e5d75.rlib" "/opt/rustwide/target/debug/deps/libserde-d77aec7a32a31bd3.rlib" "/opt/rustwide/rustup-home/toolchains/1.69.0-x86_64-unknown-linux-gnu/lib/rustlib/x86_64-unknown-linux-gnu/lib/libstd-89bc084783fdc439.rlib" "/opt/rustwide/rustup-home/toolchains/1.69.0-x86_64-unknown-linux-gnu/lib/rustlib/x86_64-unknown-linux-gnu/lib/libpanic_unwind-8bee4b287d4367c1.rlib" "/opt/rustwide/rustup-home/toolchains/1.69.0-x86_64-unknown-linux-gnu/lib/rustlib/x86_64-unknown-linux-gnu/lib/libobject-d61707aed80694c0.rlib" "/opt/rustwide/rustup-home/toolchains/1.69.0-x86_64-unknown-linux-gnu/lib/rustlib/x86_64-unknown-linux-gnu/lib/libmemchr-d85366256f22345b.rlib" "/opt/rustwide/rustup-home/toolchains/1.69.0-x86_64-unknown-linux-gnu/lib/rustlib/x86_64-unknown-linux-gnu/lib/libaddr2line-96069b86b8a8cae9.rlib" "/opt/rustwide/rustup-home/toolchains/1.69.0-x86_64-unknown-linux-gnu/lib/rustlib/x86_64-unknown-linux-gnu/lib/libgimli-d19d53abf68dfa6c.rlib" "/opt/rustwide/rustup-home/toolchains/1.69.0-x86_64-unknown-linux-gnu/lib/rustlib/x86_64-unknown-linux-gnu/lib/librustc_demangle-787cbccd19d64ac6.rlib" "/opt/rustwide/rustup-home/toolchains/1.69.0-x86_64-unknown-linux-gnu/lib/rustlib/x86_64-unknown-linux-gnu/lib/libstd_detect-b3837a36b830e0d0.rlib" "/opt/rustwide/rustup-home/toolchains/1.69.0-x86_64-unknown-linux-gnu/lib/rustlib/x86_64-unknown-linux-gnu/lib/libhashbrown-e3deb0e7e3f04966.rlib" "/opt/rustwide/rustup-home/toolchains/1.69.0-x86_64-unknown-linux-gnu/lib/rustlib/x86_64-unknown-linux-gnu/lib/libminiz_oxide-dabbb79c9815def4.rlib" "/opt/rustwide/rustup-home/toolchains/1.69.0-x86_64-unknown-linux-gnu/lib/rustlib/x86_64-unknown-linux-gnu/lib/libadler-305b01f34c9409f2.rlib" "/opt/rustwide/rustup-home/toolchains/1.69.0-x86_64-unknown-linux-gnu/lib/rustlib/x86_64-unknown-linux-gnu/lib/librustc_std_workspace_alloc-f833521df6074e73.rlib" "/opt/rustwide/rustup-home/toolchains/1.69.0-x86_64-unknown-linux-gnu/lib/rustlib/x86_64-unknown-linux-gnu/lib/libunwind-9ac333113350d171.rlib" "/opt/rustwide/rustup-home/toolchains/1.69.0-x86_64-unknown-linux-gnu/lib/rustlib/x86_64-unknown-linux-gnu/lib/libcfg_if-1c126114322d0eee.rlib" "/opt/rustwide/rustup-home/toolchains/1.69.0-x86_64-unknown-linux-gnu/lib/rustlib/x86_64-unknown-linux-gnu/lib/liblibc-bad9164fdeeecf92.rlib" "/opt/rustwide/rustup-home/toolchains/1.69.0-x86_64-unknown-linux-gnu/lib/rustlib/x86_64-unknown-linux-gnu/lib/liballoc-f9374b1e480fa681.rlib" "/opt/rustwide/rustup-home/toolchains/1.69.0-x86_64-unknown-linux-gnu/lib/rustlib/x86_64-unknown-linux-gnu/lib/librustc_std_workspace_core-207f06e41d9603af.rlib" "/opt/rustwide/rustup-home/toolchains/1.69.0-x86_64-unknown-linux-gnu/lib/rustlib/x86_64-unknown-linux-gnu/lib/libcore-7e2768e66e984e85.rlib" "/opt/rustwide/rustup-home/toolchains/1.69.0-x86_64-unknown-linux-gnu/lib/rustlib/x86_64-unknown-linux-gnu/lib/libcompiler_builtins-957b4aff41f8cd46.rlib" "-Wl,-Bdynamic" "-lgcc_s" "-lutil" "-lrt" "-lpthread" "-lm" "-ldl" "-lc" "-Wl,--eh-frame-hdr" "-Wl,-z,noexecstack" "-L" "/opt/rustwide/rustup-home/toolchains/1.69.0-x86_64-unknown-linux-gnu/lib/rustlib/x86_64-unknown-linux-gnu/lib" "-o" "/opt/rustwide/target/debug/examples/get_quotes_quote_computed_upfront_line_items-989c8b9df8197df7" "-Wl,--gc-sections" "-pie" "-Wl,-z,relro,-z,now" "-nodefaultlibs"
[INFO] [stdout]   = note: collect2: fatal error: ld terminated with signal 9 [Killed]
[INFO] [stdout]           compilation terminated.
[INFO] [stdout]           
[INFO] [stdout] 
[INFO] [stdout] 
[INFO] [stdout] error: aborting due to previous error
[INFO] [stdout] 
[INFO] [stdout] 
[INFO] [stderr] error: could not compile `stripe2` due to 2 previous errors
[INFO] [stdout] error: linking with `cc` failed: exit status: 1
[INFO] [stdout]   |
[INFO] [stdout]   = note: LC_ALL="C" PATH="/opt/rustwide/rustup-home/toolchains/1.69.0-x86_64-unknown-linux-gnu/lib/rustlib/x86_64-unknown-linux-gnu/bin:/opt/rustwide/cargo-home/bin:/usr/local/sbin:/usr/local/bin:/usr/sbin:/usr/bin:/sbin:/bin" VSLANG="1033" "cc" "-m64" "/tmp/rustctBjEej/symbols.o" "/opt/rustwide/target/debug/examples/get_issuing_disputes-ebad62e7c88833a6.get_issuing_disputes.87b7dcff-cgu.0.rcgu.o" "/opt/rustwide/target/debug/examples/get_issuing_disputes-ebad62e7c88833a6.get_issuing_disputes.87b7dcff-cgu.1.rcgu.o" "/opt/rustwide/target/debug/examples/get_issuing_disputes-ebad62e7c88833a6.get_issuing_disputes.87b7dcff-cgu.10.rcgu.o" "/opt/rustwide/target/debug/examples/get_issuing_disputes-ebad62e7c88833a6.get_issuing_disputes.87b7dcff-cgu.11.rcgu.o" "/opt/rustwide/target/debug/examples/get_issuing_disputes-ebad62e7c88833a6.get_issuing_disputes.87b7dcff-cgu.12.rcgu.o" "/opt/rustwide/target/debug/examples/get_issuing_disputes-ebad62e7c88833a6.get_issuing_disputes.87b7dcff-cgu.13.rcgu.o" "/opt/rustwide/target/debug/examples/get_issuing_disputes-ebad62e7c88833a6.get_issuing_disputes.87b7dcff-cgu.14.rcgu.o" "/opt/rustwide/target/debug/examples/get_issuing_disputes-ebad62e7c88833a6.get_issuing_disputes.87b7dcff-cgu.15.rcgu.o" "/opt/rustwide/target/debug/examples/get_issuing_disputes-ebad62e7c88833a6.get_issuing_disputes.87b7dcff-cgu.2.rcgu.o" "/opt/rustwide/target/debug/examples/get_issuing_disputes-ebad62e7c88833a6.get_issuing_disputes.87b7dcff-cgu.3.rcgu.o" "/opt/rustwide/target/debug/examples/get_issuing_disputes-ebad62e7c88833a6.get_issuing_disputes.87b7dcff-cgu.4.rcgu.o" "/opt/rustwide/target/debug/examples/get_issuing_disputes-ebad62e7c88833a6.get_issuing_disputes.87b7dcff-cgu.5.rcgu.o" "/opt/rustwide/target/debug/examples/get_issuing_disputes-ebad62e7c88833a6.get_issuing_disputes.87b7dcff-cgu.6.rcgu.o" "/opt/rustwide/target/debug/examples/get_issuing_disputes-ebad62e7c88833a6.get_issuing_disputes.87b7dcff-cgu.7.rcgu.o" "/opt/rustwide/target/debug/examples/get_issuing_disputes-ebad62e7c88833a6.get_issuing_disputes.87b7dcff-cgu.8.rcgu.o" "/opt/rustwide/target/debug/examples/get_issuing_disputes-ebad62e7c88833a6.get_issuing_disputes.87b7dcff-cgu.9.rcgu.o" "/opt/rustwide/target/debug/examples/get_issuing_disputes-ebad62e7c88833a6.54kj8vqc8o1cau2f.rcgu.o" "-Wl,--as-needed" "-L" "/opt/rustwide/target/debug/deps" "-L" "/opt/rustwide/target/debug/build/ring-c4de7a7b86f42bd3/out" "-L" "/opt/rustwide/rustup-home/toolchains/1.69.0-x86_64-unknown-linux-gnu/lib/rustlib/x86_64-unknown-linux-gnu/lib" "-Wl,-Bstatic" "/opt/rustwide/target/debug/deps/libstripe2-01435466e1586556.rlib" "/opt/rustwide/target/debug/deps/libhttpclient-e9440e8cdef447db.rlib" "/opt/rustwide/target/debug/deps/liburlencoding-1157924a9e5f842f.rlib" "/opt/rustwide/target/debug/deps/libthiserror-e5536beddce18bf0.rlib" "/opt/rustwide/target/debug/deps/libencoding_rs-445b6023340cc421.rlib" "/opt/rustwide/target/debug/deps/libwalkdir-b48bc91a5fc3dc05.rlib" "/opt/rustwide/target/debug/deps/libsame_file-fab28c3c81b2d2fa.rlib" "/opt/rustwide/target/debug/deps/libhyper_rustls-a49a8ecd9a88dde0.rlib" "/opt/rustwide/target/debug/deps/librustls_native_certs-86341fc600151d7a.rlib" "/opt/rustwide/target/debug/deps/librustls_pemfile-41fda47de2b16aff.rlib" "/opt/rustwide/target/debug/deps/libbase64-58bd2041a3052460.rlib" "/opt/rustwide/target/debug/deps/libopenssl_probe-2d1cd15c290ad1de.rlib" "/opt/rustwide/target/debug/deps/libtokio_rustls-5730199cfa21df71.rlib" "/opt/rustwide/target/debug/deps/librustls-fa1227491523c5e7.rlib" "/opt/rustwide/target/debug/deps/libsct-5836af5eef183464.rlib" "/opt/rustwide/target/debug/deps/libwebpki-1f11a3f2de4ab910.rlib" "/opt/rustwide/target/debug/deps/libring-25f5b64699adc528.rlib" "/opt/rustwide/target/debug/deps/libspin-ba7f384cfb4b159f.rlib" "/opt/rustwide/target/debug/deps/libuntrusted-ec41ab00ed225515.rlib" "/opt/rustwide/target/debug/deps/libhyper-867e48e9cfa8143a.rlib" "/opt/rustwide/target/debug/deps/libwant-1e20505a393def83.rlib" "/opt/rustwide/target/debug/deps/libtry_lock-372cab8856e9ce9d.rlib" "/opt/rustwide/target/debug/deps/libhttparse-30fefae29fd53c2e.rlib" "/opt/rustwide/target/debug/deps/libtower_service-a82a463fea06a00e.rlib" "/opt/rustwide/target/debug/deps/libtracing-5838c5e3478945c6.rlib" "/opt/rustwide/target/debug/deps/libtracing_core-7cccb0855fe9d4cc.rlib" "/opt/rustwide/target/debug/deps/libonce_cell-021a162636773b89.rlib" "/opt/rustwide/target/debug/deps/libhttp_body-4182004dce678479.rlib" "/opt/rustwide/target/debug/deps/libfutures_util-c16555d8e03a05c9.rlib" "/opt/rustwide/target/debug/deps/libfutures_io-3f9849ddf2bf8c6a.rlib" "/opt/rustwide/target/debug/deps/libslab-adc206ca6c0d0a92.rlib" "/opt/rustwide/target/debug/deps/libfutures_channel-511620819a75cad4.rlib" "/opt/rustwide/target/debug/deps/libfutures_sink-a57c6c821771da39.rlib" "/opt/rustwide/target/debug/deps/libfutures_task-30fd2c6681655f9e.rlib" "/opt/rustwide/target/debug/deps/libpin_utils-0d8eaf4ac0fcb221.rlib" "/opt/rustwide/target/debug/deps/libfutures_core-d2ec0c05d9f2cf66.rlib" "/opt/rustwide/target/debug/deps/libtokio-a5119ba364230469.rlib" "/opt/rustwide/target/debug/deps/libsignal_hook_registry-71500c2966944a1f.rlib" "/opt/rustwide/target/debug/deps/libnum_cpus-c7fc7e9f4a6e1cb0.rlib" "/opt/rustwide/target/debug/deps/libsocket2-06d227105c392312.rlib" "/opt/rustwide/target/debug/deps/libmemchr-b18e4aa3c7a38625.rlib" "/opt/rustwide/target/debug/deps/libmio-c1eade645103593e.rlib" "/opt/rustwide/target/debug/deps/liblog-b7002f1ab15c8d8b.rlib" "/opt/rustwide/target/debug/deps/libparking_lot-eefb80dd390a9509.rlib" "/opt/rustwide/target/debug/deps/libparking_lot_core-d1506e201c93aef0.rlib" "/opt/rustwide/target/debug/deps/liblibc-92ebe89a76ebb892.rlib" "/opt/rustwide/target/debug/deps/libcfg_if-e5e118dd7d121aaa.rlib" "/opt/rustwide/target/debug/deps/libsmallvec-22f2447eab0ca59b.rlib" "/opt/rustwide/target/debug/deps/liblock_api-68f9f4627da435ce.rlib" "/opt/rustwide/target/debug/deps/libscopeguard-f471875f675163b5.rlib" "/opt/rustwide/target/debug/deps/libpin_project_lite-e66e1bab7310d569.rlib" "/opt/rustwide/target/debug/deps/libhttpdate-fbb447b85a38529c.rlib" "/opt/rustwide/target/debug/deps/libhttp-d483b4e91525a9a8.rlib" "/opt/rustwide/target/debug/deps/libbytes-300feae2a21f90fa.rlib" "/opt/rustwide/target/debug/deps/libfnv-41a559218f992797.rlib" "/opt/rustwide/target/debug/deps/libanyhow-4e07f3178634810c.rlib" "/opt/rustwide/target/debug/deps/libserde_json-085525b883c5aa01.rlib" "/opt/rustwide/target/debug/deps/libryu-88ed33e27302889f.rlib" "/opt/rustwide/target/debug/deps/libitoa-91803136d76e5d75.rlib" "/opt/rustwide/target/debug/deps/libserde-d77aec7a32a31bd3.rlib" "/opt/rustwide/rustup-home/toolchains/1.69.0-x86_64-unknown-linux-gnu/lib/rustlib/x86_64-unknown-linux-gnu/lib/libstd-89bc084783fdc439.rlib" "/opt/rustwide/rustup-home/toolchains/1.69.0-x86_64-unknown-linux-gnu/lib/rustlib/x86_64-unknown-linux-gnu/lib/libpanic_unwind-8bee4b287d4367c1.rlib" "/opt/rustwide/rustup-home/toolchains/1.69.0-x86_64-unknown-linux-gnu/lib/rustlib/x86_64-unknown-linux-gnu/lib/libobject-d61707aed80694c0.rlib" "/opt/rustwide/rustup-home/toolchains/1.69.0-x86_64-unknown-linux-gnu/lib/rustlib/x86_64-unknown-linux-gnu/lib/libmemchr-d85366256f22345b.rlib" "/opt/rustwide/rustup-home/toolchains/1.69.0-x86_64-unknown-linux-gnu/lib/rustlib/x86_64-unknown-linux-gnu/lib/libaddr2line-96069b86b8a8cae9.rlib" "/opt/rustwide/rustup-home/toolchains/1.69.0-x86_64-unknown-linux-gnu/lib/rustlib/x86_64-unknown-linux-gnu/lib/libgimli-d19d53abf68dfa6c.rlib" "/opt/rustwide/rustup-home/toolchains/1.69.0-x86_64-unknown-linux-gnu/lib/rustlib/x86_64-unknown-linux-gnu/lib/librustc_demangle-787cbccd19d64ac6.rlib" "/opt/rustwide/rustup-home/toolchains/1.69.0-x86_64-unknown-linux-gnu/lib/rustlib/x86_64-unknown-linux-gnu/lib/libstd_detect-b3837a36b830e0d0.rlib" "/opt/rustwide/rustup-home/toolchains/1.69.0-x86_64-unknown-linux-gnu/lib/rustlib/x86_64-unknown-linux-gnu/lib/libhashbrown-e3deb0e7e3f04966.rlib" "/opt/rustwide/rustup-home/toolchains/1.69.0-x86_64-unknown-linux-gnu/lib/rustlib/x86_64-unknown-linux-gnu/lib/libminiz_oxide-dabbb79c9815def4.rlib" "/opt/rustwide/rustup-home/toolchains/1.69.0-x86_64-unknown-linux-gnu/lib/rustlib/x86_64-unknown-linux-gnu/lib/libadler-305b01f34c9409f2.rlib" "/opt/rustwide/rustup-home/toolchains/1.69.0-x86_64-unknown-linux-gnu/lib/rustlib/x86_64-unknown-linux-gnu/lib/librustc_std_workspace_alloc-f833521df6074e73.rlib" "/opt/rustwide/rustup-home/toolchains/1.69.0-x86_64-unknown-linux-gnu/lib/rustlib/x86_64-unknown-linux-gnu/lib/libunwind-9ac333113350d171.rlib" "/opt/rustwide/rustup-home/toolchains/1.69.0-x86_64-unknown-linux-gnu/lib/rustlib/x86_64-unknown-linux-gnu/lib/libcfg_if-1c126114322d0eee.rlib" "/opt/rustwide/rustup-home/toolchains/1.69.0-x86_64-unknown-linux-gnu/lib/rustlib/x86_64-unknown-linux-gnu/lib/liblibc-bad9164fdeeecf92.rlib" "/opt/rustwide/rustup-home/toolchains/1.69.0-x86_64-unknown-linux-gnu/lib/rustlib/x86_64-unknown-linux-gnu/lib/liballoc-f9374b1e480fa681.rlib" "/opt/rustwide/rustup-home/toolchains/1.69.0-x86_64-unknown-linux-gnu/lib/rustlib/x86_64-unknown-linux-gnu/lib/librustc_std_workspace_core-207f06e41d9603af.rlib" "/opt/rustwide/rustup-home/toolchains/1.69.0-x86_64-unknown-linux-gnu/lib/rustlib/x86_64-unknown-linux-gnu/lib/libcore-7e2768e66e984e85.rlib" "/opt/rustwide/rustup-home/toolchains/1.69.0-x86_64-unknown-linux-gnu/lib/rustlib/x86_64-unknown-linux-gnu/lib/libcompiler_builtins-957b4aff41f8cd46.rlib" "-Wl,-Bdynamic" "-lgcc_s" "-lutil" "-lrt" "-lpthread" "-lm" "-ldl" "-lc" "-Wl,--eh-frame-hdr" "-Wl,-z,noexecstack" "-L" "/opt/rustwide/rustup-home/toolchains/1.69.0-x86_64-unknown-linux-gnu/lib/rustlib/x86_64-unknown-linux-gnu/lib" "-o" "/opt/rustwide/target/debug/examples/get_issuing_disputes-ebad62e7c88833a6" "-Wl,--gc-sections" "-pie" "-Wl,-z,relro,-z,now" "-nodefaultlibs"
[INFO] [stdout]   = note: collect2: fatal error: ld terminated with signal 9 [Killed]
[INFO] [stdout]           compilation terminated.
[INFO] [stdout]           
[INFO] [stdout] 
[INFO] [stdout] 
[INFO] [stdout] error: aborting due to previous error
[INFO] [stdout] 
[INFO] [stdout] 
[INFO] [stderr] error: could not compile `stripe2` due to 2 previous errors
[INFO] running `Command { std: "docker" "inspect" "2bf7b21cff92d6af6d3d76f449f37e12df0de82ca350b2c13e0c6c99e8cfb885", kill_on_drop: false }`
[INFO] running `Command { std: "docker" "rm" "-f" "2bf7b21cff92d6af6d3d76f449f37e12df0de82ca350b2c13e0c6c99e8cfb885", kill_on_drop: false }`
[INFO] [stdout] 2bf7b21cff92d6af6d3d76f449f37e12df0de82ca350b2c13e0c6c99e8cfb885
