[INFO] fetching crate stripe 0.0.5...
[INFO] testing stripe-0.0.5 against beta-2023-04-20 for beta-1.70-1
[INFO] extracting crate stripe 0.0.5 into /workspace/builds/worker-0-tc2/source
[INFO] validating manifest of crates.io crate stripe 0.0.5 on toolchain beta-2023-04-20
[INFO] running `Command { std: CARGO_HOME="/workspace/cargo-home" RUSTUP_HOME="/workspace/rustup-home" "/workspace/cargo-home/bin/cargo" "+beta-2023-04-20" "metadata" "--manifest-path" "Cargo.toml" "--no-deps", kill_on_drop: false }`
[INFO] started tweaking crates.io crate stripe 0.0.5
[INFO] finished tweaking crates.io crate stripe 0.0.5
[INFO] tweaked toml for crates.io crate stripe 0.0.5 written to /workspace/builds/worker-0-tc2/source/Cargo.toml
[INFO] running `Command { std: CARGO_HOME="/workspace/cargo-home" RUSTUP_HOME="/workspace/rustup-home" __CARGO_TEST_CHANNEL_OVERRIDE_DO_NOT_USE_THIS="nightly" "/workspace/cargo-home/bin/cargo" "+beta-2023-04-20" "generate-lockfile" "--manifest-path" "Cargo.toml" "-Zno-index-update", kill_on_drop: false }`
[INFO] running `Command { std: CARGO_HOME="/workspace/cargo-home" RUSTUP_HOME="/workspace/rustup-home" "/workspace/cargo-home/bin/cargo" "+beta-2023-04-20" "fetch" "--manifest-path" "Cargo.toml", kill_on_drop: false }`
[INFO] running `Command { std: "docker" "create" "-v" "/var/lib/crater-agent-workspace/builds/worker-0-tc2/target:/opt/rustwide/target:rw,Z" "-v" "/var/lib/crater-agent-workspace/builds/worker-0-tc2/source:/opt/rustwide/workdir:ro,Z" "-v" "/var/lib/crater-agent-workspace/cargo-home:/opt/rustwide/cargo-home:ro,Z" "-v" "/var/lib/crater-agent-workspace/rustup-home:/opt/rustwide/rustup-home:ro,Z" "-e" "SOURCE_DIR=/opt/rustwide/workdir" "-e" "CARGO_TARGET_DIR=/opt/rustwide/target" "-e" "CARGO_HOME=/opt/rustwide/cargo-home" "-e" "RUSTUP_HOME=/opt/rustwide/rustup-home" "-w" "/opt/rustwide/workdir" "-m" "1610612736" "--user" "0:0" "--network" "none" "ghcr.io/rust-lang/crates-build-env/linux@sha256:5ff2268d62e97bff2cde7d5815dd6ed5b47097566f13b8d0ca110b04b60e07ed" "/opt/rustwide/cargo-home/bin/cargo" "+beta-2023-04-20" "metadata" "--no-deps" "--format-version=1", kill_on_drop: false }`
[INFO] [stdout] 60503d353b56a52046063d22e7d20ff772d63448b27dffe663ea24831163658f
[INFO] running `Command { std: "docker" "start" "-a" "60503d353b56a52046063d22e7d20ff772d63448b27dffe663ea24831163658f", kill_on_drop: false }`
[INFO] running `Command { std: "docker" "inspect" "60503d353b56a52046063d22e7d20ff772d63448b27dffe663ea24831163658f", kill_on_drop: false }`
[INFO] running `Command { std: "docker" "rm" "-f" "60503d353b56a52046063d22e7d20ff772d63448b27dffe663ea24831163658f", kill_on_drop: false }`
[INFO] [stdout] 60503d353b56a52046063d22e7d20ff772d63448b27dffe663ea24831163658f
[INFO] running `Command { std: "docker" "create" "-v" "/var/lib/crater-agent-workspace/builds/worker-0-tc2/target:/opt/rustwide/target:rw,Z" "-v" "/var/lib/crater-agent-workspace/builds/worker-0-tc2/source:/opt/rustwide/workdir:ro,Z" "-v" "/var/lib/crater-agent-workspace/cargo-home:/opt/rustwide/cargo-home:ro,Z" "-v" "/var/lib/crater-agent-workspace/rustup-home:/opt/rustwide/rustup-home:ro,Z" "-e" "SOURCE_DIR=/opt/rustwide/workdir" "-e" "CARGO_TARGET_DIR=/opt/rustwide/target" "-e" "CARGO_INCREMENTAL=0" "-e" "RUST_BACKTRACE=full" "-e" "RUSTFLAGS=--cap-lints=warn" "-e" "RUSTDOCFLAGS=--cap-lints=warn" "-e" "CARGO_HOME=/opt/rustwide/cargo-home" "-e" "RUSTUP_HOME=/opt/rustwide/rustup-home" "-w" "/opt/rustwide/workdir" "-m" "1610612736" "--user" "0:0" "--network" "none" "ghcr.io/rust-lang/crates-build-env/linux@sha256:5ff2268d62e97bff2cde7d5815dd6ed5b47097566f13b8d0ca110b04b60e07ed" "/opt/rustwide/cargo-home/bin/cargo" "+beta-2023-04-20" "build" "--frozen" "--message-format=json", kill_on_drop: false }`
[INFO] [stdout] 80f80578b04bcd4187aeedccbc5a2bf32f0ac2ee13b246d49dca3c798341d424
[INFO] running `Command { std: "docker" "start" "-a" "80f80578b04bcd4187aeedccbc5a2bf32f0ac2ee13b246d49dca3c798341d424", kill_on_drop: false }`
[INFO] [stderr]    Compiling futures-core v0.3.28
[INFO] [stderr]    Compiling pin-project-lite v0.2.9
[INFO] [stderr]    Compiling tinyvec_macros v0.1.1
[INFO] [stderr]    Compiling autocfg v1.1.0
[INFO] [stderr]    Compiling cfg-if v1.0.0
[INFO] [stderr]    Compiling log v0.4.17
[INFO] [stderr]    Compiling futures-task v0.3.28
[INFO] [stderr]    Compiling bytes v1.4.0
[INFO] [stderr]    Compiling tinyvec v1.6.0
[INFO] [stderr]    Compiling fnv v1.0.7
[INFO] [stderr]    Compiling once_cell v1.17.1
[INFO] [stderr]    Compiling futures-util v0.3.28
[INFO] [stderr]    Compiling itoa v1.0.6
[INFO] [stderr]    Compiling httparse v1.8.0
[INFO] [stderr]    Compiling futures-channel v0.3.28
[INFO] [stderr]    Compiling tracing-core v0.1.30
[INFO] [stderr]    Compiling tokio v1.28.0
[INFO] [stderr]    Compiling http v0.2.9
[INFO] [stderr]    Compiling unicode-bidi v0.3.13
[INFO] [stderr]    Compiling pin-utils v0.1.0
[INFO] [stderr]    Compiling try-lock v0.2.4
[INFO] [stderr]    Compiling percent-encoding v2.2.0
[INFO] [stderr]    Compiling want v0.3.0
[INFO] [stderr]    Compiling unicode-normalization v0.1.22
[INFO] [stderr]    Compiling form_urlencoded v1.1.0
[INFO] [stderr]    Compiling tracing v0.1.37
[INFO] [stderr]    Compiling http-body v0.4.5
[INFO] [stderr]    Compiling idna v0.3.0
[INFO] [stderr]    Compiling tower-service v0.3.2
[INFO] [stderr]    Compiling httpdate v1.0.2
[INFO] [stderr]    Compiling rustc-serialize v0.3.24
[INFO] [stderr]    Compiling url v2.3.1
[INFO] [stderr]    Compiling hyper v0.14.26
[INFO] [stderr]    Compiling stripe v0.0.5 (/opt/rustwide/workdir)
[INFO] [stdout] error[E0463]: can't find crate for `collections`
[INFO] [stdout]  --> src/lib.rs:8:1
[INFO] [stdout]   |
[INFO] [stdout] 8 | extern crate collections;
[INFO] [stdout]   | ^^^^^^^^^^^^^^^^^^^^^^^^^ can't find crate
[INFO] [stdout] 
[INFO] [stdout] 
[INFO] [stdout] error[E0432]: unresolved import `hyper::client`
[INFO] [stdout]   --> src/connection.rs:10:12
[INFO] [stdout]    |
[INFO] [stdout] 10 | use hyper::client::Request;
[INFO] [stdout]    |            ^^^^^^ could not find `client` in `hyper`
[INFO] [stdout] 
[INFO] [stdout] 
[INFO] [stdout] error[E0432]: unresolved import `hyper::net`
[INFO] [stdout]   --> src/connection.rs:11:12
[INFO] [stdout]    |
[INFO] [stdout] 11 | use hyper::net::Fresh;
[INFO] [stdout]    |            ^^^ could not find `net` in `hyper`
[INFO] [stdout] 
[INFO] [stdout] 
[INFO] [stdout] error[E0432]: unresolved import `hyper::method`
[INFO] [stdout]   --> src/connection.rs:12:12
[INFO] [stdout]    |
[INFO] [stdout] 12 | use hyper::method::Method;
[INFO] [stdout]    |            ^^^^^^ could not find `method` in `hyper`
[INFO] [stdout] 
[INFO] [stdout] 
[INFO] [stdout] error[E0432]: unresolved imports `hyper::Get`, `hyper::Post`
[INFO] [stdout]   --> src/connection.rs:13:13
[INFO] [stdout]    |
[INFO] [stdout] 13 | use hyper::{Get, Post};
[INFO] [stdout]    |             ^^^  ^^^^ no `Post` in the root
[INFO] [stdout]    |             |
[INFO] [stdout]    |             no `Get` in the root
[INFO] [stdout] 
[INFO] [stdout] 
[INFO] [stdout] error[E0432]: unresolved import `hyper::header::Authorization`
[INFO] [stdout]   --> src/connection.rs:14:5
[INFO] [stdout]    |
[INFO] [stdout] 14 | use hyper::header::Authorization;
[INFO] [stdout]    |     ^^^^^^^^^^^^^^^-------------
[INFO] [stdout]    |     |              |
[INFO] [stdout]    |     |              help: a similar name exists in the module: `AUTHORIZATION`
[INFO] [stdout]    |     no `Authorization` in `header`
[INFO] [stdout] 
[INFO] [stdout] 
[INFO] [stdout] error[E0425]: cannot find function `serialize` in crate `form_urlencoded`
[INFO] [stdout]   --> src/connection.rs:84:40
[INFO] [stdout]    |
[INFO] [stdout] 84 |         let payload = form_urlencoded::serialize(object.into_iter());
[INFO] [stdout]    |                                        ^^^^^^^^^ not found in `form_urlencoded`
[INFO] [stdout] 
[INFO] [stdout] 
[INFO] [stdout] error[E0603]: module `error` is private
[INFO] [stdout]   --> src/connection.rs:15:12
[INFO] [stdout]    |
[INFO] [stdout] 15 | use hyper::error::Error as HttpError;
[INFO] [stdout]    |            ^^^^^ private module
[INFO] [stdout]    |
[INFO] [stdout] note: the module `error` is defined here
[INFO] [stdout]   --> /opt/rustwide/cargo-home/registry/src/index.crates.io-6f17d22bba15001f/hyper-0.14.26/src/lib.rs:80:1
[INFO] [stdout]    |
[INFO] [stdout] 80 | mod error;
[INFO] [stdout]    | ^^^^^^^^^
[INFO] [stdout] 
[INFO] [stdout] 
[INFO] [stdout] warning: unused import: `rustc_serialize::json`
[INFO] [stdout]  --> src/connection.rs:9:5
[INFO] [stdout]   |
[INFO] [stdout] 9 | use rustc_serialize::json;
[INFO] [stdout]   |     ^^^^^^^^^^^^^^^^^^^^^
[INFO] [stdout]   |
[INFO] [stdout]   = note: `#[warn(unused_imports)]` on by default
[INFO] [stdout] 
[INFO] [stdout] 
[INFO] [stdout] warning: unused import: `Encodable`
[INFO] [stdout]   --> src/connection.rs:16:33
[INFO] [stdout]    |
[INFO] [stdout] 16 | use rustc_serialize::{Decodable,Encodable};
[INFO] [stdout]    |                                 ^^^^^^^^^
[INFO] [stdout] 
[INFO] [stdout] 
[INFO] [stdout] warning: use of deprecated macro `RustcDecodable`: rustc-serialize is deprecated and no longer supported
[INFO] [stdout]   --> src/customer.rs:12:10
[INFO] [stdout]    |
[INFO] [stdout] 12 | #[derive(RustcDecodable,Debug,RustcEncodable)]
[INFO] [stdout]    |          ^^^^^^^^^^^^^^
[INFO] [stdout]    |
[INFO] [stdout]    = note: `#[warn(deprecated)]` on by default
[INFO] [stdout] 
[INFO] [stdout] 
[INFO] [stdout] warning: use of deprecated macro `RustcEncodable`: rustc-serialize is deprecated and no longer supported
[INFO] [stdout]   --> src/customer.rs:12:31
[INFO] [stdout]    |
[INFO] [stdout] 12 | #[derive(RustcDecodable,Debug,RustcEncodable)]
[INFO] [stdout]    |                               ^^^^^^^^^^^^^^
[INFO] [stdout] 
[INFO] [stdout] 
[INFO] [stdout] warning: use of deprecated macro `RustcDecodable`: rustc-serialize is deprecated and no longer supported
[INFO] [stdout]   --> src/customer.rs:20:10
[INFO] [stdout]    |
[INFO] [stdout] 20 | #[derive(RustcDecodable,Debug,RustcEncodable)]
[INFO] [stdout]    |          ^^^^^^^^^^^^^^
[INFO] [stdout] 
[INFO] [stdout] 
[INFO] [stdout] warning: use of deprecated macro `RustcEncodable`: rustc-serialize is deprecated and no longer supported
[INFO] [stdout]   --> src/customer.rs:20:31
[INFO] [stdout]    |
[INFO] [stdout] 20 | #[derive(RustcDecodable,Debug,RustcEncodable)]
[INFO] [stdout]    |                               ^^^^^^^^^^^^^^
[INFO] [stdout] 
[INFO] [stdout] 
[INFO] [stdout] warning: use of deprecated macro `RustcEncodable`: rustc-serialize is deprecated and no longer supported
[INFO] [stdout]   --> src/lib.rs:35:18
[INFO] [stdout]    |
[INFO] [stdout] 35 |           #[derive(RustcEncodable)]
[INFO] [stdout]    |                    ^^^^^^^^^^^^^^
[INFO] [stdout]    |
[INFO] [stdout]   ::: src/customer.rs:38:1
[INFO] [stdout]    |
[INFO] [stdout] 38 | / creatable!(Customer, CustomerRequest, "customers",
[INFO] [stdout] 39 | |            (source => String,
[INFO] [stdout] 40 | |             email => String));
[INFO] [stdout]    | |_____________________________- in this macro invocation
[INFO] [stdout]    |
[INFO] [stdout]    = note: this warning originates in the macro `creatable` (in Nightly builds, run with -Z macro-backtrace for more info)
[INFO] [stdout] 
[INFO] [stdout] 
[INFO] [stdout] warning: use of deprecated macro `RustcDecodable`: rustc-serialize is deprecated and no longer supported
[INFO] [stdout]  --> src/subscription.rs:1:10
[INFO] [stdout]   |
[INFO] [stdout] 1 | #[derive(RustcDecodable,Debug,RustcEncodable)]
[INFO] [stdout]   |          ^^^^^^^^^^^^^^
[INFO] [stdout] 
[INFO] [stdout] 
[INFO] [stdout] warning: use of deprecated macro `RustcEncodable`: rustc-serialize is deprecated and no longer supported
[INFO] [stdout]  --> src/subscription.rs:1:31
[INFO] [stdout]   |
[INFO] [stdout] 1 | #[derive(RustcDecodable,Debug,RustcEncodable)]
[INFO] [stdout]   |                               ^^^^^^^^^^^^^^
[INFO] [stdout] 
[INFO] [stdout] 
[INFO] [stdout] warning: use of deprecated macro `RustcDecodable`: rustc-serialize is deprecated and no longer supported
[INFO] [stdout]  --> src/subscription.rs:9:10
[INFO] [stdout]   |
[INFO] [stdout] 9 | #[derive(RustcDecodable,Debug,RustcEncodable)]
[INFO] [stdout]   |          ^^^^^^^^^^^^^^
[INFO] [stdout] 
[INFO] [stdout] 
[INFO] [stdout] warning: use of deprecated macro `RustcEncodable`: rustc-serialize is deprecated and no longer supported
[INFO] [stdout]  --> src/subscription.rs:9:31
[INFO] [stdout]   |
[INFO] [stdout] 9 | #[derive(RustcDecodable,Debug,RustcEncodable)]
[INFO] [stdout]   |                               ^^^^^^^^^^^^^^
[INFO] [stdout] 
[INFO] [stdout] 
[INFO] [stdout] warning: use of deprecated macro `RustcDecodable`: rustc-serialize is deprecated and no longer supported
[INFO] [stdout]  --> src/card.rs:5:10
[INFO] [stdout]   |
[INFO] [stdout] 5 | #[derive(RustcDecodable,Debug,RustcEncodable)]
[INFO] [stdout]   |          ^^^^^^^^^^^^^^
[INFO] [stdout] 
[INFO] [stdout] 
[INFO] [stdout] warning: use of deprecated macro `RustcEncodable`: rustc-serialize is deprecated and no longer supported
[INFO] [stdout]  --> src/card.rs:5:31
[INFO] [stdout]   |
[INFO] [stdout] 5 | #[derive(RustcDecodable,Debug,RustcEncodable)]
[INFO] [stdout]   |                               ^^^^^^^^^^^^^^
[INFO] [stdout] 
[INFO] [stdout] 
[INFO] [stdout] warning: use of deprecated macro `RustcDecodable`: rustc-serialize is deprecated and no longer supported
[INFO] [stdout]   --> src/card.rs:13:10
[INFO] [stdout]    |
[INFO] [stdout] 13 | #[derive(RustcDecodable,Debug,RustcEncodable)]
[INFO] [stdout]    |          ^^^^^^^^^^^^^^
[INFO] [stdout] 
[INFO] [stdout] 
[INFO] [stdout] warning: use of deprecated macro `RustcEncodable`: rustc-serialize is deprecated and no longer supported
[INFO] [stdout]   --> src/card.rs:13:31
[INFO] [stdout]    |
[INFO] [stdout] 13 | #[derive(RustcDecodable,Debug,RustcEncodable)]
[INFO] [stdout]    |                               ^^^^^^^^^^^^^^
[INFO] [stdout] 
[INFO] [stdout] 
[INFO] [stdout] warning: use of deprecated macro `RustcDecodable`: rustc-serialize is deprecated and no longer supported
[INFO] [stdout]  --> src/charge.rs:7:10
[INFO] [stdout]   |
[INFO] [stdout] 7 | #[derive(RustcDecodable,Debug,RustcEncodable)]
[INFO] [stdout]   |          ^^^^^^^^^^^^^^
[INFO] [stdout] 
[INFO] [stdout] 
[INFO] [stdout] warning: use of deprecated macro `RustcEncodable`: rustc-serialize is deprecated and no longer supported
[INFO] [stdout]  --> src/charge.rs:7:31
[INFO] [stdout]   |
[INFO] [stdout] 7 | #[derive(RustcDecodable,Debug,RustcEncodable)]
[INFO] [stdout]   |                               ^^^^^^^^^^^^^^
[INFO] [stdout] 
[INFO] [stdout] 
[INFO] [stdout] warning: use of deprecated macro `RustcEncodable`: rustc-serialize is deprecated and no longer supported
[INFO] [stdout]   --> src/lib.rs:35:18
[INFO] [stdout]    |
[INFO] [stdout] 35 |           #[derive(RustcEncodable)]
[INFO] [stdout]    |                    ^^^^^^^^^^^^^^
[INFO] [stdout]    |
[INFO] [stdout]   ::: src/charge.rs:16:1
[INFO] [stdout]    |
[INFO] [stdout] 16 | / creatable!(Charge, ChargeRequest, "charges",
[INFO] [stdout] 17 | |            (amount => usize,
[INFO] [stdout] 18 | |             currency => String,
[INFO] [stdout] 19 | |             customer => String,
[INFO] [stdout] 20 | |             source => String
[INFO] [stdout] 21 | |             ));
[INFO] [stdout]    | |______________- in this macro invocation
[INFO] [stdout]    |
[INFO] [stdout]    = note: this warning originates in the macro `creatable` (in Nightly builds, run with -Z macro-backtrace for more info)
[INFO] [stdout] 
[INFO] [stdout] 
[INFO] [stdout] error[E0554]: `#![feature]` may not be used on the beta release channel
[INFO] [stdout]  --> src/lib.rs:1:12
[INFO] [stdout]   |
[INFO] [stdout] 1 | #![feature(collections)]
[INFO] [stdout]   |            ^^^^^^^^^^^
[INFO] [stdout] 
[INFO] [stdout] 
[INFO] [stdout] error[E0554]: `#![feature]` may not be used on the beta release channel
[INFO] [stdout]  --> src/lib.rs:2:12
[INFO] [stdout]   |
[INFO] [stdout] 2 | #![feature(convert)]
[INFO] [stdout]   |            ^^^^^^^
[INFO] [stdout] 
[INFO] [stdout] 
[INFO] [stdout] error[E0554]: `#![feature]` may not be used on the beta release channel
[INFO] [stdout]  --> src/lib.rs:3:12
[INFO] [stdout]   |
[INFO] [stdout] 3 | #![feature(append)]
[INFO] [stdout]   |            ^^^^^^
[INFO] [stdout] 
[INFO] [stdout] 
[INFO] [stdout] warning: the feature `append` has been stable since 1.4.0 and no longer requires an attribute to enable
[INFO] [stdout]  --> src/lib.rs:3:12
[INFO] [stdout]   |
[INFO] [stdout] 3 | #![feature(append)]
[INFO] [stdout]   |            ^^^^^^
[INFO] [stdout]   |
[INFO] [stdout]   = note: `#[warn(stable_features)]` on by default
[INFO] [stdout] 
[INFO] [stdout] 
[INFO] [stdout] error[E0635]: unknown feature `collections`
[INFO] [stdout]  --> src/lib.rs:1:12
[INFO] [stdout]   |
[INFO] [stdout] 1 | #![feature(collections)]
[INFO] [stdout]   |            ^^^^^^^^^^^
[INFO] [stdout] 
[INFO] [stdout] 
[INFO] [stdout] error[E0635]: unknown feature `convert`
[INFO] [stdout]  --> src/lib.rs:2:12
[INFO] [stdout]   |
[INFO] [stdout] 2 | #![feature(convert)]
[INFO] [stdout]   |            ^^^^^^^
[INFO] [stdout] 
[INFO] [stdout] 
[INFO] [stdout] error[E0599]: no method named `path_mut` found for struct `Url` in the current scope
[INFO] [stdout]   --> src/connection.rs:57:13
[INFO] [stdout]    |
[INFO] [stdout] 57 |         url.path_mut().unwrap().append(&mut path);
[INFO] [stdout]    |             ^^^^^^^^ help: there is a method with a similar name: `path`
[INFO] [stdout] 
[INFO] [stdout] 
[INFO] [stdout] warning: unused import: `Read`
[INFO] [stdout]  --> src/connection.rs:3:15
[INFO] [stdout]   |
[INFO] [stdout] 3 | use std::io::{Read,Write};
[INFO] [stdout]   |               ^^^^
[INFO] [stdout] 
[INFO] [stdout] 
[INFO] [stdout] warning: unused import: `Write`
[INFO] [stdout]  --> src/connection.rs:3:20
[INFO] [stdout]   |
[INFO] [stdout] 3 | use std::io::{Read,Write};
[INFO] [stdout]   |                    ^^^^^
[INFO] [stdout] 
[INFO] [stdout] 
[INFO] [stdout] error: aborting due to 14 previous errors; 21 warnings emitted
[INFO] [stdout] 
[INFO] [stdout] 
[INFO] [stdout] Some errors have detailed explanations: E0425, E0432, E0463, E0554, E0599, E0603, E0635.
[INFO] [stdout] 
[INFO] [stdout] For more information about an error, try `rustc --explain E0425`.
[INFO] [stdout] 
[INFO] [stderr] error: could not compile `stripe` (lib) due to 15 previous errors; 21 warnings emitted
[INFO] [stderr] warning: build failed, waiting for other jobs to finish...
[INFO] running `Command { std: "docker" "inspect" "80f80578b04bcd4187aeedccbc5a2bf32f0ac2ee13b246d49dca3c798341d424", kill_on_drop: false }`
[INFO] running `Command { std: "docker" "rm" "-f" "80f80578b04bcd4187aeedccbc5a2bf32f0ac2ee13b246d49dca3c798341d424", kill_on_drop: false }`
[INFO] [stdout] 80f80578b04bcd4187aeedccbc5a2bf32f0ac2ee13b246d49dca3c798341d424
