[INFO] fetching crate string-err 0.1.1...
[INFO] testing string-err-0.1.1 against beta-2023-04-20 for beta-1.70-1
[INFO] extracting crate string-err 0.1.1 into /workspace/builds/worker-6-tc2/source
[INFO] validating manifest of crates.io crate string-err 0.1.1 on toolchain beta-2023-04-20
[INFO] running `Command { std: CARGO_HOME="/workspace/cargo-home" RUSTUP_HOME="/workspace/rustup-home" "/workspace/cargo-home/bin/cargo" "+beta-2023-04-20" "metadata" "--manifest-path" "Cargo.toml" "--no-deps", kill_on_drop: false }`
[INFO] started tweaking crates.io crate string-err 0.1.1
[INFO] finished tweaking crates.io crate string-err 0.1.1
[INFO] tweaked toml for crates.io crate string-err 0.1.1 written to /workspace/builds/worker-6-tc2/source/Cargo.toml
[INFO] running `Command { std: CARGO_HOME="/workspace/cargo-home" RUSTUP_HOME="/workspace/rustup-home" __CARGO_TEST_CHANNEL_OVERRIDE_DO_NOT_USE_THIS="nightly" "/workspace/cargo-home/bin/cargo" "+beta-2023-04-20" "generate-lockfile" "--manifest-path" "Cargo.toml" "-Zno-index-update", kill_on_drop: false }`
[INFO] running `Command { std: CARGO_HOME="/workspace/cargo-home" RUSTUP_HOME="/workspace/rustup-home" "/workspace/cargo-home/bin/cargo" "+beta-2023-04-20" "fetch" "--manifest-path" "Cargo.toml", kill_on_drop: false }`
[INFO] running `Command { std: "docker" "create" "-v" "/var/lib/crater-agent-workspace/builds/worker-6-tc2/target:/opt/rustwide/target:rw,Z" "-v" "/var/lib/crater-agent-workspace/builds/worker-6-tc2/source:/opt/rustwide/workdir:ro,Z" "-v" "/var/lib/crater-agent-workspace/cargo-home:/opt/rustwide/cargo-home:ro,Z" "-v" "/var/lib/crater-agent-workspace/rustup-home:/opt/rustwide/rustup-home:ro,Z" "-e" "SOURCE_DIR=/opt/rustwide/workdir" "-e" "CARGO_TARGET_DIR=/opt/rustwide/target" "-e" "CARGO_HOME=/opt/rustwide/cargo-home" "-e" "RUSTUP_HOME=/opt/rustwide/rustup-home" "-w" "/opt/rustwide/workdir" "-m" "1610612736" "--user" "0:0" "--network" "none" "ghcr.io/rust-lang/crates-build-env/linux@sha256:5ff2268d62e97bff2cde7d5815dd6ed5b47097566f13b8d0ca110b04b60e07ed" "/opt/rustwide/cargo-home/bin/cargo" "+beta-2023-04-20" "metadata" "--no-deps" "--format-version=1", kill_on_drop: false }`
[INFO] [stdout] 42658cf2b10f8182e1d9b14e68d2c441075947f8d6ef87e2dc369cf77dc912b3
[INFO] running `Command { std: "docker" "start" "-a" "42658cf2b10f8182e1d9b14e68d2c441075947f8d6ef87e2dc369cf77dc912b3", kill_on_drop: false }`
[INFO] running `Command { std: "docker" "inspect" "42658cf2b10f8182e1d9b14e68d2c441075947f8d6ef87e2dc369cf77dc912b3", kill_on_drop: false }`
[INFO] running `Command { std: "docker" "rm" "-f" "42658cf2b10f8182e1d9b14e68d2c441075947f8d6ef87e2dc369cf77dc912b3", kill_on_drop: false }`
[INFO] [stdout] 42658cf2b10f8182e1d9b14e68d2c441075947f8d6ef87e2dc369cf77dc912b3
[INFO] running `Command { std: "docker" "create" "-v" "/var/lib/crater-agent-workspace/builds/worker-6-tc2/target:/opt/rustwide/target:rw,Z" "-v" "/var/lib/crater-agent-workspace/builds/worker-6-tc2/source:/opt/rustwide/workdir:ro,Z" "-v" "/var/lib/crater-agent-workspace/cargo-home:/opt/rustwide/cargo-home:ro,Z" "-v" "/var/lib/crater-agent-workspace/rustup-home:/opt/rustwide/rustup-home:ro,Z" "-e" "SOURCE_DIR=/opt/rustwide/workdir" "-e" "CARGO_TARGET_DIR=/opt/rustwide/target" "-e" "CARGO_INCREMENTAL=0" "-e" "RUST_BACKTRACE=full" "-e" "RUSTFLAGS=--cap-lints=warn" "-e" "RUSTDOCFLAGS=--cap-lints=warn" "-e" "CARGO_HOME=/opt/rustwide/cargo-home" "-e" "RUSTUP_HOME=/opt/rustwide/rustup-home" "-w" "/opt/rustwide/workdir" "-m" "1610612736" "--user" "0:0" "--network" "none" "ghcr.io/rust-lang/crates-build-env/linux@sha256:5ff2268d62e97bff2cde7d5815dd6ed5b47097566f13b8d0ca110b04b60e07ed" "/opt/rustwide/cargo-home/bin/cargo" "+beta-2023-04-20" "build" "--frozen" "--message-format=json", kill_on_drop: false }`
[INFO] [stdout] 334b2c365cdc5235f363b954076e94a77da834561ef65d87dfcb74bfd426d124
[INFO] running `Command { std: "docker" "start" "-a" "334b2c365cdc5235f363b954076e94a77da834561ef65d87dfcb74bfd426d124", kill_on_drop: false }`
[INFO] [stderr]    Compiling string-err v0.1.1 (/opt/rustwide/workdir)
[INFO] [stdout] error[E0557]: feature has been removed
[INFO] [stdout]   --> src/lib.rs:22:2
[INFO] [stdout]    |
[INFO] [stdout] 22 |     external_doc,
[INFO] [stdout]    |     ^^^^^^^^^^^^ feature has been removed
[INFO] [stdout]    |
[INFO] [stdout]    = note: use #[doc = include_str!("filename")] instead, which handles macro invocations
[INFO] [stdout] 
[INFO] [stdout] 
[INFO] [stdout] error[E0407]: method `backtrace` is not a member of trait `Error`
[INFO] [stdout]   --> src/error.rs:17:2
[INFO] [stdout]    |
[INFO] [stdout] 17 |     fn backtrace(&self) -> Option<&Backtrace> { self.backtrace_maybe() }
[INFO] [stdout]    |     ^^^^^^^^^^^^^^^^^^^^^^^^^^^^^^^^^^^^^^^^^^^^^^^^^^^^^^^^^^^^^^^^^^^^ not a member of trait `Error`
[INFO] [stdout] 
[INFO] [stdout] 
[INFO] [stdout] error[E0554]: `#![feature]` may not be used on the beta release channel
[INFO] [stdout]   --> src/lib.rs:18:1
[INFO] [stdout]    |
[INFO] [stdout] 18 | / #![feature(
[INFO] [stdout] 19 | |     specialization,
[INFO] [stdout] 20 | |     backtrace,
[INFO] [stdout] 21 | |     debug_non_exhaustive,
[INFO] [stdout] 22 | |     external_doc,
[INFO] [stdout] 23 | |     try_trait,
[INFO] [stdout] 24 | | )]
[INFO] [stdout]    | |__^
[INFO] [stdout] 
[INFO] [stdout] 
[INFO] [stdout] warning: the feature `specialization` is incomplete and may not be safe to use and/or cause compiler crashes
[INFO] [stdout]   --> src/lib.rs:19:2
[INFO] [stdout]    |
[INFO] [stdout] 19 |     specialization,
[INFO] [stdout]    |     ^^^^^^^^^^^^^^
[INFO] [stdout]    |
[INFO] [stdout]    = note: see issue #31844 <https://github.com/rust-lang/rust/issues/31844> for more information
[INFO] [stdout]    = help: consider using `min_specialization` instead, which is more stable and complete
[INFO] [stdout]    = note: `#[warn(incomplete_features)]` on by default
[INFO] [stdout] 
[INFO] [stdout] 
[INFO] [stdout] warning: unknown `doc` attribute `include`
[INFO] [stdout]   --> src/lib.rs:85:7
[INFO] [stdout]    |
[INFO] [stdout] 85 | #[doc(include = "../README.md")]
[INFO] [stdout]    | ------^^^^^^^^^^^^^^^^^^^^^^^^-- help: use `doc = include_str!` instead: `#[doc = include_str!("../README.md")]`
[INFO] [stdout]    |
[INFO] [stdout]    = warning: this was previously accepted by the compiler but is being phased out; it will become a hard error in a future release!
[INFO] [stdout]    = note: for more information, see issue #82730 <https://github.com/rust-lang/rust/issues/82730>
[INFO] [stdout]    = note: `#[warn(invalid_doc_attributes)]` on by default
[INFO] [stdout] 
[INFO] [stdout] 
[INFO] [stdout] error[E0658]: use of unstable library feature 'try_trait_v2'
[INFO] [stdout]  --> src/result_ext.rs:5:5
[INFO] [stdout]   |
[INFO] [stdout] 5 | use std::ops::Try;
[INFO] [stdout]   |     ^^^^^^^^^^^^^
[INFO] [stdout]   |
[INFO] [stdout]   = note: see issue #84277 <https://github.com/rust-lang/rust/issues/84277> for more information
[INFO] [stdout] 
[INFO] [stdout] 
[INFO] [stdout] error[E0658]: use of unstable library feature 'try_trait_v2'
[INFO] [stdout]   --> src/result_ext.rs:16:16
[INFO] [stdout]    |
[INFO] [stdout] 16 |     Self: Sized + Try
[INFO] [stdout]    |                   ^^^
[INFO] [stdout]    |
[INFO] [stdout]    = note: see issue #84277 <https://github.com/rust-lang/rust/issues/84277> for more information
[INFO] [stdout] 
[INFO] [stdout] 
[INFO] [stdout] error[E0658]: use of unstable library feature 'try_trait_v2'
[INFO] [stdout]   --> src/result_ext.rs:30:17
[INFO] [stdout]    |
[INFO] [stdout] 30 | impl<T: Sized + Try> ResultExt for T {}
[INFO] [stdout]    |                 ^^^
[INFO] [stdout]    |
[INFO] [stdout]    = note: see issue #84277 <https://github.com/rust-lang/rust/issues/84277> for more information
[INFO] [stdout] 
[INFO] [stdout] 
[INFO] [stdout] error[E0554]: `#![feature]` may not be used on the beta release channel
[INFO] [stdout]   --> src/lib.rs:20:2
[INFO] [stdout]    |
[INFO] [stdout] 20 |     backtrace,
[INFO] [stdout]    |     ^^^^^^^^^
[INFO] [stdout] 
[INFO] [stdout] 
[INFO] [stdout] error[E0554]: `#![feature]` may not be used on the beta release channel
[INFO] [stdout]   --> src/lib.rs:21:2
[INFO] [stdout]    |
[INFO] [stdout] 21 |     debug_non_exhaustive,
[INFO] [stdout]    |     ^^^^^^^^^^^^^^^^^^^^
[INFO] [stdout] 
[INFO] [stdout] 
[INFO] [stdout] error[E0554]: `#![feature]` may not be used on the beta release channel
[INFO] [stdout]   --> src/lib.rs:23:2
[INFO] [stdout]    |
[INFO] [stdout] 23 |     try_trait,
[INFO] [stdout]    |     ^^^^^^^^^
[INFO] [stdout] 
[INFO] [stdout] 
[INFO] [stdout] warning: the feature `backtrace` has been stable since 1.65.0 and no longer requires an attribute to enable
[INFO] [stdout]   --> src/lib.rs:20:2
[INFO] [stdout]    |
[INFO] [stdout] 20 |     backtrace,
[INFO] [stdout]    |     ^^^^^^^^^
[INFO] [stdout]    |
[INFO] [stdout]    = note: `#[warn(stable_features)]` on by default
[INFO] [stdout] 
[INFO] [stdout] 
[INFO] [stdout] warning: the feature `debug_non_exhaustive` has been stable since 1.53.0 and no longer requires an attribute to enable
[INFO] [stdout]   --> src/lib.rs:21:2
[INFO] [stdout]    |
[INFO] [stdout] 21 |     debug_non_exhaustive,
[INFO] [stdout]    |     ^^^^^^^^^^^^^^^^^^^^
[INFO] [stdout] 
[INFO] [stdout] 
[INFO] [stdout] error[E0635]: unknown feature `try_trait`
[INFO] [stdout]   --> src/lib.rs:23:2
[INFO] [stdout]    |
[INFO] [stdout] 23 |     try_trait,
[INFO] [stdout]    |     ^^^^^^^^^
[INFO] [stdout] 
[INFO] [stdout] 
[INFO] [stdout] error[E0220]: associated type `Ok` not found for `Self`
[INFO] [stdout]   --> src/result_ext.rs:23:85
[INFO] [stdout]    |
[INFO] [stdout] 23 |     fn map_err_msg<R: From<Self::Error>>(self, msg: impl Into<String>) -> Result<Self::Ok, StringError<R>> {
[INFO] [stdout]    |                                                                                        ^^ associated type `Ok` not found
[INFO] [stdout] 
[INFO] [stdout] 
[INFO] [stdout] error[E0220]: associated type `Error` not found for `Self`
[INFO] [stdout]   --> src/result_ext.rs:23:31
[INFO] [stdout]    |
[INFO] [stdout] 23 |     fn map_err_msg<R: From<Self::Error>>(self, msg: impl Into<String>) -> Result<Self::Ok, StringError<R>> {
[INFO] [stdout]    |                                  ^^^^^ associated type `Error` not found
[INFO] [stdout] 
[INFO] [stdout] 
[INFO] [stdout] error: aborting due to 12 previous errors; 4 warnings emitted
[INFO] [stdout] 
[INFO] [stdout] 
[INFO] [stdout] Some errors have detailed explanations: E0220, E0407, E0554, E0557, E0635, E0658.
[INFO] [stdout] 
[INFO] [stdout] For more information about an error, try `rustc --explain E0220`.
[INFO] [stdout] 
[INFO] [stderr] error: could not compile `string-err` (lib) due to 13 previous errors; 4 warnings emitted
[INFO] running `Command { std: "docker" "inspect" "334b2c365cdc5235f363b954076e94a77da834561ef65d87dfcb74bfd426d124", kill_on_drop: false }`
[INFO] running `Command { std: "docker" "rm" "-f" "334b2c365cdc5235f363b954076e94a77da834561ef65d87dfcb74bfd426d124", kill_on_drop: false }`
[INFO] [stdout] 334b2c365cdc5235f363b954076e94a77da834561ef65d87dfcb74bfd426d124
