[INFO] fetching crate sth 0.1.1...
[INFO] testing sth-0.1.1 against beta-2023-04-20 for beta-1.70-1
[INFO] extracting crate sth 0.1.1 into /workspace/builds/worker-2-tc2/source
[INFO] validating manifest of crates.io crate sth 0.1.1 on toolchain beta-2023-04-20
[INFO] running `Command { std: CARGO_HOME="/workspace/cargo-home" RUSTUP_HOME="/workspace/rustup-home" "/workspace/cargo-home/bin/cargo" "+beta-2023-04-20" "metadata" "--manifest-path" "Cargo.toml" "--no-deps", kill_on_drop: false }`
[INFO] started tweaking crates.io crate sth 0.1.1
[INFO] finished tweaking crates.io crate sth 0.1.1
[INFO] tweaked toml for crates.io crate sth 0.1.1 written to /workspace/builds/worker-2-tc2/source/Cargo.toml
[INFO] crate crates.io crate sth 0.1.1 already has a lockfile, it will not be regenerated
[INFO] running `Command { std: CARGO_HOME="/workspace/cargo-home" RUSTUP_HOME="/workspace/rustup-home" "/workspace/cargo-home/bin/cargo" "+beta-2023-04-20" "fetch" "--manifest-path" "Cargo.toml", kill_on_drop: false }`
[INFO] [stderr]     Updating crates.io index
[INFO] [stderr]  Downloading crates ...
[INFO] [stderr]   Downloaded pmutil v0.5.3
[INFO] [stderr]   Downloaded is-macro v0.2.0
[INFO] [stderr]   Downloaded nothing v0.1.11
[INFO] running `Command { std: "docker" "create" "-v" "/var/lib/crater-agent-workspace/builds/worker-2-tc2/target:/opt/rustwide/target:rw,Z" "-v" "/var/lib/crater-agent-workspace/builds/worker-2-tc2/source:/opt/rustwide/workdir:ro,Z" "-v" "/var/lib/crater-agent-workspace/cargo-home:/opt/rustwide/cargo-home:ro,Z" "-v" "/var/lib/crater-agent-workspace/rustup-home:/opt/rustwide/rustup-home:ro,Z" "-e" "SOURCE_DIR=/opt/rustwide/workdir" "-e" "CARGO_TARGET_DIR=/opt/rustwide/target" "-e" "CARGO_HOME=/opt/rustwide/cargo-home" "-e" "RUSTUP_HOME=/opt/rustwide/rustup-home" "-w" "/opt/rustwide/workdir" "-m" "1610612736" "--user" "0:0" "--network" "none" "ghcr.io/rust-lang/crates-build-env/linux@sha256:5ff2268d62e97bff2cde7d5815dd6ed5b47097566f13b8d0ca110b04b60e07ed" "/opt/rustwide/cargo-home/bin/cargo" "+beta-2023-04-20" "metadata" "--no-deps" "--format-version=1", kill_on_drop: false }`
[INFO] [stdout] 1d78fb0a15f5e247c08be6ad676c79f0daecb6284d66232848ad3a890ed17f25
[INFO] running `Command { std: "docker" "start" "-a" "1d78fb0a15f5e247c08be6ad676c79f0daecb6284d66232848ad3a890ed17f25", kill_on_drop: false }`
[INFO] running `Command { std: "docker" "inspect" "1d78fb0a15f5e247c08be6ad676c79f0daecb6284d66232848ad3a890ed17f25", kill_on_drop: false }`
[INFO] running `Command { std: "docker" "rm" "-f" "1d78fb0a15f5e247c08be6ad676c79f0daecb6284d66232848ad3a890ed17f25", kill_on_drop: false }`
[INFO] [stdout] 1d78fb0a15f5e247c08be6ad676c79f0daecb6284d66232848ad3a890ed17f25
[INFO] running `Command { std: "docker" "create" "-v" "/var/lib/crater-agent-workspace/builds/worker-2-tc2/target:/opt/rustwide/target:rw,Z" "-v" "/var/lib/crater-agent-workspace/builds/worker-2-tc2/source:/opt/rustwide/workdir:ro,Z" "-v" "/var/lib/crater-agent-workspace/cargo-home:/opt/rustwide/cargo-home:ro,Z" "-v" "/var/lib/crater-agent-workspace/rustup-home:/opt/rustwide/rustup-home:ro,Z" "-e" "SOURCE_DIR=/opt/rustwide/workdir" "-e" "CARGO_TARGET_DIR=/opt/rustwide/target" "-e" "CARGO_INCREMENTAL=0" "-e" "RUST_BACKTRACE=full" "-e" "RUSTFLAGS=--cap-lints=warn" "-e" "RUSTDOCFLAGS=--cap-lints=warn" "-e" "CARGO_HOME=/opt/rustwide/cargo-home" "-e" "RUSTUP_HOME=/opt/rustwide/rustup-home" "-w" "/opt/rustwide/workdir" "-m" "1610612736" "--user" "0:0" "--network" "none" "ghcr.io/rust-lang/crates-build-env/linux@sha256:5ff2268d62e97bff2cde7d5815dd6ed5b47097566f13b8d0ca110b04b60e07ed" "/opt/rustwide/cargo-home/bin/cargo" "+beta-2023-04-20" "build" "--frozen" "--message-format=json", kill_on_drop: false }`
[INFO] [stdout] a6d9bf9d82c40fcdd194138b4942fcad37b5eaee1d56110ca6dabb0cbaf4c009
[INFO] running `Command { std: "docker" "start" "-a" "a6d9bf9d82c40fcdd194138b4942fcad37b5eaee1d56110ca6dabb0cbaf4c009", kill_on_drop: false }`
[INFO] [stderr]    Compiling proc-macro2 v1.0.37
[INFO] [stderr]    Compiling unicode-xid v0.2.2
[INFO] [stderr]    Compiling syn v1.0.91
[INFO] [stderr]    Compiling Inflector v0.11.4
[INFO] [stderr]    Compiling quote v1.0.18
[INFO] [stderr]    Compiling pmutil v0.5.3
[INFO] [stderr]    Compiling is-macro v0.2.0
[INFO] [stderr]    Compiling nothing v0.1.11
[INFO] [stdout] error[E0554]: `#![feature]` may not be used on the beta release channel
[INFO] [stdout]   --> /opt/rustwide/cargo-home/registry/src/index.crates.io-6f17d22bba15001f/nothing-0.1.11/lib.rs:42:1
[INFO] [stdout]    |
[INFO] [stdout] 42 | #![feature(derive_default_enum)]
[INFO] [stdout]    | ^^^^^^^^^^^^^^^^^^^^^^^^^^^^^^^^ help: remove the attribute
[INFO] [stdout]    |
[INFO] [stdout]    = help: the feature `derive_default_enum` has been stable since `1.62.0` and no longer requires an attribute to enable
[INFO] [stdout] 
[INFO] [stdout] 
[INFO] [stdout] error[E0554]: `#![feature]` may not be used on the beta release channel
[INFO] [stdout]   --> /opt/rustwide/cargo-home/registry/src/index.crates.io-6f17d22bba15001f/nothing-0.1.11/lib.rs:43:1
[INFO] [stdout]    |
[INFO] [stdout] 43 | #![feature(try_trait_v2)]
[INFO] [stdout]    | ^^^^^^^^^^^^^^^^^^^^^^^^^
[INFO] [stdout] 
[INFO] [stdout] 
[INFO] [stdout] error[E0554]: `#![feature]` may not be used on the beta release channel
[INFO] [stdout]   --> /opt/rustwide/cargo-home/registry/src/index.crates.io-6f17d22bba15001f/nothing-0.1.11/lib.rs:43:12
[INFO] [stdout]    |
[INFO] [stdout] 43 | #![feature(try_trait_v2)]
[INFO] [stdout]    |            ^^^^^^^^^^^^
[INFO] [stdout] 
[INFO] [stdout] 
[INFO] [stdout] error: aborting due to 3 previous errors
[INFO] [stdout] 
[INFO] [stdout] 
[INFO] [stdout] For more information about this error, try `rustc --explain E0554`.
[INFO] [stdout] 
[INFO] [stderr] error: could not compile `nothing` (lib) due to 4 previous errors
[INFO] running `Command { std: "docker" "inspect" "a6d9bf9d82c40fcdd194138b4942fcad37b5eaee1d56110ca6dabb0cbaf4c009", kill_on_drop: false }`
[INFO] running `Command { std: "docker" "rm" "-f" "a6d9bf9d82c40fcdd194138b4942fcad37b5eaee1d56110ca6dabb0cbaf4c009", kill_on_drop: false }`
[INFO] [stdout] a6d9bf9d82c40fcdd194138b4942fcad37b5eaee1d56110ca6dabb0cbaf4c009
