[INFO] fetching crate st7565 0.1.6...
[INFO] testing st7565-0.1.6 against 1.69.0 for beta-1.70-1
[INFO] extracting crate st7565 0.1.6 into /workspace/builds/worker-5-tc1/source
[INFO] validating manifest of crates.io crate st7565 0.1.6 on toolchain 1.69.0
[INFO] running `Command { std: CARGO_HOME="/workspace/cargo-home" RUSTUP_HOME="/workspace/rustup-home" "/workspace/cargo-home/bin/cargo" "+1.69.0" "metadata" "--manifest-path" "Cargo.toml" "--no-deps", kill_on_drop: false }`
[INFO] removed /workspace/builds/worker-5-tc1/source/.cargo/config.toml
[INFO] started tweaking crates.io crate st7565 0.1.6
[INFO] finished tweaking crates.io crate st7565 0.1.6
[INFO] tweaked toml for crates.io crate st7565 0.1.6 written to /workspace/builds/worker-5-tc1/source/Cargo.toml
[INFO] crate crates.io crate st7565 0.1.6 already has a lockfile, it will not be regenerated
[INFO] running `Command { std: CARGO_HOME="/workspace/cargo-home" RUSTUP_HOME="/workspace/rustup-home" "/workspace/cargo-home/bin/cargo" "+1.69.0" "fetch" "--manifest-path" "Cargo.toml", kill_on_drop: false }`
[INFO] [stderr]     Blocking waiting for file lock on package cache
[INFO] [stderr]  Downloading crates ...
[INFO] [stderr]   Downloaded cortex-m-rt v0.7.2
[INFO] [stderr]   Downloaded embedded-storage v0.3.0
[INFO] [stderr]   Downloaded nrf-usbd v0.2.0
[INFO] [stderr]   Downloaded half v2.2.0
[INFO] [stderr]   Downloaded display-interface v0.4.1
[INFO] [stderr]   Downloaded defmt-rtt v0.4.0
[INFO] [stderr]   Downloaded defmt-test-macros v0.3.0
[INFO] [stderr]   Downloaded display-interface-spi v0.4.1
[INFO] [stderr]   Downloaded byte-slice-cast v0.3.5
[INFO] [stderr]   Downloaded panic-probe v0.3.0
[INFO] [stderr]   Downloaded nrf52840-hal v0.16.0
[INFO] [stderr]   Downloaded embedded-graphics-core v0.3.3
[INFO] [stderr]   Downloaded embedded-dma v0.2.0
[INFO] [stderr]   Downloaded fixed v1.21.0
[INFO] [stderr]   Downloaded nrf-hal-common v0.16.0
[INFO] [stderr]   Downloaded defmt-test v0.3.0
[INFO] [stderr]   Downloaded nrf52840-pac v0.12.2
[INFO] [stderr]   Downloaded embedded-graphics v0.7.1
[INFO] running `Command { std: "docker" "create" "-v" "/var/lib/crater-agent-workspace/builds/worker-5-tc1/target:/opt/rustwide/target:rw,Z" "-v" "/var/lib/crater-agent-workspace/builds/worker-5-tc1/source:/opt/rustwide/workdir:ro,Z" "-v" "/var/lib/crater-agent-workspace/cargo-home:/opt/rustwide/cargo-home:ro,Z" "-v" "/var/lib/crater-agent-workspace/rustup-home:/opt/rustwide/rustup-home:ro,Z" "-e" "SOURCE_DIR=/opt/rustwide/workdir" "-e" "CARGO_TARGET_DIR=/opt/rustwide/target" "-e" "CARGO_HOME=/opt/rustwide/cargo-home" "-e" "RUSTUP_HOME=/opt/rustwide/rustup-home" "-w" "/opt/rustwide/workdir" "-m" "1610612736" "--user" "0:0" "--network" "none" "ghcr.io/rust-lang/crates-build-env/linux@sha256:5ff2268d62e97bff2cde7d5815dd6ed5b47097566f13b8d0ca110b04b60e07ed" "/opt/rustwide/cargo-home/bin/cargo" "+1.69.0" "metadata" "--no-deps" "--format-version=1", kill_on_drop: false }`
[INFO] [stdout] 61468b85ad26425f71a1c48cac7cc17c4f258005df4c78e475ecf2c88309cddf
[INFO] running `Command { std: "docker" "start" "-a" "61468b85ad26425f71a1c48cac7cc17c4f258005df4c78e475ecf2c88309cddf", kill_on_drop: false }`
[INFO] running `Command { std: "docker" "inspect" "61468b85ad26425f71a1c48cac7cc17c4f258005df4c78e475ecf2c88309cddf", kill_on_drop: false }`
[INFO] running `Command { std: "docker" "rm" "-f" "61468b85ad26425f71a1c48cac7cc17c4f258005df4c78e475ecf2c88309cddf", kill_on_drop: false }`
[INFO] [stdout] 61468b85ad26425f71a1c48cac7cc17c4f258005df4c78e475ecf2c88309cddf
[INFO] running `Command { std: "docker" "create" "-v" "/var/lib/crater-agent-workspace/builds/worker-5-tc1/target:/opt/rustwide/target:rw,Z" "-v" "/var/lib/crater-agent-workspace/builds/worker-5-tc1/source:/opt/rustwide/workdir:ro,Z" "-v" "/var/lib/crater-agent-workspace/cargo-home:/opt/rustwide/cargo-home:ro,Z" "-v" "/var/lib/crater-agent-workspace/rustup-home:/opt/rustwide/rustup-home:ro,Z" "-e" "SOURCE_DIR=/opt/rustwide/workdir" "-e" "CARGO_TARGET_DIR=/opt/rustwide/target" "-e" "CARGO_INCREMENTAL=0" "-e" "RUST_BACKTRACE=full" "-e" "RUSTFLAGS=--cap-lints=warn" "-e" "RUSTDOCFLAGS=--cap-lints=warn" "-e" "CARGO_HOME=/opt/rustwide/cargo-home" "-e" "RUSTUP_HOME=/opt/rustwide/rustup-home" "-w" "/opt/rustwide/workdir" "-m" "1610612736" "--user" "0:0" "--network" "none" "ghcr.io/rust-lang/crates-build-env/linux@sha256:5ff2268d62e97bff2cde7d5815dd6ed5b47097566f13b8d0ca110b04b60e07ed" "/opt/rustwide/cargo-home/bin/cargo" "+1.69.0" "build" "--frozen" "--message-format=json", kill_on_drop: false }`
[INFO] [stdout] 171f9cbc481cdac0e56f49290b23ab0fd84a7d72314be76272740308b69fa0b5
[INFO] running `Command { std: "docker" "start" "-a" "171f9cbc481cdac0e56f49290b23ab0fd84a7d72314be76272740308b69fa0b5", kill_on_drop: false }`
[INFO] [stderr]    Compiling az v1.2.1
[INFO] [stderr]    Compiling nb v1.0.0
[INFO] [stderr]    Compiling byteorder v1.4.3
[INFO] [stderr]    Compiling void v1.0.2
[INFO] [stderr]    Compiling display-interface v0.4.1
[INFO] [stderr]    Compiling nb v0.1.3
[INFO] [stderr]    Compiling embedded-hal v0.2.7
[INFO] [stderr]    Compiling embedded-graphics-core v0.3.3
[INFO] [stderr]    Compiling st7565 v0.1.6 (/opt/rustwide/workdir)
[INFO] [stderr]     Finished dev [optimized + debuginfo] target(s) in 5.46s
[INFO] running `Command { std: "docker" "inspect" "171f9cbc481cdac0e56f49290b23ab0fd84a7d72314be76272740308b69fa0b5", kill_on_drop: false }`
[INFO] running `Command { std: "docker" "rm" "-f" "171f9cbc481cdac0e56f49290b23ab0fd84a7d72314be76272740308b69fa0b5", kill_on_drop: false }`
[INFO] [stdout] 171f9cbc481cdac0e56f49290b23ab0fd84a7d72314be76272740308b69fa0b5
[INFO] running `Command { std: "docker" "create" "-v" "/var/lib/crater-agent-workspace/builds/worker-5-tc1/target:/opt/rustwide/target:rw,Z" "-v" "/var/lib/crater-agent-workspace/builds/worker-5-tc1/source:/opt/rustwide/workdir:ro,Z" "-v" "/var/lib/crater-agent-workspace/cargo-home:/opt/rustwide/cargo-home:ro,Z" "-v" "/var/lib/crater-agent-workspace/rustup-home:/opt/rustwide/rustup-home:ro,Z" "-e" "SOURCE_DIR=/opt/rustwide/workdir" "-e" "CARGO_TARGET_DIR=/opt/rustwide/target" "-e" "CARGO_INCREMENTAL=0" "-e" "RUST_BACKTRACE=full" "-e" "RUSTFLAGS=--cap-lints=warn" "-e" "RUSTDOCFLAGS=--cap-lints=warn" "-e" "CARGO_HOME=/opt/rustwide/cargo-home" "-e" "RUSTUP_HOME=/opt/rustwide/rustup-home" "-w" "/opt/rustwide/workdir" "-m" "1610612736" "--user" "0:0" "--network" "none" "ghcr.io/rust-lang/crates-build-env/linux@sha256:5ff2268d62e97bff2cde7d5815dd6ed5b47097566f13b8d0ca110b04b60e07ed" "/opt/rustwide/cargo-home/bin/cargo" "+1.69.0" "test" "--frozen" "--no-run" "--message-format=json", kill_on_drop: false }`
[INFO] [stdout] c92b86043ac23bd53dda5bf61a15372466a028aa65a66b51d113db6990055f87
[INFO] running `Command { std: "docker" "start" "-a" "c92b86043ac23bd53dda5bf61a15372466a028aa65a66b51d113db6990055f87", kill_on_drop: false }`
[INFO] [stderr]    Compiling proc-macro2 v1.0.49
[INFO] [stderr]    Compiling unicode-ident v1.0.6
[INFO] [stderr]    Compiling quote v1.0.23
[INFO] [stderr]    Compiling syn v1.0.107
[INFO] [stderr]    Compiling semver-parser v0.7.0
[INFO] [stderr]    Compiling version_check v0.9.4
[INFO] [stderr]    Compiling cortex-m v0.7.7
[INFO] [stderr]    Compiling vcell v0.1.3
[INFO] [stderr]    Compiling volatile-register v0.2.1
[INFO] [stderr]    Compiling defmt v0.3.2
[INFO] [stderr]    Compiling bitfield v0.13.2
[INFO] [stderr]    Compiling semver v0.9.0
[INFO] [stderr]    Compiling proc-macro-error-attr v1.0.4
[INFO] [stderr]    Compiling proc-macro-error v1.0.4
[INFO] [stderr]    Compiling cortex-m-rt v0.7.2
[INFO] [stderr]    Compiling defmt-macros v0.3.3
[INFO] [stderr]    Compiling defmt-parser v0.3.1
[INFO] [stderr]    Compiling typenum v1.16.0
[INFO] [stderr]    Compiling rustc_version v0.2.3
[INFO] [stderr]    Compiling autocfg v1.1.0
[INFO] [stderr]    Compiling bitflags v1.3.2
[INFO] [stderr]    Compiling fixed v1.21.0
[INFO] [stderr]    Compiling critical-section v1.1.1
[INFO] [stderr]    Compiling nrf52840-pac v0.12.2
[INFO] [stderr]    Compiling bytemuck v1.12.3
[INFO] [stderr]    Compiling bare-metal v0.2.5
[INFO] [stderr]    Compiling num-traits v0.2.15
[INFO] [stderr]    Compiling half v2.2.0
[INFO] [stderr]    Compiling usb-device v0.2.9
[INFO] [stderr]    Compiling nrf-hal-common v0.16.0
[INFO] [stderr]    Compiling stable_deref_trait v1.2.0
[INFO] [stderr]    Compiling embedded-dma v0.2.0
[INFO] [stderr]    Compiling cast v0.3.0
[INFO] [stderr]    Compiling panic-probe v0.3.0
[INFO] [stderr]    Compiling nrf-usbd v0.2.0
[INFO] [stderr]    Compiling rand_core v0.6.4
[INFO] [stderr]    Compiling nrf52840-hal v0.16.0
[INFO] [stderr]    Compiling embedded-storage v0.3.0
[INFO] [stderr]    Compiling cfg-if v1.0.0
[INFO] [stderr]    Compiling defmt-rtt v0.4.0
[INFO] [stderr]    Compiling micromath v1.1.1
[INFO] [stderr]    Compiling byte-slice-cast v0.3.5
[INFO] [stderr]    Compiling display-interface-spi v0.4.1
[INFO] [stderr]    Compiling float-cmp v0.8.0
[INFO] [stderr]    Compiling embedded-graphics v0.7.1
[INFO] [stderr]    Compiling cortex-m-rt-macros v0.7.0
[INFO] [stderr]    Compiling defmt-test-macros v0.3.0
[INFO] [stderr]    Compiling defmt-test v0.3.0
[INFO] [stderr]    Compiling st7565 v0.1.6 (/opt/rustwide/workdir)
[INFO] [stdout] error[E0308]: mismatched types
[INFO] [stdout]   --> examples/nrf52840_dogm132w5_raw.rs:48:22
[INFO] [stdout]    |
[INFO] [stdout] 48 |                 sck: disp_scl,
[INFO] [stdout]    |                      ^^^^^^^^ expected `Option<Pin<Output<PushPull>>>`, found `Pin<Output<PushPull>>`
[INFO] [stdout]    |
[INFO] [stdout]    = note: expected enum `Option<nrf52840_hal::gpio::Pin<_>>`
[INFO] [stdout]             found struct `nrf52840_hal::gpio::Pin<_>`
[INFO] [stdout] help: try wrapping the expression in `core::prelude::v1::Some`
[INFO] [stdout]    |
[INFO] [stdout] 48 |                 sck: core::prelude::v1::Some(disp_scl),
[INFO] [stdout]    |                      ++++++++++++++++++++++++        +
[INFO] [stdout] 
[INFO] [stdout] 
[INFO] [stdout] error: aborting due to previous error
[INFO] [stdout] 
[INFO] [stdout] 
[INFO] [stdout] For more information about this error, try `rustc --explain E0308`.
[INFO] [stdout] 
[INFO] [stderr] error: could not compile `st7565` due to 2 previous errors
[INFO] [stderr] warning: build failed, waiting for other jobs to finish...
[INFO] [stdout] error[E0308]: mismatched types
[INFO] [stdout]   --> examples/nrf52840_dogm132w5_graphics.rs:55:22
[INFO] [stdout]    |
[INFO] [stdout] 55 |                 sck: disp_scl,
[INFO] [stdout]    |                      ^^^^^^^^ expected `Option<Pin<Output<PushPull>>>`, found `Pin<Output<PushPull>>`
[INFO] [stdout]    |
[INFO] [stdout]    = note: expected enum `Option<nrf52840_hal::gpio::Pin<_>>`
[INFO] [stdout]             found struct `nrf52840_hal::gpio::Pin<_>`
[INFO] [stdout] help: try wrapping the expression in `core::prelude::v1::Some`
[INFO] [stdout]    |
[INFO] [stdout] 55 |                 sck: core::prelude::v1::Some(disp_scl),
[INFO] [stdout]    |                      ++++++++++++++++++++++++        +
[INFO] [stdout] 
[INFO] [stdout] 
[INFO] [stdout] error: aborting due to previous error
[INFO] [stdout] 
[INFO] [stdout] 
[INFO] [stdout] For more information about this error, try `rustc --explain E0308`.
[INFO] [stdout] 
[INFO] [stderr] error: could not compile `st7565` due to 2 previous errors
[INFO] [stdout] error: linking with `cc` failed: exit status: 1
[INFO] [stdout]   |
[INFO] [stdout]   = note: LC_ALL="C" PATH="/opt/rustwide/rustup-home/toolchains/1.69.0-x86_64-unknown-linux-gnu/lib/rustlib/x86_64-unknown-linux-gnu/bin:/opt/rustwide/cargo-home/bin:/usr/local/sbin:/usr/local/bin:/usr/sbin:/usr/bin:/sbin:/bin" VSLANG="1033" "cc" "-m64" "/tmp/rustcJ6AZ0v/symbols.o" "/opt/rustwide/target/debug/deps/st7565-ecf15cc29f364993.st7565.4a9f11cb-cgu.0.rcgu.o" "/opt/rustwide/target/debug/deps/st7565-ecf15cc29f364993.cbe1tiseznuyryh.rcgu.o" "-Wl,--as-needed" "-L" "/opt/rustwide/target/debug/deps" "-L" "/opt/rustwide/target/debug/build/cortex-m-rt-e121716c81a6e936/out" "-L" "/opt/rustwide/target/debug/build/defmt-aa4f82c16cd16041/out" "-L" "/opt/rustwide/target/debug/build/nrf52840-hal-634ab6cf618b59b0/out" "-L" "/opt/rustwide/target/debug/build/nrf52840-pac-ec5fe4fce2ee513a/out" "-L" "/opt/rustwide/rustup-home/toolchains/1.69.0-x86_64-unknown-linux-gnu/lib/rustlib/x86_64-unknown-linux-gnu/lib" "-Wl,-Bstatic" "/opt/rustwide/target/debug/deps/libdefmt_test-191936fbe58ff657.rlib" "/opt/rustwide/target/debug/deps/libembedded_graphics_core-643b7a3c029a70d3.rlib" "/opt/rustwide/target/debug/deps/libdisplay_interface-fd5e16d82d8bf4d1.rlib" "/opt/rustwide/target/debug/deps/libpanic_probe-1175631dcb18025e.rlib" "/opt/rustwide/rustup-home/toolchains/1.69.0-x86_64-unknown-linux-gnu/lib/rustlib/x86_64-unknown-linux-gnu/lib/libstd-89bc084783fdc439.rlib" "/opt/rustwide/rustup-home/toolchains/1.69.0-x86_64-unknown-linux-gnu/lib/rustlib/x86_64-unknown-linux-gnu/lib/libpanic_unwind-8bee4b287d4367c1.rlib" "/opt/rustwide/rustup-home/toolchains/1.69.0-x86_64-unknown-linux-gnu/lib/rustlib/x86_64-unknown-linux-gnu/lib/libobject-d61707aed80694c0.rlib" "/opt/rustwide/rustup-home/toolchains/1.69.0-x86_64-unknown-linux-gnu/lib/rustlib/x86_64-unknown-linux-gnu/lib/libmemchr-d85366256f22345b.rlib" "/opt/rustwide/rustup-home/toolchains/1.69.0-x86_64-unknown-linux-gnu/lib/rustlib/x86_64-unknown-linux-gnu/lib/libaddr2line-96069b86b8a8cae9.rlib" "/opt/rustwide/rustup-home/toolchains/1.69.0-x86_64-unknown-linux-gnu/lib/rustlib/x86_64-unknown-linux-gnu/lib/libgimli-d19d53abf68dfa6c.rlib" "/opt/rustwide/rustup-home/toolchains/1.69.0-x86_64-unknown-linux-gnu/lib/rustlib/x86_64-unknown-linux-gnu/lib/librustc_demangle-787cbccd19d64ac6.rlib" "/opt/rustwide/rustup-home/toolchains/1.69.0-x86_64-unknown-linux-gnu/lib/rustlib/x86_64-unknown-linux-gnu/lib/libstd_detect-b3837a36b830e0d0.rlib" "/opt/rustwide/rustup-home/toolchains/1.69.0-x86_64-unknown-linux-gnu/lib/rustlib/x86_64-unknown-linux-gnu/lib/libhashbrown-e3deb0e7e3f04966.rlib" "/opt/rustwide/rustup-home/toolchains/1.69.0-x86_64-unknown-linux-gnu/lib/rustlib/x86_64-unknown-linux-gnu/lib/libminiz_oxide-dabbb79c9815def4.rlib" "/opt/rustwide/rustup-home/toolchains/1.69.0-x86_64-unknown-linux-gnu/lib/rustlib/x86_64-unknown-linux-gnu/lib/libadler-305b01f34c9409f2.rlib" "/opt/rustwide/rustup-home/toolchains/1.69.0-x86_64-unknown-linux-gnu/lib/rustlib/x86_64-unknown-linux-gnu/lib/librustc_std_workspace_alloc-f833521df6074e73.rlib" "/opt/rustwide/rustup-home/toolchains/1.69.0-x86_64-unknown-linux-gnu/lib/rustlib/x86_64-unknown-linux-gnu/lib/libunwind-9ac333113350d171.rlib" "/opt/rustwide/rustup-home/toolchains/1.69.0-x86_64-unknown-linux-gnu/lib/rustlib/x86_64-unknown-linux-gnu/lib/libcfg_if-1c126114322d0eee.rlib" "/opt/rustwide/rustup-home/toolchains/1.69.0-x86_64-unknown-linux-gnu/lib/rustlib/x86_64-unknown-linux-gnu/lib/liblibc-bad9164fdeeecf92.rlib" "/opt/rustwide/rustup-home/toolchains/1.69.0-x86_64-unknown-linux-gnu/lib/rustlib/x86_64-unknown-linux-gnu/lib/liballoc-f9374b1e480fa681.rlib" "/opt/rustwide/target/debug/deps/libnrf52840_hal-b2eeb862aaa2b9d1.rlib" "/opt/rustwide/target/debug/deps/libnrf_hal_common-47a51b3ad2118e49.rlib" "/opt/rustwide/target/debug/deps/libnrf_usbd-0a9f42e9e26bd023.rlib" "/opt/rustwide/target/debug/deps/libusb_device-d6bdb600f726c86c.rlib" "/opt/rustwide/target/debug/deps/libfixed-69cc3d1e6173f09c.rlib" "/opt/rustwide/target/debug/deps/libtypenum-f6441dc9c6ee60fa.rlib" "/opt/rustwide/target/debug/deps/libbytemuck-7a29281664c62acf.rlib" "/opt/rustwide/target/debug/deps/libhalf-c4fb522676d0ab08.rlib" "/opt/rustwide/target/debug/deps/libaz-90ab42f7bdee0a95.rlib" "/opt/rustwide/target/debug/deps/librand_core-cef67cc24725e443.rlib" "/opt/rustwide/target/debug/deps/libcfg_if-aa294335e3de6cde.rlib" "/opt/rustwide/target/debug/deps/libembedded_storage-1d94628d38228053.rlib" "/opt/rustwide/target/debug/deps/libembedded_dma-68b47a18d75fec7b.rlib" "/opt/rustwide/target/debug/deps/libstable_deref_trait-8293567555fc7b95.rlib" "/opt/rustwide/target/debug/deps/libcast-1dbcd275b4fc7309.rlib" "/opt/rustwide/target/debug/deps/libnrf52840_pac-7dbe155397e88782.rlib" "/opt/rustwide/target/debug/deps/libcortex_m_rt-185830cdb31df571.rlib" "/opt/rustwide/target/debug/deps/libcortex_m-b0948305e227a128.rlib" "/opt/rustwide/target/debug/deps/libvolatile_register-4f128f3eb1d0cf04.rlib" "/opt/rustwide/target/debug/deps/libvcell-3dba081bc9cd3618.rlib" "/opt/rustwide/target/debug/deps/libbare_metal-df154745600f00bd.rlib" "/opt/rustwide/target/debug/deps/libembedded_hal-d384781882b05338.rlib" "/opt/rustwide/target/debug/deps/libvoid-d5e1980160f3f39d.rlib" "/opt/rustwide/target/debug/deps/libnb-c2f70e8504a82e8f.rlib" "/opt/rustwide/target/debug/deps/libnb-b178207daa1d53e7.rlib" "/opt/rustwide/target/debug/deps/libdefmt_rtt-a7387a8851cde123.rlib" "/opt/rustwide/target/debug/deps/libcritical_section-60ba58928bd48498.rlib" "/opt/rustwide/target/debug/deps/libdefmt-0022c523fb112483.rlib" "/opt/rustwide/target/debug/deps/libbitflags-228dcf6676448b87.rlib" "/opt/rustwide/rustup-home/toolchains/1.69.0-x86_64-unknown-linux-gnu/lib/rustlib/x86_64-unknown-linux-gnu/lib/librustc_std_workspace_core-207f06e41d9603af.rlib" "/opt/rustwide/rustup-home/toolchains/1.69.0-x86_64-unknown-linux-gnu/lib/rustlib/x86_64-unknown-linux-gnu/lib/libcore-7e2768e66e984e85.rlib" "/opt/rustwide/rustup-home/toolchains/1.69.0-x86_64-unknown-linux-gnu/lib/rustlib/x86_64-unknown-linux-gnu/lib/libcompiler_builtins-957b4aff41f8cd46.rlib" "-Wl,-Bdynamic" "-lgcc_s" "-lutil" "-lrt" "-lpthread" "-lm" "-ldl" "-lc" "-Wl,--eh-frame-hdr" "-Wl,-z,noexecstack" "-L" "/opt/rustwide/rustup-home/toolchains/1.69.0-x86_64-unknown-linux-gnu/lib/rustlib/x86_64-unknown-linux-gnu/lib" "-o" "/opt/rustwide/target/debug/deps/st7565-ecf15cc29f364993" "-Wl,--gc-sections" "-pie" "-Wl,-z,relro,-z,now" "-Wl,-O1" "-nodefaultlibs"
[INFO] [stdout]   = note: /usr/bin/ld: /opt/rustwide/target/debug/deps/st7565-ecf15cc29f364993.st7565.4a9f11cb-cgu.0.rcgu.o: in function `cortex_m::asm::udf':
[INFO] [stdout]           /opt/rustwide/cargo-home/registry/src/github.com-1ecc6299db9ec823/cortex-m-0.7.7/src/asm.rs:43: undefined reference to `__udf'
[INFO] [stdout]           /usr/bin/ld: /opt/rustwide/target/debug/deps/libdefmt_test-191936fbe58ff657.rlib(defmt_test-191936fbe58ff657.defmt_test.146ec3c9-cgu.0.rcgu.o): in function `defmt_test::export::exit':
[INFO] [stdout]           /opt/rustwide/cargo-home/registry/src/github.com-1ecc6299db9ec823/defmt-test-0.3.0/src/export.rs:6: undefined reference to `__bkpt'
[INFO] [stdout]           /usr/bin/ld: /opt/rustwide/target/debug/deps/libdefmt_rtt-a7387a8851cde123.rlib(defmt_rtt-a7387a8851cde123.defmt_rtt.4a15b573-cgu.0.rcgu.o): in function `critical_section::release':
[INFO] [stdout]           /opt/rustwide/cargo-home/registry/src/github.com-1ecc6299db9ec823/critical-section-1.1.1/src/lib.rs:197: undefined reference to `_critical_section_1_0_release'
[INFO] [stdout]           /usr/bin/ld: /opt/rustwide/target/debug/deps/libdefmt_rtt-a7387a8851cde123.rlib(defmt_rtt-a7387a8851cde123.defmt_rtt.4a15b573-cgu.0.rcgu.o): in function `critical_section::acquire':
[INFO] [stdout]           /opt/rustwide/cargo-home/registry/src/github.com-1ecc6299db9ec823/critical-section-1.1.1/src/lib.rs:180: undefined reference to `_critical_section_1_0_acquire'
[INFO] [stdout]           /usr/bin/ld: /opt/rustwide/target/debug/deps/libdefmt-0022c523fb112483.rlib(defmt-0022c523fb112483.defmt.3566f92b-cgu.0.rcgu.o): in function `defmt::export::timestamp':
[INFO] [stdout]           /opt/rustwide/cargo-home/registry/src/github.com-1ecc6299db9ec823/defmt-0.3.2/src/export/mod.rs:98: undefined reference to `_defmt_timestamp'
[INFO] [stdout]           collect2: error: ld returned 1 exit status
[INFO] [stdout]           
[INFO] [stdout]   = note: some `extern` functions couldn't be found; some native libraries may need to be installed or have their path specified
[INFO] [stdout]   = note: use the `-l` flag to specify native libraries to link
[INFO] [stdout]   = note: use the `cargo:rustc-link-lib` directive to specify the native libraries to link with Cargo (see https://doc.rust-lang.org/cargo/reference/build-scripts.html#cargorustc-link-libkindname)
[INFO] [stdout] 
[INFO] [stdout] 
[INFO] [stdout] error: aborting due to previous error
[INFO] [stdout] 
[INFO] [stdout] 
[INFO] [stderr] error: could not compile `st7565` due to 2 previous errors
[INFO] running `Command { std: "docker" "inspect" "c92b86043ac23bd53dda5bf61a15372466a028aa65a66b51d113db6990055f87", kill_on_drop: false }`
[INFO] running `Command { std: "docker" "rm" "-f" "c92b86043ac23bd53dda5bf61a15372466a028aa65a66b51d113db6990055f87", kill_on_drop: false }`
[INFO] [stdout] c92b86043ac23bd53dda5bf61a15372466a028aa65a66b51d113db6990055f87
