[INFO] fetching crate ssip-client-async 0.10.0...
[INFO] testing ssip-client-async-0.10.0 against 1.69.0 for beta-1.70-1
[INFO] extracting crate ssip-client-async 0.10.0 into /workspace/builds/worker-2-tc1/source
[INFO] validating manifest of crates.io crate ssip-client-async 0.10.0 on toolchain 1.69.0
[INFO] running `Command { std: CARGO_HOME="/workspace/cargo-home" RUSTUP_HOME="/workspace/rustup-home" "/workspace/cargo-home/bin/cargo" "+1.69.0" "metadata" "--manifest-path" "Cargo.toml" "--no-deps", kill_on_drop: false }`
[INFO] started tweaking crates.io crate ssip-client-async 0.10.0
[INFO] finished tweaking crates.io crate ssip-client-async 0.10.0
[INFO] tweaked toml for crates.io crate ssip-client-async 0.10.0 written to /workspace/builds/worker-2-tc1/source/Cargo.toml
[INFO] crate crates.io crate ssip-client-async 0.10.0 already has a lockfile, it will not be regenerated
[INFO] running `Command { std: CARGO_HOME="/workspace/cargo-home" RUSTUP_HOME="/workspace/rustup-home" "/workspace/cargo-home/bin/cargo" "+1.69.0" "fetch" "--manifest-path" "Cargo.toml", kill_on_drop: false }`
[INFO] [stderr]  Downloading crates ...
[INFO] [stderr]   Downloaded syn v2.0.4
[INFO] [stderr]   Downloaded popol v1.0.0
[INFO] running `Command { std: "docker" "create" "-v" "/var/lib/crater-agent-workspace/builds/worker-2-tc1/target:/opt/rustwide/target:rw,Z" "-v" "/var/lib/crater-agent-workspace/builds/worker-2-tc1/source:/opt/rustwide/workdir:ro,Z" "-v" "/var/lib/crater-agent-workspace/cargo-home:/opt/rustwide/cargo-home:ro,Z" "-v" "/var/lib/crater-agent-workspace/rustup-home:/opt/rustwide/rustup-home:ro,Z" "-e" "SOURCE_DIR=/opt/rustwide/workdir" "-e" "CARGO_TARGET_DIR=/opt/rustwide/target" "-e" "CARGO_HOME=/opt/rustwide/cargo-home" "-e" "RUSTUP_HOME=/opt/rustwide/rustup-home" "-w" "/opt/rustwide/workdir" "-m" "1610612736" "--user" "0:0" "--network" "none" "ghcr.io/rust-lang/crates-build-env/linux@sha256:5ff2268d62e97bff2cde7d5815dd6ed5b47097566f13b8d0ca110b04b60e07ed" "/opt/rustwide/cargo-home/bin/cargo" "+1.69.0" "metadata" "--no-deps" "--format-version=1", kill_on_drop: false }`
[INFO] [stdout] 5829c8e6a2fb40d2c781c7eb385ef9c4f98463c7b87d551f02737f8c5991e5c0
[INFO] running `Command { std: "docker" "start" "-a" "5829c8e6a2fb40d2c781c7eb385ef9c4f98463c7b87d551f02737f8c5991e5c0", kill_on_drop: false }`
[INFO] running `Command { std: "docker" "inspect" "5829c8e6a2fb40d2c781c7eb385ef9c4f98463c7b87d551f02737f8c5991e5c0", kill_on_drop: false }`
[INFO] running `Command { std: "docker" "rm" "-f" "5829c8e6a2fb40d2c781c7eb385ef9c4f98463c7b87d551f02737f8c5991e5c0", kill_on_drop: false }`
[INFO] [stdout] 5829c8e6a2fb40d2c781c7eb385ef9c4f98463c7b87d551f02737f8c5991e5c0
[INFO] running `Command { std: "docker" "create" "-v" "/var/lib/crater-agent-workspace/builds/worker-2-tc1/target:/opt/rustwide/target:rw,Z" "-v" "/var/lib/crater-agent-workspace/builds/worker-2-tc1/source:/opt/rustwide/workdir:ro,Z" "-v" "/var/lib/crater-agent-workspace/cargo-home:/opt/rustwide/cargo-home:ro,Z" "-v" "/var/lib/crater-agent-workspace/rustup-home:/opt/rustwide/rustup-home:ro,Z" "-e" "SOURCE_DIR=/opt/rustwide/workdir" "-e" "CARGO_TARGET_DIR=/opt/rustwide/target" "-e" "CARGO_INCREMENTAL=0" "-e" "RUST_BACKTRACE=full" "-e" "RUSTFLAGS=--cap-lints=warn" "-e" "RUSTDOCFLAGS=--cap-lints=warn" "-e" "CARGO_HOME=/opt/rustwide/cargo-home" "-e" "RUSTUP_HOME=/opt/rustwide/rustup-home" "-w" "/opt/rustwide/workdir" "-m" "1610612736" "--user" "0:0" "--network" "none" "ghcr.io/rust-lang/crates-build-env/linux@sha256:5ff2268d62e97bff2cde7d5815dd6ed5b47097566f13b8d0ca110b04b60e07ed" "/opt/rustwide/cargo-home/bin/cargo" "+1.69.0" "build" "--frozen" "--message-format=json", kill_on_drop: false }`
[INFO] [stdout] fcb6caa3dc543a8e6016db61f87248c61ddb37525afa2c47464390378a35e362
[INFO] running `Command { std: "docker" "start" "-a" "fcb6caa3dc543a8e6016db61f87248c61ddb37525afa2c47464390378a35e362", kill_on_drop: false }`
[INFO] [stderr]    Compiling proc-macro2 v1.0.52
[INFO] [stderr]    Compiling syn v1.0.109
[INFO] [stderr]    Compiling libc v0.2.140
[INFO] [stderr]    Compiling futures-core v0.3.27
[INFO] [stderr]    Compiling log v0.4.17
[INFO] [stderr]    Compiling event-listener v2.5.3
[INFO] [stderr]    Compiling futures-io v0.3.27
[INFO] [stderr]    Compiling value-bag v1.0.0-alpha.9
[INFO] [stderr]    Compiling slab v0.4.8
[INFO] [stderr]    Compiling parking v2.0.0
[INFO] [stderr]    Compiling polling v2.6.0
[INFO] [stderr]    Compiling async-io v1.12.0
[INFO] [stderr]    Compiling async-task v4.3.0
[INFO] [stderr]    Compiling atomic-waker v1.1.0
[INFO] [stderr]    Compiling concurrent-queue v2.1.0
[INFO] [stderr]    Compiling tokio v1.26.0
[INFO] [stderr]    Compiling async-lock v2.7.0
[INFO] [stderr]    Compiling heck v0.4.1
[INFO] [stderr]    Compiling bytes v1.4.0
[INFO] [stderr]    Compiling pin-utils v0.1.0
[INFO] [stderr]    Compiling strum v0.24.1
[INFO] [stderr]    Compiling futures-lite v1.12.0
[INFO] [stderr]    Compiling async-channel v1.8.0
[INFO] [stderr]    Compiling quote v1.0.26
[INFO] [stderr]    Compiling socket2 v0.4.9
[INFO] [stderr]    Compiling dirs-sys v0.3.7
[INFO] [stderr]    Compiling dirs v4.0.0
[INFO] [stderr]    Compiling syn v2.0.4
[INFO] [stderr]    Compiling blocking v1.3.0
[INFO] [stderr]    Compiling async-executor v1.5.0
[INFO] [stderr]    Compiling thiserror-impl v1.0.40
[INFO] [stderr]    Compiling thiserror v1.0.40
[INFO] [stderr]    Compiling ctor v0.1.26
[INFO] [stderr]    Compiling tokio-macros v1.8.2
[INFO] [stderr]    Compiling strum_macros v0.24.3
[INFO] [stderr]    Compiling kv-log-macro v1.0.7
[INFO] [stderr]    Compiling mio v0.8.6
[INFO] [stderr]    Compiling async-global-executor v2.3.1
[INFO] [stderr]    Compiling async-std v1.12.0
[INFO] [stderr]    Compiling ssip-client-async v0.10.0 (/opt/rustwide/workdir)
[INFO] [stderr]     Finished dev [unoptimized + debuginfo] target(s) in 14.40s
[INFO] running `Command { std: "docker" "inspect" "fcb6caa3dc543a8e6016db61f87248c61ddb37525afa2c47464390378a35e362", kill_on_drop: false }`
[INFO] running `Command { std: "docker" "rm" "-f" "fcb6caa3dc543a8e6016db61f87248c61ddb37525afa2c47464390378a35e362", kill_on_drop: false }`
[INFO] [stdout] fcb6caa3dc543a8e6016db61f87248c61ddb37525afa2c47464390378a35e362
[INFO] running `Command { std: "docker" "create" "-v" "/var/lib/crater-agent-workspace/builds/worker-2-tc1/target:/opt/rustwide/target:rw,Z" "-v" "/var/lib/crater-agent-workspace/builds/worker-2-tc1/source:/opt/rustwide/workdir:ro,Z" "-v" "/var/lib/crater-agent-workspace/cargo-home:/opt/rustwide/cargo-home:ro,Z" "-v" "/var/lib/crater-agent-workspace/rustup-home:/opt/rustwide/rustup-home:ro,Z" "-e" "SOURCE_DIR=/opt/rustwide/workdir" "-e" "CARGO_TARGET_DIR=/opt/rustwide/target" "-e" "CARGO_INCREMENTAL=0" "-e" "RUST_BACKTRACE=full" "-e" "RUSTFLAGS=--cap-lints=warn" "-e" "RUSTDOCFLAGS=--cap-lints=warn" "-e" "CARGO_HOME=/opt/rustwide/cargo-home" "-e" "RUSTUP_HOME=/opt/rustwide/rustup-home" "-w" "/opt/rustwide/workdir" "-m" "1610612736" "--user" "0:0" "--network" "none" "ghcr.io/rust-lang/crates-build-env/linux@sha256:5ff2268d62e97bff2cde7d5815dd6ed5b47097566f13b8d0ca110b04b60e07ed" "/opt/rustwide/cargo-home/bin/cargo" "+1.69.0" "test" "--frozen" "--no-run" "--message-format=json", kill_on_drop: false }`
[INFO] [stdout] 74b56c9c92e186dd914100260227902e83437da7c7e8fe712c2d41ad8d7fb12e
[INFO] running `Command { std: "docker" "start" "-a" "74b56c9c92e186dd914100260227902e83437da7c7e8fe712c2d41ad8d7fb12e", kill_on_drop: false }`
[INFO] [stderr]    Compiling libc v0.2.140
[INFO] [stderr]    Compiling io-lifetimes v1.0.9
[INFO] [stderr]    Compiling rustix v0.36.11
[INFO] [stderr]    Compiling linux-raw-sys v0.1.4
[INFO] [stderr]    Compiling socket2 v0.4.9
[INFO] [stderr]    Compiling polling v2.6.0
[INFO] [stderr]    Compiling dirs-sys v0.3.7
[INFO] [stderr]    Compiling mio v0.8.6
[INFO] [stderr]    Compiling popol v1.0.0
[INFO] [stderr]    Compiling dirs v4.0.0
[INFO] [stderr]    Compiling async-io v1.12.0
[INFO] [stderr]    Compiling tokio v1.26.0
[INFO] [stderr]    Compiling async-global-executor v2.3.1
[INFO] [stderr]    Compiling async-std v1.12.0
[INFO] [stderr]    Compiling tempfile v3.4.0
[INFO] [stderr]    Compiling ssip-client-async v0.10.0 (/opt/rustwide/workdir)
[INFO] [stdout] error[E0433]: failed to resolve: use of undeclared crate or module `ssip_client`
[INFO] [stdout]  --> examples/async_tokio.rs:2:5
[INFO] [stdout]   |
[INFO] [stdout] 2 | use ssip_client::{fifo::asynchronous_tokio::Builder, ClientName, ClientResult, types::ClientScope};
[INFO] [stdout]   |     ^^^^^^^^^^^ use of undeclared crate or module `ssip_client`
[INFO] [stdout] 
[INFO] [stdout] 
[INFO] [stdout] error[E0432]: unresolved import `ssip_client`
[INFO] [stdout]  --> examples/list.rs:2:5
[INFO] [stdout]   |
[INFO] [stdout] 2 | use ssip_client::{
[INFO] [stdout]   |     ^^^^^^^^^^^ use of undeclared crate or module `ssip_client`
[INFO] [stdout] 
[INFO] [stdout] 
[INFO] [stdout] error[E0432]: unresolved import `ssip_client`
[INFO] [stdout]  --> examples/hello.rs:2:5
[INFO] [stdout]   |
[INFO] [stdout] 2 | use ssip_client::{fifo, ClientName, ClientResult};
[INFO] [stdout]   |     ^^^^^^^^^^^ use of undeclared crate or module `ssip_client`
[INFO] [stdout] 
[INFO] [stdout] 
[INFO] [stdout] error[E0433]: failed to resolve: use of undeclared crate or module `ssip_client`
[INFO] [stdout]   --> tests/synchronous_tests.rs:10:5
[INFO] [stdout]    |
[INFO] [stdout] 10 | use ssip_client::{client::Source, *};
[INFO] [stdout]    |     ^^^^^^^^^^^ use of undeclared crate or module `ssip_client`
[INFO] [stdout] 
[INFO] [stdout] 
[INFO] [stdout] error[E0432]: unresolved imports `ssip_client`, `ssip_client::client::Source`
[INFO] [stdout]   --> tests/synchronous_tests.rs:10:5
[INFO] [stdout]    |
[INFO] [stdout] 10 | use ssip_client::{client::Source, *};
[INFO] [stdout]    |     ^^^^^^^^^^^   ^^^^^^^^^^^^^^
[INFO] [stdout]    |     |
[INFO] [stdout]    |     use of undeclared crate or module `ssip_client`
[INFO] [stdout] 
[INFO] [stdout] 
[INFO] [stdout] error[E0432]: unresolved import `ssip_client`
[INFO] [stdout]  --> examples/async_tokio.rs:2:5
[INFO] [stdout]   |
[INFO] [stdout] 2 | use ssip_client::{fifo::asynchronous_tokio::Builder, ClientName, ClientResult, types::ClientScope};
[INFO] [stdout]   |     ^^^^^^^^^^^ use of undeclared crate or module `ssip_client`
[INFO] [stdout] 
[INFO] [stdout] 
[INFO] [stdout] error: aborting due to 2 previous errors
[INFO] [stdout] 
[INFO] [stdout] 
[INFO] [stdout] error[E0432]: unresolved import `ssip_client`
[INFO] [stdout]  --> examples/async_popol_loop.rs:8:5
[INFO] [stdout]   |
[INFO] [stdout] 8 | use ssip_client::{fifo, ClientError, ClientName, ClientResult, QueuedClient, Request, Response};
[INFO] [stdout]   |     ^^^^^^^^^^^ use of undeclared crate or module `ssip_client`
[INFO] [stdout] 
[INFO] [stdout] 
[INFO] [stdout] Some errors have detailed explanations: E0432, E0433.
[INFO] [stdout] 
[INFO] [stdout] For more information about an error, try `rustc --explain E0432`.
[INFO] [stdout] 
[INFO] [stdout] error[E0432]: unresolved import `ssip_client`
[INFO] [stdout]  --> examples/notifications.rs:2:5
[INFO] [stdout]   |
[INFO] [stdout] 2 | use ssip_client::{
[INFO] [stdout]   |     ^^^^^^^^^^^ use of undeclared crate or module `ssip_client`
[INFO] [stdout] 
[INFO] [stdout] 
[INFO] [stderr] error: could not compile `ssip-client-async` due to 3 previous errors
[INFO] [stderr] warning: build failed, waiting for other jobs to finish...
[INFO] [stdout] error[E0433]: failed to resolve: use of undeclared type `Priority`
[INFO] [stdout]    --> tests/synchronous_tests.rs:211:5
[INFO] [stdout]     |
[INFO] [stdout] 211 |     Priority::Important,
[INFO] [stdout]     |     ^^^^^^^^ use of undeclared type `Priority`
[INFO] [stdout] 
[INFO] [stdout] 
[INFO] [stdout] error[E0433]: failed to resolve: use of undeclared type `ClientScope`
[INFO] [stdout]    --> tests/synchronous_tests.rs:242:5
[INFO] [stdout]     |
[INFO] [stdout] 242 |     ClientScope::Current,
[INFO] [stdout]     |     ^^^^^^^^^^^ use of undeclared type `ClientScope`
[INFO] [stdout] 
[INFO] [stdout] 
[INFO] [stdout] error[E0433]: failed to resolve: use of undeclared type `ClientScope`
[INFO] [stdout]    --> tests/synchronous_tests.rs:266:5
[INFO] [stdout]     |
[INFO] [stdout] 266 |     ClientScope::Current,
[INFO] [stdout]     |     ^^^^^^^^^^^ use of undeclared type `ClientScope`
[INFO] [stdout] 
[INFO] [stdout] 
[INFO] [stdout] error[E0433]: failed to resolve: use of undeclared type `ClientScope`
[INFO] [stdout]    --> tests/synchronous_tests.rs:282:5
[INFO] [stdout]     |
[INFO] [stdout] 282 |     ClientScope::Current,
[INFO] [stdout]     |     ^^^^^^^^^^^ use of undeclared type `ClientScope`
[INFO] [stdout] 
[INFO] [stdout] 
[INFO] [stdout] error: aborting due to previous error
[INFO] [stdout] 
[INFO] [stdout] 
[INFO] [stdout] For more information about this error, try `rustc --explain E0432`.
[INFO] [stdout] 
[INFO] [stdout] error: aborting due to previous error
[INFO] [stdout] 
[INFO] [stdout] 
[INFO] [stdout] For more information about this error, try `rustc --explain E0432`.
[INFO] [stdout] 
[INFO] [stdout] error[E0433]: failed to resolve: use of undeclared type `ClientScope`
[INFO] [stdout]    --> tests/synchronous_tests.rs:300:5
[INFO] [stdout]     |
[INFO] [stdout] 300 |     ClientScope::Current,
[INFO] [stdout]     |     ^^^^^^^^^^^ use of undeclared type `ClientScope`
[INFO] [stdout] 
[INFO] [stdout] 
[INFO] [stdout] error[E0433]: failed to resolve: use of undeclared type `ClientScope`
[INFO] [stdout]    --> tests/synchronous_tests.rs:327:5
[INFO] [stdout]     |
[INFO] [stdout] 327 |     ClientScope::Current,
[INFO] [stdout]     |     ^^^^^^^^^^^ use of undeclared type `ClientScope`
[INFO] [stdout] 
[INFO] [stdout] 
[INFO] [stderr] error: could not compile `ssip-client-async` due to 2 previous errors
[INFO] [stdout] error[E0433]: failed to resolve: use of undeclared type `ClientScope`
[INFO] [stdout]    --> tests/synchronous_tests.rs:344:5
[INFO] [stdout]     |
[INFO] [stdout] 344 |     ClientScope::Current,
[INFO] [stdout]     |     ^^^^^^^^^^^ use of undeclared type `ClientScope`
[INFO] [stdout] 
[INFO] [stdout] 
[INFO] [stderr] error: could not compile `ssip-client-async` due to 2 previous errors
[INFO] [stdout] error[E0433]: failed to resolve: use of undeclared type `ClientScope`
[INFO] [stdout]    --> tests/synchronous_tests.rs:353:5
[INFO] [stdout]     |
[INFO] [stdout] 353 |     ClientScope::Current,
[INFO] [stdout]     |     ^^^^^^^^^^^ use of undeclared type `ClientScope`
[INFO] [stdout] 
[INFO] [stdout] 
[INFO] [stdout] error[E0433]: failed to resolve: use of undeclared type `PunctuationMode`
[INFO] [stdout]    --> tests/synchronous_tests.rs:354:5
[INFO] [stdout]     |
[INFO] [stdout] 354 |     PunctuationMode::All
[INFO] [stdout]     |     ^^^^^^^^^^^^^^^ use of undeclared type `PunctuationMode`
[INFO] [stdout] 
[INFO] [stdout] 
[INFO] [stdout] error[E0433]: failed to resolve: use of undeclared type `ClientScope`
[INFO] [stdout]    --> tests/synchronous_tests.rs:362:5
[INFO] [stdout]     |
[INFO] [stdout] 362 |     ClientScope::Current,
[INFO] [stdout]     |     ^^^^^^^^^^^ use of undeclared type `ClientScope`
[INFO] [stdout] 
[INFO] [stdout] 
[INFO] [stdout] error[E0433]: failed to resolve: use of undeclared type `CapitalLettersRecognitionMode`
[INFO] [stdout]    --> tests/synchronous_tests.rs:363:5
[INFO] [stdout]     |
[INFO] [stdout] 363 |     CapitalLettersRecognitionMode::Spell
[INFO] [stdout]     |     ^^^^^^^^^^^^^^^^^^^^^^^^^^^^^ use of undeclared type `CapitalLettersRecognitionMode`
[INFO] [stdout] 
[INFO] [stdout] 
[INFO] [stdout] error[E0433]: failed to resolve: use of undeclared type `ClientScope`
[INFO] [stdout]    --> tests/synchronous_tests.rs:378:5
[INFO] [stdout]     |
[INFO] [stdout] 378 |     ClientScope::Current,
[INFO] [stdout]     |     ^^^^^^^^^^^ use of undeclared type `ClientScope`
[INFO] [stdout] 
[INFO] [stdout] 
[INFO] [stdout] error[E0433]: failed to resolve: use of undeclared type `EventType`
[INFO] [stdout]    --> tests/synchronous_tests.rs:443:28
[INFO] [stdout]     |
[INFO] [stdout] 443 |                     ntype: EventType::Begin,
[INFO] [stdout]     |                            ^^^^^^^^^ use of undeclared type `EventType`
[INFO] [stdout] 
[INFO] [stdout] 
[INFO] [stdout] error[E0412]: cannot find type `Client` in this scope
[INFO] [stdout]   --> tests/synchronous_tests.rs:35:19
[INFO] [stdout]    |
[INFO] [stdout] 35 |     F: FnMut(&mut Client<UnixStream>) -> io::Result<()>,
[INFO] [stdout]    |                   ^^^^^^ not found in this scope
[INFO] [stdout]    |
[INFO] [stdout] help: consider importing this struct
[INFO] [stdout]    |
[INFO] [stdout] 10 | use ssip_client_async::Client;
[INFO] [stdout]    |
[INFO] [stdout] 
[INFO] [stdout] 
[INFO] [stdout] error[E0412]: cannot find type `ClientResult` in this scope
[INFO] [stdout]   --> tests/synchronous_tests.rs:33:6
[INFO] [stdout]    |
[INFO] [stdout] 33 | ) -> ClientResult<()>
[INFO] [stdout]    |      ^^^^^^^^^^^^ not found in this scope
[INFO] [stdout]    |
[INFO] [stdout] help: consider importing this type alias
[INFO] [stdout]    |
[INFO] [stdout] 10 | use ssip_client_async::ClientResult;
[INFO] [stdout]    |
[INFO] [stdout] 
[INFO] [stdout] 
[INFO] [stdout] error[E0433]: failed to resolve: use of undeclared crate or module `ssip_client`
[INFO] [stdout]   --> tests/synchronous_tests.rs:42:22
[INFO] [stdout]    |
[INFO] [stdout] 42 |     let mut client = ssip_client::fifo::Builder::new()
[INFO] [stdout]    |                      ^^^^^^^^^^^ use of undeclared crate or module `ssip_client`
[INFO] [stdout]    |
[INFO] [stdout] help: consider importing one of these items
[INFO] [stdout]    |
[INFO] [stdout] 10 | use async_std::task::Builder;
[INFO] [stdout]    |
[INFO] [stdout] 10 | use ssip_client_async::fifo::Builder;
[INFO] [stdout]    |
[INFO] [stdout] 10 | use ssip_client_async::tcp::Builder;
[INFO] [stdout]    |
[INFO] [stdout] 10 | use std::thread::Builder;
[INFO] [stdout]    |
[INFO] [stdout]      and 2 other candidates
[INFO] [stdout] help: if you import `Builder`, refer to it directly
[INFO] [stdout]    |
[INFO] [stdout] 42 -     let mut client = ssip_client::fifo::Builder::new()
[INFO] [stdout] 42 +     let mut client = Builder::new()
[INFO] [stdout]    |
[INFO] [stdout] 
[INFO] [stdout] 
[INFO] [stdout] error[E0433]: failed to resolve: use of undeclared type `ClientName`
[INFO] [stdout]   --> tests/synchronous_tests.rs:46:26
[INFO] [stdout]    |
[INFO] [stdout] 46 |         .set_client_name(ClientName::new("test", "test"))?
[INFO] [stdout]    |                          ^^^^^^^^^^ use of undeclared type `ClientName`
[INFO] [stdout]    |
[INFO] [stdout] help: consider importing this struct
[INFO] [stdout]    |
[INFO] [stdout] 10 | use ssip_client_async::ClientName;
[INFO] [stdout]    |
[INFO] [stdout] 
[INFO] [stdout] 
[INFO] [stdout] error[E0412]: cannot find type `Client` in this scope
[INFO] [stdout]   --> tests/synchronous_tests.rs:68:19
[INFO] [stdout]    |
[INFO] [stdout] 68 |     F: FnMut(&mut Client<TcpStream>) -> io::Result<()>,
[INFO] [stdout]    |                   ^^^^^^ not found in this scope
[INFO] [stdout]    |
[INFO] [stdout] help: consider importing this struct
[INFO] [stdout]    |
[INFO] [stdout] 10 | use ssip_client_async::Client;
[INFO] [stdout]    |
[INFO] [stdout] 
[INFO] [stdout] 
[INFO] [stdout] error[E0412]: cannot find type `ClientResult` in this scope
[INFO] [stdout]   --> tests/synchronous_tests.rs:66:6
[INFO] [stdout]    |
[INFO] [stdout] 66 | ) -> ClientResult<()>
[INFO] [stdout]    |      ^^^^^^^^^^^^ not found in this scope
[INFO] [stdout]    |
[INFO] [stdout] help: consider importing this type alias
[INFO] [stdout]    |
[INFO] [stdout] 10 | use ssip_client_async::ClientResult;
[INFO] [stdout]    |
[INFO] [stdout] 
[INFO] [stdout] 
[INFO] [stdout] error[E0433]: failed to resolve: use of undeclared crate or module `ssip_client`
[INFO] [stdout]   --> tests/synchronous_tests.rs:74:22
[INFO] [stdout]    |
[INFO] [stdout] 74 |     let mut client = ssip_client::tcp::Builder::new(&addr)?.build()?;
[INFO] [stdout]    |                      ^^^^^^^^^^^ use of undeclared crate or module `ssip_client`
[INFO] [stdout]    |
[INFO] [stdout] help: consider importing one of these items
[INFO] [stdout]    |
[INFO] [stdout] 10 | use async_std::task::Builder;
[INFO] [stdout]    |
[INFO] [stdout] 10 | use ssip_client_async::fifo::Builder;
[INFO] [stdout]    |
[INFO] [stdout] 10 | use ssip_client_async::tcp::Builder;
[INFO] [stdout]    |
[INFO] [stdout] 10 | use std::thread::Builder;
[INFO] [stdout]    |
[INFO] [stdout]      and 2 other candidates
[INFO] [stdout] help: if you import `Builder`, refer to it directly
[INFO] [stdout]    |
[INFO] [stdout] 74 -     let mut client = ssip_client::tcp::Builder::new(&addr)?.build()?;
[INFO] [stdout] 74 +     let mut client = Builder::new(&addr)?.build()?;
[INFO] [stdout]    |
[INFO] [stdout] 
[INFO] [stdout] 
[INFO] [stdout] error[E0433]: failed to resolve: use of undeclared type `ClientName`
[INFO] [stdout]   --> tests/synchronous_tests.rs:76:26
[INFO] [stdout]    |
[INFO] [stdout] 76 |         .set_client_name(ClientName::new("test", "test"))?
[INFO] [stdout]    |                          ^^^^^^^^^^ use of undeclared type `ClientName`
[INFO] [stdout]    |
[INFO] [stdout] help: consider importing this struct
[INFO] [stdout]    |
[INFO] [stdout] 10 | use ssip_client_async::ClientName;
[INFO] [stdout]    |
[INFO] [stdout] 
[INFO] [stdout] 
[INFO] [stdout] error[E0412]: cannot find type `ClientResult` in this scope
[INFO] [stdout]    --> tests/synchronous_tests.rs:105:26
[INFO] [stdout]     |
[INFO] [stdout] 105 | fn connect_and_quit() -> ClientResult<()> {
[INFO] [stdout]     |                          ^^^^^^^^^^^^ not found in this scope
[INFO] [stdout]     |
[INFO] [stdout] help: consider importing this type alias
[INFO] [stdout]     |
[INFO] [stdout] 10  | use ssip_client_async::ClientResult;
[INFO] [stdout]     |
[INFO] [stdout] 
[INFO] [stdout] 
[INFO] [stdout] error[E0412]: cannot find type `Client` in this scope
[INFO] [stdout]    --> tests/synchronous_tests.rs:110:55
[INFO] [stdout]     |
[INFO] [stdout] 110 |     fn process<S: Read + Write + Source>(client: &mut Client<S>) -> io::Result<()> {
[INFO] [stdout]     |                                                       ^^^^^^ not found in this scope
[INFO] [stdout]     |
[INFO] [stdout] help: consider importing this struct
[INFO] [stdout]     |
[INFO] [stdout] 10  | use ssip_client_async::Client;
[INFO] [stdout]     |
[INFO] [stdout] 
[INFO] [stdout] 
[INFO] [stdout] error[E0425]: cannot find value `OK_BYE` in this scope
[INFO] [stdout]    --> tests/synchronous_tests.rs:111:45
[INFO] [stdout]     |
[INFO] [stdout] 111 |         client.quit().unwrap().check_status(OK_BYE).unwrap();
[INFO] [stdout]     |                                             ^^^^^^ not found in this scope
[INFO] [stdout]     |
[INFO] [stdout] help: consider importing this constant
[INFO] [stdout]     |
[INFO] [stdout] 10  | use ssip_client_async::OK_BYE;
[INFO] [stdout]     |
[INFO] [stdout] 
[INFO] [stdout] 
[INFO] [stdout] error[E0412]: cannot find type `ClientResult` in this scope
[INFO] [stdout]    --> tests/synchronous_tests.rs:122:22
[INFO] [stdout]     |
[INFO] [stdout] 122 | fn say_one_line() -> ClientResult<()> {
[INFO] [stdout]     |                      ^^^^^^^^^^^^ not found in this scope
[INFO] [stdout]     |
[INFO] [stdout] help: consider importing this type alias
[INFO] [stdout]     |
[INFO] [stdout] 10  | use ssip_client_async::ClientResult;
[INFO] [stdout]     |
[INFO] [stdout] 
[INFO] [stdout] 
[INFO] [stdout] error[E0425]: cannot find value `OK_RECEIVING_DATA` in this scope
[INFO] [stdout]    --> tests/synchronous_tests.rs:138:35
[INFO] [stdout]     |
[INFO] [stdout] 138 |                     .check_status(OK_RECEIVING_DATA)
[INFO] [stdout]     |                                   ^^^^^^^^^^^^^^^^^ not found in this scope
[INFO] [stdout]     |
[INFO] [stdout] help: consider importing this constant
[INFO] [stdout]     |
[INFO] [stdout] 10  | use ssip_client_async::OK_RECEIVING_DATA;
[INFO] [stdout]     |
[INFO] [stdout] 
[INFO] [stdout] 
[INFO] [stdout] error[E0412]: cannot find type `ClientResult` in this scope
[INFO] [stdout]    --> tests/synchronous_tests.rs:154:25
[INFO] [stdout]     |
[INFO] [stdout] 154 |           fn $setter() -> ClientResult<()> {
[INFO] [stdout]     |                           ^^^^^^^^^^^^ not found in this scope
[INFO] [stdout] ...
[INFO] [stdout] 206 | / test_setter!(
[INFO] [stdout] 207 | |     set_priority,
[INFO] [stdout] 208 | |     "SET self PRIORITY important\r\n",
[INFO] [stdout] 209 | |     "202 OK PRIORITY SET\r\n",
[INFO] [stdout] 210 | |     202,
[INFO] [stdout] 211 | |     Priority::Important,
[INFO] [stdout] 212 | | );
[INFO] [stdout]     | |_- in this macro invocation
[INFO] [stdout]     |
[INFO] [stdout]     = note: this error originates in the macro `test_setter` (in Nightly builds, run with -Z macro-backtrace for more info)
[INFO] [stdout] help: consider importing this type alias
[INFO] [stdout]     |
[INFO] [stdout] 10  | use ssip_client_async::ClientResult;
[INFO] [stdout]     |
[INFO] [stdout] 
[INFO] [stdout] 
[INFO] [stdout] error[E0412]: cannot find type `ClientResult` in this scope
[INFO] [stdout]    --> tests/synchronous_tests.rs:216:19
[INFO] [stdout]     |
[INFO] [stdout] 216 | fn set_debug() -> ClientResult<()> {
[INFO] [stdout]     |                   ^^^^^^^^^^^^ not found in this scope
[INFO] [stdout]     |
[INFO] [stdout] help: consider importing this type alias
[INFO] [stdout]     |
[INFO] [stdout] 10  | use ssip_client_async::ClientResult;
[INFO] [stdout]     |
[INFO] [stdout] 
[INFO] [stdout] 
[INFO] [stdout] error[E0425]: cannot find value `OK_DEBUG_SET` in this scope
[INFO] [stdout]    --> tests/synchronous_tests.rs:229:33
[INFO] [stdout]     |
[INFO] [stdout] 229 |                 .receive_string(OK_DEBUG_SET)
[INFO] [stdout]     |                                 ^^^^^^^^^^^^ not found in this scope
[INFO] [stdout]     |
[INFO] [stdout] help: consider importing this constant
[INFO] [stdout]     |
[INFO] [stdout] 10  | use ssip_client_async::OK_DEBUG_SET;
[INFO] [stdout]     |
[INFO] [stdout] 
[INFO] [stdout] 
[INFO] [stdout] error[E0412]: cannot find type `ClientResult` in this scope
[INFO] [stdout]    --> tests/synchronous_tests.rs:154:25
[INFO] [stdout]     |
[INFO] [stdout] 154 |           fn $setter() -> ClientResult<()> {
[INFO] [stdout]     |                           ^^^^^^^^^^^^ not found in this scope
[INFO] [stdout] ...
[INFO] [stdout] 237 | / test_setter!(
[INFO] [stdout] 238 | |     set_output_module,
[INFO] [stdout] 239 | |     "SET self OUTPUT_MODULE espeak-ng\r\n",
[INFO] [stdout] 240 | |     "216 OK OUTPUT MODULE SET\r\n",
[INFO] [stdout] ...   |
[INFO] [stdout] 243 | |     "espeak-ng",
[INFO] [stdout] 244 | | );
[INFO] [stdout]     | |_- in this macro invocation
[INFO] [stdout]     |
[INFO] [stdout]     = note: this error originates in the macro `test_setter` (in Nightly builds, run with -Z macro-backtrace for more info)
[INFO] [stdout] help: consider importing this type alias
[INFO] [stdout]     |
[INFO] [stdout] 10  | use ssip_client_async::ClientResult;
[INFO] [stdout]     |
[INFO] [stdout] 
[INFO] [stdout] 
[INFO] [stdout] error[E0412]: cannot find type `ClientResult` in this scope
[INFO] [stdout]    --> tests/synchronous_tests.rs:170:25
[INFO] [stdout]     |
[INFO] [stdout] 170 |           fn $getter() -> ClientResult<()> {
[INFO] [stdout]     |                           ^^^^^^^^^^^^ not found in this scope
[INFO] [stdout] ...
[INFO] [stdout] 246 | / test_getter!(
[INFO] [stdout] 247 | |     get_output_module,
[INFO] [stdout] 248 | |     "GET OUTPUT_MODULE\r\n",
[INFO] [stdout] 249 | |     "251-espeak-ng\r\n251 OK GET RETURNED\r\n",
[INFO] [stdout] 250 | |     "espeak-ng"
[INFO] [stdout] 251 | | );
[INFO] [stdout]     | |_- in this macro invocation
[INFO] [stdout]     |
[INFO] [stdout]     = note: this error originates in the macro `test_getter` (in Nightly builds, run with -Z macro-backtrace for more info)
[INFO] [stdout] help: consider importing this type alias
[INFO] [stdout]     |
[INFO] [stdout] 10  | use ssip_client_async::ClientResult;
[INFO] [stdout]     |
[INFO] [stdout] 
[INFO] [stdout] 
[INFO] [stdout] error[E0425]: cannot find value `OK_GET` in this scope
[INFO] [stdout]    --> tests/synchronous_tests.rs:185:48
[INFO] [stdout]     |
[INFO] [stdout] 185 |           test_getter!($getter, receive_string, (OK_GET), $question, $answer, $value);
[INFO] [stdout]     |                                                  ^^^^^^ not found in this scope
[INFO] [stdout] ...
[INFO] [stdout] 246 | / test_getter!(
[INFO] [stdout] 247 | |     get_output_module,
[INFO] [stdout] 248 | |     "GET OUTPUT_MODULE\r\n",
[INFO] [stdout] 249 | |     "251-espeak-ng\r\n251 OK GET RETURNED\r\n",
[INFO] [stdout] 250 | |     "espeak-ng"
[INFO] [stdout] 251 | | );
[INFO] [stdout]     | |_- in this macro invocation
[INFO] [stdout]     |
[INFO] [stdout]     = note: this error originates in the macro `test_getter` (in Nightly builds, run with -Z macro-backtrace for more info)
[INFO] [stdout] help: consider importing this constant
[INFO] [stdout]     |
[INFO] [stdout] 10  | use ssip_client_async::OK_GET;
[INFO] [stdout]     |
[INFO] [stdout] 
[INFO] [stdout] 
[INFO] [stdout] error[E0412]: cannot find type `ClientResult` in this scope
[INFO] [stdout]    --> tests/synchronous_tests.rs:193:25
[INFO] [stdout]     |
[INFO] [stdout] 193 |           fn $getter() -> ClientResult<()> {
[INFO] [stdout]     |                           ^^^^^^^^^^^^ not found in this scope
[INFO] [stdout] ...
[INFO] [stdout] 253 | / test_list!(
[INFO] [stdout] 254 | |     list_output_modules,
[INFO] [stdout] 255 | |     "LIST OUTPUT_MODULES\r\n",
[INFO] [stdout] 256 | |     "250-espeak-ng\r\n250-festival\r\n250 OK MODULE LIST SENT\r\n",
[INFO] [stdout] 257 | |     250,
[INFO] [stdout] 258 | |     &["espeak-ng", "festival"]
[INFO] [stdout] 259 | | );
[INFO] [stdout]     | |_- in this macro invocation
[INFO] [stdout]     |
[INFO] [stdout]     = note: this error originates in the macro `test_list` (in Nightly builds, run with -Z macro-backtrace for more info)
[INFO] [stdout] help: consider importing this type alias
[INFO] [stdout]     |
[INFO] [stdout] 10  | use ssip_client_async::ClientResult;
[INFO] [stdout]     |
[INFO] [stdout] 
[INFO] [stdout] 
[INFO] [stdout] error[E0412]: cannot find type `ClientResult` in this scope
[INFO] [stdout]    --> tests/synchronous_tests.rs:154:25
[INFO] [stdout]     |
[INFO] [stdout] 154 |           fn $setter() -> ClientResult<()> {
[INFO] [stdout]     |                           ^^^^^^^^^^^^ not found in this scope
[INFO] [stdout] ...
[INFO] [stdout] 261 | / test_setter!(
[INFO] [stdout] 262 | |     set_language,
[INFO] [stdout] 263 | |     "SET self LANGUAGE en\r\n",
[INFO] [stdout] 264 | |     "201 OK LANGUAGE SET\r\n",
[INFO] [stdout] ...   |
[INFO] [stdout] 267 | |     "en",
[INFO] [stdout] 268 | | );
[INFO] [stdout]     | |_- in this macro invocation
[INFO] [stdout]     |
[INFO] [stdout]     = note: this error originates in the macro `test_setter` (in Nightly builds, run with -Z macro-backtrace for more info)
[INFO] [stdout] help: consider importing this type alias
[INFO] [stdout]     |
[INFO] [stdout] 10  | use ssip_client_async::ClientResult;
[INFO] [stdout]     |
[INFO] [stdout] 
[INFO] [stdout] 
[INFO] [stdout] error[E0412]: cannot find type `ClientResult` in this scope
[INFO] [stdout]    --> tests/synchronous_tests.rs:170:25
[INFO] [stdout]     |
[INFO] [stdout] 170 |           fn $getter() -> ClientResult<()> {
[INFO] [stdout]     |                           ^^^^^^^^^^^^ not found in this scope
[INFO] [stdout] ...
[INFO] [stdout] 270 | / test_getter!(
[INFO] [stdout] 271 | |     get_language,
[INFO] [stdout] 272 | |     "GET LANGUAGE\r\n",
[INFO] [stdout] 273 | |     "251-fr\r\n251 OK GET RETURNED\r\n",
[INFO] [stdout] 274 | |     "fr"
[INFO] [stdout] 275 | | );
[INFO] [stdout]     | |_- in this macro invocation
[INFO] [stdout]     |
[INFO] [stdout]     = note: this error originates in the macro `test_getter` (in Nightly builds, run with -Z macro-backtrace for more info)
[INFO] [stdout] help: consider importing this type alias
[INFO] [stdout]     |
[INFO] [stdout] 10  | use ssip_client_async::ClientResult;
[INFO] [stdout]     |
[INFO] [stdout] 
[INFO] [stdout] 
[INFO] [stdout] error[E0425]: cannot find value `OK_GET` in this scope
[INFO] [stdout]    --> tests/synchronous_tests.rs:185:48
[INFO] [stdout]     |
[INFO] [stdout] 185 |           test_getter!($getter, receive_string, (OK_GET), $question, $answer, $value);
[INFO] [stdout]     |                                                  ^^^^^^ not found in this scope
[INFO] [stdout] ...
[INFO] [stdout] 270 | / test_getter!(
[INFO] [stdout] 271 | |     get_language,
[INFO] [stdout] 272 | |     "GET LANGUAGE\r\n",
[INFO] [stdout] 273 | |     "251-fr\r\n251 OK GET RETURNED\r\n",
[INFO] [stdout] 274 | |     "fr"
[INFO] [stdout] 275 | | );
[INFO] [stdout]     | |_- in this macro invocation
[INFO] [stdout]     |
[INFO] [stdout]     = note: this error originates in the macro `test_getter` (in Nightly builds, run with -Z macro-backtrace for more info)
[INFO] [stdout] help: consider importing this constant
[INFO] [stdout]     |
[INFO] [stdout] 10  | use ssip_client_async::OK_GET;
[INFO] [stdout]     |
[INFO] [stdout] 
[INFO] [stdout] 
[INFO] [stdout] error[E0412]: cannot find type `ClientResult` in this scope
[INFO] [stdout]    --> tests/synchronous_tests.rs:154:25
[INFO] [stdout]     |
[INFO] [stdout] 154 |           fn $setter() -> ClientResult<()> {
[INFO] [stdout]     |                           ^^^^^^^^^^^^ not found in this scope
[INFO] [stdout] ...
[INFO] [stdout] 277 | / test_setter!(
[INFO] [stdout] 278 | |     set_rate,
[INFO] [stdout] 279 | |     "SET self RATE 15\r\n",
[INFO] [stdout] 280 | |     "203 OK RATE SET\r\n",
[INFO] [stdout] ...   |
[INFO] [stdout] 283 | |     15,
[INFO] [stdout] 284 | | );
[INFO] [stdout]     | |_- in this macro invocation
[INFO] [stdout]     |
[INFO] [stdout]     = note: this error originates in the macro `test_setter` (in Nightly builds, run with -Z macro-backtrace for more info)
[INFO] [stdout] help: consider importing this type alias
[INFO] [stdout]     |
[INFO] [stdout] 10  | use ssip_client_async::ClientResult;
[INFO] [stdout]     |
[INFO] [stdout] 
[INFO] [stdout] 
[INFO] [stdout] error[E0412]: cannot find type `ClientResult` in this scope
[INFO] [stdout]    --> tests/synchronous_tests.rs:170:25
[INFO] [stdout]     |
[INFO] [stdout] 170 |           fn $getter() -> ClientResult<()> {
[INFO] [stdout]     |                           ^^^^^^^^^^^^ not found in this scope
[INFO] [stdout] ...
[INFO] [stdout] 286 | / test_getter!(
[INFO] [stdout] 287 | |     get_rate,
[INFO] [stdout] 288 | |     receive_i8,
[INFO] [stdout] 289 | |     (),
[INFO] [stdout] ...   |
[INFO] [stdout] 292 | |     0
[INFO] [stdout] 293 | | );
[INFO] [stdout]     | |_- in this macro invocation
[INFO] [stdout]     |
[INFO] [stdout]     = note: this error originates in the macro `test_getter` (in Nightly builds, run with -Z macro-backtrace for more info)
[INFO] [stdout] help: consider importing this type alias
[INFO] [stdout]     |
[INFO] [stdout] 10  | use ssip_client_async::ClientResult;
[INFO] [stdout]     |
[INFO] [stdout] 
[INFO] [stdout] 
[INFO] [stdout] error[E0412]: cannot find type `ClientResult` in this scope
[INFO] [stdout]    --> tests/synchronous_tests.rs:154:25
[INFO] [stdout]     |
[INFO] [stdout] 154 |           fn $setter() -> ClientResult<()> {
[INFO] [stdout]     |                           ^^^^^^^^^^^^ not found in this scope
[INFO] [stdout] ...
[INFO] [stdout] 295 | / test_setter!(
[INFO] [stdout] 296 | |     set_volume,
[INFO] [stdout] 297 | |     "SET self VOLUME 80\r\n",
[INFO] [stdout] 298 | |     "218 OK VOLUME SET\r\n",
[INFO] [stdout] ...   |
[INFO] [stdout] 301 | |     80,
[INFO] [stdout] 302 | | );
[INFO] [stdout]     | |_- in this macro invocation
[INFO] [stdout]     |
[INFO] [stdout]     = note: this error originates in the macro `test_setter` (in Nightly builds, run with -Z macro-backtrace for more info)
[INFO] [stdout] help: consider importing this type alias
[INFO] [stdout]     |
[INFO] [stdout] 10  | use ssip_client_async::ClientResult;
[INFO] [stdout]     |
[INFO] [stdout] 
[INFO] [stdout] 
[INFO] [stdout] error[E0412]: cannot find type `ClientResult` in this scope
[INFO] [stdout]    --> tests/synchronous_tests.rs:170:25
[INFO] [stdout]     |
[INFO] [stdout] 170 |           fn $getter() -> ClientResult<()> {
[INFO] [stdout]     |                           ^^^^^^^^^^^^ not found in this scope
[INFO] [stdout] ...
[INFO] [stdout] 304 | / test_getter!(
[INFO] [stdout] 305 | |     get_volume,
[INFO] [stdout] 306 | |     receive_i8,
[INFO] [stdout] 307 | |     (),
[INFO] [stdout] ...   |
[INFO] [stdout] 310 | |     100
[INFO] [stdout] 311 | | );
[INFO] [stdout]     | |_- in this macro invocation
[INFO] [stdout]     |
[INFO] [stdout]     = note: this error originates in the macro `test_getter` (in Nightly builds, run with -Z macro-backtrace for more info)
[INFO] [stdout] help: consider importing this type alias
[INFO] [stdout]     |
[INFO] [stdout] 10  | use ssip_client_async::ClientResult;
[INFO] [stdout]     |
[INFO] [stdout] 
[INFO] [stdout] 
[INFO] [stdout] error[E0412]: cannot find type `ClientResult` in this scope
[INFO] [stdout]    --> tests/synchronous_tests.rs:170:25
[INFO] [stdout]     |
[INFO] [stdout] 170 |           fn $getter() -> ClientResult<()> {
[INFO] [stdout]     |                           ^^^^^^^^^^^^ not found in this scope
[INFO] [stdout] ...
[INFO] [stdout] 313 | / test_getter!(
[INFO] [stdout] 314 | |     get_pitch,
[INFO] [stdout] 315 | |     receive_i8,
[INFO] [stdout] 316 | |     (),
[INFO] [stdout] ...   |
[INFO] [stdout] 319 | |     0
[INFO] [stdout] 320 | | );
[INFO] [stdout]     | |_- in this macro invocation
[INFO] [stdout]     |
[INFO] [stdout]     = note: this error originates in the macro `test_getter` (in Nightly builds, run with -Z macro-backtrace for more info)
[INFO] [stdout] help: consider importing this type alias
[INFO] [stdout]     |
[INFO] [stdout] 10  | use ssip_client_async::ClientResult;
[INFO] [stdout]     |
[INFO] [stdout] 
[INFO] [stdout] 
[INFO] [stdout] error[E0412]: cannot find type `ClientResult` in this scope
[INFO] [stdout]    --> tests/synchronous_tests.rs:154:25
[INFO] [stdout]     |
[INFO] [stdout] 154 |           fn $setter() -> ClientResult<()> {
[INFO] [stdout]     |                           ^^^^^^^^^^^^ not found in this scope
[INFO] [stdout] ...
[INFO] [stdout] 322 | / test_setter!(
[INFO] [stdout] 323 | |     set_pitch,
[INFO] [stdout] 324 | |     "SET self PITCH 10\r\n",
[INFO] [stdout] 325 | |     "204 OK PITCH SET\r\n",
[INFO] [stdout] ...   |
[INFO] [stdout] 328 | |     10,
[INFO] [stdout] 329 | | );
[INFO] [stdout]     | |_- in this macro invocation
[INFO] [stdout]     |
[INFO] [stdout]     = note: this error originates in the macro `test_setter` (in Nightly builds, run with -Z macro-backtrace for more info)
[INFO] [stdout] help: consider importing this type alias
[INFO] [stdout]     |
[INFO] [stdout] 10  | use ssip_client_async::ClientResult;
[INFO] [stdout]     |
[INFO] [stdout] 
[INFO] [stdout] 
[INFO] [stdout] error[E0412]: cannot find type `ClientResult` in this scope
[INFO] [stdout]    --> tests/synchronous_tests.rs:154:25
[INFO] [stdout]     |
[INFO] [stdout] 154 |           fn $setter() -> ClientResult<()> {
[INFO] [stdout]     |                           ^^^^^^^^^^^^ not found in this scope
[INFO] [stdout] ...
[INFO] [stdout] 331 | / test_setter!(
[INFO] [stdout] 332 | |     set_ssml_mode,
[INFO] [stdout] 333 | |     "SET self SSML_MODE on\r\n",
[INFO] [stdout] 334 | |     "219 OK SSML MODE SET\r\n",
[INFO] [stdout] 335 | |     219,
[INFO] [stdout] 336 | |     true
[INFO] [stdout] 337 | | );
[INFO] [stdout]     | |_- in this macro invocation
[INFO] [stdout]     |
[INFO] [stdout]     = note: this error originates in the macro `test_setter` (in Nightly builds, run with -Z macro-backtrace for more info)
[INFO] [stdout] help: consider importing this type alias
[INFO] [stdout]     |
[INFO] [stdout] 10  | use ssip_client_async::ClientResult;
[INFO] [stdout]     |
[INFO] [stdout] 
[INFO] [stdout] 
[INFO] [stdout] error[E0412]: cannot find type `ClientResult` in this scope
[INFO] [stdout]    --> tests/synchronous_tests.rs:154:25
[INFO] [stdout]     |
[INFO] [stdout] 154 |           fn $setter() -> ClientResult<()> {
[INFO] [stdout]     |                           ^^^^^^^^^^^^ not found in this scope
[INFO] [stdout] ...
[INFO] [stdout] 339 | / test_setter!(
[INFO] [stdout] 340 | |     set_spelling,
[INFO] [stdout] 341 | |     "SET self SPELLING on\r\n",
[INFO] [stdout] 342 | |     "207 OK SPELLING SET\r\n'",
[INFO] [stdout] ...   |
[INFO] [stdout] 345 | |     true
[INFO] [stdout] 346 | | );
[INFO] [stdout]     | |_- in this macro invocation
[INFO] [stdout]     |
[INFO] [stdout]     = note: this error originates in the macro `test_setter` (in Nightly builds, run with -Z macro-backtrace for more info)
[INFO] [stdout] help: consider importing this type alias
[INFO] [stdout]     |
[INFO] [stdout] 10  | use ssip_client_async::ClientResult;
[INFO] [stdout]     |
[INFO] [stdout] 
[INFO] [stdout] 
[INFO] [stdout] error[E0412]: cannot find type `ClientResult` in this scope
[INFO] [stdout]    --> tests/synchronous_tests.rs:154:25
[INFO] [stdout]     |
[INFO] [stdout] 154 |           fn $setter() -> ClientResult<()> {
[INFO] [stdout]     |                           ^^^^^^^^^^^^ not found in this scope
[INFO] [stdout] ...
[INFO] [stdout] 348 | / test_setter!(
[INFO] [stdout] 349 | |     set_punctuation_mode,
[INFO] [stdout] 350 | |     "SET self PUNCTUATION all\r\n",
[INFO] [stdout] 351 | |     "205 OK PUNCTUATION SET\r\n",
[INFO] [stdout] ...   |
[INFO] [stdout] 354 | |     PunctuationMode::All
[INFO] [stdout] 355 | | );
[INFO] [stdout]     | |_- in this macro invocation
[INFO] [stdout]     |
[INFO] [stdout]     = note: this error originates in the macro `test_setter` (in Nightly builds, run with -Z macro-backtrace for more info)
[INFO] [stdout] help: consider importing this type alias
[INFO] [stdout]     |
[INFO] [stdout] 10  | use ssip_client_async::ClientResult;
[INFO] [stdout]     |
[INFO] [stdout] 
[INFO] [stdout] 
[INFO] [stdout] error[E0412]: cannot find type `ClientResult` in this scope
[INFO] [stdout]    --> tests/synchronous_tests.rs:154:25
[INFO] [stdout]     |
[INFO] [stdout] 154 |           fn $setter() -> ClientResult<()> {
[INFO] [stdout]     |                           ^^^^^^^^^^^^ not found in this scope
[INFO] [stdout] ...
[INFO] [stdout] 357 | / test_setter!(
[INFO] [stdout] 358 | |     set_capital_letter_recogn,
[INFO] [stdout] 359 | |     "SET self CAP_LET_RECOGN spell\r\n",
[INFO] [stdout] 360 | |     "206 OK CAP LET RECOGNITION SET\r\n",
[INFO] [stdout] ...   |
[INFO] [stdout] 363 | |     CapitalLettersRecognitionMode::Spell
[INFO] [stdout] 364 | | );
[INFO] [stdout]     | |_- in this macro invocation
[INFO] [stdout]     |
[INFO] [stdout]     = note: this error originates in the macro `test_setter` (in Nightly builds, run with -Z macro-backtrace for more info)
[INFO] [stdout] help: consider importing this type alias
[INFO] [stdout]     |
[INFO] [stdout] 10  | use ssip_client_async::ClientResult;
[INFO] [stdout]     |
[INFO] [stdout] 
[INFO] [stdout] 
[INFO] [stdout] error[E0412]: cannot find type `ClientResult` in this scope
[INFO] [stdout]    --> tests/synchronous_tests.rs:170:25
[INFO] [stdout]     |
[INFO] [stdout] 170 |           fn $getter() -> ClientResult<()> {
[INFO] [stdout]     |                           ^^^^^^^^^^^^ not found in this scope
[INFO] [stdout] ...
[INFO] [stdout] 366 | / test_getter!(
[INFO] [stdout] 367 | |     get_voice_type,
[INFO] [stdout] 368 | |     "GET VOICE_TYPE\r\n",
[INFO] [stdout] 369 | |     "251-MALE1\r\n251 OK GET RETURNED\r\n",
[INFO] [stdout] 370 | |     "MALE1"
[INFO] [stdout] 371 | | );
[INFO] [stdout]     | |_- in this macro invocation
[INFO] [stdout]     |
[INFO] [stdout]     = note: this error originates in the macro `test_getter` (in Nightly builds, run with -Z macro-backtrace for more info)
[INFO] [stdout] help: consider importing this type alias
[INFO] [stdout]     |
[INFO] [stdout] 10  | use ssip_client_async::ClientResult;
[INFO] [stdout]     |
[INFO] [stdout] 
[INFO] [stdout] 
[INFO] [stdout] error[E0425]: cannot find value `OK_GET` in this scope
[INFO] [stdout]    --> tests/synchronous_tests.rs:185:48
[INFO] [stdout]     |
[INFO] [stdout] 185 |           test_getter!($getter, receive_string, (OK_GET), $question, $answer, $value);
[INFO] [stdout]     |                                                  ^^^^^^ not found in this scope
[INFO] [stdout] ...
[INFO] [stdout] 366 | / test_getter!(
[INFO] [stdout] 367 | |     get_voice_type,
[INFO] [stdout] 368 | |     "GET VOICE_TYPE\r\n",
[INFO] [stdout] 369 | |     "251-MALE1\r\n251 OK GET RETURNED\r\n",
[INFO] [stdout] 370 | |     "MALE1"
[INFO] [stdout] 371 | | );
[INFO] [stdout]     | |_- in this macro invocation
[INFO] [stdout]     |
[INFO] [stdout]     = note: this error originates in the macro `test_getter` (in Nightly builds, run with -Z macro-backtrace for more info)
[INFO] [stdout] help: consider importing this constant
[INFO] [stdout]     |
[INFO] [stdout] 10  | use ssip_client_async::OK_GET;
[INFO] [stdout]     |
[INFO] [stdout] 
[INFO] [stdout] 
[INFO] [stdout] error[E0412]: cannot find type `ClientResult` in this scope
[INFO] [stdout]    --> tests/synchronous_tests.rs:154:25
[INFO] [stdout]     |
[INFO] [stdout] 154 |           fn $setter() -> ClientResult<()> {
[INFO] [stdout]     |                           ^^^^^^^^^^^^ not found in this scope
[INFO] [stdout] ...
[INFO] [stdout] 373 | / test_setter!(
[INFO] [stdout] 374 | |     set_voice_type,
[INFO] [stdout] 375 | |     "SET self VOICE_TYPE FEMALE1\r\n",
[INFO] [stdout] 376 | |     "209 OK VOICE SET\r\n",
[INFO] [stdout] ...   |
[INFO] [stdout] 379 | |     "FEMALE1"
[INFO] [stdout] 380 | | );
[INFO] [stdout]     | |_- in this macro invocation
[INFO] [stdout]     |
[INFO] [stdout]     = note: this error originates in the macro `test_setter` (in Nightly builds, run with -Z macro-backtrace for more info)
[INFO] [stdout] help: consider importing this type alias
[INFO] [stdout]     |
[INFO] [stdout] 10  | use ssip_client_async::ClientResult;
[INFO] [stdout]     |
[INFO] [stdout] 
[INFO] [stdout] 
[INFO] [stdout] error[E0412]: cannot find type `ClientResult` in this scope
[INFO] [stdout]    --> tests/synchronous_tests.rs:193:25
[INFO] [stdout]     |
[INFO] [stdout] 193 |           fn $getter() -> ClientResult<()> {
[INFO] [stdout]     |                           ^^^^^^^^^^^^ not found in this scope
[INFO] [stdout] ...
[INFO] [stdout] 382 | / test_list!(
[INFO] [stdout] 383 | |     list_voice_types,
[INFO] [stdout] 384 | |     "LIST VOICES\r\n",
[INFO] [stdout] 385 | |     "249-MALE1\r\n249-MALE2\r\n249-FEMALE1\r\n249-FEMALE2\r\n249-CHILD_MALE\r\n249-CHILD_FEMALE\r\n249 OK VOICE LIST SENT\r\n",
[INFO] [stdout] 386 | |     249,
[INFO] [stdout] 387 | |     &[ "MALE1", "MALE2", "FEMALE1", "FEMALE2", "CHILD_MALE", "CHILD_FEMALE" ]
[INFO] [stdout] 388 | | );
[INFO] [stdout]     | |_- in this macro invocation
[INFO] [stdout]     |
[INFO] [stdout]     = note: this error originates in the macro `test_list` (in Nightly builds, run with -Z macro-backtrace for more info)
[INFO] [stdout] help: consider importing this type alias
[INFO] [stdout]     |
[INFO] [stdout] 10  | use ssip_client_async::ClientResult;
[INFO] [stdout]     |
[INFO] [stdout] 
[INFO] [stdout] 
[INFO] [stdout] error[E0412]: cannot find type `ClientResult` in this scope
[INFO] [stdout]    --> tests/synchronous_tests.rs:392:31
[INFO] [stdout]     |
[INFO] [stdout] 392 | fn list_synthesis_voices() -> ClientResult<()> {
[INFO] [stdout]     |                               ^^^^^^^^^^^^ not found in this scope
[INFO] [stdout]     |
[INFO] [stdout] help: consider importing this type alias
[INFO] [stdout]     |
[INFO] [stdout] 10  | use ssip_client_async::ClientResult;
[INFO] [stdout]     |
[INFO] [stdout] 
[INFO] [stdout] 
[INFO] [stdout] error[E0412]: cannot find type `SynthesisVoice` in this scope
[INFO] [stdout]    --> tests/synchronous_tests.rs:403:35
[INFO] [stdout]     |
[INFO] [stdout] 403 |             let expected_voices: [SynthesisVoice; 3] = [ SynthesisVoice::new("Amharic", Some("am"), None),
[INFO] [stdout]     |                                   ^^^^^^^^^^^^^^ not found in this scope
[INFO] [stdout]     |
[INFO] [stdout] help: consider importing this struct
[INFO] [stdout]     |
[INFO] [stdout] 10  | use ssip_client_async::SynthesisVoice;
[INFO] [stdout]     |
[INFO] [stdout] 
[INFO] [stdout] 
[INFO] [stdout] error[E0433]: failed to resolve: use of undeclared type `SynthesisVoice`
[INFO] [stdout]    --> tests/synchronous_tests.rs:403:58
[INFO] [stdout]     |
[INFO] [stdout] 403 |             let expected_voices: [SynthesisVoice; 3] = [ SynthesisVoice::new("Amharic", Some("am"), None),
[INFO] [stdout]     |                                                          ^^^^^^^^^^^^^^ use of undeclared type `SynthesisVoice`
[INFO] [stdout]     |
[INFO] [stdout] help: consider importing this struct
[INFO] [stdout]     |
[INFO] [stdout] 10  | use ssip_client_async::SynthesisVoice;
[INFO] [stdout]     |
[INFO] [stdout] 
[INFO] [stdout] 
[INFO] [stdout] error[E0433]: failed to resolve: use of undeclared type `SynthesisVoice`
[INFO] [stdout]    --> tests/synchronous_tests.rs:404:38
[INFO] [stdout]     |
[INFO] [stdout] 404 | ...                   SynthesisVoice::new("Greek+Auntie", Some("el"), Some("Auntie")),
[INFO] [stdout]     |                       ^^^^^^^^^^^^^^ use of undeclared type `SynthesisVoice`
[INFO] [stdout]     |
[INFO] [stdout] help: consider importing this struct
[INFO] [stdout]     |
[INFO] [stdout] 10  | use ssip_client_async::SynthesisVoice;
[INFO] [stdout]     |
[INFO] [stdout] 
[INFO] [stdout] 
[INFO] [stdout] error[E0433]: failed to resolve: use of undeclared type `SynthesisVoice`
[INFO] [stdout]    --> tests/synchronous_tests.rs:405:38
[INFO] [stdout]     |
[INFO] [stdout] 405 | ...                   SynthesisVoice::new("Vietnamese (Southern)+shelby", Some("vi-VN-X-SOUTH"), Some("shelby")),
[INFO] [stdout]     |                       ^^^^^^^^^^^^^^ use of undeclared type `SynthesisVoice`
[INFO] [stdout]     |
[INFO] [stdout] help: consider importing this struct
[INFO] [stdout]     |
[INFO] [stdout] 10  | use ssip_client_async::SynthesisVoice;
[INFO] [stdout]     |
[INFO] [stdout] 
[INFO] [stdout] 
[INFO] [stdout] error[E0412]: cannot find type `ClientResult` in this scope
[INFO] [stdout]    --> tests/synchronous_tests.rs:418:30
[INFO] [stdout]     |
[INFO] [stdout] 418 | fn receive_notification() -> ClientResult<()> {
[INFO] [stdout]     |                              ^^^^^^^^^^^^ not found in this scope
[INFO] [stdout]     |
[INFO] [stdout] help: consider importing this type alias
[INFO] [stdout]     |
[INFO] [stdout] 10  | use ssip_client_async::ClientResult;
[INFO] [stdout]     |
[INFO] [stdout] 
[INFO] [stdout] 
[INFO] [stdout] error[E0422]: cannot find struct, variant or union type `Event` in this scope
[INFO] [stdout]    --> tests/synchronous_tests.rs:442:20
[INFO] [stdout]     |
[INFO] [stdout] 442 |                 Ok(Event {
[INFO] [stdout]     |                    ^^^^^ not found in this scope
[INFO] [stdout]     |
[INFO] [stdout] help: consider importing one of these items
[INFO] [stdout]     |
[INFO] [stdout] 10  | use mio::event::Event;
[INFO] [stdout]     |
[INFO] [stdout] 10  | use popol::Event;
[INFO] [stdout]     |
[INFO] [stdout] 10  | use ssip_client_async::Event;
[INFO] [stdout]     |
[INFO] [stdout] 
[INFO] [stdout] 
[INFO] [stdout] error[E0412]: cannot find type `ClientResult` in this scope
[INFO] [stdout]    --> tests/synchronous_tests.rs:455:30
[INFO] [stdout]     |
[INFO] [stdout] 455 | fn history_clients_list() -> ClientResult<()> {
[INFO] [stdout]     |                              ^^^^^^^^^^^^ not found in this scope
[INFO] [stdout]     |
[INFO] [stdout] help: consider importing this type alias
[INFO] [stdout]     |
[INFO] [stdout] 10  | use ssip_client_async::ClientResult;
[INFO] [stdout]     |
[INFO] [stdout] 
[INFO] [stdout] 
[INFO] [stdout] error[E0412]: cannot find type `HistoryClientStatus` in this scope
[INFO] [stdout]    --> tests/synchronous_tests.rs:466:37
[INFO] [stdout]     |
[INFO] [stdout] 466 |             let expected_statuses: [HistoryClientStatus; 3] = [ HistoryClientStatus::new(0, "joe:speechd_client:main", false),
[INFO] [stdout]     |                                     ^^^^^^^^^^^^^^^^^^^ not found in this scope
[INFO] [stdout]     |
[INFO] [stdout] help: consider importing this struct
[INFO] [stdout]     |
[INFO] [stdout] 10  | use ssip_client_async::HistoryClientStatus;
[INFO] [stdout]     |
[INFO] [stdout] 
[INFO] [stdout] 
[INFO] [stdout] error[E0433]: failed to resolve: use of undeclared type `HistoryClientStatus`
[INFO] [stdout]    --> tests/synchronous_tests.rs:466:65
[INFO] [stdout]     |
[INFO] [stdout] 466 |             let expected_statuses: [HistoryClientStatus; 3] = [ HistoryClientStatus::new(0, "joe:speechd_client:main", false),
[INFO] [stdout]     |                                                                 ^^^^^^^^^^^^^^^^^^^ use of undeclared type `HistoryClientStatus`
[INFO] [stdout]     |
[INFO] [stdout] help: consider importing this struct
[INFO] [stdout]     |
[INFO] [stdout] 10  | use ssip_client_async::HistoryClientStatus;
[INFO] [stdout]     |
[INFO] [stdout] 
[INFO] [stdout] 
[INFO] [stdout] error[E0433]: failed to resolve: use of undeclared type `HistoryClientStatus`
[INFO] [stdout]    --> tests/synchronous_tests.rs:467:65
[INFO] [stdout]     |
[INFO] [stdout] 467 | ...                   HistoryClientStatus::new(1, "joe:speechd_client:status", false),
[INFO] [stdout]     |                       ^^^^^^^^^^^^^^^^^^^ use of undeclared type `HistoryClientStatus`
[INFO] [stdout]     |
[INFO] [stdout] help: consider importing this struct
[INFO] [stdout]     |
[INFO] [stdout] 10  | use ssip_client_async::HistoryClientStatus;
[INFO] [stdout]     |
[INFO] [stdout] 
[INFO] [stdout] 
[INFO] [stdout] error[E0433]: failed to resolve: use of undeclared type `HistoryClientStatus`
[INFO] [stdout]    --> tests/synchronous_tests.rs:468:65
[INFO] [stdout]     |
[INFO] [stdout] 468 | ...                   HistoryClientStatus::new(2, "unknown:unknown:unknown", true),
[INFO] [stdout]     |                       ^^^^^^^^^^^^^^^^^^^ use of undeclared type `HistoryClientStatus`
[INFO] [stdout]     |
[INFO] [stdout] help: consider importing this struct
[INFO] [stdout]     |
[INFO] [stdout] 10  | use ssip_client_async::HistoryClientStatus;
[INFO] [stdout]     |
[INFO] [stdout] 
[INFO] [stdout] 
[INFO] [stdout] error[E0412]: cannot find type `ClientResult` in this scope
[INFO] [stdout]    --> tests/synchronous_tests.rs:170:25
[INFO] [stdout]     |
[INFO] [stdout] 170 |           fn $getter() -> ClientResult<()> {
[INFO] [stdout]     |                           ^^^^^^^^^^^^ not found in this scope
[INFO] [stdout] ...
[INFO] [stdout] 479 | / test_getter!(
[INFO] [stdout] 480 | |     history_get_client_id,
[INFO] [stdout] 481 | |     receive_client_id,
[INFO] [stdout] 482 | |     (),
[INFO] [stdout] ...   |
[INFO] [stdout] 485 | |     123
[INFO] [stdout] 486 | | );
[INFO] [stdout]     | |_- in this macro invocation
[INFO] [stdout]     |
[INFO] [stdout]     = note: this error originates in the macro `test_getter` (in Nightly builds, run with -Z macro-backtrace for more info)
[INFO] [stdout] help: consider importing this type alias
[INFO] [stdout]     |
[INFO] [stdout] 10  | use ssip_client_async::ClientResult;
[INFO] [stdout]     |
[INFO] [stdout] 
[INFO] [stdout] 
[INFO] [stdout] error[E0412]: cannot find type `ClientResult` in this scope
[INFO] [stdout]    --> tests/synchronous_tests.rs:170:25
[INFO] [stdout]     |
[INFO] [stdout] 170 |           fn $getter() -> ClientResult<()> {
[INFO] [stdout]     |                           ^^^^^^^^^^^^ not found in this scope
[INFO] [stdout] ...
[INFO] [stdout] 488 | / test_getter!(
[INFO] [stdout] 489 | |     history_get_last,
[INFO] [stdout] 490 | |     receive_message_id,
[INFO] [stdout] 491 | |     (),
[INFO] [stdout] ...   |
[INFO] [stdout] 494 | |     123
[INFO] [stdout] 495 | | );
[INFO] [stdout]     | |_- in this macro invocation
[INFO] [stdout]     |
[INFO] [stdout]     = note: this error originates in the macro `test_getter` (in Nightly builds, run with -Z macro-backtrace for more info)
[INFO] [stdout] help: consider importing this type alias
[INFO] [stdout]     |
[INFO] [stdout] 10  | use ssip_client_async::ClientResult;
[INFO] [stdout]     |
[INFO] [stdout] 
[INFO] [stdout] 
[INFO] [stdout] error[E0412]: cannot find type `ClientResult` in this scope
[INFO] [stdout]    --> tests/synchronous_tests.rs:170:25
[INFO] [stdout]     |
[INFO] [stdout] 170 |           fn $getter() -> ClientResult<()> {
[INFO] [stdout]     |                           ^^^^^^^^^^^^ not found in this scope
[INFO] [stdout] ...
[INFO] [stdout] 497 | / test_getter!(
[INFO] [stdout] 498 | |     history_get_message,
[INFO] [stdout] 499 | |     (123),
[INFO] [stdout] 500 | |     receive_string,
[INFO] [stdout] ...   |
[INFO] [stdout] 504 | |     "Hello, world!"
[INFO] [stdout] 505 | | );
[INFO] [stdout]     | |_- in this macro invocation
[INFO] [stdout]     |
[INFO] [stdout]     = note: this error originates in the macro `test_getter` (in Nightly builds, run with -Z macro-backtrace for more info)
[INFO] [stdout] help: consider importing this type alias
[INFO] [stdout]     |
[INFO] [stdout] 10  | use ssip_client_async::ClientResult;
[INFO] [stdout]     |
[INFO] [stdout] 
[INFO] [stdout] 
[INFO] [stdout] error[E0425]: cannot find value `OK_MSG_TEXT_SENT` in this scope
[INFO] [stdout]    --> tests/synchronous_tests.rs:501:6
[INFO] [stdout]     |
[INFO] [stdout] 501 |     (OK_MSG_TEXT_SENT),
[INFO] [stdout]     |      ^^^^^^^^^^^^^^^^ not found in this scope
[INFO] [stdout]     |
[INFO] [stdout] help: consider importing this constant
[INFO] [stdout]     |
[INFO] [stdout] 10  | use ssip_client_async::OK_MSG_TEXT_SENT;
[INFO] [stdout]     |
[INFO] [stdout] 
[INFO] [stdout] 
[INFO] [stdout] error[E0412]: cannot find type `ClientResult` in this scope
[INFO] [stdout]    --> tests/synchronous_tests.rs:170:25
[INFO] [stdout]     |
[INFO] [stdout] 170 |           fn $getter() -> ClientResult<()> {
[INFO] [stdout]     |                           ^^^^^^^^^^^^ not found in this scope
[INFO] [stdout] ...
[INFO] [stdout] 507 | / test_getter!(
[INFO] [stdout] 508 | |     history_get_cursor,
[INFO] [stdout] 509 | |     receive_cursor_pos,
[INFO] [stdout] 510 | |     (),
[INFO] [stdout] ...   |
[INFO] [stdout] 513 | |     42
[INFO] [stdout] 514 | | );
[INFO] [stdout]     | |_- in this macro invocation
[INFO] [stdout]     |
[INFO] [stdout]     = note: this error originates in the macro `test_getter` (in Nightly builds, run with -Z macro-backtrace for more info)
[INFO] [stdout] help: consider importing this type alias
[INFO] [stdout]     |
[INFO] [stdout] 10  | use ssip_client_async::ClientResult;
[INFO] [stdout]     |
[INFO] [stdout] 
[INFO] [stdout] 
[INFO] [stdout] error: aborting due to previous error
[INFO] [stdout] 
[INFO] [stdout] 
[INFO] [stdout] For more information about this error, try `rustc --explain E0432`.
[INFO] [stdout] 
[INFO] [stderr] error: could not compile `ssip-client-async` due to 2 previous errors
[INFO] [stdout] error: aborting due to previous error
[INFO] [stdout] 
[INFO] [stdout] 
[INFO] [stdout] For more information about this error, try `rustc --explain E0432`.
[INFO] [stdout] 
[INFO] [stderr] error: could not compile `ssip-client-async` due to 2 previous errors
[INFO] [stdout] error: aborting due to 69 previous errors
[INFO] [stdout] 
[INFO] [stdout] 
[INFO] [stdout] Some errors have detailed explanations: E0412, E0422, E0425, E0432, E0433.
[INFO] [stdout] 
[INFO] [stdout] For more information about an error, try `rustc --explain E0412`.
[INFO] [stdout] 
[INFO] [stderr] error: could not compile `ssip-client-async` due to 70 previous errors
[INFO] running `Command { std: "docker" "inspect" "74b56c9c92e186dd914100260227902e83437da7c7e8fe712c2d41ad8d7fb12e", kill_on_drop: false }`
[INFO] running `Command { std: "docker" "rm" "-f" "74b56c9c92e186dd914100260227902e83437da7c7e8fe712c2d41ad8d7fb12e", kill_on_drop: false }`
[INFO] [stdout] 74b56c9c92e186dd914100260227902e83437da7c7e8fe712c2d41ad8d7fb12e
