[INFO] fetching crate springtime-web-axum 1.0.0...
[INFO] testing springtime-web-axum-1.0.0 against beta-2023-04-20 for beta-1.70-1
[INFO] extracting crate springtime-web-axum 1.0.0 into /workspace/builds/worker-5-tc2/source
[INFO] validating manifest of crates.io crate springtime-web-axum 1.0.0 on toolchain beta-2023-04-20
[INFO] running `Command { std: CARGO_HOME="/workspace/cargo-home" RUSTUP_HOME="/workspace/rustup-home" "/workspace/cargo-home/bin/cargo" "+beta-2023-04-20" "metadata" "--manifest-path" "Cargo.toml" "--no-deps", kill_on_drop: false }`
[INFO] started tweaking crates.io crate springtime-web-axum 1.0.0
[INFO] finished tweaking crates.io crate springtime-web-axum 1.0.0
[INFO] tweaked toml for crates.io crate springtime-web-axum 1.0.0 written to /workspace/builds/worker-5-tc2/source/Cargo.toml
[INFO] crate crates.io crate springtime-web-axum 1.0.0 already has a lockfile, it will not be regenerated
[INFO] running `Command { std: CARGO_HOME="/workspace/cargo-home" RUSTUP_HOME="/workspace/rustup-home" "/workspace/cargo-home/bin/cargo" "+beta-2023-04-20" "fetch" "--manifest-path" "Cargo.toml", kill_on_drop: false }`
[INFO] [stderr]     Updating crates.io index
[INFO] [stderr]  Downloading crates ...
[INFO] [stderr]   Downloaded portpicker v0.1.1
[INFO] [stderr]   Downloaded inventory v0.3.4
[INFO] [stderr]   Downloaded pest_meta v2.5.7
[INFO] [stderr]   Downloaded pest v2.5.7
[INFO] [stderr]   Downloaded pest_generator v2.5.7
[INFO] [stderr]   Downloaded springtime-di-derive v0.3.0
[INFO] [stderr]   Downloaded springtime-web-axum-derive v0.1.0
[INFO] [stderr]   Downloaded pest_derive v2.5.7
[INFO] [stderr]   Downloaded ghost v0.1.9
[INFO] [stderr]   Downloaded springtime v1.0.0
[INFO] [stderr]   Downloaded springtime-di v1.0.0
[INFO] running `Command { std: "docker" "create" "-v" "/var/lib/crater-agent-workspace/builds/worker-5-tc2/target:/opt/rustwide/target:rw,Z" "-v" "/var/lib/crater-agent-workspace/builds/worker-5-tc2/source:/opt/rustwide/workdir:ro,Z" "-v" "/var/lib/crater-agent-workspace/cargo-home:/opt/rustwide/cargo-home:ro,Z" "-v" "/var/lib/crater-agent-workspace/rustup-home:/opt/rustwide/rustup-home:ro,Z" "-e" "SOURCE_DIR=/opt/rustwide/workdir" "-e" "CARGO_TARGET_DIR=/opt/rustwide/target" "-e" "CARGO_HOME=/opt/rustwide/cargo-home" "-e" "RUSTUP_HOME=/opt/rustwide/rustup-home" "-w" "/opt/rustwide/workdir" "-m" "1610612736" "--user" "0:0" "--network" "none" "ghcr.io/rust-lang/crates-build-env/linux@sha256:5ff2268d62e97bff2cde7d5815dd6ed5b47097566f13b8d0ca110b04b60e07ed" "/opt/rustwide/cargo-home/bin/cargo" "+beta-2023-04-20" "metadata" "--no-deps" "--format-version=1", kill_on_drop: false }`
[INFO] [stdout] 5114c9dde9193a99ef45324e57053f7aedade41336f243bb8f4b30bdd3fdef52
[INFO] running `Command { std: "docker" "start" "-a" "5114c9dde9193a99ef45324e57053f7aedade41336f243bb8f4b30bdd3fdef52", kill_on_drop: false }`
[INFO] running `Command { std: "docker" "inspect" "5114c9dde9193a99ef45324e57053f7aedade41336f243bb8f4b30bdd3fdef52", kill_on_drop: false }`
[INFO] running `Command { std: "docker" "rm" "-f" "5114c9dde9193a99ef45324e57053f7aedade41336f243bb8f4b30bdd3fdef52", kill_on_drop: false }`
[INFO] [stdout] 5114c9dde9193a99ef45324e57053f7aedade41336f243bb8f4b30bdd3fdef52
[INFO] running `Command { std: "docker" "create" "-v" "/var/lib/crater-agent-workspace/builds/worker-5-tc2/target:/opt/rustwide/target:rw,Z" "-v" "/var/lib/crater-agent-workspace/builds/worker-5-tc2/source:/opt/rustwide/workdir:ro,Z" "-v" "/var/lib/crater-agent-workspace/cargo-home:/opt/rustwide/cargo-home:ro,Z" "-v" "/var/lib/crater-agent-workspace/rustup-home:/opt/rustwide/rustup-home:ro,Z" "-e" "SOURCE_DIR=/opt/rustwide/workdir" "-e" "CARGO_TARGET_DIR=/opt/rustwide/target" "-e" "CARGO_INCREMENTAL=0" "-e" "RUST_BACKTRACE=full" "-e" "RUSTFLAGS=--cap-lints=warn" "-e" "RUSTDOCFLAGS=--cap-lints=warn" "-e" "CARGO_HOME=/opt/rustwide/cargo-home" "-e" "RUSTUP_HOME=/opt/rustwide/rustup-home" "-w" "/opt/rustwide/workdir" "-m" "1610612736" "--user" "0:0" "--network" "none" "ghcr.io/rust-lang/crates-build-env/linux@sha256:5ff2268d62e97bff2cde7d5815dd6ed5b47097566f13b8d0ca110b04b60e07ed" "/opt/rustwide/cargo-home/bin/cargo" "+beta-2023-04-20" "build" "--frozen" "--message-format=json", kill_on_drop: false }`
[INFO] [stdout] 9b4ef4fc9e45126d72bd3e86d1935b9ea8f0059f252260d0c5bcdc4e62d9af15
[INFO] running `Command { std: "docker" "start" "-a" "9b4ef4fc9e45126d72bd3e86d1935b9ea8f0059f252260d0c5bcdc4e62d9af15", kill_on_drop: false }`
[INFO] [stderr]    Compiling proc-macro2 v1.0.56
[INFO] [stderr]    Compiling unicode-ident v1.0.8
[INFO] [stderr]    Compiling quote v1.0.26
[INFO] [stderr]    Compiling cfg-if v1.0.0
[INFO] [stderr]    Compiling once_cell v1.17.1
[INFO] [stderr]    Compiling autocfg v1.1.0
[INFO] [stderr]    Compiling libc v0.2.141
[INFO] [stderr]    Compiling syn v1.0.109
[INFO] [stderr]    Compiling memchr v2.5.0
[INFO] [stderr]    Compiling log v0.4.17
[INFO] [stderr]    Compiling pin-project-lite v0.2.9
[INFO] [stderr]    Compiling futures-core v0.3.28
[INFO] [stderr]    Compiling serde_derive v1.0.160
[INFO] [stderr]    Compiling version_check v0.9.4
[INFO] [stderr]    Compiling futures-task v0.3.28
[INFO] [stderr]    Compiling futures-channel v0.3.28
[INFO] [stderr]    Compiling futures-sink v0.3.28
[INFO] [stderr]    Compiling futures-util v0.3.28
[INFO] [stderr]    Compiling serde v1.0.160
[INFO] [stderr]    Compiling thiserror v1.0.40
[INFO] [stderr]    Compiling ahash v0.7.6
[INFO] [stderr]    Compiling tracing-core v0.1.30
[INFO] [stderr]    Compiling futures-io v0.3.28
[INFO] [stderr]    Compiling itoa v1.0.6
[INFO] [stderr]    Compiling pin-utils v0.1.0
[INFO] [stderr]    Compiling bytes v1.4.0
[INFO] [stderr]    Compiling slab v0.4.8
[INFO] [stderr]    Compiling rustversion v1.0.12
[INFO] [stderr]    Compiling tokio v1.27.0
[INFO] [stderr]    Compiling ucd-trie v0.1.5
[INFO] [stderr]    Compiling async-trait v0.1.68
[INFO] [stderr]    Compiling fnv v1.0.7
[INFO] [stderr]    Compiling indexmap v1.9.3
[INFO] [stderr]    Compiling lazy_static v1.4.0
[INFO] [stderr]    Compiling regex-syntax v0.6.29
[INFO] [stderr]    Compiling either v1.8.1
[INFO] [stderr]    Compiling serde_json v1.0.95
[INFO] [stderr]    Compiling ryu v1.0.13
[INFO] [stderr]    Compiling bitflags v1.3.2
[INFO] [stderr]    Compiling tower-service v0.3.2
[INFO] [stderr]    Compiling itertools v0.10.5
[INFO] [stderr]    Compiling dlv-list v0.3.0
[INFO] [stderr]    Compiling unicode-segmentation v1.10.1
[INFO] [stderr]    Compiling httparse v1.8.0
[INFO] [stderr]    Compiling aho-corasick v0.7.20
[INFO] [stderr]    Compiling try-lock v0.2.4
[INFO] [stderr]    Compiling syn v2.0.15
[INFO] [stderr]    Compiling http v0.2.9
[INFO] [stderr]    Compiling percent-encoding v2.2.0
[INFO] [stderr]    Compiling overload v0.1.1
[INFO] [stderr]    Compiling tower-layer v0.3.2
[INFO] [stderr]    Compiling minimal-lexical v0.2.1
[INFO] [stderr]    Compiling convert_case v0.6.0
[INFO] [stderr]    Compiling linked-hash-map v0.5.6
[INFO] [stderr]    Compiling byteorder v1.4.3
[INFO] [stderr]    Compiling base64 v0.13.1
[INFO] [stderr]    Compiling form_urlencoded v1.1.0
[INFO] [stderr]    Compiling nu-ansi-term v0.46.0
[INFO] [stderr]    Compiling yaml-rust v0.4.5
[INFO] [stderr]    Compiling fxhash v0.2.1
[INFO] [stderr]    Compiling nom v7.1.3
[INFO] [stderr]    Compiling want v0.3.0
[INFO] [stderr]    Compiling axum-core v0.3.4
[INFO] [stderr]    Compiling axum v0.6.15
[INFO] [stderr]    Compiling tracing-log v0.1.3
[INFO] [stderr]    Compiling sharded-slab v0.1.4
[INFO] [stderr]    Compiling http-body v0.4.5
[INFO] [stderr]    Compiling thread_local v1.1.7
[INFO] [stderr]    Compiling mime v0.3.17
[INFO] [stderr]    Compiling httpdate v1.0.2
[INFO] [stderr]    Compiling pathdiff v0.2.1
[INFO] [stderr]    Compiling smallvec v1.10.0
[INFO] [stderr]    Compiling convert_case v0.4.0
[INFO] [stderr]    Compiling sync_wrapper v0.1.2
[INFO] [stderr]    Compiling getrandom v0.2.9
[INFO] [stderr]    Compiling socket2 v0.4.9
[INFO] [stderr]    Compiling num_cpus v1.15.0
[INFO] [stderr]    Compiling mio v0.8.6
[INFO] [stderr]    Compiling matchit v0.7.0
[INFO] [stderr]    Compiling downcast v0.11.0
[INFO] [stderr]    Compiling hashbrown v0.12.3
[INFO] [stderr]    Compiling regex-automata v0.1.10
[INFO] [stderr]    Compiling regex v1.7.3
[INFO] [stderr]    Compiling ordered-multimap v0.4.3
[INFO] [stderr]    Compiling rust-ini v0.18.0
[INFO] [stderr]    Compiling matchers v0.1.0
[INFO] [stderr]    Compiling futures-macro v0.3.28
[INFO] [stderr]    Compiling thiserror-impl v1.0.40
[INFO] [stderr]    Compiling tokio-macros v2.0.0
[INFO] [stderr]    Compiling ghost v0.1.9
[INFO] [stderr]    Compiling springtime-di-derive v0.3.0
[INFO] [stderr]    Compiling springtime-web-axum-derive v0.1.0
[INFO] [stderr]    Compiling pest v2.5.7
[INFO] [stderr]    Compiling tracing-attributes v0.1.23
[INFO] [stderr]    Compiling pin-project-internal v1.0.12
[INFO] [stderr]    Compiling ctor v0.1.26
[INFO] [stderr]    Compiling derivative v2.2.0
[INFO] [stderr]    Compiling derive_more v0.99.17
[INFO] [stderr]    Compiling inventory v0.3.4
[INFO] [stderr]    Compiling pest_meta v2.5.7
[INFO] [stderr]    Compiling pin-project v1.0.12
[INFO] [stderr]    Compiling tracing v0.1.37
[INFO] [stderr]    Compiling pest_generator v2.5.7
[INFO] [stderr]    Compiling tracing-subscriber v0.3.16
[INFO] [stderr]    Compiling pest_derive v2.5.7
[INFO] [stderr]    Compiling futures-executor v0.3.28
[INFO] [stderr]    Compiling futures v0.3.28
[INFO] [stderr]    Compiling springtime-di v1.0.0
[INFO] [stderr]    Compiling tokio-util v0.7.7
[INFO] [stderr]    Compiling tower v0.4.13
[INFO] [stderr]    Compiling h2 v0.3.18
[INFO] [stderr]    Compiling toml v0.5.11
[INFO] [stderr]    Compiling ron v0.7.1
[INFO] [stderr]    Compiling json5 v0.4.1
[INFO] [stderr]    Compiling serde_urlencoded v0.7.1
[INFO] [stderr]    Compiling serde_path_to_error v0.1.11
[INFO] [stderr]    Compiling config v0.13.3
[INFO] [stderr]    Compiling springtime v1.0.0
[INFO] [stderr]    Compiling hyper v0.14.26
[INFO] [stderr]    Compiling springtime-web-axum v1.0.0 (/opt/rustwide/workdir)
[INFO] [stderr]     Finished dev [unoptimized + debuginfo] target(s) in 45.54s
[INFO] running `Command { std: "docker" "inspect" "9b4ef4fc9e45126d72bd3e86d1935b9ea8f0059f252260d0c5bcdc4e62d9af15", kill_on_drop: false }`
[INFO] running `Command { std: "docker" "rm" "-f" "9b4ef4fc9e45126d72bd3e86d1935b9ea8f0059f252260d0c5bcdc4e62d9af15", kill_on_drop: false }`
[INFO] [stdout] 9b4ef4fc9e45126d72bd3e86d1935b9ea8f0059f252260d0c5bcdc4e62d9af15
[INFO] running `Command { std: "docker" "create" "-v" "/var/lib/crater-agent-workspace/builds/worker-5-tc2/target:/opt/rustwide/target:rw,Z" "-v" "/var/lib/crater-agent-workspace/builds/worker-5-tc2/source:/opt/rustwide/workdir:ro,Z" "-v" "/var/lib/crater-agent-workspace/cargo-home:/opt/rustwide/cargo-home:ro,Z" "-v" "/var/lib/crater-agent-workspace/rustup-home:/opt/rustwide/rustup-home:ro,Z" "-e" "SOURCE_DIR=/opt/rustwide/workdir" "-e" "CARGO_TARGET_DIR=/opt/rustwide/target" "-e" "CARGO_INCREMENTAL=0" "-e" "RUST_BACKTRACE=full" "-e" "RUSTFLAGS=--cap-lints=warn" "-e" "RUSTDOCFLAGS=--cap-lints=warn" "-e" "CARGO_HOME=/opt/rustwide/cargo-home" "-e" "RUSTUP_HOME=/opt/rustwide/rustup-home" "-w" "/opt/rustwide/workdir" "-m" "1610612736" "--user" "0:0" "--network" "none" "ghcr.io/rust-lang/crates-build-env/linux@sha256:5ff2268d62e97bff2cde7d5815dd6ed5b47097566f13b8d0ca110b04b60e07ed" "/opt/rustwide/cargo-home/bin/cargo" "+beta-2023-04-20" "test" "--frozen" "--no-run" "--message-format=json", kill_on_drop: false }`
[INFO] [stdout] 4e716da6f2de712ee80df2c4fa842c6a67c38881814c9d38f460c6183cbadb13
[INFO] running `Command { std: "docker" "start" "-a" "4e716da6f2de712ee80df2c4fa842c6a67c38881814c9d38f460c6183cbadb13", kill_on_drop: false }`
[INFO] [stderr]    Compiling pkg-config v0.3.26
[INFO] [stderr]    Compiling openssl v0.10.50
[INFO] [stderr]    Compiling foreign-types-shared v0.1.1
[INFO] [stderr]    Compiling openssl-macros v0.1.1
[INFO] [stderr]    Compiling num-traits v0.2.15
[INFO] [stderr]    Compiling crc32fast v1.3.2
[INFO] [stderr]    Compiling native-tls v0.2.11
[INFO] [stderr]    Compiling tinyvec_macros v0.1.1
[INFO] [stderr]    Compiling adler v1.0.2
[INFO] [stderr]    Compiling openssl-probe v0.1.5
[INFO] [stderr]    Compiling rand_core v0.6.4
[INFO] [stderr]    Compiling predicates-core v1.0.6
[INFO] [stderr]    Compiling unicode-bidi v0.3.13
[INFO] [stderr]    Compiling ppv-lite86 v0.2.17
[INFO] [stderr]    Compiling difflib v0.4.0
[INFO] [stderr]    Compiling normalize-line-endings v0.3.0
[INFO] [stderr]    Compiling foreign-types v0.3.2
[INFO] [stderr]    Compiling tinyvec v1.6.0
[INFO] [stderr]    Compiling termtree v0.4.1
[INFO] [stderr]    Compiling mockall_derive v0.11.4
[INFO] [stderr]    Compiling miniz_oxide v0.6.2
[INFO] [stderr]    Compiling predicates-tree v1.0.9
[INFO] [stderr]    Compiling encoding_rs v0.8.32
[INFO] [stderr]    Compiling ipnet v2.7.2
[INFO] [stderr]    Compiling base64 v0.21.0
[INFO] [stderr]    Compiling rand_chacha v0.3.1
[INFO] [stderr]    Compiling fragile v2.0.0
[INFO] [stderr]    Compiling http-range-header v0.3.0
[INFO] [stderr]    Compiling base64 v0.20.0
[INFO] [stderr]    Compiling openssl-sys v0.9.85
[INFO] [stderr]    Compiling flate2 v1.0.25
[INFO] [stderr]    Compiling rand v0.8.5
[INFO] [stderr]    Compiling unicode-normalization v0.1.22
[INFO] [stderr]    Compiling async-compression v0.3.15
[INFO] [stderr]    Compiling idna v0.3.0
[INFO] [stderr]    Compiling tower-http v0.4.0
[INFO] [stderr]    Compiling portpicker v0.1.1
[INFO] [stderr]    Compiling float-cmp v0.9.0
[INFO] [stderr]    Compiling url v2.3.1
[INFO] [stderr]    Compiling predicates v2.1.5
[INFO] [stderr]    Compiling mockall v0.11.4
[INFO] [stderr]    Compiling tokio-native-tls v0.3.1
[INFO] [stderr]    Compiling hyper-tls v0.5.0
[INFO] [stderr]    Compiling reqwest v0.11.16
[INFO] [stderr]    Compiling springtime-web-axum v1.0.0 (/opt/rustwide/workdir)
[INFO] [stderr] error: could not compile `springtime-web-axum` (lib test)
[INFO] [stderr] 
[INFO] [stderr] Caused by:
[INFO] [stderr]   process didn't exit successfully: `rustc --crate-name springtime_web_axum --edition=2021 src/lib.rs --error-format=json --json=diagnostic-rendered-ansi,artifacts,future-incompat --emit=dep-info,link -C embed-bitcode=no -C debuginfo=2 --test --cfg 'feature="default"' --cfg 'feature="derive"' --cfg 'feature="springtime-web-axum-derive"' -C metadata=6e05080f6c3c277d -C extra-filename=-6e05080f6c3c277d --out-dir /opt/rustwide/target/debug/deps -L dependency=/opt/rustwide/target/debug/deps --extern axum=/opt/rustwide/target/debug/deps/libaxum-903ab6783627859a.rlib --extern config=/opt/rustwide/target/debug/deps/libconfig-10177b403d22e0e4.rlib --extern downcast=/opt/rustwide/target/debug/deps/libdowncast-a61e2f02279e61bc.rlib --extern futures=/opt/rustwide/target/debug/deps/libfutures-2b066740e82ca774.rlib --extern fxhash=/opt/rustwide/target/debug/deps/libfxhash-e2bbac7e1bf7d43b.rlib --extern hyper=/opt/rustwide/target/debug/deps/libhyper-e9573f48dcae2cea.rlib --extern mockall=/opt/rustwide/target/debug/deps/libmockall-0f50271687ebc60e.rlib --extern once_cell=/opt/rustwide/target/debug/deps/libonce_cell-4515fa40a5ce4b0c.rlib --extern portpicker=/opt/rustwide/target/debug/deps/libportpicker-1fb97367e7738e9b.rlib --extern reqwest=/opt/rustwide/target/debug/deps/libreqwest-8c24e019c4a53a7d.rlib --extern serde=/opt/rustwide/target/debug/deps/libserde-e6d41abfd8e403e7.rlib --extern springtime=/opt/rustwide/target/debug/deps/libspringtime-32c0f747bd1ac0f3.rlib --extern springtime_di=/opt/rustwide/target/debug/deps/libspringtime_di-989b87305141d3e3.rlib --extern springtime_web_axum_derive=/opt/rustwide/target/debug/deps/libspringtime_web_axum_derive-5b9f631f61db9e09.so --extern thiserror=/opt/rustwide/target/debug/deps/libthiserror-ea25184d645ab08d.rlib --extern tokio=/opt/rustwide/target/debug/deps/libtokio-918f571c53152d71.rlib --extern tower_http=/opt/rustwide/target/debug/deps/libtower_http-b8ab666a6b3c050c.rlib --extern tracing=/opt/rustwide/target/debug/deps/libtracing-2de4221837fee9d7.rlib --cap-lints=warn` (signal: 9, SIGKILL: kill)
[INFO] [stderr] warning: build failed, waiting for other jobs to finish...
[INFO] [stderr] error: could not compile `springtime-web-axum` (test "controller")
[INFO] [stderr] 
[INFO] [stderr] Caused by:
[INFO] [stderr]   process didn't exit successfully: `rustc --crate-name controller --edition=2021 tests/controller.rs --error-format=json --json=diagnostic-rendered-ansi,artifacts,future-incompat --emit=dep-info,link -C embed-bitcode=no -C debuginfo=2 --test --cfg 'feature="default"' --cfg 'feature="derive"' --cfg 'feature="springtime-web-axum-derive"' -C metadata=11e43521720106f4 -C extra-filename=-11e43521720106f4 --out-dir /opt/rustwide/target/debug/deps -L dependency=/opt/rustwide/target/debug/deps --extern axum=/opt/rustwide/target/debug/deps/libaxum-903ab6783627859a.rlib --extern config=/opt/rustwide/target/debug/deps/libconfig-10177b403d22e0e4.rlib --extern downcast=/opt/rustwide/target/debug/deps/libdowncast-a61e2f02279e61bc.rlib --extern futures=/opt/rustwide/target/debug/deps/libfutures-2b066740e82ca774.rlib --extern fxhash=/opt/rustwide/target/debug/deps/libfxhash-e2bbac7e1bf7d43b.rlib --extern hyper=/opt/rustwide/target/debug/deps/libhyper-e9573f48dcae2cea.rlib --extern mockall=/opt/rustwide/target/debug/deps/libmockall-0f50271687ebc60e.rlib --extern once_cell=/opt/rustwide/target/debug/deps/libonce_cell-4515fa40a5ce4b0c.rlib --extern portpicker=/opt/rustwide/target/debug/deps/libportpicker-1fb97367e7738e9b.rlib --extern reqwest=/opt/rustwide/target/debug/deps/libreqwest-8c24e019c4a53a7d.rlib --extern serde=/opt/rustwide/target/debug/deps/libserde-e6d41abfd8e403e7.rlib --extern springtime=/opt/rustwide/target/debug/deps/libspringtime-32c0f747bd1ac0f3.rlib --extern springtime_di=/opt/rustwide/target/debug/deps/libspringtime_di-989b87305141d3e3.rlib --extern springtime_web_axum=/opt/rustwide/target/debug/deps/libspringtime_web_axum-c122316e62aa508a.rlib --extern springtime_web_axum_derive=/opt/rustwide/target/debug/deps/libspringtime_web_axum_derive-5b9f631f61db9e09.so --extern thiserror=/opt/rustwide/target/debug/deps/libthiserror-ea25184d645ab08d.rlib --extern tokio=/opt/rustwide/target/debug/deps/libtokio-918f571c53152d71.rlib --extern tower_http=/opt/rustwide/target/debug/deps/libtower_http-b8ab666a6b3c050c.rlib --extern tracing=/opt/rustwide/target/debug/deps/libtracing-2de4221837fee9d7.rlib --cap-lints=warn` (signal: 9, SIGKILL: kill)
[INFO] [stdout] error: linking with `cc` failed: exit status: 1
[INFO] [stdout]   |
[INFO] [stdout]   = note: LC_ALL="C" PATH="/opt/rustwide/rustup-home/toolchains/beta-2023-04-20-x86_64-unknown-linux-gnu/lib/rustlib/x86_64-unknown-linux-gnu/bin:/opt/rustwide/cargo-home/bin:/usr/local/sbin:/usr/local/bin:/usr/sbin:/usr/bin:/sbin:/bin" VSLANG="1033" "cc" "-m64" "/tmp/rustcfRc6IY/symbols.o" "/opt/rustwide/target/debug/examples/03_config-5a8516437daeb5f4.03_config.433e60f9-cgu.0.rcgu.o" "/opt/rustwide/target/debug/examples/03_config-5a8516437daeb5f4.03_config.433e60f9-cgu.1.rcgu.o" "/opt/rustwide/target/debug/examples/03_config-5a8516437daeb5f4.03_config.433e60f9-cgu.10.rcgu.o" "/opt/rustwide/target/debug/examples/03_config-5a8516437daeb5f4.03_config.433e60f9-cgu.11.rcgu.o" "/opt/rustwide/target/debug/examples/03_config-5a8516437daeb5f4.03_config.433e60f9-cgu.12.rcgu.o" "/opt/rustwide/target/debug/examples/03_config-5a8516437daeb5f4.03_config.433e60f9-cgu.13.rcgu.o" "/opt/rustwide/target/debug/examples/03_config-5a8516437daeb5f4.03_config.433e60f9-cgu.14.rcgu.o" "/opt/rustwide/target/debug/examples/03_config-5a8516437daeb5f4.03_config.433e60f9-cgu.15.rcgu.o" "/opt/rustwide/target/debug/examples/03_config-5a8516437daeb5f4.03_config.433e60f9-cgu.2.rcgu.o" "/opt/rustwide/target/debug/examples/03_config-5a8516437daeb5f4.03_config.433e60f9-cgu.3.rcgu.o" "/opt/rustwide/target/debug/examples/03_config-5a8516437daeb5f4.03_config.433e60f9-cgu.4.rcgu.o" "/opt/rustwide/target/debug/examples/03_config-5a8516437daeb5f4.03_config.433e60f9-cgu.5.rcgu.o" "/opt/rustwide/target/debug/examples/03_config-5a8516437daeb5f4.03_config.433e60f9-cgu.6.rcgu.o" "/opt/rustwide/target/debug/examples/03_config-5a8516437daeb5f4.03_config.433e60f9-cgu.7.rcgu.o" "/opt/rustwide/target/debug/examples/03_config-5a8516437daeb5f4.03_config.433e60f9-cgu.8.rcgu.o" "/opt/rustwide/target/debug/examples/03_config-5a8516437daeb5f4.03_config.433e60f9-cgu.9.rcgu.o" "/opt/rustwide/target/debug/examples/03_config-5a8516437daeb5f4.1bk1b4dasnprvthe.rcgu.o" "-Wl,--as-needed" "-L" "/opt/rustwide/target/debug/deps" "-L" "/opt/rustwide/rustup-home/toolchains/beta-2023-04-20-x86_64-unknown-linux-gnu/lib/rustlib/x86_64-unknown-linux-gnu/lib" "-Wl,-Bstatic" "/opt/rustwide/target/debug/deps/libspringtime_web_axum-c122316e62aa508a.rlib" "/opt/rustwide/target/debug/deps/libdowncast-a61e2f02279e61bc.rlib" "/opt/rustwide/target/debug/deps/libaxum-903ab6783627859a.rlib" "/opt/rustwide/target/debug/deps/libserde_path_to_error-76bed43bc4957683.rlib" "/opt/rustwide/target/debug/deps/libserde_urlencoded-5d9d62e452772054.rlib" "/opt/rustwide/target/debug/deps/libform_urlencoded-c6dce5f233f9dc81.rlib" "/opt/rustwide/target/debug/deps/libpercent_encoding-4a77b5e8a25d80c2.rlib" "/opt/rustwide/target/debug/deps/libmatchit-0273ec9ca1c926d6.rlib" "/opt/rustwide/target/debug/deps/libhyper-e9573f48dcae2cea.rlib" "/opt/rustwide/target/debug/deps/libwant-35a84032a29cb9d4.rlib" "/opt/rustwide/target/debug/deps/libtry_lock-bcd858d644546236.rlib" "/opt/rustwide/target/debug/deps/libhttparse-463bd4a7f2c72ba2.rlib" "/opt/rustwide/target/debug/deps/libh2-c248d4cafc93afe9.rlib" "/opt/rustwide/target/debug/deps/libindexmap-33ffd9169fcb525a.rlib" "/opt/rustwide/target/debug/deps/libtokio_util-bb1f2d1ed20fb04c.rlib" "/opt/rustwide/target/debug/deps/libhttpdate-591d2bbb0f7914fc.rlib" "/opt/rustwide/target/debug/deps/libsync_wrapper-943eace703f76ae0.rlib" "/opt/rustwide/target/debug/deps/libaxum_core-4b6696037b7b05a1.rlib" "/opt/rustwide/target/debug/deps/libmime-04f26b0b15f93981.rlib" "/opt/rustwide/target/debug/deps/libhttp_body-4061b89499f36d44.rlib" "/opt/rustwide/target/debug/deps/libtower-796767fbee8bf9c5.rlib" "/opt/rustwide/target/debug/deps/libpin_project-5d6c419d45e45b09.rlib" "/opt/rustwide/target/debug/deps/libtower_layer-f530473a04252b9f.rlib" "/opt/rustwide/target/debug/deps/libtower_service-6e0b9a8ac2b0d4d0.rlib" "/opt/rustwide/target/debug/deps/libtokio-918f571c53152d71.rlib" "/opt/rustwide/target/debug/deps/libnum_cpus-e5d50c13ce70d2f9.rlib" "/opt/rustwide/target/debug/deps/libsocket2-d1dd936c52326e12.rlib" "/opt/rustwide/target/debug/deps/libmio-9470ccb858e871bd.rlib" "/opt/rustwide/target/debug/deps/libhttp-df05c4d3a64fcb1b.rlib" "/opt/rustwide/target/debug/deps/libbytes-ae855e71327d1b48.rlib" "/opt/rustwide/target/debug/deps/libfnv-bb690c336855f248.rlib" "/opt/rustwide/target/debug/deps/libspringtime-32c0f747bd1ac0f3.rlib" "/opt/rustwide/target/debug/deps/libconfig-10177b403d22e0e4.rlib" "/opt/rustwide/target/debug/deps/libpathdiff-2c0582b45212c2ee.rlib" "/opt/rustwide/target/debug/deps/libjson5-6a1a050449a86bba.rlib" "/opt/rustwide/target/debug/deps/libpest-1c88728c28dd49aa.rlib" "/opt/rustwide/target/debug/deps/libucd_trie-437639a67f125c59.rlib" "/opt/rustwide/target/debug/deps/libron-d78b918c769b4dfc.rlib" "/opt/rustwide/target/debug/deps/libbase64-0c872e3f7d1ba17a.rlib" "/opt/rustwide/target/debug/deps/libbitflags-610a73087f46ba3b.rlib" "/opt/rustwide/target/debug/deps/libserde_json-025e189e5f0366d3.rlib" "/opt/rustwide/target/debug/deps/libryu-b5fa14faef1dcf3b.rlib" "/opt/rustwide/target/debug/deps/libitoa-ef51536650fd4ae2.rlib" "/opt/rustwide/target/debug/deps/libtoml-3b614568b80dad08.rlib" "/opt/rustwide/target/debug/deps/libnom-f349c4f51bc0ac36.rlib" "/opt/rustwide/target/debug/deps/libini-af261e444308bbb1.rlib" "/opt/rustwide/target/debug/deps/libordered_multimap-2ce530e76e312861.rlib" "/opt/rustwide/target/debug/deps/libhashbrown-d1dc3cad420d96ff.rlib" "/opt/rustwide/target/debug/deps/libahash-c7c95cf2e2d9b34c.rlib" "/opt/rustwide/target/debug/deps/libgetrandom-402856a6274f0d18.rlib" "/opt/rustwide/target/debug/deps/liblibc-187c0070068b05ec.rlib" "/opt/rustwide/target/debug/deps/libdlv_list-226fde4bc96abc2d.rlib" "/opt/rustwide/target/debug/deps/libyaml_rust-2198d6728cc3c9e1.rlib" "/opt/rustwide/target/debug/deps/liblinked_hash_map-7399290165bf36d1.rlib" "/opt/rustwide/target/debug/deps/libserde-e6d41abfd8e403e7.rlib" "/opt/rustwide/target/debug/deps/libtracing_subscriber-b9d740e8b726cb50.rlib" "/opt/rustwide/target/debug/deps/libsmallvec-a078f506e4f080f1.rlib" "/opt/rustwide/target/debug/deps/libnu_ansi_term-e691bd5ad69208ab.rlib" "/opt/rustwide/target/debug/deps/liboverload-3c34debfac052652.rlib" "/opt/rustwide/target/debug/deps/libsharded_slab-4503bbac24f85b71.rlib" "/opt/rustwide/target/debug/deps/libmatchers-1c2dba558d7914c1.rlib" "/opt/rustwide/target/debug/deps/libregex_automata-d8e4a1bb81b623e3.rlib" "/opt/rustwide/target/debug/deps/libregex-f440d4cf4ffcb57e.rlib" "/opt/rustwide/target/debug/deps/libaho_corasick-b661dc89bb765c3e.rlib" "/opt/rustwide/target/debug/deps/libregex_syntax-8273705b0f644fe5.rlib" "/opt/rustwide/target/debug/deps/libthread_local-532c2a98d7263ceb.rlib" "/opt/rustwide/target/debug/deps/libtracing_log-178b3db486723407.rlib" "/opt/rustwide/target/debug/deps/liblazy_static-86422d76b8bd90ed.rlib" "/opt/rustwide/target/debug/deps/libspringtime_di-989b87305141d3e3.rlib" "/opt/rustwide/target/debug/deps/libinventory-7e1f7fd29f793b76.rlib" "/opt/rustwide/target/debug/deps/libtracing-2de4221837fee9d7.rlib" "/opt/rustwide/target/debug/deps/liblog-a3fff25330ec687e.rlib" "/opt/rustwide/target/debug/deps/libcfg_if-97437e183f3ae6e4.rlib" "/opt/rustwide/target/debug/deps/libtracing_core-2c0eb9a3fc2f26e4.rlib" "/opt/rustwide/target/debug/deps/libonce_cell-4515fa40a5ce4b0c.rlib" "/opt/rustwide/target/debug/deps/libthiserror-ea25184d645ab08d.rlib" "/opt/rustwide/target/debug/deps/libitertools-43d0f26167745a6a.rlib" "/opt/rustwide/target/debug/deps/libeither-5c25f04be8f4efce.rlib" "/opt/rustwide/target/debug/deps/libfxhash-e2bbac7e1bf7d43b.rlib" "/opt/rustwide/target/debug/deps/libbyteorder-614d7e4e7f7903e2.rlib" "/opt/rustwide/target/debug/deps/libfutures-2b066740e82ca774.rlib" "/opt/rustwide/target/debug/deps/libfutures_executor-9460b1c3870113fb.rlib" "/opt/rustwide/target/debug/deps/libfutures_util-ba49ab9e28235261.rlib" "/opt/rustwide/target/debug/deps/libmemchr-f4ebff342237ab92.rlib" "/opt/rustwide/target/debug/deps/libfutures_io-d4a990e19af7fc59.rlib" "/opt/rustwide/target/debug/deps/libslab-7f8e952f3c0ab3c4.rlib" "/opt/rustwide/target/debug/deps/libfutures_channel-fa286582a719523c.rlib" "/opt/rustwide/target/debug/deps/libpin_project_lite-3a747526c5b5aadd.rlib" "/opt/rustwide/target/debug/deps/libfutures_sink-443c30cbd423d6ef.rlib" "/opt/rustwide/target/debug/deps/libfutures_task-34a0ee1d6c1607f4.rlib" "/opt/rustwide/target/debug/deps/libpin_utils-501725f4e360d46d.rlib" "/opt/rustwide/target/debug/deps/libfutures_core-63bdc54a682e7df4.rlib" "/opt/rustwide/rustup-home/toolchains/beta-2023-04-20-x86_64-unknown-linux-gnu/lib/rustlib/x86_64-unknown-linux-gnu/lib/libstd-0e29cc23c5e02021.rlib" "/opt/rustwide/rustup-home/toolchains/beta-2023-04-20-x86_64-unknown-linux-gnu/lib/rustlib/x86_64-unknown-linux-gnu/lib/libpanic_unwind-d903621768a861d9.rlib" "/opt/rustwide/rustup-home/toolchains/beta-2023-04-20-x86_64-unknown-linux-gnu/lib/rustlib/x86_64-unknown-linux-gnu/lib/libobject-6d0225e655f31c13.rlib" "/opt/rustwide/rustup-home/toolchains/beta-2023-04-20-x86_64-unknown-linux-gnu/lib/rustlib/x86_64-unknown-linux-gnu/lib/libmemchr-9dbaf4eac7eaa079.rlib" "/opt/rustwide/rustup-home/toolchains/beta-2023-04-20-x86_64-unknown-linux-gnu/lib/rustlib/x86_64-unknown-linux-gnu/lib/libaddr2line-27f05b3d42a66dd0.rlib" "/opt/rustwide/rustup-home/toolchains/beta-2023-04-20-x86_64-unknown-linux-gnu/lib/rustlib/x86_64-unknown-linux-gnu/lib/libgimli-4d73f1030321c9a2.rlib" "/opt/rustwide/rustup-home/toolchains/beta-2023-04-20-x86_64-unknown-linux-gnu/lib/rustlib/x86_64-unknown-linux-gnu/lib/librustc_demangle-2846c9e58abd0acb.rlib" "/opt/rustwide/rustup-home/toolchains/beta-2023-04-20-x86_64-unknown-linux-gnu/lib/rustlib/x86_64-unknown-linux-gnu/lib/libstd_detect-a53d0f50415947be.rlib" "/opt/rustwide/rustup-home/toolchains/beta-2023-04-20-x86_64-unknown-linux-gnu/lib/rustlib/x86_64-unknown-linux-gnu/lib/libhashbrown-d48e4b6abc25b9dc.rlib" "/opt/rustwide/rustup-home/toolchains/beta-2023-04-20-x86_64-unknown-linux-gnu/lib/rustlib/x86_64-unknown-linux-gnu/lib/libminiz_oxide-2991859439ef1207.rlib" "/opt/rustwide/rustup-home/toolchains/beta-2023-04-20-x86_64-unknown-linux-gnu/lib/rustlib/x86_64-unknown-linux-gnu/lib/libadler-8a687517e4221bae.rlib" "/opt/rustwide/rustup-home/toolchains/beta-2023-04-20-x86_64-unknown-linux-gnu/lib/rustlib/x86_64-unknown-linux-gnu/lib/librustc_std_workspace_alloc-e07b554f6a67f5b3.rlib" "/opt/rustwide/rustup-home/toolchains/beta-2023-04-20-x86_64-unknown-linux-gnu/lib/rustlib/x86_64-unknown-linux-gnu/lib/libunwind-b68238b7c3c619dd.rlib" "/opt/rustwide/rustup-home/toolchains/beta-2023-04-20-x86_64-unknown-linux-gnu/lib/rustlib/x86_64-unknown-linux-gnu/lib/libcfg_if-d5e213e896c017e4.rlib" "/opt/rustwide/rustup-home/toolchains/beta-2023-04-20-x86_64-unknown-linux-gnu/lib/rustlib/x86_64-unknown-linux-gnu/lib/liblibc-0211a3b2e61d8689.rlib" "/opt/rustwide/rustup-home/toolchains/beta-2023-04-20-x86_64-unknown-linux-gnu/lib/rustlib/x86_64-unknown-linux-gnu/lib/liballoc-b371f055239ba51f.rlib" "/opt/rustwide/rustup-home/toolchains/beta-2023-04-20-x86_64-unknown-linux-gnu/lib/rustlib/x86_64-unknown-linux-gnu/lib/librustc_std_workspace_core-e60518d2760eb01e.rlib" "/opt/rustwide/rustup-home/toolchains/beta-2023-04-20-x86_64-unknown-linux-gnu/lib/rustlib/x86_64-unknown-linux-gnu/lib/libcore-1ad943f92a4b1081.rlib" "/opt/rustwide/rustup-home/toolchains/beta-2023-04-20-x86_64-unknown-linux-gnu/lib/rustlib/x86_64-unknown-linux-gnu/lib/libcompiler_builtins-f0d6e4d0fc1e80b4.rlib" "-Wl,-Bdynamic" "-lgcc_s" "-lutil" "-lrt" "-lpthread" "-lm" "-ldl" "-lc" "-Wl,--eh-frame-hdr" "-Wl,-z,noexecstack" "-L" "/opt/rustwide/rustup-home/toolchains/beta-2023-04-20-x86_64-unknown-linux-gnu/lib/rustlib/x86_64-unknown-linux-gnu/lib" "-o" "/opt/rustwide/target/debug/examples/03_config-5a8516437daeb5f4" "-Wl,--gc-sections" "-pie" "-Wl,-z,relro,-z,now" "-nodefaultlibs"
[INFO] [stdout]   = note: collect2: fatal error: ld terminated with signal 9 [Killed]
[INFO] [stdout]           compilation terminated.
[INFO] [stdout]           
[INFO] [stdout] 
[INFO] [stdout] 
[INFO] [stdout] error: aborting due to previous error
[INFO] [stdout] 
[INFO] [stdout] 
[INFO] [stderr] error: could not compile `springtime-web-axum` (example "03-config") due to 2 previous errors
[INFO] [stdout] error: linking with `cc` failed: exit status: 1
[INFO] [stdout]   |
[INFO] [stdout]   = note: LC_ALL="C" PATH="/opt/rustwide/rustup-home/toolchains/beta-2023-04-20-x86_64-unknown-linux-gnu/lib/rustlib/x86_64-unknown-linux-gnu/bin:/opt/rustwide/cargo-home/bin:/usr/local/sbin:/usr/local/bin:/usr/sbin:/usr/bin:/sbin:/bin" VSLANG="1033" "cc" "-m64" "/tmp/rustc8A3HQG/symbols.o" "/opt/rustwide/target/debug/examples/02_path_hierarchy-67e0dac025ebdf58.02_path_hierarchy.eda67ed6-cgu.0.rcgu.o" "/opt/rustwide/target/debug/examples/02_path_hierarchy-67e0dac025ebdf58.02_path_hierarchy.eda67ed6-cgu.1.rcgu.o" "/opt/rustwide/target/debug/examples/02_path_hierarchy-67e0dac025ebdf58.02_path_hierarchy.eda67ed6-cgu.10.rcgu.o" "/opt/rustwide/target/debug/examples/02_path_hierarchy-67e0dac025ebdf58.02_path_hierarchy.eda67ed6-cgu.11.rcgu.o" "/opt/rustwide/target/debug/examples/02_path_hierarchy-67e0dac025ebdf58.02_path_hierarchy.eda67ed6-cgu.12.rcgu.o" "/opt/rustwide/target/debug/examples/02_path_hierarchy-67e0dac025ebdf58.02_path_hierarchy.eda67ed6-cgu.13.rcgu.o" "/opt/rustwide/target/debug/examples/02_path_hierarchy-67e0dac025ebdf58.02_path_hierarchy.eda67ed6-cgu.14.rcgu.o" "/opt/rustwide/target/debug/examples/02_path_hierarchy-67e0dac025ebdf58.02_path_hierarchy.eda67ed6-cgu.15.rcgu.o" "/opt/rustwide/target/debug/examples/02_path_hierarchy-67e0dac025ebdf58.02_path_hierarchy.eda67ed6-cgu.2.rcgu.o" "/opt/rustwide/target/debug/examples/02_path_hierarchy-67e0dac025ebdf58.02_path_hierarchy.eda67ed6-cgu.3.rcgu.o" "/opt/rustwide/target/debug/examples/02_path_hierarchy-67e0dac025ebdf58.02_path_hierarchy.eda67ed6-cgu.4.rcgu.o" "/opt/rustwide/target/debug/examples/02_path_hierarchy-67e0dac025ebdf58.02_path_hierarchy.eda67ed6-cgu.5.rcgu.o" "/opt/rustwide/target/debug/examples/02_path_hierarchy-67e0dac025ebdf58.02_path_hierarchy.eda67ed6-cgu.6.rcgu.o" "/opt/rustwide/target/debug/examples/02_path_hierarchy-67e0dac025ebdf58.02_path_hierarchy.eda67ed6-cgu.7.rcgu.o" "/opt/rustwide/target/debug/examples/02_path_hierarchy-67e0dac025ebdf58.02_path_hierarchy.eda67ed6-cgu.8.rcgu.o" "/opt/rustwide/target/debug/examples/02_path_hierarchy-67e0dac025ebdf58.02_path_hierarchy.eda67ed6-cgu.9.rcgu.o" "/opt/rustwide/target/debug/examples/02_path_hierarchy-67e0dac025ebdf58.fu06e17k4gc3wxw.rcgu.o" "-Wl,--as-needed" "-L" "/opt/rustwide/target/debug/deps" "-L" "/opt/rustwide/rustup-home/toolchains/beta-2023-04-20-x86_64-unknown-linux-gnu/lib/rustlib/x86_64-unknown-linux-gnu/lib" "-Wl,-Bstatic" "/opt/rustwide/target/debug/deps/libspringtime_web_axum-c122316e62aa508a.rlib" "/opt/rustwide/target/debug/deps/libdowncast-a61e2f02279e61bc.rlib" "/opt/rustwide/target/debug/deps/libaxum-903ab6783627859a.rlib" "/opt/rustwide/target/debug/deps/libserde_path_to_error-76bed43bc4957683.rlib" "/opt/rustwide/target/debug/deps/libserde_urlencoded-5d9d62e452772054.rlib" "/opt/rustwide/target/debug/deps/libform_urlencoded-c6dce5f233f9dc81.rlib" "/opt/rustwide/target/debug/deps/libpercent_encoding-4a77b5e8a25d80c2.rlib" "/opt/rustwide/target/debug/deps/libmatchit-0273ec9ca1c926d6.rlib" "/opt/rustwide/target/debug/deps/libhyper-e9573f48dcae2cea.rlib" "/opt/rustwide/target/debug/deps/libwant-35a84032a29cb9d4.rlib" "/opt/rustwide/target/debug/deps/libtry_lock-bcd858d644546236.rlib" "/opt/rustwide/target/debug/deps/libhttparse-463bd4a7f2c72ba2.rlib" "/opt/rustwide/target/debug/deps/libh2-c248d4cafc93afe9.rlib" "/opt/rustwide/target/debug/deps/libindexmap-33ffd9169fcb525a.rlib" "/opt/rustwide/target/debug/deps/libtokio_util-bb1f2d1ed20fb04c.rlib" "/opt/rustwide/target/debug/deps/libhttpdate-591d2bbb0f7914fc.rlib" "/opt/rustwide/target/debug/deps/libsync_wrapper-943eace703f76ae0.rlib" "/opt/rustwide/target/debug/deps/libaxum_core-4b6696037b7b05a1.rlib" "/opt/rustwide/target/debug/deps/libmime-04f26b0b15f93981.rlib" "/opt/rustwide/target/debug/deps/libhttp_body-4061b89499f36d44.rlib" "/opt/rustwide/target/debug/deps/libtower-796767fbee8bf9c5.rlib" "/opt/rustwide/target/debug/deps/libpin_project-5d6c419d45e45b09.rlib" "/opt/rustwide/target/debug/deps/libtower_layer-f530473a04252b9f.rlib" "/opt/rustwide/target/debug/deps/libtower_service-6e0b9a8ac2b0d4d0.rlib" "/opt/rustwide/target/debug/deps/libtokio-918f571c53152d71.rlib" "/opt/rustwide/target/debug/deps/libnum_cpus-e5d50c13ce70d2f9.rlib" "/opt/rustwide/target/debug/deps/libsocket2-d1dd936c52326e12.rlib" "/opt/rustwide/target/debug/deps/libmio-9470ccb858e871bd.rlib" "/opt/rustwide/target/debug/deps/libhttp-df05c4d3a64fcb1b.rlib" "/opt/rustwide/target/debug/deps/libbytes-ae855e71327d1b48.rlib" "/opt/rustwide/target/debug/deps/libfnv-bb690c336855f248.rlib" "/opt/rustwide/target/debug/deps/libspringtime-32c0f747bd1ac0f3.rlib" "/opt/rustwide/target/debug/deps/libconfig-10177b403d22e0e4.rlib" "/opt/rustwide/target/debug/deps/libpathdiff-2c0582b45212c2ee.rlib" "/opt/rustwide/target/debug/deps/libjson5-6a1a050449a86bba.rlib" "/opt/rustwide/target/debug/deps/libpest-1c88728c28dd49aa.rlib" "/opt/rustwide/target/debug/deps/libucd_trie-437639a67f125c59.rlib" "/opt/rustwide/target/debug/deps/libron-d78b918c769b4dfc.rlib" "/opt/rustwide/target/debug/deps/libbase64-0c872e3f7d1ba17a.rlib" "/opt/rustwide/target/debug/deps/libbitflags-610a73087f46ba3b.rlib" "/opt/rustwide/target/debug/deps/libserde_json-025e189e5f0366d3.rlib" "/opt/rustwide/target/debug/deps/libryu-b5fa14faef1dcf3b.rlib" "/opt/rustwide/target/debug/deps/libitoa-ef51536650fd4ae2.rlib" "/opt/rustwide/target/debug/deps/libtoml-3b614568b80dad08.rlib" "/opt/rustwide/target/debug/deps/libnom-f349c4f51bc0ac36.rlib" "/opt/rustwide/target/debug/deps/libini-af261e444308bbb1.rlib" "/opt/rustwide/target/debug/deps/libordered_multimap-2ce530e76e312861.rlib" "/opt/rustwide/target/debug/deps/libhashbrown-d1dc3cad420d96ff.rlib" "/opt/rustwide/target/debug/deps/libahash-c7c95cf2e2d9b34c.rlib" "/opt/rustwide/target/debug/deps/libgetrandom-402856a6274f0d18.rlib" "/opt/rustwide/target/debug/deps/liblibc-187c0070068b05ec.rlib" "/opt/rustwide/target/debug/deps/libdlv_list-226fde4bc96abc2d.rlib" "/opt/rustwide/target/debug/deps/libyaml_rust-2198d6728cc3c9e1.rlib" "/opt/rustwide/target/debug/deps/liblinked_hash_map-7399290165bf36d1.rlib" "/opt/rustwide/target/debug/deps/libserde-e6d41abfd8e403e7.rlib" "/opt/rustwide/target/debug/deps/libtracing_subscriber-b9d740e8b726cb50.rlib" "/opt/rustwide/target/debug/deps/libsmallvec-a078f506e4f080f1.rlib" "/opt/rustwide/target/debug/deps/libnu_ansi_term-e691bd5ad69208ab.rlib" "/opt/rustwide/target/debug/deps/liboverload-3c34debfac052652.rlib" "/opt/rustwide/target/debug/deps/libsharded_slab-4503bbac24f85b71.rlib" "/opt/rustwide/target/debug/deps/libmatchers-1c2dba558d7914c1.rlib" "/opt/rustwide/target/debug/deps/libregex_automata-d8e4a1bb81b623e3.rlib" "/opt/rustwide/target/debug/deps/libregex-f440d4cf4ffcb57e.rlib" "/opt/rustwide/target/debug/deps/libaho_corasick-b661dc89bb765c3e.rlib" "/opt/rustwide/target/debug/deps/libregex_syntax-8273705b0f644fe5.rlib" "/opt/rustwide/target/debug/deps/libthread_local-532c2a98d7263ceb.rlib" "/opt/rustwide/target/debug/deps/libtracing_log-178b3db486723407.rlib" "/opt/rustwide/target/debug/deps/liblazy_static-86422d76b8bd90ed.rlib" "/opt/rustwide/target/debug/deps/libspringtime_di-989b87305141d3e3.rlib" "/opt/rustwide/target/debug/deps/libinventory-7e1f7fd29f793b76.rlib" "/opt/rustwide/target/debug/deps/libtracing-2de4221837fee9d7.rlib" "/opt/rustwide/target/debug/deps/liblog-a3fff25330ec687e.rlib" "/opt/rustwide/target/debug/deps/libcfg_if-97437e183f3ae6e4.rlib" "/opt/rustwide/target/debug/deps/libtracing_core-2c0eb9a3fc2f26e4.rlib" "/opt/rustwide/target/debug/deps/libonce_cell-4515fa40a5ce4b0c.rlib" "/opt/rustwide/target/debug/deps/libthiserror-ea25184d645ab08d.rlib" "/opt/rustwide/target/debug/deps/libitertools-43d0f26167745a6a.rlib" "/opt/rustwide/target/debug/deps/libeither-5c25f04be8f4efce.rlib" "/opt/rustwide/target/debug/deps/libfxhash-e2bbac7e1bf7d43b.rlib" "/opt/rustwide/target/debug/deps/libbyteorder-614d7e4e7f7903e2.rlib" "/opt/rustwide/target/debug/deps/libfutures-2b066740e82ca774.rlib" "/opt/rustwide/target/debug/deps/libfutures_executor-9460b1c3870113fb.rlib" "/opt/rustwide/target/debug/deps/libfutures_util-ba49ab9e28235261.rlib" "/opt/rustwide/target/debug/deps/libmemchr-f4ebff342237ab92.rlib" "/opt/rustwide/target/debug/deps/libfutures_io-d4a990e19af7fc59.rlib" "/opt/rustwide/target/debug/deps/libslab-7f8e952f3c0ab3c4.rlib" "/opt/rustwide/target/debug/deps/libfutures_channel-fa286582a719523c.rlib" "/opt/rustwide/target/debug/deps/libpin_project_lite-3a747526c5b5aadd.rlib" "/opt/rustwide/target/debug/deps/libfutures_sink-443c30cbd423d6ef.rlib" "/opt/rustwide/target/debug/deps/libfutures_task-34a0ee1d6c1607f4.rlib" "/opt/rustwide/target/debug/deps/libpin_utils-501725f4e360d46d.rlib" "/opt/rustwide/target/debug/deps/libfutures_core-63bdc54a682e7df4.rlib" "/opt/rustwide/rustup-home/toolchains/beta-2023-04-20-x86_64-unknown-linux-gnu/lib/rustlib/x86_64-unknown-linux-gnu/lib/libstd-0e29cc23c5e02021.rlib" "/opt/rustwide/rustup-home/toolchains/beta-2023-04-20-x86_64-unknown-linux-gnu/lib/rustlib/x86_64-unknown-linux-gnu/lib/libpanic_unwind-d903621768a861d9.rlib" "/opt/rustwide/rustup-home/toolchains/beta-2023-04-20-x86_64-unknown-linux-gnu/lib/rustlib/x86_64-unknown-linux-gnu/lib/libobject-6d0225e655f31c13.rlib" "/opt/rustwide/rustup-home/toolchains/beta-2023-04-20-x86_64-unknown-linux-gnu/lib/rustlib/x86_64-unknown-linux-gnu/lib/libmemchr-9dbaf4eac7eaa079.rlib" "/opt/rustwide/rustup-home/toolchains/beta-2023-04-20-x86_64-unknown-linux-gnu/lib/rustlib/x86_64-unknown-linux-gnu/lib/libaddr2line-27f05b3d42a66dd0.rlib" "/opt/rustwide/rustup-home/toolchains/beta-2023-04-20-x86_64-unknown-linux-gnu/lib/rustlib/x86_64-unknown-linux-gnu/lib/libgimli-4d73f1030321c9a2.rlib" "/opt/rustwide/rustup-home/toolchains/beta-2023-04-20-x86_64-unknown-linux-gnu/lib/rustlib/x86_64-unknown-linux-gnu/lib/librustc_demangle-2846c9e58abd0acb.rlib" "/opt/rustwide/rustup-home/toolchains/beta-2023-04-20-x86_64-unknown-linux-gnu/lib/rustlib/x86_64-unknown-linux-gnu/lib/libstd_detect-a53d0f50415947be.rlib" "/opt/rustwide/rustup-home/toolchains/beta-2023-04-20-x86_64-unknown-linux-gnu/lib/rustlib/x86_64-unknown-linux-gnu/lib/libhashbrown-d48e4b6abc25b9dc.rlib" "/opt/rustwide/rustup-home/toolchains/beta-2023-04-20-x86_64-unknown-linux-gnu/lib/rustlib/x86_64-unknown-linux-gnu/lib/libminiz_oxide-2991859439ef1207.rlib" "/opt/rustwide/rustup-home/toolchains/beta-2023-04-20-x86_64-unknown-linux-gnu/lib/rustlib/x86_64-unknown-linux-gnu/lib/libadler-8a687517e4221bae.rlib" "/opt/rustwide/rustup-home/toolchains/beta-2023-04-20-x86_64-unknown-linux-gnu/lib/rustlib/x86_64-unknown-linux-gnu/lib/librustc_std_workspace_alloc-e07b554f6a67f5b3.rlib" "/opt/rustwide/rustup-home/toolchains/beta-2023-04-20-x86_64-unknown-linux-gnu/lib/rustlib/x86_64-unknown-linux-gnu/lib/libunwind-b68238b7c3c619dd.rlib" "/opt/rustwide/rustup-home/toolchains/beta-2023-04-20-x86_64-unknown-linux-gnu/lib/rustlib/x86_64-unknown-linux-gnu/lib/libcfg_if-d5e213e896c017e4.rlib" "/opt/rustwide/rustup-home/toolchains/beta-2023-04-20-x86_64-unknown-linux-gnu/lib/rustlib/x86_64-unknown-linux-gnu/lib/liblibc-0211a3b2e61d8689.rlib" "/opt/rustwide/rustup-home/toolchains/beta-2023-04-20-x86_64-unknown-linux-gnu/lib/rustlib/x86_64-unknown-linux-gnu/lib/liballoc-b371f055239ba51f.rlib" "/opt/rustwide/rustup-home/toolchains/beta-2023-04-20-x86_64-unknown-linux-gnu/lib/rustlib/x86_64-unknown-linux-gnu/lib/librustc_std_workspace_core-e60518d2760eb01e.rlib" "/opt/rustwide/rustup-home/toolchains/beta-2023-04-20-x86_64-unknown-linux-gnu/lib/rustlib/x86_64-unknown-linux-gnu/lib/libcore-1ad943f92a4b1081.rlib" "/opt/rustwide/rustup-home/toolchains/beta-2023-04-20-x86_64-unknown-linux-gnu/lib/rustlib/x86_64-unknown-linux-gnu/lib/libcompiler_builtins-f0d6e4d0fc1e80b4.rlib" "-Wl,-Bdynamic" "-lgcc_s" "-lutil" "-lrt" "-lpthread" "-lm" "-ldl" "-lc" "-Wl,--eh-frame-hdr" "-Wl,-z,noexecstack" "-L" "/opt/rustwide/rustup-home/toolchains/beta-2023-04-20-x86_64-unknown-linux-gnu/lib/rustlib/x86_64-unknown-linux-gnu/lib" "-o" "/opt/rustwide/target/debug/examples/02_path_hierarchy-67e0dac025ebdf58" "-Wl,--gc-sections" "-pie" "-Wl,-z,relro,-z,now" "-nodefaultlibs"
[INFO] [stdout]   = note: collect2: fatal error: ld terminated with signal 9 [Killed]
[INFO] [stdout]           compilation terminated.
[INFO] [stdout]           
[INFO] [stdout] 
[INFO] [stdout] 
[INFO] [stdout] error: aborting due to previous error
[INFO] [stdout] 
[INFO] [stdout] 
[INFO] [stderr] error: could not compile `springtime-web-axum` (example "02-path-hierarchy") due to 2 previous errors
[INFO] [stdout] error: linking with `cc` failed: exit status: 1
[INFO] [stdout]   |
[INFO] [stdout]   = note: LC_ALL="C" PATH="/opt/rustwide/rustup-home/toolchains/beta-2023-04-20-x86_64-unknown-linux-gnu/lib/rustlib/x86_64-unknown-linux-gnu/bin:/opt/rustwide/cargo-home/bin:/usr/local/sbin:/usr/local/bin:/usr/sbin:/usr/bin:/sbin:/bin" VSLANG="1033" "cc" "-m64" "/tmp/rustchUvjfT/symbols.o" "/opt/rustwide/target/debug/examples/04_multiple_servers-a477ab4f15be29e6.04_multiple_servers.14c33a0f-cgu.0.rcgu.o" "/opt/rustwide/target/debug/examples/04_multiple_servers-a477ab4f15be29e6.04_multiple_servers.14c33a0f-cgu.1.rcgu.o" "/opt/rustwide/target/debug/examples/04_multiple_servers-a477ab4f15be29e6.04_multiple_servers.14c33a0f-cgu.10.rcgu.o" "/opt/rustwide/target/debug/examples/04_multiple_servers-a477ab4f15be29e6.04_multiple_servers.14c33a0f-cgu.11.rcgu.o" "/opt/rustwide/target/debug/examples/04_multiple_servers-a477ab4f15be29e6.04_multiple_servers.14c33a0f-cgu.12.rcgu.o" "/opt/rustwide/target/debug/examples/04_multiple_servers-a477ab4f15be29e6.04_multiple_servers.14c33a0f-cgu.13.rcgu.o" "/opt/rustwide/target/debug/examples/04_multiple_servers-a477ab4f15be29e6.04_multiple_servers.14c33a0f-cgu.14.rcgu.o" "/opt/rustwide/target/debug/examples/04_multiple_servers-a477ab4f15be29e6.04_multiple_servers.14c33a0f-cgu.15.rcgu.o" "/opt/rustwide/target/debug/examples/04_multiple_servers-a477ab4f15be29e6.04_multiple_servers.14c33a0f-cgu.2.rcgu.o" "/opt/rustwide/target/debug/examples/04_multiple_servers-a477ab4f15be29e6.04_multiple_servers.14c33a0f-cgu.3.rcgu.o" "/opt/rustwide/target/debug/examples/04_multiple_servers-a477ab4f15be29e6.04_multiple_servers.14c33a0f-cgu.4.rcgu.o" "/opt/rustwide/target/debug/examples/04_multiple_servers-a477ab4f15be29e6.04_multiple_servers.14c33a0f-cgu.5.rcgu.o" "/opt/rustwide/target/debug/examples/04_multiple_servers-a477ab4f15be29e6.04_multiple_servers.14c33a0f-cgu.6.rcgu.o" "/opt/rustwide/target/debug/examples/04_multiple_servers-a477ab4f15be29e6.04_multiple_servers.14c33a0f-cgu.7.rcgu.o" "/opt/rustwide/target/debug/examples/04_multiple_servers-a477ab4f15be29e6.04_multiple_servers.14c33a0f-cgu.8.rcgu.o" "/opt/rustwide/target/debug/examples/04_multiple_servers-a477ab4f15be29e6.04_multiple_servers.14c33a0f-cgu.9.rcgu.o" "/opt/rustwide/target/debug/examples/04_multiple_servers-a477ab4f15be29e6.18ywjx9uoadqxxiy.rcgu.o" "-Wl,--as-needed" "-L" "/opt/rustwide/target/debug/deps" "-L" "/opt/rustwide/rustup-home/toolchains/beta-2023-04-20-x86_64-unknown-linux-gnu/lib/rustlib/x86_64-unknown-linux-gnu/lib" "-Wl,-Bstatic" "/opt/rustwide/target/debug/deps/libspringtime_web_axum-c122316e62aa508a.rlib" "/opt/rustwide/target/debug/deps/libdowncast-a61e2f02279e61bc.rlib" "/opt/rustwide/target/debug/deps/libaxum-903ab6783627859a.rlib" "/opt/rustwide/target/debug/deps/libserde_path_to_error-76bed43bc4957683.rlib" "/opt/rustwide/target/debug/deps/libserde_urlencoded-5d9d62e452772054.rlib" "/opt/rustwide/target/debug/deps/libform_urlencoded-c6dce5f233f9dc81.rlib" "/opt/rustwide/target/debug/deps/libpercent_encoding-4a77b5e8a25d80c2.rlib" "/opt/rustwide/target/debug/deps/libmatchit-0273ec9ca1c926d6.rlib" "/opt/rustwide/target/debug/deps/libhyper-e9573f48dcae2cea.rlib" "/opt/rustwide/target/debug/deps/libwant-35a84032a29cb9d4.rlib" "/opt/rustwide/target/debug/deps/libtry_lock-bcd858d644546236.rlib" "/opt/rustwide/target/debug/deps/libhttparse-463bd4a7f2c72ba2.rlib" "/opt/rustwide/target/debug/deps/libh2-c248d4cafc93afe9.rlib" "/opt/rustwide/target/debug/deps/libindexmap-33ffd9169fcb525a.rlib" "/opt/rustwide/target/debug/deps/libtokio_util-bb1f2d1ed20fb04c.rlib" "/opt/rustwide/target/debug/deps/libhttpdate-591d2bbb0f7914fc.rlib" "/opt/rustwide/target/debug/deps/libsync_wrapper-943eace703f76ae0.rlib" "/opt/rustwide/target/debug/deps/libaxum_core-4b6696037b7b05a1.rlib" "/opt/rustwide/target/debug/deps/libmime-04f26b0b15f93981.rlib" "/opt/rustwide/target/debug/deps/libhttp_body-4061b89499f36d44.rlib" "/opt/rustwide/target/debug/deps/libtower-796767fbee8bf9c5.rlib" "/opt/rustwide/target/debug/deps/libpin_project-5d6c419d45e45b09.rlib" "/opt/rustwide/target/debug/deps/libtower_layer-f530473a04252b9f.rlib" "/opt/rustwide/target/debug/deps/libtower_service-6e0b9a8ac2b0d4d0.rlib" "/opt/rustwide/target/debug/deps/libtokio-918f571c53152d71.rlib" "/opt/rustwide/target/debug/deps/libnum_cpus-e5d50c13ce70d2f9.rlib" "/opt/rustwide/target/debug/deps/libsocket2-d1dd936c52326e12.rlib" "/opt/rustwide/target/debug/deps/libmio-9470ccb858e871bd.rlib" "/opt/rustwide/target/debug/deps/libhttp-df05c4d3a64fcb1b.rlib" "/opt/rustwide/target/debug/deps/libbytes-ae855e71327d1b48.rlib" "/opt/rustwide/target/debug/deps/libfnv-bb690c336855f248.rlib" "/opt/rustwide/target/debug/deps/libspringtime-32c0f747bd1ac0f3.rlib" "/opt/rustwide/target/debug/deps/libconfig-10177b403d22e0e4.rlib" "/opt/rustwide/target/debug/deps/libpathdiff-2c0582b45212c2ee.rlib" "/opt/rustwide/target/debug/deps/libjson5-6a1a050449a86bba.rlib" "/opt/rustwide/target/debug/deps/libpest-1c88728c28dd49aa.rlib" "/opt/rustwide/target/debug/deps/libucd_trie-437639a67f125c59.rlib" "/opt/rustwide/target/debug/deps/libron-d78b918c769b4dfc.rlib" "/opt/rustwide/target/debug/deps/libbase64-0c872e3f7d1ba17a.rlib" "/opt/rustwide/target/debug/deps/libbitflags-610a73087f46ba3b.rlib" "/opt/rustwide/target/debug/deps/libserde_json-025e189e5f0366d3.rlib" "/opt/rustwide/target/debug/deps/libryu-b5fa14faef1dcf3b.rlib" "/opt/rustwide/target/debug/deps/libitoa-ef51536650fd4ae2.rlib" "/opt/rustwide/target/debug/deps/libtoml-3b614568b80dad08.rlib" "/opt/rustwide/target/debug/deps/libnom-f349c4f51bc0ac36.rlib" "/opt/rustwide/target/debug/deps/libini-af261e444308bbb1.rlib" "/opt/rustwide/target/debug/deps/libordered_multimap-2ce530e76e312861.rlib" "/opt/rustwide/target/debug/deps/libhashbrown-d1dc3cad420d96ff.rlib" "/opt/rustwide/target/debug/deps/libahash-c7c95cf2e2d9b34c.rlib" "/opt/rustwide/target/debug/deps/libgetrandom-402856a6274f0d18.rlib" "/opt/rustwide/target/debug/deps/liblibc-187c0070068b05ec.rlib" "/opt/rustwide/target/debug/deps/libdlv_list-226fde4bc96abc2d.rlib" "/opt/rustwide/target/debug/deps/libyaml_rust-2198d6728cc3c9e1.rlib" "/opt/rustwide/target/debug/deps/liblinked_hash_map-7399290165bf36d1.rlib" "/opt/rustwide/target/debug/deps/libserde-e6d41abfd8e403e7.rlib" "/opt/rustwide/target/debug/deps/libtracing_subscriber-b9d740e8b726cb50.rlib" "/opt/rustwide/target/debug/deps/libsmallvec-a078f506e4f080f1.rlib" "/opt/rustwide/target/debug/deps/libnu_ansi_term-e691bd5ad69208ab.rlib" "/opt/rustwide/target/debug/deps/liboverload-3c34debfac052652.rlib" "/opt/rustwide/target/debug/deps/libsharded_slab-4503bbac24f85b71.rlib" "/opt/rustwide/target/debug/deps/libmatchers-1c2dba558d7914c1.rlib" "/opt/rustwide/target/debug/deps/libregex_automata-d8e4a1bb81b623e3.rlib" "/opt/rustwide/target/debug/deps/libregex-f440d4cf4ffcb57e.rlib" "/opt/rustwide/target/debug/deps/libaho_corasick-b661dc89bb765c3e.rlib" "/opt/rustwide/target/debug/deps/libregex_syntax-8273705b0f644fe5.rlib" "/opt/rustwide/target/debug/deps/libthread_local-532c2a98d7263ceb.rlib" "/opt/rustwide/target/debug/deps/libtracing_log-178b3db486723407.rlib" "/opt/rustwide/target/debug/deps/liblazy_static-86422d76b8bd90ed.rlib" "/opt/rustwide/target/debug/deps/libspringtime_di-989b87305141d3e3.rlib" "/opt/rustwide/target/debug/deps/libinventory-7e1f7fd29f793b76.rlib" "/opt/rustwide/target/debug/deps/libtracing-2de4221837fee9d7.rlib" "/opt/rustwide/target/debug/deps/liblog-a3fff25330ec687e.rlib" "/opt/rustwide/target/debug/deps/libcfg_if-97437e183f3ae6e4.rlib" "/opt/rustwide/target/debug/deps/libtracing_core-2c0eb9a3fc2f26e4.rlib" "/opt/rustwide/target/debug/deps/libonce_cell-4515fa40a5ce4b0c.rlib" "/opt/rustwide/target/debug/deps/libthiserror-ea25184d645ab08d.rlib" "/opt/rustwide/target/debug/deps/libitertools-43d0f26167745a6a.rlib" "/opt/rustwide/target/debug/deps/libeither-5c25f04be8f4efce.rlib" "/opt/rustwide/target/debug/deps/libfxhash-e2bbac7e1bf7d43b.rlib" "/opt/rustwide/target/debug/deps/libbyteorder-614d7e4e7f7903e2.rlib" "/opt/rustwide/target/debug/deps/libfutures-2b066740e82ca774.rlib" "/opt/rustwide/target/debug/deps/libfutures_executor-9460b1c3870113fb.rlib" "/opt/rustwide/target/debug/deps/libfutures_util-ba49ab9e28235261.rlib" "/opt/rustwide/target/debug/deps/libmemchr-f4ebff342237ab92.rlib" "/opt/rustwide/target/debug/deps/libfutures_io-d4a990e19af7fc59.rlib" "/opt/rustwide/target/debug/deps/libslab-7f8e952f3c0ab3c4.rlib" "/opt/rustwide/target/debug/deps/libfutures_channel-fa286582a719523c.rlib" "/opt/rustwide/target/debug/deps/libpin_project_lite-3a747526c5b5aadd.rlib" "/opt/rustwide/target/debug/deps/libfutures_sink-443c30cbd423d6ef.rlib" "/opt/rustwide/target/debug/deps/libfutures_task-34a0ee1d6c1607f4.rlib" "/opt/rustwide/target/debug/deps/libpin_utils-501725f4e360d46d.rlib" "/opt/rustwide/target/debug/deps/libfutures_core-63bdc54a682e7df4.rlib" "/opt/rustwide/rustup-home/toolchains/beta-2023-04-20-x86_64-unknown-linux-gnu/lib/rustlib/x86_64-unknown-linux-gnu/lib/libstd-0e29cc23c5e02021.rlib" "/opt/rustwide/rustup-home/toolchains/beta-2023-04-20-x86_64-unknown-linux-gnu/lib/rustlib/x86_64-unknown-linux-gnu/lib/libpanic_unwind-d903621768a861d9.rlib" "/opt/rustwide/rustup-home/toolchains/beta-2023-04-20-x86_64-unknown-linux-gnu/lib/rustlib/x86_64-unknown-linux-gnu/lib/libobject-6d0225e655f31c13.rlib" "/opt/rustwide/rustup-home/toolchains/beta-2023-04-20-x86_64-unknown-linux-gnu/lib/rustlib/x86_64-unknown-linux-gnu/lib/libmemchr-9dbaf4eac7eaa079.rlib" "/opt/rustwide/rustup-home/toolchains/beta-2023-04-20-x86_64-unknown-linux-gnu/lib/rustlib/x86_64-unknown-linux-gnu/lib/libaddr2line-27f05b3d42a66dd0.rlib" "/opt/rustwide/rustup-home/toolchains/beta-2023-04-20-x86_64-unknown-linux-gnu/lib/rustlib/x86_64-unknown-linux-gnu/lib/libgimli-4d73f1030321c9a2.rlib" "/opt/rustwide/rustup-home/toolchains/beta-2023-04-20-x86_64-unknown-linux-gnu/lib/rustlib/x86_64-unknown-linux-gnu/lib/librustc_demangle-2846c9e58abd0acb.rlib" "/opt/rustwide/rustup-home/toolchains/beta-2023-04-20-x86_64-unknown-linux-gnu/lib/rustlib/x86_64-unknown-linux-gnu/lib/libstd_detect-a53d0f50415947be.rlib" "/opt/rustwide/rustup-home/toolchains/beta-2023-04-20-x86_64-unknown-linux-gnu/lib/rustlib/x86_64-unknown-linux-gnu/lib/libhashbrown-d48e4b6abc25b9dc.rlib" "/opt/rustwide/rustup-home/toolchains/beta-2023-04-20-x86_64-unknown-linux-gnu/lib/rustlib/x86_64-unknown-linux-gnu/lib/libminiz_oxide-2991859439ef1207.rlib" "/opt/rustwide/rustup-home/toolchains/beta-2023-04-20-x86_64-unknown-linux-gnu/lib/rustlib/x86_64-unknown-linux-gnu/lib/libadler-8a687517e4221bae.rlib" "/opt/rustwide/rustup-home/toolchains/beta-2023-04-20-x86_64-unknown-linux-gnu/lib/rustlib/x86_64-unknown-linux-gnu/lib/librustc_std_workspace_alloc-e07b554f6a67f5b3.rlib" "/opt/rustwide/rustup-home/toolchains/beta-2023-04-20-x86_64-unknown-linux-gnu/lib/rustlib/x86_64-unknown-linux-gnu/lib/libunwind-b68238b7c3c619dd.rlib" "/opt/rustwide/rustup-home/toolchains/beta-2023-04-20-x86_64-unknown-linux-gnu/lib/rustlib/x86_64-unknown-linux-gnu/lib/libcfg_if-d5e213e896c017e4.rlib" "/opt/rustwide/rustup-home/toolchains/beta-2023-04-20-x86_64-unknown-linux-gnu/lib/rustlib/x86_64-unknown-linux-gnu/lib/liblibc-0211a3b2e61d8689.rlib" "/opt/rustwide/rustup-home/toolchains/beta-2023-04-20-x86_64-unknown-linux-gnu/lib/rustlib/x86_64-unknown-linux-gnu/lib/liballoc-b371f055239ba51f.rlib" "/opt/rustwide/rustup-home/toolchains/beta-2023-04-20-x86_64-unknown-linux-gnu/lib/rustlib/x86_64-unknown-linux-gnu/lib/librustc_std_workspace_core-e60518d2760eb01e.rlib" "/opt/rustwide/rustup-home/toolchains/beta-2023-04-20-x86_64-unknown-linux-gnu/lib/rustlib/x86_64-unknown-linux-gnu/lib/libcore-1ad943f92a4b1081.rlib" "/opt/rustwide/rustup-home/toolchains/beta-2023-04-20-x86_64-unknown-linux-gnu/lib/rustlib/x86_64-unknown-linux-gnu/lib/libcompiler_builtins-f0d6e4d0fc1e80b4.rlib" "-Wl,-Bdynamic" "-lgcc_s" "-lutil" "-lrt" "-lpthread" "-lm" "-ldl" "-lc" "-Wl,--eh-frame-hdr" "-Wl,-z,noexecstack" "-L" "/opt/rustwide/rustup-home/toolchains/beta-2023-04-20-x86_64-unknown-linux-gnu/lib/rustlib/x86_64-unknown-linux-gnu/lib" "-o" "/opt/rustwide/target/debug/examples/04_multiple_servers-a477ab4f15be29e6" "-Wl,--gc-sections" "-pie" "-Wl,-z,relro,-z,now" "-nodefaultlibs"
[INFO] [stdout]   = note: collect2: fatal error: ld terminated with signal 9 [Killed]
[INFO] [stdout]           compilation terminated.
[INFO] [stdout]           
[INFO] [stdout] 
[INFO] [stdout] 
[INFO] [stdout] error: aborting due to previous error
[INFO] [stdout] 
[INFO] [stdout] 
[INFO] [stderr] error: could not compile `springtime-web-axum` (example "04-multiple-servers") due to 2 previous errors
[INFO] [stdout] error: linking with `cc` failed: exit status: 1
[INFO] [stdout]   |
[INFO] [stdout]   = note: LC_ALL="C" PATH="/opt/rustwide/rustup-home/toolchains/beta-2023-04-20-x86_64-unknown-linux-gnu/lib/rustlib/x86_64-unknown-linux-gnu/bin:/opt/rustwide/cargo-home/bin:/usr/local/sbin:/usr/local/bin:/usr/sbin:/usr/bin:/sbin:/bin" VSLANG="1033" "cc" "-m64" "/tmp/rustcY9eENh/symbols.o" "/opt/rustwide/target/debug/examples/00_basic_controller-f043ae14141facf6.00_basic_controller.d3990d22-cgu.0.rcgu.o" "/opt/rustwide/target/debug/examples/00_basic_controller-f043ae14141facf6.00_basic_controller.d3990d22-cgu.1.rcgu.o" "/opt/rustwide/target/debug/examples/00_basic_controller-f043ae14141facf6.00_basic_controller.d3990d22-cgu.10.rcgu.o" "/opt/rustwide/target/debug/examples/00_basic_controller-f043ae14141facf6.00_basic_controller.d3990d22-cgu.11.rcgu.o" "/opt/rustwide/target/debug/examples/00_basic_controller-f043ae14141facf6.00_basic_controller.d3990d22-cgu.12.rcgu.o" "/opt/rustwide/target/debug/examples/00_basic_controller-f043ae14141facf6.00_basic_controller.d3990d22-cgu.13.rcgu.o" "/opt/rustwide/target/debug/examples/00_basic_controller-f043ae14141facf6.00_basic_controller.d3990d22-cgu.14.rcgu.o" "/opt/rustwide/target/debug/examples/00_basic_controller-f043ae14141facf6.00_basic_controller.d3990d22-cgu.15.rcgu.o" "/opt/rustwide/target/debug/examples/00_basic_controller-f043ae14141facf6.00_basic_controller.d3990d22-cgu.2.rcgu.o" "/opt/rustwide/target/debug/examples/00_basic_controller-f043ae14141facf6.00_basic_controller.d3990d22-cgu.3.rcgu.o" "/opt/rustwide/target/debug/examples/00_basic_controller-f043ae14141facf6.00_basic_controller.d3990d22-cgu.4.rcgu.o" "/opt/rustwide/target/debug/examples/00_basic_controller-f043ae14141facf6.00_basic_controller.d3990d22-cgu.5.rcgu.o" "/opt/rustwide/target/debug/examples/00_basic_controller-f043ae14141facf6.00_basic_controller.d3990d22-cgu.6.rcgu.o" "/opt/rustwide/target/debug/examples/00_basic_controller-f043ae14141facf6.00_basic_controller.d3990d22-cgu.7.rcgu.o" "/opt/rustwide/target/debug/examples/00_basic_controller-f043ae14141facf6.00_basic_controller.d3990d22-cgu.8.rcgu.o" "/opt/rustwide/target/debug/examples/00_basic_controller-f043ae14141facf6.00_basic_controller.d3990d22-cgu.9.rcgu.o" "/opt/rustwide/target/debug/examples/00_basic_controller-f043ae14141facf6.3beve1pffevxpe4x.rcgu.o" "-Wl,--as-needed" "-L" "/opt/rustwide/target/debug/deps" "-L" "/opt/rustwide/rustup-home/toolchains/beta-2023-04-20-x86_64-unknown-linux-gnu/lib/rustlib/x86_64-unknown-linux-gnu/lib" "-Wl,-Bstatic" "/opt/rustwide/target/debug/deps/libspringtime_web_axum-c122316e62aa508a.rlib" "/opt/rustwide/target/debug/deps/libdowncast-a61e2f02279e61bc.rlib" "/opt/rustwide/target/debug/deps/libspringtime-32c0f747bd1ac0f3.rlib" "/opt/rustwide/target/debug/deps/libconfig-10177b403d22e0e4.rlib" "/opt/rustwide/target/debug/deps/libpathdiff-2c0582b45212c2ee.rlib" "/opt/rustwide/target/debug/deps/libjson5-6a1a050449a86bba.rlib" "/opt/rustwide/target/debug/deps/libpest-1c88728c28dd49aa.rlib" "/opt/rustwide/target/debug/deps/libucd_trie-437639a67f125c59.rlib" "/opt/rustwide/target/debug/deps/libron-d78b918c769b4dfc.rlib" "/opt/rustwide/target/debug/deps/libbase64-0c872e3f7d1ba17a.rlib" "/opt/rustwide/target/debug/deps/libtoml-3b614568b80dad08.rlib" "/opt/rustwide/target/debug/deps/libnom-f349c4f51bc0ac36.rlib" "/opt/rustwide/target/debug/deps/libini-af261e444308bbb1.rlib" "/opt/rustwide/target/debug/deps/libordered_multimap-2ce530e76e312861.rlib" "/opt/rustwide/target/debug/deps/libdlv_list-226fde4bc96abc2d.rlib" "/opt/rustwide/target/debug/deps/libyaml_rust-2198d6728cc3c9e1.rlib" "/opt/rustwide/target/debug/deps/liblinked_hash_map-7399290165bf36d1.rlib" "/opt/rustwide/target/debug/deps/libtracing_subscriber-b9d740e8b726cb50.rlib" "/opt/rustwide/target/debug/deps/libsmallvec-a078f506e4f080f1.rlib" "/opt/rustwide/target/debug/deps/libnu_ansi_term-e691bd5ad69208ab.rlib" "/opt/rustwide/target/debug/deps/liboverload-3c34debfac052652.rlib" "/opt/rustwide/target/debug/deps/libsharded_slab-4503bbac24f85b71.rlib" "/opt/rustwide/target/debug/deps/libmatchers-1c2dba558d7914c1.rlib" "/opt/rustwide/target/debug/deps/libregex_automata-d8e4a1bb81b623e3.rlib" "/opt/rustwide/target/debug/deps/libregex-f440d4cf4ffcb57e.rlib" "/opt/rustwide/target/debug/deps/libaho_corasick-b661dc89bb765c3e.rlib" "/opt/rustwide/target/debug/deps/libregex_syntax-8273705b0f644fe5.rlib" "/opt/rustwide/target/debug/deps/libthread_local-532c2a98d7263ceb.rlib" "/opt/rustwide/target/debug/deps/libtracing_log-178b3db486723407.rlib" "/opt/rustwide/target/debug/deps/liblazy_static-86422d76b8bd90ed.rlib" "/opt/rustwide/target/debug/deps/libspringtime_di-989b87305141d3e3.rlib" "/opt/rustwide/target/debug/deps/libinventory-7e1f7fd29f793b76.rlib" "/opt/rustwide/target/debug/deps/libthiserror-ea25184d645ab08d.rlib" "/opt/rustwide/target/debug/deps/libitertools-43d0f26167745a6a.rlib" "/opt/rustwide/target/debug/deps/libeither-5c25f04be8f4efce.rlib" "/opt/rustwide/target/debug/deps/libfxhash-e2bbac7e1bf7d43b.rlib" "/opt/rustwide/target/debug/deps/libbyteorder-614d7e4e7f7903e2.rlib" "/opt/rustwide/target/debug/deps/libfutures-2b066740e82ca774.rlib" "/opt/rustwide/target/debug/deps/libfutures_executor-9460b1c3870113fb.rlib" "/opt/rustwide/target/debug/deps/libaxum-903ab6783627859a.rlib" "/opt/rustwide/target/debug/deps/libserde_path_to_error-76bed43bc4957683.rlib" "/opt/rustwide/target/debug/deps/libserde_json-025e189e5f0366d3.rlib" "/opt/rustwide/target/debug/deps/libserde_urlencoded-5d9d62e452772054.rlib" "/opt/rustwide/target/debug/deps/libryu-b5fa14faef1dcf3b.rlib" "/opt/rustwide/target/debug/deps/libform_urlencoded-c6dce5f233f9dc81.rlib" "/opt/rustwide/target/debug/deps/libpercent_encoding-4a77b5e8a25d80c2.rlib" "/opt/rustwide/target/debug/deps/libmatchit-0273ec9ca1c926d6.rlib" "/opt/rustwide/target/debug/deps/libbitflags-610a73087f46ba3b.rlib" "/opt/rustwide/target/debug/deps/libhyper-e9573f48dcae2cea.rlib" "/opt/rustwide/target/debug/deps/libwant-35a84032a29cb9d4.rlib" "/opt/rustwide/target/debug/deps/libtry_lock-bcd858d644546236.rlib" "/opt/rustwide/target/debug/deps/libhttparse-463bd4a7f2c72ba2.rlib" "/opt/rustwide/target/debug/deps/libh2-c248d4cafc93afe9.rlib" "/opt/rustwide/target/debug/deps/libindexmap-33ffd9169fcb525a.rlib" "/opt/rustwide/target/debug/deps/libhashbrown-d1dc3cad420d96ff.rlib" "/opt/rustwide/target/debug/deps/libahash-c7c95cf2e2d9b34c.rlib" "/opt/rustwide/target/debug/deps/libgetrandom-402856a6274f0d18.rlib" "/opt/rustwide/target/debug/deps/libtokio_util-bb1f2d1ed20fb04c.rlib" "/opt/rustwide/target/debug/deps/libtracing-2de4221837fee9d7.rlib" "/opt/rustwide/target/debug/deps/libtracing_core-2c0eb9a3fc2f26e4.rlib" "/opt/rustwide/target/debug/deps/libonce_cell-4515fa40a5ce4b0c.rlib" "/opt/rustwide/target/debug/deps/libhttpdate-591d2bbb0f7914fc.rlib" "/opt/rustwide/target/debug/deps/libsync_wrapper-943eace703f76ae0.rlib" "/opt/rustwide/target/debug/deps/libserde-e6d41abfd8e403e7.rlib" "/opt/rustwide/target/debug/deps/libaxum_core-4b6696037b7b05a1.rlib" "/opt/rustwide/target/debug/deps/libmime-04f26b0b15f93981.rlib" "/opt/rustwide/target/debug/deps/libhttp_body-4061b89499f36d44.rlib" "/opt/rustwide/target/debug/deps/libtower-796767fbee8bf9c5.rlib" "/opt/rustwide/target/debug/deps/libpin_project-5d6c419d45e45b09.rlib" "/opt/rustwide/target/debug/deps/libtower_layer-f530473a04252b9f.rlib" "/opt/rustwide/target/debug/deps/libfutures_util-ba49ab9e28235261.rlib" "/opt/rustwide/target/debug/deps/libmemchr-f4ebff342237ab92.rlib" "/opt/rustwide/target/debug/deps/libfutures_io-d4a990e19af7fc59.rlib" "/opt/rustwide/target/debug/deps/libslab-7f8e952f3c0ab3c4.rlib" "/opt/rustwide/target/debug/deps/libfutures_channel-fa286582a719523c.rlib" "/opt/rustwide/target/debug/deps/libfutures_sink-443c30cbd423d6ef.rlib" "/opt/rustwide/target/debug/deps/libfutures_task-34a0ee1d6c1607f4.rlib" "/opt/rustwide/target/debug/deps/libpin_utils-501725f4e360d46d.rlib" "/opt/rustwide/target/debug/deps/libfutures_core-63bdc54a682e7df4.rlib" "/opt/rustwide/target/debug/deps/libtower_service-6e0b9a8ac2b0d4d0.rlib" "/opt/rustwide/target/debug/deps/libtokio-918f571c53152d71.rlib" "/opt/rustwide/target/debug/deps/libnum_cpus-e5d50c13ce70d2f9.rlib" "/opt/rustwide/target/debug/deps/libsocket2-d1dd936c52326e12.rlib" "/opt/rustwide/target/debug/deps/libpin_project_lite-3a747526c5b5aadd.rlib" "/opt/rustwide/target/debug/deps/libmio-9470ccb858e871bd.rlib" "/opt/rustwide/target/debug/deps/liblibc-187c0070068b05ec.rlib" "/opt/rustwide/target/debug/deps/liblog-a3fff25330ec687e.rlib" "/opt/rustwide/target/debug/deps/libcfg_if-97437e183f3ae6e4.rlib" "/opt/rustwide/target/debug/deps/libhttp-df05c4d3a64fcb1b.rlib" "/opt/rustwide/target/debug/deps/libitoa-ef51536650fd4ae2.rlib" "/opt/rustwide/target/debug/deps/libbytes-ae855e71327d1b48.rlib" "/opt/rustwide/target/debug/deps/libfnv-bb690c336855f248.rlib" "/opt/rustwide/rustup-home/toolchains/beta-2023-04-20-x86_64-unknown-linux-gnu/lib/rustlib/x86_64-unknown-linux-gnu/lib/libstd-0e29cc23c5e02021.rlib" "/opt/rustwide/rustup-home/toolchains/beta-2023-04-20-x86_64-unknown-linux-gnu/lib/rustlib/x86_64-unknown-linux-gnu/lib/libpanic_unwind-d903621768a861d9.rlib" "/opt/rustwide/rustup-home/toolchains/beta-2023-04-20-x86_64-unknown-linux-gnu/lib/rustlib/x86_64-unknown-linux-gnu/lib/libobject-6d0225e655f31c13.rlib" "/opt/rustwide/rustup-home/toolchains/beta-2023-04-20-x86_64-unknown-linux-gnu/lib/rustlib/x86_64-unknown-linux-gnu/lib/libmemchr-9dbaf4eac7eaa079.rlib" "/opt/rustwide/rustup-home/toolchains/beta-2023-04-20-x86_64-unknown-linux-gnu/lib/rustlib/x86_64-unknown-linux-gnu/lib/libaddr2line-27f05b3d42a66dd0.rlib" "/opt/rustwide/rustup-home/toolchains/beta-2023-04-20-x86_64-unknown-linux-gnu/lib/rustlib/x86_64-unknown-linux-gnu/lib/libgimli-4d73f1030321c9a2.rlib" "/opt/rustwide/rustup-home/toolchains/beta-2023-04-20-x86_64-unknown-linux-gnu/lib/rustlib/x86_64-unknown-linux-gnu/lib/librustc_demangle-2846c9e58abd0acb.rlib" "/opt/rustwide/rustup-home/toolchains/beta-2023-04-20-x86_64-unknown-linux-gnu/lib/rustlib/x86_64-unknown-linux-gnu/lib/libstd_detect-a53d0f50415947be.rlib" "/opt/rustwide/rustup-home/toolchains/beta-2023-04-20-x86_64-unknown-linux-gnu/lib/rustlib/x86_64-unknown-linux-gnu/lib/libhashbrown-d48e4b6abc25b9dc.rlib" "/opt/rustwide/rustup-home/toolchains/beta-2023-04-20-x86_64-unknown-linux-gnu/lib/rustlib/x86_64-unknown-linux-gnu/lib/libminiz_oxide-2991859439ef1207.rlib" "/opt/rustwide/rustup-home/toolchains/beta-2023-04-20-x86_64-unknown-linux-gnu/lib/rustlib/x86_64-unknown-linux-gnu/lib/libadler-8a687517e4221bae.rlib" "/opt/rustwide/rustup-home/toolchains/beta-2023-04-20-x86_64-unknown-linux-gnu/lib/rustlib/x86_64-unknown-linux-gnu/lib/librustc_std_workspace_alloc-e07b554f6a67f5b3.rlib" "/opt/rustwide/rustup-home/toolchains/beta-2023-04-20-x86_64-unknown-linux-gnu/lib/rustlib/x86_64-unknown-linux-gnu/lib/libunwind-b68238b7c3c619dd.rlib" "/opt/rustwide/rustup-home/toolchains/beta-2023-04-20-x86_64-unknown-linux-gnu/lib/rustlib/x86_64-unknown-linux-gnu/lib/libcfg_if-d5e213e896c017e4.rlib" "/opt/rustwide/rustup-home/toolchains/beta-2023-04-20-x86_64-unknown-linux-gnu/lib/rustlib/x86_64-unknown-linux-gnu/lib/liblibc-0211a3b2e61d8689.rlib" "/opt/rustwide/rustup-home/toolchains/beta-2023-04-20-x86_64-unknown-linux-gnu/lib/rustlib/x86_64-unknown-linux-gnu/lib/liballoc-b371f055239ba51f.rlib" "/opt/rustwide/rustup-home/toolchains/beta-2023-04-20-x86_64-unknown-linux-gnu/lib/rustlib/x86_64-unknown-linux-gnu/lib/librustc_std_workspace_core-e60518d2760eb01e.rlib" "/opt/rustwide/rustup-home/toolchains/beta-2023-04-20-x86_64-unknown-linux-gnu/lib/rustlib/x86_64-unknown-linux-gnu/lib/libcore-1ad943f92a4b1081.rlib" "/opt/rustwide/rustup-home/toolchains/beta-2023-04-20-x86_64-unknown-linux-gnu/lib/rustlib/x86_64-unknown-linux-gnu/lib/libcompiler_builtins-f0d6e4d0fc1e80b4.rlib" "-Wl,-Bdynamic" "-lgcc_s" "-lutil" "-lrt" "-lpthread" "-lm" "-ldl" "-lc" "-Wl,--eh-frame-hdr" "-Wl,-z,noexecstack" "-L" "/opt/rustwide/rustup-home/toolchains/beta-2023-04-20-x86_64-unknown-linux-gnu/lib/rustlib/x86_64-unknown-linux-gnu/lib" "-o" "/opt/rustwide/target/debug/examples/00_basic_controller-f043ae14141facf6" "-Wl,--gc-sections" "-pie" "-Wl,-z,relro,-z,now" "-nodefaultlibs"
[INFO] [stdout]   = note: collect2: fatal error: ld terminated with signal 9 [Killed]
[INFO] [stdout]           compilation terminated.
[INFO] [stdout]           
[INFO] [stdout] 
[INFO] [stdout] 
[INFO] [stdout] error: aborting due to previous error
[INFO] [stdout] 
[INFO] [stdout] 
[INFO] [stderr] error: could not compile `springtime-web-axum` (example "00-basic-controller") due to 2 previous errors
[INFO] running `Command { std: "docker" "inspect" "4e716da6f2de712ee80df2c4fa842c6a67c38881814c9d38f460c6183cbadb13", kill_on_drop: false }`
[INFO] running `Command { std: "docker" "rm" "-f" "4e716da6f2de712ee80df2c4fa842c6a67c38881814c9d38f460c6183cbadb13", kill_on_drop: false }`
[INFO] [stdout] 4e716da6f2de712ee80df2c4fa842c6a67c38881814c9d38f460c6183cbadb13
