[INFO] fetching crate springql 0.18.1...
[INFO] testing springql-0.18.1 against beta-2023-04-20 for beta-1.70-1
[INFO] extracting crate springql 0.18.1 into /workspace/builds/worker-6-tc2/source
[INFO] validating manifest of crates.io crate springql 0.18.1 on toolchain beta-2023-04-20
[INFO] running `Command { std: CARGO_HOME="/workspace/cargo-home" RUSTUP_HOME="/workspace/rustup-home" "/workspace/cargo-home/bin/cargo" "+beta-2023-04-20" "metadata" "--manifest-path" "Cargo.toml" "--no-deps", kill_on_drop: false }`
[INFO] started tweaking crates.io crate springql 0.18.1
[INFO] finished tweaking crates.io crate springql 0.18.1
[INFO] tweaked toml for crates.io crate springql 0.18.1 written to /workspace/builds/worker-6-tc2/source/Cargo.toml
[INFO] crate crates.io crate springql 0.18.1 already has a lockfile, it will not be regenerated
[INFO] running `Command { std: CARGO_HOME="/workspace/cargo-home" RUSTUP_HOME="/workspace/rustup-home" "/workspace/cargo-home/bin/cargo" "+beta-2023-04-20" "fetch" "--manifest-path" "Cargo.toml", kill_on_drop: false }`
[INFO] [stderr]     Updating crates.io index
[INFO] [stderr]  Downloading crates ...
[INFO] [stderr]   Downloaded try_from v0.2.2
[INFO] [stderr]   Downloaded socketcan v1.7.0
[INFO] [stderr]   Downloaded log-panics v2.1.0
[INFO] [stderr]   Downloaded springql-core v0.18.1
[INFO] [stderr]   Downloaded openssl-sys v0.9.76
[INFO] [stderr]   Downloaded itertools v0.4.19
[INFO] [stderr]   Downloaded time v0.3.15
[INFO] [stderr]   Downloaded nix v0.5.1
[INFO] [stderr]   Downloaded ordered-float v3.2.0
[INFO] [stderr]   Downloaded bitflags v0.4.0
[INFO] running `Command { std: "docker" "create" "-v" "/var/lib/crater-agent-workspace/builds/worker-6-tc2/target:/opt/rustwide/target:rw,Z" "-v" "/var/lib/crater-agent-workspace/builds/worker-6-tc2/source:/opt/rustwide/workdir:ro,Z" "-v" "/var/lib/crater-agent-workspace/cargo-home:/opt/rustwide/cargo-home:ro,Z" "-v" "/var/lib/crater-agent-workspace/rustup-home:/opt/rustwide/rustup-home:ro,Z" "-e" "SOURCE_DIR=/opt/rustwide/workdir" "-e" "CARGO_TARGET_DIR=/opt/rustwide/target" "-e" "CARGO_HOME=/opt/rustwide/cargo-home" "-e" "RUSTUP_HOME=/opt/rustwide/rustup-home" "-w" "/opt/rustwide/workdir" "-m" "1610612736" "--user" "0:0" "--network" "none" "ghcr.io/rust-lang/crates-build-env/linux@sha256:5ff2268d62e97bff2cde7d5815dd6ed5b47097566f13b8d0ca110b04b60e07ed" "/opt/rustwide/cargo-home/bin/cargo" "+beta-2023-04-20" "metadata" "--no-deps" "--format-version=1", kill_on_drop: false }`
[INFO] [stdout] 6dcb9d5db3e9015e03c55c54dd6a655e2c9ec9f399db527e7a9ce519430fea58
[INFO] running `Command { std: "docker" "start" "-a" "6dcb9d5db3e9015e03c55c54dd6a655e2c9ec9f399db527e7a9ce519430fea58", kill_on_drop: false }`
[INFO] running `Command { std: "docker" "inspect" "6dcb9d5db3e9015e03c55c54dd6a655e2c9ec9f399db527e7a9ce519430fea58", kill_on_drop: false }`
[INFO] running `Command { std: "docker" "rm" "-f" "6dcb9d5db3e9015e03c55c54dd6a655e2c9ec9f399db527e7a9ce519430fea58", kill_on_drop: false }`
[INFO] [stdout] 6dcb9d5db3e9015e03c55c54dd6a655e2c9ec9f399db527e7a9ce519430fea58
[INFO] running `Command { std: "docker" "create" "-v" "/var/lib/crater-agent-workspace/builds/worker-6-tc2/target:/opt/rustwide/target:rw,Z" "-v" "/var/lib/crater-agent-workspace/builds/worker-6-tc2/source:/opt/rustwide/workdir:ro,Z" "-v" "/var/lib/crater-agent-workspace/cargo-home:/opt/rustwide/cargo-home:ro,Z" "-v" "/var/lib/crater-agent-workspace/rustup-home:/opt/rustwide/rustup-home:ro,Z" "-e" "SOURCE_DIR=/opt/rustwide/workdir" "-e" "CARGO_TARGET_DIR=/opt/rustwide/target" "-e" "CARGO_INCREMENTAL=0" "-e" "RUST_BACKTRACE=full" "-e" "RUSTFLAGS=--cap-lints=warn" "-e" "RUSTDOCFLAGS=--cap-lints=warn" "-e" "CARGO_HOME=/opt/rustwide/cargo-home" "-e" "RUSTUP_HOME=/opt/rustwide/rustup-home" "-w" "/opt/rustwide/workdir" "-m" "1610612736" "--user" "0:0" "--network" "none" "ghcr.io/rust-lang/crates-build-env/linux@sha256:5ff2268d62e97bff2cde7d5815dd6ed5b47097566f13b8d0ca110b04b60e07ed" "/opt/rustwide/cargo-home/bin/cargo" "+beta-2023-04-20" "build" "--frozen" "--message-format=json", kill_on_drop: false }`
[INFO] [stdout] 44803b858e77c273c82a5d77dd07dc1bac5d7021e1b1a7c4f43b2a9e1f2fb684
[INFO] running `Command { std: "docker" "start" "-a" "44803b858e77c273c82a5d77dd07dc1bac5d7021e1b1a7c4f43b2a9e1f2fb684", kill_on_drop: false }`
[INFO] [stderr]    Compiling libc v0.2.134
[INFO] [stderr]    Compiling proc-macro2 v1.0.46
[INFO] [stderr]    Compiling unicode-ident v1.0.4
[INFO] [stderr]    Compiling syn v1.0.102
[INFO] [stderr]    Compiling log v0.4.17
[INFO] [stderr]    Compiling cc v1.0.73
[INFO] [stderr]    Compiling once_cell v1.15.0
[INFO] [stderr]    Compiling pkg-config v0.3.25
[INFO] [stderr]    Compiling pin-project-lite v0.2.9
[INFO] [stderr]    Compiling futures-core v0.3.24
[INFO] [stderr]    Compiling bytes v1.2.1
[INFO] [stderr]    Compiling tokio v1.21.2
[INFO] [stderr]    Compiling serde_derive v1.0.145
[INFO] [stderr]    Compiling indexmap v1.9.1
[INFO] [stderr]    Compiling slab v0.4.7
[INFO] [stderr]    Compiling futures-task v0.3.24
[INFO] [stderr]    Compiling serde v1.0.145
[INFO] [stderr]    Compiling foreign-types-shared v0.1.1
[INFO] [stderr]    Compiling tracing-core v0.1.30
[INFO] [stderr]    Compiling openssl v0.10.42
[INFO] [stderr]    Compiling fnv v1.0.7
[INFO] [stderr]    Compiling hashbrown v0.12.3
[INFO] [stderr]    Compiling thiserror v1.0.37
[INFO] [stderr]    Compiling futures-util v0.3.24
[INFO] [stderr]    Compiling http v0.2.8
[INFO] [stderr]    Compiling foreign-types v0.3.2
[INFO] [stderr]    Compiling futures-sink v0.3.24
[INFO] [stderr]    Compiling httparse v1.8.0
[INFO] [stderr]    Compiling futures-io v0.3.24
[INFO] [stderr]    Compiling tinyvec_macros v0.1.0
[INFO] [stderr]    Compiling futures-channel v0.3.24
[INFO] [stderr]    Compiling native-tls v0.2.10
[INFO] [stderr]    Compiling tinyvec v1.6.0
[INFO] [stderr]    Compiling openssl-probe v0.1.5
[INFO] [stderr]    Compiling try-lock v0.2.3
[INFO] [stderr]    Compiling tracing v0.1.37
[INFO] [stderr]    Compiling percent-encoding v2.2.0
[INFO] [stderr]    Compiling ucd-trie v0.1.5
[INFO] [stderr]    Compiling want v0.3.0
[INFO] [stderr]    Compiling quote v1.0.21
[INFO] [stderr]    Compiling num-traits v0.2.15
[INFO] [stderr]    Compiling lock_api v0.4.9
[INFO] [stderr]    Compiling form_urlencoded v1.1.0
[INFO] [stderr]    Compiling serde_json v1.0.85
[INFO] [stderr]    Compiling tower-service v0.3.2
[INFO] [stderr]    Compiling openssl-sys v0.9.76
[INFO] [stderr]    Compiling num_cpus v1.13.1
[INFO] [stderr]    Compiling socket2 v0.4.7
[INFO] [stderr]    Compiling mio v0.8.4
[INFO] [stderr]    Compiling getrandom v0.2.7
[INFO] [stderr]    Compiling backtrace v0.3.66
[INFO] [stderr]    Compiling async-trait v0.1.57
[INFO] [stderr]    Compiling unicode-bidi v0.3.8
[INFO] [stderr]    Compiling parking_lot_core v0.9.3
[INFO] [stderr]    Compiling httpdate v1.0.2
[INFO] [stderr]    Compiling adler v1.0.2
[INFO] [stderr]    Compiling http-body v0.4.5
[INFO] [stderr]    Compiling encoding_rs v0.8.31
[INFO] [stderr]    Compiling unicode-normalization v0.1.22
[INFO] [stderr]    Compiling gimli v0.26.2
[INFO] [stderr]    Compiling rand_core v0.6.4
[INFO] [stderr]    Compiling miniz_oxide v0.5.4
[INFO] [stderr]    Compiling object v0.29.0
[INFO] [stderr]    Compiling ppv-lite86 v0.2.16
[INFO] [stderr]    Compiling minimal-lexical v0.2.1
[INFO] [stderr]    Compiling smallvec v1.10.0
[INFO] [stderr]    Compiling scopeguard v1.1.0
[INFO] [stderr]    Compiling idna v0.3.0
[INFO] [stderr]    Compiling rustc-demangle v0.1.21
[INFO] [stderr]    Compiling regex-syntax v0.6.27
[INFO] [stderr]    Compiling bitflags v0.4.0
[INFO] [stderr]    Compiling anyhow v1.0.65
[INFO] [stderr]    Compiling rand_chacha v0.3.1
[INFO] [stderr]    Compiling nom v7.1.1
[INFO] [stderr]    Compiling nix v0.5.1
[INFO] [stderr]    Compiling url v2.3.1
[INFO] [stderr]    Compiling atty v0.2.14
[INFO] [stderr]    Compiling humantime v2.1.0
[INFO] [stderr]    Compiling base64 v0.13.0
[INFO] [stderr]    Compiling time-macros v0.2.4
[INFO] [stderr]    Compiling hex v0.2.0
[INFO] [stderr]    Compiling fixedbitset v0.4.2
[INFO] [stderr]    Compiling num_threads v0.1.6
[INFO] [stderr]    Compiling ipnet v2.5.0
[INFO] [stderr]    Compiling lazy_static v1.4.0
[INFO] [stderr]    Compiling try_from v0.2.2
[INFO] [stderr]    Compiling mime v0.3.16
[INFO] [stderr]    Compiling itertools v0.4.19
[INFO] [stderr]    Compiling pathdiff v0.2.1
[INFO] [stderr]    Compiling ordered-float v3.2.0
[INFO] [stderr]    Compiling petgraph v0.6.2
[INFO] [stderr]    Compiling regex v1.6.0
[INFO] [stderr]    Compiling addr2line v0.17.0
[INFO] [stderr]    Compiling parking_lot v0.12.1
[INFO] [stderr]    Compiling socketcan v1.7.0
[INFO] [stderr]    Compiling rand v0.8.5
[INFO] [stderr]    Compiling env_logger v0.9.1
[INFO] [stderr]    Compiling time v0.3.15
[INFO] [stderr]    Compiling tokio-util v0.7.4
[INFO] [stderr]    Compiling log-panics v2.1.0
[INFO] [stderr]    Compiling thiserror-impl v1.0.37
[INFO] [stderr]    Compiling openssl-macros v0.1.0
[INFO] [stderr]    Compiling derive-new v0.5.9
[INFO] [stderr]    Compiling h2 v0.3.14
[INFO] [stderr]    Compiling pest v2.4.0
[INFO] [stderr]    Compiling pest_meta v2.4.0
[INFO] [stderr]    Compiling hyper v0.14.20
[INFO] [stderr]    Compiling pest_generator v2.4.0
[INFO] [stderr]    Compiling pest_derive v2.4.0
[INFO] [stderr]    Compiling tokio-native-tls v0.3.0
[INFO] [stderr]    Compiling hyper-tls v0.5.0
[INFO] [stderr]    Compiling toml v0.5.9
[INFO] [stderr]    Compiling serde_urlencoded v0.7.1
[INFO] [stderr]    Compiling reqwest v0.11.12
[INFO] [stderr]    Compiling config v0.13.2
[INFO] [stderr]    Compiling springql-core v0.18.1
[INFO] [stderr]    Compiling springql v0.18.1 (/opt/rustwide/workdir)
[INFO] [stderr]     Finished dev [unoptimized + debuginfo] target(s) in 46.66s
[INFO] running `Command { std: "docker" "inspect" "44803b858e77c273c82a5d77dd07dc1bac5d7021e1b1a7c4f43b2a9e1f2fb684", kill_on_drop: false }`
[INFO] running `Command { std: "docker" "rm" "-f" "44803b858e77c273c82a5d77dd07dc1bac5d7021e1b1a7c4f43b2a9e1f2fb684", kill_on_drop: false }`
[INFO] [stdout] 44803b858e77c273c82a5d77dd07dc1bac5d7021e1b1a7c4f43b2a9e1f2fb684
[INFO] running `Command { std: "docker" "create" "-v" "/var/lib/crater-agent-workspace/builds/worker-6-tc2/target:/opt/rustwide/target:rw,Z" "-v" "/var/lib/crater-agent-workspace/builds/worker-6-tc2/source:/opt/rustwide/workdir:ro,Z" "-v" "/var/lib/crater-agent-workspace/cargo-home:/opt/rustwide/cargo-home:ro,Z" "-v" "/var/lib/crater-agent-workspace/rustup-home:/opt/rustwide/rustup-home:ro,Z" "-e" "SOURCE_DIR=/opt/rustwide/workdir" "-e" "CARGO_TARGET_DIR=/opt/rustwide/target" "-e" "CARGO_INCREMENTAL=0" "-e" "RUST_BACKTRACE=full" "-e" "RUSTFLAGS=--cap-lints=warn" "-e" "RUSTDOCFLAGS=--cap-lints=warn" "-e" "CARGO_HOME=/opt/rustwide/cargo-home" "-e" "RUSTUP_HOME=/opt/rustwide/rustup-home" "-w" "/opt/rustwide/workdir" "-m" "1610612736" "--user" "0:0" "--network" "none" "ghcr.io/rust-lang/crates-build-env/linux@sha256:5ff2268d62e97bff2cde7d5815dd6ed5b47097566f13b8d0ca110b04b60e07ed" "/opt/rustwide/cargo-home/bin/cargo" "+beta-2023-04-20" "test" "--frozen" "--no-run" "--message-format=json", kill_on_drop: false }`
[INFO] [stdout] 5667987650c6d34ac4fd10c3a5b9996c664d74973bf558e9308ad0eb6e9e76ce
[INFO] running `Command { std: "docker" "start" "-a" "5667987650c6d34ac4fd10c3a5b9996c664d74973bf558e9308ad0eb6e9e76ce", kill_on_drop: false }`
[INFO] [stderr]    Compiling yansi v0.5.1
[INFO] [stderr]    Compiling diff v0.1.13
[INFO] [stderr]    Compiling tempfile v3.3.0
[INFO] [stderr]    Compiling float-cmp v0.9.0
[INFO] [stderr]    Compiling pretty_assertions v1.3.0
[INFO] [stderr]    Compiling springql v0.18.1 (/opt/rustwide/workdir)
[INFO] [stdout] error[E0433]: failed to resolve: use of undeclared crate or module `springql_foreign_service`
[INFO] [stdout]  --> tests/test_support/mod.rs:6:5
[INFO] [stdout]   |
[INFO] [stdout] 6 | use springql_foreign_service::sink::ForeignSink;
[INFO] [stdout]   |     ^^^^^^^^^^^^^^^^^^^^^^^^ use of undeclared crate or module `springql_foreign_service`
[INFO] [stdout] 
[INFO] [stdout] 
[INFO] [stdout] error[E0433]: failed to resolve: use of undeclared crate or module `springql_foreign_service`
[INFO] [stdout]  --> tests/e2e_sampling.rs:8:5
[INFO] [stdout]   |
[INFO] [stdout] 8 | use springql_foreign_service::{
[INFO] [stdout]   |     ^^^^^^^^^^^^^^^^^^^^^^^^ use of undeclared crate or module `springql_foreign_service`
[INFO] [stdout] 
[INFO] [stdout] 
[INFO] [stdout] error[E0432]: unresolved import `springql_test_logger`
[INFO] [stdout]   --> tests/e2e_sampling.rs:12:5
[INFO] [stdout]    |
[INFO] [stdout] 12 | use springql_test_logger::setup_test_logger;
[INFO] [stdout]    |     ^^^^^^^^^^^^^^^^^^^^ use of undeclared crate or module `springql_test_logger`
[INFO] [stdout] 
[INFO] [stdout] 
[INFO] [stdout] error[E0433]: failed to resolve: use of undeclared crate or module `springql_foreign_service`
[INFO] [stdout]  --> tests/test_support/mod.rs:6:5
[INFO] [stdout]   |
[INFO] [stdout] 6 | use springql_foreign_service::sink::ForeignSink;
[INFO] [stdout]   |     ^^^^^^^^^^^^^^^^^^^^^^^^ use of undeclared crate or module `springql_foreign_service`
[INFO] [stdout] 
[INFO] [stdout] 
[INFO] [stdout] error[E0433]: failed to resolve: use of undeclared crate or module `springql_foreign_service`
[INFO] [stdout]   --> tests/feat_purger.rs:11:5
[INFO] [stdout]    |
[INFO] [stdout] 11 | use springql_foreign_service::{
[INFO] [stdout]    |     ^^^^^^^^^^^^^^^^^^^^^^^^ use of undeclared crate or module `springql_foreign_service`
[INFO] [stdout] 
[INFO] [stdout] 
[INFO] [stdout] error[E0432]: unresolved import `springql_test_logger`
[INFO] [stdout]   --> tests/feat_purger.rs:15:5
[INFO] [stdout]    |
[INFO] [stdout] 15 | use springql_test_logger::setup_test_logger_with_level;
[INFO] [stdout]    |     ^^^^^^^^^^^^^^^^^^^^ use of undeclared crate or module `springql_test_logger`
[INFO] [stdout] 
[INFO] [stdout] 
[INFO] [stdout] error[E0433]: failed to resolve: use of undeclared crate or module `springql_foreign_service`
[INFO] [stdout]  --> tests/test_support/mod.rs:6:5
[INFO] [stdout]   |
[INFO] [stdout] 6 | use springql_foreign_service::sink::ForeignSink;
[INFO] [stdout]   |     ^^^^^^^^^^^^^^^^^^^^^^^^ use of undeclared crate or module `springql_foreign_service`
[INFO] [stdout] 
[INFO] [stdout] 
[INFO] [stdout] error[E0433]: failed to resolve: use of undeclared crate or module `springql_foreign_service`
[INFO] [stdout]  --> tests/feat_processing_time.rs:8:5
[INFO] [stdout]   |
[INFO] [stdout] 8 | use springql_foreign_service::{
[INFO] [stdout]   |     ^^^^^^^^^^^^^^^^^^^^^^^^ use of undeclared crate or module `springql_foreign_service`
[INFO] [stdout] 
[INFO] [stdout] 
[INFO] [stdout] error[E0432]: unresolved import `springql_test_logger`
[INFO] [stdout]   --> tests/feat_processing_time.rs:12:5
[INFO] [stdout]    |
[INFO] [stdout] 12 | use springql_test_logger::setup_test_logger;
[INFO] [stdout]    |     ^^^^^^^^^^^^^^^^^^^^ use of undeclared crate or module `springql_test_logger`
[INFO] [stdout] 
[INFO] [stdout] 
[INFO] [stdout] error[E0433]: failed to resolve: use of undeclared crate or module `springql_foreign_service`
[INFO] [stdout]  --> tests/test_support/mod.rs:6:5
[INFO] [stdout]   |
[INFO] [stdout] 6 | use springql_foreign_service::sink::ForeignSink;
[INFO] [stdout]   |     ^^^^^^^^^^^^^^^^^^^^^^^^ use of undeclared crate or module `springql_foreign_service`
[INFO] [stdout] 
[INFO] [stdout] 
[INFO] [stdout] error[E0433]: failed to resolve: use of undeclared crate or module `springql_foreign_service`
[INFO] [stdout]  --> tests/feat_numerical_ops.rs:9:5
[INFO] [stdout]   |
[INFO] [stdout] 9 | use springql_foreign_service::{
[INFO] [stdout]   |     ^^^^^^^^^^^^^^^^^^^^^^^^ use of undeclared crate or module `springql_foreign_service`
[INFO] [stdout] 
[INFO] [stdout] 
[INFO] [stdout] error[E0432]: unresolved import `springql_test_logger`
[INFO] [stdout]   --> tests/feat_numerical_ops.rs:13:5
[INFO] [stdout]    |
[INFO] [stdout] 13 | use springql_test_logger::setup_test_logger;
[INFO] [stdout]    |     ^^^^^^^^^^^^^^^^^^^^ use of undeclared crate or module `springql_test_logger`
[INFO] [stdout] 
[INFO] [stdout] 
[INFO] [stdout] error[E0433]: failed to resolve: use of undeclared crate or module `springql_foreign_service`
[INFO] [stdout]  --> tests/test_support/mod.rs:6:5
[INFO] [stdout]   |
[INFO] [stdout] 6 | use springql_foreign_service::sink::ForeignSink;
[INFO] [stdout]   |     ^^^^^^^^^^^^^^^^^^^^^^^^ use of undeclared crate or module `springql_foreign_service`
[INFO] [stdout] 
[INFO] [stdout] 
[INFO] [stdout] error[E0433]: failed to resolve: use of undeclared crate or module `springql_foreign_service`
[INFO] [stdout]  --> tests/feat_logical_ops.rs:8:5
[INFO] [stdout]   |
[INFO] [stdout] 8 | use springql_foreign_service::{
[INFO] [stdout]   |     ^^^^^^^^^^^^^^^^^^^^^^^^ use of undeclared crate or module `springql_foreign_service`
[INFO] [stdout] 
[INFO] [stdout] 
[INFO] [stdout] error[E0432]: unresolved import `springql_test_logger`
[INFO] [stdout]   --> tests/feat_logical_ops.rs:12:5
[INFO] [stdout]    |
[INFO] [stdout] 12 | use springql_test_logger::setup_test_logger;
[INFO] [stdout]    |     ^^^^^^^^^^^^^^^^^^^^ use of undeclared crate or module `springql_test_logger`
[INFO] [stdout] 
[INFO] [stdout] 
[INFO] [stdout] error[E0433]: failed to resolve: use of undeclared crate or module `springql_foreign_service`
[INFO] [stdout]  --> tests/test_support/mod.rs:6:5
[INFO] [stdout]   |
[INFO] [stdout] 6 | use springql_foreign_service::sink::ForeignSink;
[INFO] [stdout]   |     ^^^^^^^^^^^^^^^^^^^^^^^^ use of undeclared crate or module `springql_foreign_service`
[INFO] [stdout] 
[INFO] [stdout] 
[INFO] [stdout] error[E0433]: failed to resolve: use of undeclared crate or module `springql_foreign_service`
[INFO] [stdout]   --> tests/feat_performance_metrics_report.rs:14:5
[INFO] [stdout]    |
[INFO] [stdout] 14 | use springql_foreign_service::{
[INFO] [stdout]    |     ^^^^^^^^^^^^^^^^^^^^^^^^ use of undeclared crate or module `springql_foreign_service`
[INFO] [stdout] 
[INFO] [stdout] 
[INFO] [stdout] error[E0432]: unresolved import `springql_test_logger`
[INFO] [stdout]   --> tests/feat_performance_metrics_report.rs:18:5
[INFO] [stdout]    |
[INFO] [stdout] 18 | use springql_test_logger::setup_test_logger;
[INFO] [stdout]    |     ^^^^^^^^^^^^^^^^^^^^ use of undeclared crate or module `springql_test_logger`
[INFO] [stdout] 
[INFO] [stdout] 
[INFO] [stdout] error[E0433]: failed to resolve: use of undeclared crate or module `springql_foreign_service`
[INFO] [stdout]  --> tests/test_support/mod.rs:6:5
[INFO] [stdout]   |
[INFO] [stdout] 6 | use springql_foreign_service::sink::ForeignSink;
[INFO] [stdout]   |     ^^^^^^^^^^^^^^^^^^^^^^^^ use of undeclared crate or module `springql_foreign_service`
[INFO] [stdout] 
[INFO] [stdout] 
[INFO] [stdout] error[E0433]: failed to resolve: use of undeclared crate or module `springql_foreign_service`
[INFO] [stdout]  --> tests/feat_timestamp_ops.rs:8:5
[INFO] [stdout]   |
[INFO] [stdout] 8 | use springql_foreign_service::{
[INFO] [stdout]   |     ^^^^^^^^^^^^^^^^^^^^^^^^ use of undeclared crate or module `springql_foreign_service`
[INFO] [stdout] 
[INFO] [stdout] 
[INFO] [stdout] error[E0432]: unresolved import `springql_test_logger`
[INFO] [stdout]   --> tests/feat_timestamp_ops.rs:12:5
[INFO] [stdout]    |
[INFO] [stdout] 12 | use springql_test_logger::setup_test_logger;
[INFO] [stdout]    |     ^^^^^^^^^^^^^^^^^^^^ use of undeclared crate or module `springql_test_logger`
[INFO] [stdout] 
[INFO] [stdout] 
[INFO] [stdout] error[E0433]: failed to resolve: use of undeclared crate or module `springql_foreign_service`
[INFO] [stdout]  --> tests/test_support/mod.rs:6:5
[INFO] [stdout]   |
[INFO] [stdout] 6 | use springql_foreign_service::sink::ForeignSink;
[INFO] [stdout]   |     ^^^^^^^^^^^^^^^^^^^^^^^^ use of undeclared crate or module `springql_foreign_service`
[INFO] [stdout] 
[INFO] [stdout] 
[INFO] [stdout] error[E0433]: failed to resolve: use of undeclared crate or module `springql_foreign_service`
[INFO] [stdout]  --> tests/e2e_connect_2_pipelines.rs:7:5
[INFO] [stdout]   |
[INFO] [stdout] 7 | use springql_foreign_service::{
[INFO] [stdout]   |     ^^^^^^^^^^^^^^^^^^^^^^^^ use of undeclared crate or module `springql_foreign_service`
[INFO] [stdout] 
[INFO] [stdout] 
[INFO] [stdout] error[E0433]: failed to resolve: use of undeclared crate or module `springql_foreign_service`
[INFO] [stdout]  --> tests/test_support/mod.rs:6:5
[INFO] [stdout]   |
[INFO] [stdout] 6 | use springql_foreign_service::sink::ForeignSink;
[INFO] [stdout]   |     ^^^^^^^^^^^^^^^^^^^^^^^^ use of undeclared crate or module `springql_foreign_service`
[INFO] [stdout] 
[INFO] [stdout] 
[INFO] [stdout] error[E0433]: failed to resolve: use of undeclared crate or module `springql_foreign_service`
[INFO] [stdout]  --> tests/e2e_high_level_rs.rs:9:5
[INFO] [stdout]   |
[INFO] [stdout] 9 | use springql_foreign_service::{
[INFO] [stdout]   |     ^^^^^^^^^^^^^^^^^^^^^^^^ use of undeclared crate or module `springql_foreign_service`
[INFO] [stdout] 
[INFO] [stdout] 
[INFO] [stdout] error[E0432]: unresolved import `springql_test_logger`
[INFO] [stdout]   --> tests/e2e_high_level_rs.rs:13:5
[INFO] [stdout]    |
[INFO] [stdout] 13 | use springql_test_logger::setup_test_logger;
[INFO] [stdout]    |     ^^^^^^^^^^^^^^^^^^^^ use of undeclared crate or module `springql_test_logger`
[INFO] [stdout] 
[INFO] [stdout] 
[INFO] [stdout] error: aborting due to 3 previous errors
[INFO] [stdout] 
[INFO] [stdout] 
[INFO] [stdout] error: aborting due to 3 previous errors
[INFO] [stdout] 
[INFO] [stdout] 
[INFO] [stdout] Some errors have detailed explanations: E0432, E0433.
[INFO] [stdout] 
[INFO] [stdout] For more information about an error, try `rustc --explain E0432`.
[INFO] [stdout] 
[INFO] [stdout] error[E0433]: failed to resolve: use of undeclared crate or module `springql_foreign_service`
[INFO] [stdout]  --> tests/test_support/mod.rs:6:5
[INFO] [stdout]   |
[INFO] [stdout] 6 | use springql_foreign_service::sink::ForeignSink;
[INFO] [stdout]   |     ^^^^^^^^^^^^^^^^^^^^^^^^ use of undeclared crate or module `springql_foreign_service`
[INFO] [stdout] 
[INFO] [stdout] 
[INFO] [stdout] Some errors have detailed explanations: E0432, E0433.
[INFO] [stdout] 
[INFO] [stdout] For more information about an error, try `rustc --explain E0432`.
[INFO] [stdout] 
[INFO] [stderr] error: could not compile `springql` (test "feat_performance_metrics_report") due to 4 previous errors
[INFO] [stderr] warning: build failed, waiting for other jobs to finish...
[INFO] [stderr] error: could not compile `springql` (test "feat_purger") due to 4 previous errors
[INFO] [stdout] error: aborting due to 3 previous errors
[INFO] [stdout] 
[INFO] [stdout] 
[INFO] [stdout] Some errors have detailed explanations: E0432, E0433.
[INFO] [stdout] 
[INFO] [stdout] For more information about an error, try `rustc --explain E0432`.
[INFO] [stdout] 
[INFO] [stderr] error: could not compile `springql` (test "feat_numerical_ops") due to 4 previous errors
[INFO] [stdout] error: aborting due to 3 previous errors
[INFO] [stdout] 
[INFO] [stdout] 
[INFO] [stdout] Some errors have detailed explanations: E0432, E0433.
[INFO] [stdout] 
[INFO] [stdout] For more information about an error, try `rustc --explain E0432`.
[INFO] [stdout] 
[INFO] [stderr] error: could not compile `springql` (test "feat_timestamp_ops") due to 4 previous errors
[INFO] [stdout] error: aborting due to 3 previous errors
[INFO] [stdout] 
[INFO] [stdout] 
[INFO] [stdout] Some errors have detailed explanations: E0432, E0433.
[INFO] [stdout] 
[INFO] [stdout] For more information about an error, try `rustc --explain E0432`.
[INFO] [stdout] 
[INFO] [stderr] error: could not compile `springql` (test "feat_processing_time") due to 4 previous errors
[INFO] [stdout] error: aborting due to 3 previous errors
[INFO] [stdout] 
[INFO] [stdout] 
[INFO] [stdout] Some errors have detailed explanations: E0432, E0433.
[INFO] [stdout] 
[INFO] [stdout] For more information about an error, try `rustc --explain E0432`.
[INFO] [stdout] 
[INFO] [stderr] error: could not compile `springql` (test "feat_logical_ops") due to 4 previous errors
[INFO] [stdout] error: aborting due to 3 previous errors
[INFO] [stdout] 
[INFO] [stdout] 
[INFO] [stdout] Some errors have detailed explanations: E0432, E0433.
[INFO] [stdout] 
[INFO] [stdout] For more information about an error, try `rustc --explain E0432`.
[INFO] [stdout] 
[INFO] [stderr] error: could not compile `springql` (test "e2e_sampling") due to 4 previous errors
[INFO] [stdout] error: aborting due to 3 previous errors
[INFO] [stdout] 
[INFO] [stdout] 
[INFO] [stdout] Some errors have detailed explanations: E0432, E0433.
[INFO] [stdout] 
[INFO] [stdout] For more information about an error, try `rustc --explain E0432`.
[INFO] [stdout] 
[INFO] [stderr] error: could not compile `springql` (test "e2e_high_level_rs") due to 4 previous errors
[INFO] [stdout] error: aborting due to previous error
[INFO] [stdout] 
[INFO] [stdout] 
[INFO] [stdout] error: aborting due to 2 previous errors
[INFO] [stdout] 
[INFO] [stdout] 
[INFO] [stdout] For more information about this error, try `rustc --explain E0433`.
[INFO] [stdout] 
[INFO] [stdout] For more information about this error, try `rustc --explain E0433`.
[INFO] [stdout] 
[INFO] [stderr] error: could not compile `springql` (test "feat_source_row") due to 2 previous errors
[INFO] [stderr] error: could not compile `springql` (test "e2e_connect_2_pipelines") due to 3 previous errors
[INFO] [stdout] error: linking with `cc` failed: exit status: 1
[INFO] [stdout]   |
[INFO] [stdout]   = note: LC_ALL="C" PATH="/opt/rustwide/rustup-home/toolchains/beta-2023-04-20-x86_64-unknown-linux-gnu/lib/rustlib/x86_64-unknown-linux-gnu/bin:/opt/rustwide/cargo-home/bin:/usr/local/sbin:/usr/local/bin:/usr/sbin:/usr/bin:/sbin:/bin" VSLANG="1033" "cc" "-m64" "/tmp/rustc6RV2RU/symbols.o" "/opt/rustwide/target/debug/deps/feat_spring_open_twice-67c4c20a1e9a1926.feat_spring_open_twice.d4809e8d-cgu.0.rcgu.o" "/opt/rustwide/target/debug/deps/feat_spring_open_twice-67c4c20a1e9a1926.feat_spring_open_twice.d4809e8d-cgu.1.rcgu.o" "/opt/rustwide/target/debug/deps/feat_spring_open_twice-67c4c20a1e9a1926.feat_spring_open_twice.d4809e8d-cgu.2.rcgu.o" "/opt/rustwide/target/debug/deps/feat_spring_open_twice-67c4c20a1e9a1926.feat_spring_open_twice.d4809e8d-cgu.3.rcgu.o" "/opt/rustwide/target/debug/deps/feat_spring_open_twice-67c4c20a1e9a1926.feat_spring_open_twice.d4809e8d-cgu.4.rcgu.o" "/opt/rustwide/target/debug/deps/feat_spring_open_twice-67c4c20a1e9a1926.feat_spring_open_twice.d4809e8d-cgu.5.rcgu.o" "/opt/rustwide/target/debug/deps/feat_spring_open_twice-67c4c20a1e9a1926.feat_spring_open_twice.d4809e8d-cgu.6.rcgu.o" "/opt/rustwide/target/debug/deps/feat_spring_open_twice-67c4c20a1e9a1926.feat_spring_open_twice.d4809e8d-cgu.7.rcgu.o" "/opt/rustwide/target/debug/deps/feat_spring_open_twice-67c4c20a1e9a1926.371s7jggrx1hgeu7.rcgu.o" "-Wl,--as-needed" "-L" "/opt/rustwide/target/debug/deps" "-L" "/opt/rustwide/rustup-home/toolchains/beta-2023-04-20-x86_64-unknown-linux-gnu/lib/rustlib/x86_64-unknown-linux-gnu/lib" "-Wl,-Bstatic" "/opt/rustwide/rustup-home/toolchains/beta-2023-04-20-x86_64-unknown-linux-gnu/lib/rustlib/x86_64-unknown-linux-gnu/lib/libtest-2bcc87e061734fce.rlib" "/opt/rustwide/rustup-home/toolchains/beta-2023-04-20-x86_64-unknown-linux-gnu/lib/rustlib/x86_64-unknown-linux-gnu/lib/libgetopts-4c2368e8367904c3.rlib" "/opt/rustwide/rustup-home/toolchains/beta-2023-04-20-x86_64-unknown-linux-gnu/lib/rustlib/x86_64-unknown-linux-gnu/lib/libunicode_width-06b9dcb8e6d4191c.rlib" "/opt/rustwide/rustup-home/toolchains/beta-2023-04-20-x86_64-unknown-linux-gnu/lib/rustlib/x86_64-unknown-linux-gnu/lib/librustc_std_workspace_std-23a78788aee51060.rlib" "/opt/rustwide/target/debug/deps/libspringql-de233dac764c5377.rlib" "/opt/rustwide/target/debug/deps/libspringql_core-88769edaff14c7c0.rlib" "/opt/rustwide/target/debug/deps/libconfig-391f5d1f39e33227.rlib" "/opt/rustwide/target/debug/deps/libpathdiff-2c0582b45212c2ee.rlib" "/opt/rustwide/target/debug/deps/libtoml-138616beb6948dbf.rlib" "/opt/rustwide/target/debug/deps/libnom-e7bb46ca1a4f4dfb.rlib" "/opt/rustwide/target/debug/deps/liblazy_static-86422d76b8bd90ed.rlib" "/opt/rustwide/target/debug/deps/libfastrand-98806cd242fe8c43.rlib" "/opt/rustwide/target/debug/deps/liblog_panics-e636e8b61a1de9d5.rlib" "/opt/rustwide/target/debug/deps/libbacktrace-c3a4185157ccc282.rlib" "/opt/rustwide/target/debug/deps/libminiz_oxide-2bc0bcabb4c772fc.rlib" "/opt/rustwide/target/debug/deps/libadler-92f8db84032ff960.rlib" "/opt/rustwide/target/debug/deps/libobject-12329e07314e4865.rlib" "/opt/rustwide/target/debug/deps/libaddr2line-69bd21f34f8bbc45.rlib" "/opt/rustwide/target/debug/deps/libgimli-720aace0f4ac026b.rlib" "/opt/rustwide/target/debug/deps/librustc_demangle-ebf1bae139d6c8cf.rlib" "/opt/rustwide/target/debug/deps/libenv_logger-b5289bf166df5e1c.rlib" "/opt/rustwide/target/debug/deps/libatty-d870287005885180.rlib" "/opt/rustwide/target/debug/deps/libtermcolor-32b50f642d1e75a8.rlib" "/opt/rustwide/target/debug/deps/libhumantime-e9a3658f54825403.rlib" "/opt/rustwide/target/debug/deps/libregex-7a859cf6490b2a26.rlib" "/opt/rustwide/target/debug/deps/libaho_corasick-c41fbc7412c36bd5.rlib" "/opt/rustwide/target/debug/deps/libregex_syntax-172cd7e2aeb51a67.rlib" "/opt/rustwide/target/debug/deps/libtime-4864e0fbeb44f930.rlib" "/opt/rustwide/target/debug/deps/librand-3d4190b3cea58c2a.rlib" "/opt/rustwide/target/debug/deps/librand_chacha-c718b6c490c3f52a.rlib" "/opt/rustwide/target/debug/deps/libppv_lite86-0fa3e45be755835a.rlib" "/opt/rustwide/target/debug/deps/librand_core-084d64312c5e77ef.rlib" "/opt/rustwide/target/debug/deps/libgetrandom-75967e23e3cc0ffb.rlib" "/opt/rustwide/target/debug/deps/libsocketcan-b2bb58c45a4c081d.rlib" "/opt/rustwide/target/debug/deps/libtry_from-4b7a84ebb76cade9.rlib" "/opt/rustwide/target/debug/deps/libnix-abcf782706a1deb4.rlib" "/opt/rustwide/target/debug/deps/libbitflags-ac6a24f7645a4690.rlib" "/opt/rustwide/target/debug/deps/libitertools-b35c724d99ac9a51.rlib" "/opt/rustwide/target/debug/deps/libhex-d690aae661569839.rlib" "/opt/rustwide/target/debug/deps/libparking_lot-5382ae5bd267e4ff.rlib" "/opt/rustwide/target/debug/deps/libparking_lot_core-900ca628831314eb.rlib" "/opt/rustwide/target/debug/deps/libsmallvec-a078f506e4f080f1.rlib" "/opt/rustwide/target/debug/deps/liblock_api-83dbbbc23913e320.rlib" "/opt/rustwide/target/debug/deps/libscopeguard-54ff2283d814f48f.rlib" "/opt/rustwide/target/debug/deps/libordered_float-d147e81581cda94e.rlib" "/opt/rustwide/target/debug/deps/libnum_traits-2f4f83a22e20467e.rlib" "/opt/rustwide/target/debug/deps/libpest-0165797a62e3b6f6.rlib" "/opt/rustwide/target/debug/deps/libthiserror-2b34d657df8838b2.rlib" "/opt/rustwide/target/debug/deps/libucd_trie-437639a67f125c59.rlib" "/opt/rustwide/target/debug/deps/libpetgraph-54a41d4128fa41b8.rlib" "/opt/rustwide/target/debug/deps/libfixedbitset-2ef746e05260be58.rlib" "/opt/rustwide/target/debug/deps/libreqwest-dbff0b22e73ff844.rlib" "/opt/rustwide/target/debug/deps/libhyper_tls-f951c2191fdff81a.rlib" "/opt/rustwide/target/debug/deps/libipnet-414ded724a57ddb6.rlib" "/opt/rustwide/target/debug/deps/libtokio_native_tls-bc28d5aef6bdb214.rlib" "/opt/rustwide/target/debug/deps/libserde_urlencoded-7114a418f9995e17.rlib" "/opt/rustwide/target/debug/deps/libmime-6adaefd5c465bdcc.rlib" "/opt/rustwide/target/debug/deps/libencoding_rs-f492db31e71be9dd.rlib" "/opt/rustwide/target/debug/deps/libserde_json-b6b72ce97165eef5.rlib" "/opt/rustwide/target/debug/deps/libryu-666d6b875e8a3744.rlib" "/opt/rustwide/target/debug/deps/libserde-8016bd82a040b169.rlib" "/opt/rustwide/target/debug/deps/libbase64-bff61f2d1660603b.rlib" "/opt/rustwide/target/debug/deps/libnative_tls-589c429a99fbfb12.rlib" "/opt/rustwide/target/debug/deps/libopenssl_probe-361016bdcb077fee.rlib" "/opt/rustwide/target/debug/deps/libopenssl-144d4e56dcfb452f.rlib" "/opt/rustwide/target/debug/deps/libbitflags-610a73087f46ba3b.rlib" "/opt/rustwide/target/debug/deps/libforeign_types-3138d685ddde873e.rlib" "/opt/rustwide/target/debug/deps/libforeign_types_shared-1df85ef0ce08cbc3.rlib" "/opt/rustwide/target/debug/deps/libopenssl_sys-86e54fbc2fbc25e9.rlib" "/opt/rustwide/target/debug/deps/libhyper-a1f0c767e79534ee.rlib" "/opt/rustwide/target/debug/deps/libwant-da5c43323d9bf88d.rlib" "/opt/rustwide/target/debug/deps/libtry_lock-9f7beed53871ae63.rlib" "/opt/rustwide/target/debug/deps/libhttparse-463bd4a7f2c72ba2.rlib" "/opt/rustwide/target/debug/deps/libh2-f6bbc8fdcdf3e20b.rlib" "/opt/rustwide/target/debug/deps/libindexmap-5074b40fe7b72325.rlib" "/opt/rustwide/target/debug/deps/libhashbrown-14a936eea4e6bab4.rlib" "/opt/rustwide/target/debug/deps/libtokio_util-26e6115f2db1a1b6.rlib" "/opt/rustwide/target/debug/deps/libfutures_sink-777ae913eab31ad8.rlib" "/opt/rustwide/target/debug/deps/libtower_service-6e0b9a8ac2b0d4d0.rlib" "/opt/rustwide/target/debug/deps/libtracing-bfaec181c6b5a4eb.rlib" "/opt/rustwide/target/debug/deps/libtracing_core-f1311b9c121f7e8c.rlib" "/opt/rustwide/target/debug/deps/libonce_cell-4381f7e383e47f1b.rlib" "/opt/rustwide/target/debug/deps/libfutures_channel-10c577e369ec6470.rlib" "/opt/rustwide/target/debug/deps/libtokio-8d10160ed82f6b8f.rlib" "/opt/rustwide/target/debug/deps/libnum_cpus-2a137a06f99cf76e.rlib" "/opt/rustwide/target/debug/deps/libsocket2-dffc9ba6a7828dfd.rlib" "/opt/rustwide/target/debug/deps/libmio-3e4b95c4cb12355a.rlib" "/opt/rustwide/target/debug/deps/liblibc-dd43f821f9871796.rlib" "/opt/rustwide/target/debug/deps/libhttp_body-cd848478c2c9fdbe.rlib" "/opt/rustwide/target/debug/deps/liblog-a3fff25330ec687e.rlib" "/opt/rustwide/target/debug/deps/libcfg_if-97437e183f3ae6e4.rlib" "/opt/rustwide/target/debug/deps/libfutures_util-d52b8cfa339f8bbd.rlib" "/opt/rustwide/target/debug/deps/libmemchr-f4ebff342237ab92.rlib" "/opt/rustwide/target/debug/deps/libfutures_io-6ba79e1b188729db.rlib" "/opt/rustwide/target/debug/deps/libslab-f707bf0c16d9b9e8.rlib" "/opt/rustwide/target/debug/deps/libpin_project_lite-3a747526c5b5aadd.rlib" "/opt/rustwide/target/debug/deps/libfutures_task-4575f390b18e5383.rlib" "/opt/rustwide/target/debug/deps/libpin_utils-501725f4e360d46d.rlib" "/opt/rustwide/target/debug/deps/libfutures_core-5f14346332413d10.rlib" "/opt/rustwide/target/debug/deps/liburl-54e6c50546bb79ad.rlib" "/opt/rustwide/target/debug/deps/libidna-59d0d2f4fea0a975.rlib" "/opt/rustwide/target/debug/deps/libunicode_normalization-6c3f1f506de52d5b.rlib" "/opt/rustwide/target/debug/deps/libtinyvec-4ebd66a73cc74e35.rlib" "/opt/rustwide/target/debug/deps/libtinyvec_macros-c8728763a1cfbcab.rlib" "/opt/rustwide/target/debug/deps/libunicode_bidi-064678f529798c53.rlib" "/opt/rustwide/target/debug/deps/libform_urlencoded-c6dce5f233f9dc81.rlib" "/opt/rustwide/target/debug/deps/libpercent_encoding-4a77b5e8a25d80c2.rlib" "/opt/rustwide/target/debug/deps/libhttp-e1e6152d5d17dab5.rlib" "/opt/rustwide/target/debug/deps/libitoa-ffd3012d614e23bc.rlib" "/opt/rustwide/target/debug/deps/libbytes-c9371717a409553e.rlib" "/opt/rustwide/target/debug/deps/libfnv-bb690c336855f248.rlib" "/opt/rustwide/target/debug/deps/libanyhow-2a11bda7b9298c61.rlib" "/opt/rustwide/rustup-home/toolchains/beta-2023-04-20-x86_64-unknown-linux-gnu/lib/rustlib/x86_64-unknown-linux-gnu/lib/libstd-0e29cc23c5e02021.rlib" "/opt/rustwide/rustup-home/toolchains/beta-2023-04-20-x86_64-unknown-linux-gnu/lib/rustlib/x86_64-unknown-linux-gnu/lib/libpanic_unwind-d903621768a861d9.rlib" "/opt/rustwide/rustup-home/toolchains/beta-2023-04-20-x86_64-unknown-linux-gnu/lib/rustlib/x86_64-unknown-linux-gnu/lib/libobject-6d0225e655f31c13.rlib" "/opt/rustwide/rustup-home/toolchains/beta-2023-04-20-x86_64-unknown-linux-gnu/lib/rustlib/x86_64-unknown-linux-gnu/lib/libmemchr-9dbaf4eac7eaa079.rlib" "/opt/rustwide/rustup-home/toolchains/beta-2023-04-20-x86_64-unknown-linux-gnu/lib/rustlib/x86_64-unknown-linux-gnu/lib/libaddr2line-27f05b3d42a66dd0.rlib" "/opt/rustwide/rustup-home/toolchains/beta-2023-04-20-x86_64-unknown-linux-gnu/lib/rustlib/x86_64-unknown-linux-gnu/lib/libgimli-4d73f1030321c9a2.rlib" "/opt/rustwide/rustup-home/toolchains/beta-2023-04-20-x86_64-unknown-linux-gnu/lib/rustlib/x86_64-unknown-linux-gnu/lib/librustc_demangle-2846c9e58abd0acb.rlib" "/opt/rustwide/rustup-home/toolchains/beta-2023-04-20-x86_64-unknown-linux-gnu/lib/rustlib/x86_64-unknown-linux-gnu/lib/libstd_detect-a53d0f50415947be.rlib" "/opt/rustwide/rustup-home/toolchains/beta-2023-04-20-x86_64-unknown-linux-gnu/lib/rustlib/x86_64-unknown-linux-gnu/lib/libhashbrown-d48e4b6abc25b9dc.rlib" "/opt/rustwide/rustup-home/toolchains/beta-2023-04-20-x86_64-unknown-linux-gnu/lib/rustlib/x86_64-unknown-linux-gnu/lib/libminiz_oxide-2991859439ef1207.rlib" "/opt/rustwide/rustup-home/toolchains/beta-2023-04-20-x86_64-unknown-linux-gnu/lib/rustlib/x86_64-unknown-linux-gnu/lib/libadler-8a687517e4221bae.rlib" "/opt/rustwide/rustup-home/toolchains/beta-2023-04-20-x86_64-unknown-linux-gnu/lib/rustlib/x86_64-unknown-linux-gnu/lib/librustc_std_workspace_alloc-e07b554f6a67f5b3.rlib" "/opt/rustwide/rustup-home/toolchains/beta-2023-04-20-x86_64-unknown-linux-gnu/lib/rustlib/x86_64-unknown-linux-gnu/lib/libunwind-b68238b7c3c619dd.rlib" "/opt/rustwide/rustup-home/toolchains/beta-2023-04-20-x86_64-unknown-linux-gnu/lib/rustlib/x86_64-unknown-linux-gnu/lib/libcfg_if-d5e213e896c017e4.rlib" "/opt/rustwide/rustup-home/toolchains/beta-2023-04-20-x86_64-unknown-linux-gnu/lib/rustlib/x86_64-unknown-linux-gnu/lib/liblibc-0211a3b2e61d8689.rlib" "/opt/rustwide/rustup-home/toolchains/beta-2023-04-20-x86_64-unknown-linux-gnu/lib/rustlib/x86_64-unknown-linux-gnu/lib/liballoc-b371f055239ba51f.rlib" "/opt/rustwide/rustup-home/toolchains/beta-2023-04-20-x86_64-unknown-linux-gnu/lib/rustlib/x86_64-unknown-linux-gnu/lib/librustc_std_workspace_core-e60518d2760eb01e.rlib" "/opt/rustwide/rustup-home/toolchains/beta-2023-04-20-x86_64-unknown-linux-gnu/lib/rustlib/x86_64-unknown-linux-gnu/lib/libcore-1ad943f92a4b1081.rlib" "/opt/rustwide/rustup-home/toolchains/beta-2023-04-20-x86_64-unknown-linux-gnu/lib/rustlib/x86_64-unknown-linux-gnu/lib/libcompiler_builtins-f0d6e4d0fc1e80b4.rlib" "-Wl,-Bdynamic" "-lssl" "-lcrypto" "-lgcc_s" "-lutil" "-lrt" "-lpthread" "-lm" "-ldl" "-lc" "-Wl,--eh-frame-hdr" "-Wl,-z,noexecstack" "-L" "/opt/rustwide/rustup-home/toolchains/beta-2023-04-20-x86_64-unknown-linux-gnu/lib/rustlib/x86_64-unknown-linux-gnu/lib" "-o" "/opt/rustwide/target/debug/deps/feat_spring_open_twice-67c4c20a1e9a1926" "-Wl,--gc-sections" "-pie" "-Wl,-z,relro,-z,now" "-nodefaultlibs"
[INFO] [stdout]   = note: collect2: fatal error: ld terminated with signal 9 [Killed]
[INFO] [stdout]           compilation terminated.
[INFO] [stdout]           
[INFO] [stdout] 
[INFO] [stdout] 
[INFO] [stdout] error: aborting due to previous error
[INFO] [stdout] 
[INFO] [stdout] 
[INFO] [stderr] error: could not compile `springql` (test "feat_spring_open_twice") due to 2 previous errors
[INFO] running `Command { std: "docker" "inspect" "5667987650c6d34ac4fd10c3a5b9996c664d74973bf558e9308ad0eb6e9e76ce", kill_on_drop: false }`
[INFO] running `Command { std: "docker" "rm" "-f" "5667987650c6d34ac4fd10c3a5b9996c664d74973bf558e9308ad0eb6e9e76ce", kill_on_drop: false }`
[INFO] [stdout] 5667987650c6d34ac4fd10c3a5b9996c664d74973bf558e9308ad0eb6e9e76ce
