[INFO] fetching crate splashsurf_lib 0.9.0...
[INFO] testing splashsurf_lib-0.9.0 against 1.69.0 for beta-1.70-1
[INFO] extracting crate splashsurf_lib 0.9.0 into /workspace/builds/worker-5-tc1/source
[INFO] validating manifest of crates.io crate splashsurf_lib 0.9.0 on toolchain 1.69.0
[INFO] running `Command { std: CARGO_HOME="/workspace/cargo-home" RUSTUP_HOME="/workspace/rustup-home" "/workspace/cargo-home/bin/cargo" "+1.69.0" "metadata" "--manifest-path" "Cargo.toml" "--no-deps", kill_on_drop: false }`
[INFO] started tweaking crates.io crate splashsurf_lib 0.9.0
[INFO] finished tweaking crates.io crate splashsurf_lib 0.9.0
[INFO] tweaked toml for crates.io crate splashsurf_lib 0.9.0 written to /workspace/builds/worker-5-tc1/source/Cargo.toml
[INFO] crate crates.io crate splashsurf_lib 0.9.0 already has a lockfile, it will not be regenerated
[INFO] running `Command { std: CARGO_HOME="/workspace/cargo-home" RUSTUP_HOME="/workspace/rustup-home" "/workspace/cargo-home/bin/cargo" "+1.69.0" "fetch" "--manifest-path" "Cargo.toml", kill_on_drop: false }`
[INFO] [stderr]  Downloading crates ...
[INFO] [stderr]   Downloaded numeric_literals v0.2.0
[INFO] [stderr]   Downloaded lz4_flex v0.7.5
[INFO] [stderr]   Downloaded ply-rs v0.1.3
[INFO] [stderr]   Downloaded rstar v0.10.0
[INFO] [stderr]   Downloaded ultraviolet v0.9.1
[INFO] [stderr]   Downloaded linux-raw-sys v0.3.2
[INFO] [stderr]   Downloaded vtkio v0.6.3
[INFO] running `Command { std: "docker" "create" "-v" "/var/lib/crater-agent-workspace/builds/worker-5-tc1/target:/opt/rustwide/target:rw,Z" "-v" "/var/lib/crater-agent-workspace/builds/worker-5-tc1/source:/opt/rustwide/workdir:ro,Z" "-v" "/var/lib/crater-agent-workspace/cargo-home:/opt/rustwide/cargo-home:ro,Z" "-v" "/var/lib/crater-agent-workspace/rustup-home:/opt/rustwide/rustup-home:ro,Z" "-e" "SOURCE_DIR=/opt/rustwide/workdir" "-e" "CARGO_TARGET_DIR=/opt/rustwide/target" "-e" "CARGO_HOME=/opt/rustwide/cargo-home" "-e" "RUSTUP_HOME=/opt/rustwide/rustup-home" "-w" "/opt/rustwide/workdir" "-m" "1610612736" "--user" "0:0" "--network" "none" "ghcr.io/rust-lang/crates-build-env/linux@sha256:5ff2268d62e97bff2cde7d5815dd6ed5b47097566f13b8d0ca110b04b60e07ed" "/opt/rustwide/cargo-home/bin/cargo" "+1.69.0" "metadata" "--no-deps" "--format-version=1", kill_on_drop: false }`
[INFO] [stdout] dfdaa1753e74d8f8c17ae3f33000b96a62f09fadb60e96fdae918bed6c8eb81b
[INFO] running `Command { std: "docker" "start" "-a" "dfdaa1753e74d8f8c17ae3f33000b96a62f09fadb60e96fdae918bed6c8eb81b", kill_on_drop: false }`
[INFO] running `Command { std: "docker" "inspect" "dfdaa1753e74d8f8c17ae3f33000b96a62f09fadb60e96fdae918bed6c8eb81b", kill_on_drop: false }`
[INFO] running `Command { std: "docker" "rm" "-f" "dfdaa1753e74d8f8c17ae3f33000b96a62f09fadb60e96fdae918bed6c8eb81b", kill_on_drop: false }`
[INFO] [stdout] dfdaa1753e74d8f8c17ae3f33000b96a62f09fadb60e96fdae918bed6c8eb81b
[INFO] running `Command { std: "docker" "create" "-v" "/var/lib/crater-agent-workspace/builds/worker-5-tc1/target:/opt/rustwide/target:rw,Z" "-v" "/var/lib/crater-agent-workspace/builds/worker-5-tc1/source:/opt/rustwide/workdir:ro,Z" "-v" "/var/lib/crater-agent-workspace/cargo-home:/opt/rustwide/cargo-home:ro,Z" "-v" "/var/lib/crater-agent-workspace/rustup-home:/opt/rustwide/rustup-home:ro,Z" "-e" "SOURCE_DIR=/opt/rustwide/workdir" "-e" "CARGO_TARGET_DIR=/opt/rustwide/target" "-e" "CARGO_INCREMENTAL=0" "-e" "RUST_BACKTRACE=full" "-e" "RUSTFLAGS=--cap-lints=warn" "-e" "RUSTDOCFLAGS=--cap-lints=warn" "-e" "CARGO_HOME=/opt/rustwide/cargo-home" "-e" "RUSTUP_HOME=/opt/rustwide/rustup-home" "-w" "/opt/rustwide/workdir" "-m" "1610612736" "--user" "0:0" "--network" "none" "ghcr.io/rust-lang/crates-build-env/linux@sha256:5ff2268d62e97bff2cde7d5815dd6ed5b47097566f13b8d0ca110b04b60e07ed" "/opt/rustwide/cargo-home/bin/cargo" "+1.69.0" "build" "--frozen" "--message-format=json", kill_on_drop: false }`
[INFO] [stdout] 1cc08116326e38bb7b4683f763b776e6669e47e48128ff75862e520cee4d0b0f
[INFO] running `Command { std: "docker" "start" "-a" "1cc08116326e38bb7b4683f763b776e6669e47e48128ff75862e520cee4d0b0f", kill_on_drop: false }`
[INFO] [stderr]    Compiling autocfg v1.1.0
[INFO] [stderr]    Compiling cfg-if v1.0.0
[INFO] [stderr]    Compiling libc v0.2.141
[INFO] [stderr]    Compiling proc-macro2 v1.0.56
[INFO] [stderr]    Compiling libm v0.2.6
[INFO] [stderr]    Compiling quote v1.0.26
[INFO] [stderr]    Compiling unicode-ident v1.0.8
[INFO] [stderr]    Compiling scopeguard v1.1.0
[INFO] [stderr]    Compiling crossbeam-utils v0.8.15
[INFO] [stderr]    Compiling semver v1.0.17
[INFO] [stderr]    Compiling syn v1.0.109
[INFO] [stderr]    Compiling num-traits v0.2.15
[INFO] [stderr]    Compiling lock_api v0.4.9
[INFO] [stderr]    Compiling memoffset v0.8.0
[INFO] [stderr]    Compiling crossbeam-epoch v0.9.14
[INFO] [stderr]    Compiling rustc_version v0.4.0
[INFO] [stderr]    Compiling num-integer v0.1.45
[INFO] [stderr]    Compiling paste v1.0.12
[INFO] [stderr]    Compiling getrandom v0.2.9
[INFO] [stderr]    Compiling ppv-lite86 v0.2.17
[INFO] [stderr]    Compiling bytemuck v1.13.1
[INFO] [stderr]    Compiling byteorder v1.4.3
[INFO] [stderr]    Compiling rand_core v0.6.4
[INFO] [stderr]    Compiling parking_lot_core v0.9.7
[INFO] [stderr]    Compiling smallvec v1.10.0
[INFO] [stderr]    Compiling safe_arch v0.6.0
[INFO] [stderr]    Compiling heapless v0.7.16
[INFO] [stderr]    Compiling rand_chacha v0.3.1
[INFO] [stderr]    Compiling syn v2.0.15
[INFO] [stderr]    Compiling num-rational v0.4.1
[INFO] [stderr]    Compiling rayon-core v1.11.0
[INFO] [stderr]    Compiling typenum v1.16.0
[INFO] [stderr]    Compiling approx v0.5.1
[INFO] [stderr]    Compiling num-complex v0.4.3
[INFO] [stderr]    Compiling rand v0.8.5
[INFO] [stderr]    Compiling wide v0.7.8
[INFO] [stderr]    Compiling crossbeam-deque v0.8.3
[INFO] [stderr]    Compiling hash32 v0.2.1
[INFO] [stderr]    Compiling num_cpus v1.15.0
[INFO] [stderr]    Compiling spin v0.9.8
[INFO] [stderr]    Compiling crossbeam-channel v0.5.8
[INFO] [stderr]    Compiling once_cell v1.17.1
[INFO] [stderr]    Compiling either v1.8.1
[INFO] [stderr]    Compiling thiserror v1.0.40
[INFO] [stderr]    Compiling log v0.4.17
[INFO] [stderr]    Compiling rawpointer v0.2.1
[INFO] [stderr]    Compiling anyhow v1.0.70
[INFO] [stderr]    Compiling stable_deref_trait v1.2.0
[INFO] [stderr]    Compiling matrixmultiply v0.3.2
[INFO] [stderr]    Compiling rand_distr v0.4.3
[INFO] [stderr]    Compiling simba v0.8.1
[INFO] [stderr]    Compiling hashbrown v0.12.3
[INFO] [stderr]    Compiling rayon v1.7.0
[INFO] [stderr]    Compiling thiserror-impl v1.0.40
[INFO] [stderr]    Compiling bytemuck_derive v1.4.1
[INFO] [stderr]    Compiling dashmap v5.4.0
[INFO] [stderr]    Compiling rstar v0.10.0
[INFO] [stderr]    Compiling itertools v0.10.5
[INFO] [stderr]    Compiling thread_local v1.1.7
[INFO] [stderr]    Compiling parking_lot v0.12.1
[INFO] [stderr]    Compiling fxhash v0.2.1
[INFO] [stderr]    Compiling bitflags v2.1.0
[INFO] [stderr]    Compiling arrayvec v0.7.2
[INFO] [stderr]    Compiling nalgebra-macros v0.2.0
[INFO] [stderr]    Compiling numeric_literals v0.2.0
[INFO] [stderr]    Compiling nalgebra v0.32.2
[INFO] [stderr]    Compiling splashsurf_lib v0.9.0 (/opt/rustwide/workdir)
[INFO] [stderr]     Finished dev [unoptimized + debuginfo] target(s) in 1m 05s
[INFO] running `Command { std: "docker" "inspect" "1cc08116326e38bb7b4683f763b776e6669e47e48128ff75862e520cee4d0b0f", kill_on_drop: false }`
[INFO] running `Command { std: "docker" "rm" "-f" "1cc08116326e38bb7b4683f763b776e6669e47e48128ff75862e520cee4d0b0f", kill_on_drop: false }`
[INFO] [stdout] 1cc08116326e38bb7b4683f763b776e6669e47e48128ff75862e520cee4d0b0f
[INFO] running `Command { std: "docker" "create" "-v" "/var/lib/crater-agent-workspace/builds/worker-5-tc1/target:/opt/rustwide/target:rw,Z" "-v" "/var/lib/crater-agent-workspace/builds/worker-5-tc1/source:/opt/rustwide/workdir:ro,Z" "-v" "/var/lib/crater-agent-workspace/cargo-home:/opt/rustwide/cargo-home:ro,Z" "-v" "/var/lib/crater-agent-workspace/rustup-home:/opt/rustwide/rustup-home:ro,Z" "-e" "SOURCE_DIR=/opt/rustwide/workdir" "-e" "CARGO_TARGET_DIR=/opt/rustwide/target" "-e" "CARGO_INCREMENTAL=0" "-e" "RUST_BACKTRACE=full" "-e" "RUSTFLAGS=--cap-lints=warn" "-e" "RUSTDOCFLAGS=--cap-lints=warn" "-e" "CARGO_HOME=/opt/rustwide/cargo-home" "-e" "RUSTUP_HOME=/opt/rustwide/rustup-home" "-w" "/opt/rustwide/workdir" "-m" "1610612736" "--user" "0:0" "--network" "none" "ghcr.io/rust-lang/crates-build-env/linux@sha256:5ff2268d62e97bff2cde7d5815dd6ed5b47097566f13b8d0ca110b04b60e07ed" "/opt/rustwide/cargo-home/bin/cargo" "+1.69.0" "test" "--frozen" "--no-run" "--message-format=json", kill_on_drop: false }`
[INFO] [stdout] 41fec111a2154c66bec73947a1a5bebee3fb2601d9b20745d4bf61c86a0a4e9a
[INFO] running `Command { std: "docker" "start" "-a" "41fec111a2154c66bec73947a1a5bebee3fb2601d9b20745d4bf61c86a0a4e9a", kill_on_drop: false }`
[INFO] [stderr]    Compiling serde v1.0.160
[INFO] [stderr]    Compiling memchr v2.5.0
[INFO] [stderr]    Compiling itoa v1.0.6
[INFO] [stderr]    Compiling serde_json v1.0.96
[INFO] [stderr]    Compiling ryu v1.0.13
[INFO] [stderr]    Compiling plotters-backend v0.3.4
[INFO] [stderr]    Compiling serde_derive v1.0.160
[INFO] [stderr]    Compiling unicode-width v0.1.10
[INFO] [stderr]    Compiling textwrap v0.11.0
[INFO] [stderr]    Compiling same-file v1.0.6
[INFO] [stderr]    Compiling cast v0.3.0
[INFO] [stderr]    Compiling regex-syntax v0.6.29
[INFO] [stderr]    Compiling plotters-svg v0.3.3
[INFO] [stderr]    Compiling half v1.8.2
[INFO] [stderr]    Compiling bitflags v1.3.2
[INFO] [stderr]    Compiling criterion-plot v0.4.5
[INFO] [stderr]    Compiling clap v2.34.0
[INFO] [stderr]    Compiling plotters v0.3.4
[INFO] [stderr]    Compiling csv-core v0.1.10
[INFO] [stderr]    Compiling walkdir v2.3.3
[INFO] [stderr]    Compiling atty v0.2.14
[INFO] [stderr]    Compiling oorandom v11.1.3
[INFO] [stderr]    Compiling lazy_static v1.4.0
[INFO] [stderr]    Compiling ultraviolet v0.9.1
[INFO] [stderr]    Compiling regex v1.7.3
[INFO] [stderr]    Compiling serde_cbor v0.11.2
[INFO] [stderr]    Compiling csv v1.2.1
[INFO] [stderr]    Compiling tinytemplate v1.2.1
[INFO] [stderr]    Compiling criterion v0.3.6
[INFO] [stderr]    Compiling splashsurf_lib v0.9.0 (/opt/rustwide/workdir)
[INFO] [stdout] error[E0432]: unresolved import `sdfu`
[INFO] [stdout]  --> examples/minimal_levelset.rs:4:5
[INFO] [stdout]   |
[INFO] [stdout] 4 | use sdfu::SDF;
[INFO] [stdout]   |     ^^^^ use of undeclared crate or module `sdfu`
[INFO] [stdout] 
[INFO] [stdout] 
[INFO] [stdout] error[E0433]: failed to resolve: use of undeclared crate or module `sdfu`
[INFO] [stdout]    --> examples/minimal_levelset.rs:120:28
[INFO] [stdout]     |
[INFO] [stdout] 120 | pub struct SdfuLevelSet<S: sdfu::SDF<f32, Vec3>> {
[INFO] [stdout]     |                            ^^^^ use of undeclared crate or module `sdfu`
[INFO] [stdout] 
[INFO] [stdout] 
[INFO] [stdout] error[E0433]: failed to resolve: use of undeclared crate or module `sdfu`
[INFO] [stdout]    --> examples/minimal_levelset.rs:131:8
[INFO] [stdout]     |
[INFO] [stdout] 131 |     S: sdfu::SDF<f32, Vec3>,
[INFO] [stdout]     |        ^^^^ use of undeclared crate or module `sdfu`
[INFO] [stdout] 
[INFO] [stdout] 
[INFO] [stdout] error[E0433]: failed to resolve: use of undeclared crate or module `sdfu`
[INFO] [stdout]    --> examples/minimal_levelset.rs:163:45
[INFO] [stdout]     |
[INFO] [stdout] 163 | fn example_level_set() -> SdfuLevelSet<impl sdfu::SDF<f32, Vec3>> {
[INFO] [stdout]     |                                             ^^^^ use of undeclared crate or module `sdfu`
[INFO] [stdout] 
[INFO] [stdout] 
[INFO] [stdout] error[E0433]: failed to resolve: use of undeclared crate or module `sdfu`
[INFO] [stdout]    --> examples/minimal_levelset.rs:164:15
[INFO] [stdout]     |
[INFO] [stdout] 164 |     let sdf = sdfu::Sphere::new(0.5f32)
[INFO] [stdout]     |               ^^^^ use of undeclared crate or module `sdfu`
[INFO] [stdout] 
[INFO] [stdout] 
[INFO] [stdout] error[E0433]: failed to resolve: use of undeclared crate or module `sdfu`
[INFO] [stdout]    --> examples/minimal_levelset.rs:166:13
[INFO] [stdout]     |
[INFO] [stdout] 166 |             sdfu::Sphere::new(0.3).translate(Vec3::new(-0.3, 0.3, 0.0)),
[INFO] [stdout]     |             ^^^^ use of undeclared crate or module `sdfu`
[INFO] [stdout] 
[INFO] [stdout] 
[INFO] [stdout] error[E0433]: failed to resolve: use of undeclared crate or module `sdfu`
[INFO] [stdout]    --> examples/minimal_levelset.rs:170:13
[INFO] [stdout]     |
[INFO] [stdout] 170 |             sdfu::Box::new(Vec3::new(0.125, 0.125, 1.5)).translate(Vec3::new(-0.3, 0.3, 0.0)),
[INFO] [stdout]     |             ^^^^ use of undeclared crate or module `sdfu`
[INFO] [stdout]     |
[INFO] [stdout] help: consider importing this struct
[INFO] [stdout]     |
[INFO] [stdout] 3   | use std::boxed::Box;
[INFO] [stdout]     |
[INFO] [stdout] help: if you import `Box`, refer to it directly
[INFO] [stdout]     |
[INFO] [stdout] 170 -             sdfu::Box::new(Vec3::new(0.125, 0.125, 1.5)).translate(Vec3::new(-0.3, 0.3, 0.0)),
[INFO] [stdout] 170 +             Box::new(Vec3::new(0.125, 0.125, 1.5)).translate(Vec3::new(-0.3, 0.3, 0.0)),
[INFO] [stdout]     |
[INFO] [stdout] 
[INFO] [stdout] 
[INFO] [stdout] error: aborting due to 7 previous errors
[INFO] [stdout] 
[INFO] [stdout] 
[INFO] [stdout] Some errors have detailed explanations: E0432, E0433.
[INFO] [stdout] 
[INFO] [stdout] For more information about an error, try `rustc --explain E0432`.
[INFO] [stdout] 
[INFO] [stderr] error: could not compile `splashsurf_lib` due to 8 previous errors
[INFO] [stderr] warning: build failed, waiting for other jobs to finish...
[INFO] running `Command { std: "docker" "inspect" "41fec111a2154c66bec73947a1a5bebee3fb2601d9b20745d4bf61c86a0a4e9a", kill_on_drop: false }`
[INFO] running `Command { std: "docker" "rm" "-f" "41fec111a2154c66bec73947a1a5bebee3fb2601d9b20745d4bf61c86a0a4e9a", kill_on_drop: false }`
[INFO] [stdout] 41fec111a2154c66bec73947a1a5bebee3fb2601d9b20745d4bf61c86a0a4e9a
