[INFO] fetching crate spaceslugs 0.1.0...
[INFO] testing spaceslugs-0.1.0 against 1.69.0 for beta-1.70-1
[INFO] extracting crate spaceslugs 0.1.0 into /workspace/builds/worker-3-tc1/source
[INFO] validating manifest of crates.io crate spaceslugs 0.1.0 on toolchain 1.69.0
[INFO] running `Command { std: CARGO_HOME="/workspace/cargo-home" RUSTUP_HOME="/workspace/rustup-home" "/workspace/cargo-home/bin/cargo" "+1.69.0" "metadata" "--manifest-path" "Cargo.toml" "--no-deps", kill_on_drop: false }`
[INFO] started tweaking crates.io crate spaceslugs 0.1.0
[INFO] finished tweaking crates.io crate spaceslugs 0.1.0
[INFO] tweaked toml for crates.io crate spaceslugs 0.1.0 written to /workspace/builds/worker-3-tc1/source/Cargo.toml
[INFO] running `Command { std: CARGO_HOME="/workspace/cargo-home" RUSTUP_HOME="/workspace/rustup-home" __CARGO_TEST_CHANNEL_OVERRIDE_DO_NOT_USE_THIS="nightly" "/workspace/cargo-home/bin/cargo" "+1.69.0" "generate-lockfile" "--manifest-path" "Cargo.toml" "-Zno-index-update", kill_on_drop: false }`
[INFO] [stderr]     Blocking waiting for file lock on package cache
[INFO] running `Command { std: CARGO_HOME="/workspace/cargo-home" RUSTUP_HOME="/workspace/rustup-home" "/workspace/cargo-home/bin/cargo" "+1.69.0" "fetch" "--manifest-path" "Cargo.toml", kill_on_drop: false }`
[INFO] [stderr]     Blocking waiting for file lock on package cache
[INFO] running `Command { std: "docker" "create" "-v" "/var/lib/crater-agent-workspace/builds/worker-3-tc1/target:/opt/rustwide/target:rw,Z" "-v" "/var/lib/crater-agent-workspace/builds/worker-3-tc1/source:/opt/rustwide/workdir:ro,Z" "-v" "/var/lib/crater-agent-workspace/cargo-home:/opt/rustwide/cargo-home:ro,Z" "-v" "/var/lib/crater-agent-workspace/rustup-home:/opt/rustwide/rustup-home:ro,Z" "-e" "SOURCE_DIR=/opt/rustwide/workdir" "-e" "CARGO_TARGET_DIR=/opt/rustwide/target" "-e" "CARGO_HOME=/opt/rustwide/cargo-home" "-e" "RUSTUP_HOME=/opt/rustwide/rustup-home" "-w" "/opt/rustwide/workdir" "-m" "1610612736" "--user" "0:0" "--network" "none" "ghcr.io/rust-lang/crates-build-env/linux@sha256:97d61d7686bf65f8ecb15491ab51835e82dc9176a96a831f143a431b191fc501" "/opt/rustwide/cargo-home/bin/cargo" "+1.69.0" "metadata" "--no-deps" "--format-version=1", kill_on_drop: false }`
[INFO] [stdout] 5012830c0d9e6db066e2003ee77209c700336f4b79d2e49cec00dc6ede366133
[INFO] running `Command { std: "docker" "start" "-a" "5012830c0d9e6db066e2003ee77209c700336f4b79d2e49cec00dc6ede366133", kill_on_drop: false }`
[INFO] running `Command { std: "docker" "inspect" "5012830c0d9e6db066e2003ee77209c700336f4b79d2e49cec00dc6ede366133", kill_on_drop: false }`
[INFO] running `Command { std: "docker" "rm" "-f" "5012830c0d9e6db066e2003ee77209c700336f4b79d2e49cec00dc6ede366133", kill_on_drop: false }`
[INFO] [stdout] 5012830c0d9e6db066e2003ee77209c700336f4b79d2e49cec00dc6ede366133
[INFO] running `Command { std: "docker" "create" "-v" "/var/lib/crater-agent-workspace/builds/worker-3-tc1/target:/opt/rustwide/target:rw,Z" "-v" "/var/lib/crater-agent-workspace/builds/worker-3-tc1/source:/opt/rustwide/workdir:ro,Z" "-v" "/var/lib/crater-agent-workspace/cargo-home:/opt/rustwide/cargo-home:ro,Z" "-v" "/var/lib/crater-agent-workspace/rustup-home:/opt/rustwide/rustup-home:ro,Z" "-e" "SOURCE_DIR=/opt/rustwide/workdir" "-e" "CARGO_TARGET_DIR=/opt/rustwide/target" "-e" "CARGO_INCREMENTAL=0" "-e" "RUST_BACKTRACE=full" "-e" "RUSTFLAGS=--cap-lints=warn" "-e" "RUSTDOCFLAGS=--cap-lints=warn" "-e" "CARGO_HOME=/opt/rustwide/cargo-home" "-e" "RUSTUP_HOME=/opt/rustwide/rustup-home" "-w" "/opt/rustwide/workdir" "-m" "1610612736" "--user" "0:0" "--network" "none" "ghcr.io/rust-lang/crates-build-env/linux@sha256:97d61d7686bf65f8ecb15491ab51835e82dc9176a96a831f143a431b191fc501" "/opt/rustwide/cargo-home/bin/cargo" "+1.69.0" "build" "--frozen" "--message-format=json", kill_on_drop: false }`
[INFO] [stdout] de12f58197369d29342a374eade06cee64a36955803d24a5ec6e1ef270dbd3ad
[INFO] running `Command { std: "docker" "start" "-a" "de12f58197369d29342a374eade06cee64a36955803d24a5ec6e1ef270dbd3ad", kill_on_drop: false }`
[INFO] [stderr]    Compiling regex-syntax v0.7.1
[INFO] [stderr]    Compiling aho-corasick v1.0.1
[INFO] [stderr]    Compiling regex v1.8.1
[INFO] [stderr]    Compiling spaceslugs v0.1.0 (/opt/rustwide/workdir)
[INFO] [stdout] error[E0308]: mismatched types
[INFO] [stdout]   --> src/lib.rs:19:12
[INFO] [stdout]    |
[INFO] [stdout] 17 |         let mut result = string.to_string();
[INFO] [stdout]    |                          ------------------ expected due to this value
[INFO] [stdout] 18 |
[INFO] [stdout] 19 |         result = re_replace_non_ascii.replace_all(&result[..], "");
[INFO] [stdout]    |                  ^^^^^^^^^^^^^^^^^^^^^^^^^^^^^^^^^^^^^^^^^^^^^^^^^- help: try using a conversion method: `.to_string()`
[INFO] [stdout]    |                  |
[INFO] [stdout]    |                  expected `String`, found `Cow<'_, str>`
[INFO] [stdout]    |
[INFO] [stdout]    = note: expected struct `String`
[INFO] [stdout]                 found enum `Cow<'_, str>`
[INFO] [stdout] 
[INFO] [stdout] 
[INFO] [stdout] error[E0308]: mismatched types
[INFO] [stdout]   --> src/lib.rs:20:12
[INFO] [stdout]    |
[INFO] [stdout] 17 |         let mut result = string.to_string();
[INFO] [stdout]    |                          ------------------ expected due to this value
[INFO] [stdout] ...
[INFO] [stdout] 20 |         result = re_replace_single_quotes.replace_all(&result[..], "");
[INFO] [stdout]    |                  ^^^^^^^^^^^^^^^^^^^^^^^^^^^^^^^^^^^^^^^^^^^^^^^^^^^^^- help: try using a conversion method: `.to_string()`
[INFO] [stdout]    |                  |
[INFO] [stdout]    |                  expected `String`, found `Cow<'_, str>`
[INFO] [stdout]    |
[INFO] [stdout]    = note: expected struct `String`
[INFO] [stdout]                 found enum `Cow<'_, str>`
[INFO] [stdout] 
[INFO] [stdout] 
[INFO] [stdout] error[E0308]: mismatched types
[INFO] [stdout]   --> src/lib.rs:21:12
[INFO] [stdout]    |
[INFO] [stdout] 17 |         let mut result = string.to_string();
[INFO] [stdout]    |                          ------------------ expected due to this value
[INFO] [stdout] ...
[INFO] [stdout] 21 |         result = re_replace_non_char.replace_all(&result[..], " ");
[INFO] [stdout]    |                  ^^^^^^^^^^^^^^^^^^^^^^^^^^^^^^^^^^^^^^^^^^^^^^^^^- help: try using a conversion method: `.to_string()`
[INFO] [stdout]    |                  |
[INFO] [stdout]    |                  expected `String`, found `Cow<'_, str>`
[INFO] [stdout]    |
[INFO] [stdout]    = note: expected struct `String`
[INFO] [stdout]                 found enum `Cow<'_, str>`
[INFO] [stdout] 
[INFO] [stdout] 
[INFO] [stdout] error[E0308]: mismatched types
[INFO] [stdout]   --> src/lib.rs:23:12
[INFO] [stdout]    |
[INFO] [stdout] 17 |         let mut result = string.to_string();
[INFO] [stdout]    |                          ------------------ expected due to this value
[INFO] [stdout] ...
[INFO] [stdout] 23 |         result = re_replace_spaces.replace_all(&result[..], "-");
[INFO] [stdout]    |                  ^^^^^^^^^^^^^^^^^^^^^^^^^^^^^^^^^^^^^^^^^^^^^^^- help: try using a conversion method: `.to_string()`
[INFO] [stdout]    |                  |
[INFO] [stdout]    |                  expected `String`, found `Cow<'_, str>`
[INFO] [stdout]    |
[INFO] [stdout]    = note: expected struct `String`
[INFO] [stdout]                 found enum `Cow<'_, str>`
[INFO] [stdout] 
[INFO] [stdout] 
[INFO] [stdout] error: aborting due to 4 previous errors
[INFO] [stdout] 
[INFO] [stdout] 
[INFO] [stdout] For more information about this error, try `rustc --explain E0308`.
[INFO] [stdout] 
[INFO] [stderr] error: could not compile `spaceslugs` due to 5 previous errors
[INFO] [stderr] warning: build failed, waiting for other jobs to finish...
[INFO] running `Command { std: "docker" "inspect" "de12f58197369d29342a374eade06cee64a36955803d24a5ec6e1ef270dbd3ad", kill_on_drop: false }`
[INFO] running `Command { std: "docker" "rm" "-f" "de12f58197369d29342a374eade06cee64a36955803d24a5ec6e1ef270dbd3ad", kill_on_drop: false }`
[INFO] [stdout] de12f58197369d29342a374eade06cee64a36955803d24a5ec6e1ef270dbd3ad
