[INFO] fetching crate sosistab2 0.8.16...
[INFO] testing sosistab2-0.8.16 against 1.69.0 for beta-1.70-1
[INFO] extracting crate sosistab2 0.8.16 into /workspace/builds/worker-1-tc1/source
[INFO] validating manifest of crates.io crate sosistab2 0.8.16 on toolchain 1.69.0
[INFO] running `Command { std: CARGO_HOME="/workspace/cargo-home" RUSTUP_HOME="/workspace/rustup-home" "/workspace/cargo-home/bin/cargo" "+1.69.0" "metadata" "--manifest-path" "Cargo.toml" "--no-deps", kill_on_drop: false }`
[INFO] started tweaking crates.io crate sosistab2 0.8.16
[INFO] finished tweaking crates.io crate sosistab2 0.8.16
[INFO] tweaked toml for crates.io crate sosistab2 0.8.16 written to /workspace/builds/worker-1-tc1/source/Cargo.toml
[INFO] crate crates.io crate sosistab2 0.8.16 already has a lockfile, it will not be regenerated
[INFO] running `Command { std: CARGO_HOME="/workspace/cargo-home" RUSTUP_HOME="/workspace/rustup-home" "/workspace/cargo-home/bin/cargo" "+1.69.0" "fetch" "--manifest-path" "Cargo.toml", kill_on_drop: false }`
[INFO] [stderr]  Downloading crates ...
[INFO] [stderr]   Downloaded serde_derive v1.0.149
[INFO] [stderr]   Downloaded generator v0.7.2
[INFO] [stderr]   Downloaded polling v2.5.1
[INFO] [stderr]   Downloaded st3 v0.4.1
[INFO] [stderr]   Downloaded futures-intrusive v0.5.0
[INFO] [stderr]   Downloaded yasna v0.5.0
[INFO] [stderr]   Downloaded priority-queue v1.3.0
[INFO] [stderr]   Downloaded arbitrary v1.2.3
[INFO] [stderr]   Downloaded moka v0.9.6
[INFO] [stderr]   Downloaded quanta v0.10.1
[INFO] [stderr]   Downloaded socksv5 v0.3.1
[INFO] [stderr]   Downloaded replay_filter v0.1.2
[INFO] [stderr]   Downloaded random v0.12.2
[INFO] [stderr]   Downloaded cached_proc_macro v0.7.1
[INFO] [stderr]   Downloaded tagptr v0.2.0
[INFO] [stderr]   Downloaded async-rwlock v1.3.0
[INFO] [stderr]   Downloaded cached_proc_macro_types v0.1.0
[INFO] [stderr]   Downloaded cached v0.26.2
[INFO] [stderr]   Downloaded microsleep v0.1.15
[INFO] [stderr]   Downloaded smolscale v0.3.52
[INFO] [stderr]   Downloaded special v0.8.1
[INFO] [stderr]   Downloaded probability v0.17.0
[INFO] [stderr]   Downloaded pem v1.1.0
[INFO] [stderr]   Downloaded smol-timeout v0.6.0
[INFO] [stderr]   Downloaded honggfuzz v0.5.55
[INFO] [stderr]   Downloaded openssl-src v111.24.0+1.1.1s
[INFO] [stderr]   Downloaded stdcode v0.1.13
[INFO] running `Command { std: "docker" "create" "-v" "/var/lib/crater-agent-workspace/builds/worker-1-tc1/target:/opt/rustwide/target:rw,Z" "-v" "/var/lib/crater-agent-workspace/builds/worker-1-tc1/source:/opt/rustwide/workdir:ro,Z" "-v" "/var/lib/crater-agent-workspace/cargo-home:/opt/rustwide/cargo-home:ro,Z" "-v" "/var/lib/crater-agent-workspace/rustup-home:/opt/rustwide/rustup-home:ro,Z" "-e" "SOURCE_DIR=/opt/rustwide/workdir" "-e" "CARGO_TARGET_DIR=/opt/rustwide/target" "-e" "CARGO_HOME=/opt/rustwide/cargo-home" "-e" "RUSTUP_HOME=/opt/rustwide/rustup-home" "-w" "/opt/rustwide/workdir" "-m" "1610612736" "--user" "0:0" "--network" "none" "ghcr.io/rust-lang/crates-build-env/linux@sha256:5ff2268d62e97bff2cde7d5815dd6ed5b47097566f13b8d0ca110b04b60e07ed" "/opt/rustwide/cargo-home/bin/cargo" "+1.69.0" "metadata" "--no-deps" "--format-version=1", kill_on_drop: false }`
[INFO] [stdout] 0d7989242aee4d791568e542da14497f39a1ac2c9fdd69a927f1b876e6737830
[INFO] running `Command { std: "docker" "start" "-a" "0d7989242aee4d791568e542da14497f39a1ac2c9fdd69a927f1b876e6737830", kill_on_drop: false }`
[INFO] running `Command { std: "docker" "inspect" "0d7989242aee4d791568e542da14497f39a1ac2c9fdd69a927f1b876e6737830", kill_on_drop: false }`
[INFO] running `Command { std: "docker" "rm" "-f" "0d7989242aee4d791568e542da14497f39a1ac2c9fdd69a927f1b876e6737830", kill_on_drop: false }`
[INFO] [stdout] 0d7989242aee4d791568e542da14497f39a1ac2c9fdd69a927f1b876e6737830
[INFO] running `Command { std: "docker" "create" "-v" "/var/lib/crater-agent-workspace/builds/worker-1-tc1/target:/opt/rustwide/target:rw,Z" "-v" "/var/lib/crater-agent-workspace/builds/worker-1-tc1/source:/opt/rustwide/workdir:ro,Z" "-v" "/var/lib/crater-agent-workspace/cargo-home:/opt/rustwide/cargo-home:ro,Z" "-v" "/var/lib/crater-agent-workspace/rustup-home:/opt/rustwide/rustup-home:ro,Z" "-e" "SOURCE_DIR=/opt/rustwide/workdir" "-e" "CARGO_TARGET_DIR=/opt/rustwide/target" "-e" "CARGO_INCREMENTAL=0" "-e" "RUST_BACKTRACE=full" "-e" "RUSTFLAGS=--cap-lints=warn" "-e" "RUSTDOCFLAGS=--cap-lints=warn" "-e" "CARGO_HOME=/opt/rustwide/cargo-home" "-e" "RUSTUP_HOME=/opt/rustwide/rustup-home" "-w" "/opt/rustwide/workdir" "-m" "1610612736" "--user" "0:0" "--network" "none" "ghcr.io/rust-lang/crates-build-env/linux@sha256:5ff2268d62e97bff2cde7d5815dd6ed5b47097566f13b8d0ca110b04b60e07ed" "/opt/rustwide/cargo-home/bin/cargo" "+1.69.0" "build" "--frozen" "--message-format=json", kill_on_drop: false }`
[INFO] [stdout] 11f99568a271df82dfec29d426a2abcf33e404c96e38e657c32e25d630e92855
[INFO] running `Command { std: "docker" "start" "-a" "11f99568a271df82dfec29d426a2abcf33e404c96e38e657c32e25d630e92855", kill_on_drop: false }`
[INFO] [stderr]     Blocking waiting for file lock on package cache
[INFO] [stderr]    Compiling cfg-if v1.0.0
[INFO] [stderr]    Compiling libc v0.2.139
[INFO] [stderr]    Compiling proc-macro2 v1.0.47
[INFO] [stderr]    Compiling unicode-ident v1.0.5
[INFO] [stderr]    Compiling quote v1.0.21
[INFO] [stderr]    Compiling syn v1.0.105
[INFO] [stderr]    Compiling futures-core v0.3.25
[INFO] [stderr]    Compiling crossbeam-utils v0.8.14
[INFO] [stderr]    Compiling once_cell v1.16.0
[INFO] [stderr]    Compiling cc v1.0.77
[INFO] [stderr]    Compiling futures-io v0.3.25
[INFO] [stderr]    Compiling pin-project-lite v0.2.9
[INFO] [stderr]    Compiling event-listener v2.5.3
[INFO] [stderr]    Compiling slab v0.4.7
[INFO] [stderr]    Compiling memchr v2.5.0
[INFO] [stderr]    Compiling scopeguard v1.1.0
[INFO] [stderr]    Compiling log v0.4.17
[INFO] [stderr]    Compiling waker-fn v1.1.0
[INFO] [stderr]    Compiling fastrand v1.8.0
[INFO] [stderr]    Compiling parking v2.0.0
[INFO] [stderr]    Compiling lock_api v0.4.9
[INFO] [stderr]    Compiling ahash v0.7.6
[INFO] [stderr]    Compiling smallvec v1.10.0
[INFO] [stderr]    Compiling serde_derive v1.0.149
[INFO] [stderr]    Compiling generic-array v0.14.6
[INFO] [stderr]    Compiling polling v2.5.1
[INFO] [stderr]    Compiling serde v1.0.149
[INFO] [stderr]    Compiling typenum v1.16.0
[INFO] [stderr]    Compiling async-io v1.12.0
[INFO] [stderr]    Compiling futures-channel v0.3.25
[INFO] [stderr]    Compiling futures-task v0.3.25
[INFO] [stderr]    Compiling futures-lite v1.12.0
[INFO] [stderr]    Compiling openssl-src v111.24.0+1.1.1s
[INFO] [stderr]    Compiling ident_case v1.0.1
[INFO] [stderr]    Compiling fnv v1.0.7
[INFO] [stderr]    Compiling strsim v0.10.0
[INFO] [stderr]    Compiling futures-sink v0.3.25
[INFO] [stderr]    Compiling concurrent-queue v2.0.0
[INFO] [stderr]    Compiling parking_lot_core v0.9.5
[INFO] [stderr]    Compiling getrandom v0.1.16
[INFO] [stderr]    Compiling async-task v4.3.0
[INFO] [stderr]    Compiling futures-util v0.3.25
[INFO] [stderr]    Compiling memoffset v0.7.1
[INFO] [stderr]    Compiling async-channel v1.8.0
[INFO] [stderr]    Compiling getrandom v0.2.8
[INFO] [stderr]    Compiling socket2 v0.4.7
[INFO] [stderr]    Compiling atomic-waker v1.0.0
[INFO] [stderr]    Compiling parking_lot_core v0.8.5
[INFO] [stderr]    Compiling bitflags v1.3.2
[INFO] [stderr]    Compiling pin-utils v0.1.0
[INFO] [stderr]    Compiling openssl-sys v0.9.79
[INFO] [stderr]    Compiling instant v0.1.12
[INFO] [stderr]    Compiling crossbeam-epoch v0.9.13
[INFO] [stderr]    Compiling async-lock v2.6.0
[INFO] [stderr]    Compiling tinyvec_macros v0.1.0
[INFO] [stderr]    Compiling rand_core v0.5.1
[INFO] [stderr]    Compiling thiserror v1.0.37
[INFO] [stderr]    Compiling tinyvec v1.6.0
[INFO] [stderr]    Compiling subtle v2.4.1
[INFO] [stderr]    Compiling openssl v0.10.44
[INFO] [stderr]    Compiling signal-hook v0.3.14
[INFO] [stderr]    Compiling radium v0.7.0
[INFO] [stderr]    Compiling hashbrown v0.12.3
[INFO] [stderr]    Compiling foreign-types-shared v0.1.1
[INFO] [stderr]    Compiling parking_lot v0.12.1
[INFO] [stderr]    Compiling backtrace v0.3.66
[INFO] [stderr]    Compiling signal-hook-registry v1.4.0
[INFO] [stderr]    Compiling spin v0.9.4
[INFO] [stderr]    Compiling async-process v1.6.0
[INFO] [stderr]    Compiling foreign-types v0.3.2
[INFO] [stderr]    Compiling async-fs v1.6.0
[INFO] [stderr]    Compiling blocking v1.3.0
[INFO] [stderr]    Compiling async-executor v1.5.0
[INFO] [stderr]    Compiling parking_lot v0.11.2
[INFO] [stderr]    Compiling indexmap v1.9.2
[INFO] [stderr]    Compiling async-net v1.7.0
[INFO] [stderr]    Compiling anyhow v1.0.66
[INFO] [stderr]    Compiling native-tls v0.2.11
[INFO] [stderr]    Compiling libm v0.2.6
[INFO] [stderr]    Compiling async-trait v0.1.59
[INFO] [stderr]    Compiling crossbeam-queue v0.3.8
[INFO] [stderr]    Compiling percent-encoding v2.2.0
[INFO] [stderr]    Compiling tap v1.0.1
[INFO] [stderr]    Compiling adler v1.0.2
[INFO] [stderr]    Compiling unicode-bidi v0.3.8
[INFO] [stderr]    Compiling unicode-normalization v0.1.22
[INFO] [stderr]    Compiling gimli v0.26.2
[INFO] [stderr]    Compiling wyz v0.5.1
[INFO] [stderr]    Compiling miniz_oxide v0.5.4
[INFO] [stderr]    Compiling form_urlencoded v1.1.0
[INFO] [stderr]    Compiling block-buffer v0.10.3
[INFO] [stderr]    Compiling crypto-common v0.1.6
[INFO] [stderr]    Compiling digest v0.9.0
[INFO] [stderr]    Compiling blake3 v1.3.3
[INFO] [stderr]    Compiling ring v0.16.20
[INFO] [stderr]    Compiling raw-cpuid v10.6.0
[INFO] [stderr]    Compiling nanorand v0.7.0
[INFO] [stderr]    Compiling num_cpus v1.14.0
[INFO] [stderr]    Compiling object v0.29.0
[INFO] [stderr]    Compiling async-mutex v1.4.0
[INFO] [stderr]    Compiling idna v0.3.0
[INFO] [stderr]    Compiling ahash v0.8.3
[INFO] [stderr]    Compiling priority-queue v1.3.0
[INFO] [stderr]    Compiling cache-padded v1.2.0
[INFO] [stderr]    Compiling moka v0.9.6
[INFO] [stderr]    Compiling reed-solomon-erasure v6.0.0
[INFO] [stderr]    Compiling cached_proc_macro_types v0.1.0
[INFO] [stderr]    Compiling ppv-lite86 v0.2.17
[INFO] [stderr]    Compiling openssl-probe v0.1.5
[INFO] [stderr]    Compiling funty v2.0.0
[INFO] [stderr]    Compiling byteorder v1.4.3
[INFO] [stderr]    Compiling unicode-width v0.1.10
[INFO] [stderr]    Compiling rustc-demangle v0.1.21
[INFO] [stderr]    Compiling tabwriter v1.2.1
[INFO] [stderr]    Compiling url v2.3.1
[INFO] [stderr]    Compiling rand_chacha v0.2.2
[INFO] [stderr]    Compiling async-rwlock v1.3.0
[INFO] [stderr]    Compiling quanta v0.10.1
[INFO] [stderr]    Compiling digest v0.10.6
[INFO] [stderr]    Compiling bitvec v1.0.1
[INFO] [stderr]    Compiling async-global-executor v2.3.1
[INFO] [stderr]    Compiling futures-intrusive v0.4.2
[INFO] [stderr]    Compiling dashmap v5.4.0
[INFO] [stderr]    Compiling lru v0.7.8
[INFO] [stderr]    Compiling crossbeam-deque v0.8.2
[INFO] [stderr]    Compiling scheduled-thread-pool v0.2.6
[INFO] [stderr]    Compiling uuid v1.2.2
[INFO] [stderr]    Compiling special v0.8.1
[INFO] [stderr]    Compiling addr2line v0.17.0
[INFO] [stderr]    Compiling st3 v0.4.1
[INFO] [stderr]    Compiling crossbeam-channel v0.5.6
[INFO] [stderr]    Compiling tracing-core v0.1.30
[INFO] [stderr]    Compiling thread_local v1.1.4
[INFO] [stderr]    Compiling simple-mutex v1.1.5
[INFO] [stderr]    Compiling tagptr v0.2.0
[INFO] [stderr]    Compiling hashbrown v0.11.2
[INFO] [stderr]    Compiling either v1.8.0
[INFO] [stderr]    Compiling spin v0.5.2
[INFO] [stderr]    Compiling rustc-hash v1.1.0
[INFO] [stderr]    Compiling random v0.12.2
[INFO] [stderr]    Compiling untrusted v0.7.1
[INFO] [stderr]    Compiling darling_core v0.13.4
[INFO] [stderr]    Compiling synstructure v0.12.6
[INFO] [stderr]    Compiling arrayvec v0.7.2
[INFO] [stderr]    Compiling arrayref v0.3.6
[INFO] [stderr]    Compiling pin-project-lite v0.1.12
[INFO] [stderr]    Compiling triomphe v0.1.8
[INFO] [stderr]    Compiling constant_time_eq v0.2.4
[INFO] [stderr]    Compiling hex v0.4.3
[INFO] [stderr]    Compiling smol-timeout v0.6.0
[INFO] [stderr]    Compiling probability v0.17.0
[INFO] [stderr]    Compiling itertools v0.10.5
[INFO] [stderr]    Compiling async-dup v1.2.2
[INFO] [stderr]    Compiling smol v1.3.0
[INFO] [stderr]    Compiling rand v0.7.3
[INFO] [stderr]    Compiling concurrent-queue v1.2.4
[INFO] [stderr]    Compiling lru v0.8.1
[INFO] [stderr]    Compiling sluice v0.5.5
[INFO] [stderr]    Compiling socket2 v0.3.19
[INFO] [stderr]    Compiling arc-swap v1.5.1
[INFO] [stderr]    Compiling replay_filter v0.1.2
[INFO] [stderr]    Compiling futures-macro v0.3.25
[INFO] [stderr]    Compiling zeroize_derive v1.3.3
[INFO] [stderr]    Compiling thiserror-impl v1.0.37
[INFO] [stderr]    Compiling pin-project-internal v1.0.12
[INFO] [stderr]    Compiling openssl-macros v0.1.0
[INFO] [stderr]    Compiling darling_macro v0.13.4
[INFO] [stderr]    Compiling tracing-attributes v0.1.23
[INFO] [stderr]    Compiling derivative v2.2.0
[INFO] [stderr]    Compiling zeroize v1.3.0
[INFO] [stderr]    Compiling darling v0.13.4
[INFO] [stderr]    Compiling serde_with_macros v1.5.2
[INFO] [stderr]    Compiling cached_proc_macro v0.7.1
[INFO] [stderr]    Compiling pin-project v1.0.12
[INFO] [stderr]    Compiling flume v0.10.14
[INFO] [stderr]    Compiling tracing v0.1.37
[INFO] [stderr]    Compiling futures-executor v0.3.25
[INFO] [stderr]    Compiling smolscale v0.3.52
[INFO] [stderr]    Compiling futures v0.3.25
[INFO] [stderr]    Compiling cached v0.26.2
[INFO] [stderr]    Compiling curve25519-dalek v3.2.1
[INFO] [stderr]    Compiling bincode v1.3.3
[INFO] [stderr]    Compiling bytes v1.3.0
[INFO] [stderr]    Compiling serde_with v1.14.0
[INFO] [stderr]    Compiling smol_str v0.1.23
[INFO] [stderr]    Compiling x25519-dalek v1.2.0
[INFO] [stderr]    Compiling stdcode v0.1.13
[INFO] [stderr]    Compiling async-native-tls v0.4.0
[INFO] [stderr]    Compiling sosistab2 v0.8.16 (/opt/rustwide/workdir)
[INFO] [stdout] warning: unreachable pattern
[INFO] [stdout]    --> src/pipe/obfs_udp.rs:426:21
[INFO] [stdout]     |
[INFO] [stdout] 426 |                     x => {
[INFO] [stdout]     |                     ^
[INFO] [stdout]     |
[INFO] [stdout]     = note: `#[warn(unreachable_patterns)]` on by default
[INFO] [stdout] 
[INFO] [stdout] 
[INFO] [stdout] warning: associated function `new` is never used
[INFO] [stdout]   --> src/multiplex/stream/congestion/cubic.rs:17:12
[INFO] [stdout]    |
[INFO] [stdout] 17 |     pub fn new(beta: f64, cee: f64) -> Self {
[INFO] [stdout]    |            ^^^
[INFO] [stdout]    |
[INFO] [stdout]    = note: `#[warn(dead_code)]` on by default
[INFO] [stdout] 
[INFO] [stdout] 
[INFO] [stdout] warning: associated function `new` is never used
[INFO] [stdout]  --> src/multiplex/stream/congestion/trivial.rs:9:12
[INFO] [stdout]   |
[INFO] [stdout] 9 |     pub fn new(cwnd: usize) -> Self {
[INFO] [stdout]   |            ^^^
[INFO] [stdout] 
[INFO] [stdout] 
[INFO] [stdout] warning: method `rtt_var` is never used
[INFO] [stdout]   --> src/multiplex/stream/inflight/calc.rs:45:12
[INFO] [stdout]    |
[INFO] [stdout] 45 |     pub fn rtt_var(&self) -> Duration {
[INFO] [stdout]    |            ^^^^^^^
[INFO] [stdout] 
[INFO] [stdout] 
[INFO] [stdout] warning: fields `seqno` and `delivered_time` are never read
[INFO] [stdout]   --> src/multiplex/stream/inflight/inflight_struct.rs:12:5
[INFO] [stdout]    |
[INFO] [stdout] 11 | pub struct InflightEntry {
[INFO] [stdout]    |            ------------- fields in this struct
[INFO] [stdout] 12 |     seqno: Seqno,
[INFO] [stdout]    |     ^^^^^
[INFO] [stdout] ...
[INFO] [stdout] 19 |     delivered_time: Instant,
[INFO] [stdout]    |     ^^^^^^^^^^^^^^
[INFO] [stdout]    |
[INFO] [stdout]    = note: `InflightEntry` has derived impls for the traits `Clone` and `Debug`, but these are intentionally ignored during dead code analysis
[INFO] [stdout] 
[INFO] [stdout] 
[INFO] [stdout] warning: method `delivery_rate` is never used
[INFO] [stdout]   --> src/multiplex/stream/inflight/inflight_struct.rs:87:12
[INFO] [stdout]    |
[INFO] [stdout] 87 |     pub fn delivery_rate(&self) -> f64 {
[INFO] [stdout]    |            ^^^^^^^^^^^^^
[INFO] [stdout] 
[INFO] [stdout] 
[INFO] [stdout] warning: fields `encrypter` and `recv_upcoded` are never read
[INFO] [stdout]   --> src/pipe/obfs_udp/listener_table.rs:27:5
[INFO] [stdout]    |
[INFO] [stdout] 24 | struct PipeBack {
[INFO] [stdout]    |        -------- fields in this struct
[INFO] [stdout] ...
[INFO] [stdout] 27 |     encrypter: ObfsEncrypter,
[INFO] [stdout]    |     ^^^^^^^^^
[INFO] [stdout] 28 |     recv_upcoded: Receiver<ObfsUdpFrame>,
[INFO] [stdout]    |     ^^^^^^^^^^^^
[INFO] [stdout]    |
[INFO] [stdout]    = note: `PipeBack` has a derived impl for the trait `Clone`, but this is intentionally ignored during dead code analysis
[INFO] [stdout] 
[INFO] [stdout] 
[INFO] [stdout] warning: method `mean` is never used
[INFO] [stdout]   --> src/utilities/mod.rs:92:12
[INFO] [stdout]    |
[INFO] [stdout] 92 |     pub fn mean(&self) -> f64 {
[INFO] [stdout]    |            ^^^^
[INFO] [stdout] 
[INFO] [stdout] 
[INFO] [stdout] warning: 8 warnings emitted
[INFO] [stdout] 
[INFO] [stdout] 
[INFO] [stderr]     Finished dev [unoptimized + debuginfo] target(s) in 39.67s
[INFO] running `Command { std: "docker" "inspect" "11f99568a271df82dfec29d426a2abcf33e404c96e38e657c32e25d630e92855", kill_on_drop: false }`
[INFO] running `Command { std: "docker" "rm" "-f" "11f99568a271df82dfec29d426a2abcf33e404c96e38e657c32e25d630e92855", kill_on_drop: false }`
[INFO] [stdout] 11f99568a271df82dfec29d426a2abcf33e404c96e38e657c32e25d630e92855
[INFO] running `Command { std: "docker" "create" "-v" "/var/lib/crater-agent-workspace/builds/worker-1-tc1/target:/opt/rustwide/target:rw,Z" "-v" "/var/lib/crater-agent-workspace/builds/worker-1-tc1/source:/opt/rustwide/workdir:ro,Z" "-v" "/var/lib/crater-agent-workspace/cargo-home:/opt/rustwide/cargo-home:ro,Z" "-v" "/var/lib/crater-agent-workspace/rustup-home:/opt/rustwide/rustup-home:ro,Z" "-e" "SOURCE_DIR=/opt/rustwide/workdir" "-e" "CARGO_TARGET_DIR=/opt/rustwide/target" "-e" "CARGO_INCREMENTAL=0" "-e" "RUST_BACKTRACE=full" "-e" "RUSTFLAGS=--cap-lints=warn" "-e" "RUSTDOCFLAGS=--cap-lints=warn" "-e" "CARGO_HOME=/opt/rustwide/cargo-home" "-e" "RUSTUP_HOME=/opt/rustwide/rustup-home" "-w" "/opt/rustwide/workdir" "-m" "1610612736" "--user" "0:0" "--network" "none" "ghcr.io/rust-lang/crates-build-env/linux@sha256:5ff2268d62e97bff2cde7d5815dd6ed5b47097566f13b8d0ca110b04b60e07ed" "/opt/rustwide/cargo-home/bin/cargo" "+1.69.0" "test" "--frozen" "--no-run" "--message-format=json", kill_on_drop: false }`
[INFO] [stdout] 5ef0dfb79f7fa2f57f4f4601bccc925cdfd465a2bb08f0643f63593842b50f00
[INFO] running `Command { std: "docker" "start" "-a" "5ef0dfb79f7fa2f57f4f4601bccc925cdfd465a2bb08f0643f63593842b50f00", kill_on_drop: false }`
[INFO] [stderr]    Compiling once_cell v1.16.0
[INFO] [stderr]    Compiling futures-io v0.3.25
[INFO] [stderr]    Compiling event-listener v2.5.3
[INFO] [stderr]    Compiling scopeguard v1.1.0
[INFO] [stderr]    Compiling libc v0.2.139
[INFO] [stderr]    Compiling crossbeam-utils v0.8.14
[INFO] [stderr]    Compiling futures-core v0.3.25
[INFO] [stderr]    Compiling slab v0.4.7
[INFO] [stderr]    Compiling fastrand v1.8.0
[INFO] [stderr]    Compiling waker-fn v1.1.0
[INFO] [stderr]    Compiling parking v2.0.0
[INFO] [stderr]    Compiling futures-sink v0.3.25
[INFO] [stderr]    Compiling serde v1.0.149
[INFO] [stderr]    Compiling generic-array v0.14.6
[INFO] [stderr]    Compiling futures-task v0.3.25
[INFO] [stderr]    Compiling memoffset v0.7.1
[INFO] [stderr]    Compiling async-task v4.3.0
[INFO] [stderr]    Compiling atomic-waker v1.0.0
[INFO] [stderr]    Compiling instant v0.1.12
[INFO] [stderr]    Compiling lock_api v0.4.9
[INFO] [stderr]    Compiling futures-channel v0.3.25
[INFO] [stderr]    Compiling tinyvec_macros v0.1.0
[INFO] [stderr]    Compiling either v1.8.0
[INFO] [stderr]    Compiling thiserror v1.0.37
[INFO] [stderr]    Compiling num-traits v0.2.15
[INFO] [stderr]    Compiling unicode-bidi v0.3.8
[INFO] [stderr]    Compiling ryu v1.0.11
[INFO] [stderr]    Compiling futures-lite v1.12.0
[INFO] [stderr]    Compiling tinyvec v1.6.0
[INFO] [stderr]    Compiling tap v1.0.1
[INFO] [stderr]    Compiling gimli v0.26.2
[INFO] [stderr]    Compiling spin v0.9.4
[INFO] [stderr]    Compiling rayon-core v1.10.1
[INFO] [stderr]    Compiling futures-util v0.3.25
[INFO] [stderr]    Compiling concurrent-queue v2.0.0
[INFO] [stderr]    Compiling crossbeam-epoch v0.9.13
[INFO] [stderr]    Compiling crossbeam-channel v0.5.6
[INFO] [stderr]    Compiling getrandom v0.2.8
[INFO] [stderr]    Compiling polling v2.5.1
[INFO] [stderr]    Compiling socket2 v0.4.7
[INFO] [stderr]    Compiling async-channel v1.8.0
[INFO] [stderr]    Compiling num_cpus v1.14.0
[INFO] [stderr]    Compiling parking_lot_core v0.9.5
[INFO] [stderr]    Compiling getrandom v0.1.16
[INFO] [stderr]    Compiling ahash v0.7.6
[INFO] [stderr]    Compiling rand_core v0.5.1
[INFO] [stderr]    Compiling crossbeam-deque v0.8.2
[INFO] [stderr]    Compiling parking_lot_core v0.8.5
[INFO] [stderr]    Compiling parking_lot v0.12.1
[INFO] [stderr]    Compiling unicode-normalization v0.1.22
[INFO] [stderr]    Compiling signal-hook-registry v1.4.0
[INFO] [stderr]    Compiling openssl-sys v0.9.79
[INFO] [stderr]    Compiling hashbrown v0.12.3
[INFO] [stderr]    Compiling parking_lot v0.11.2
[INFO] [stderr]    Compiling serde_json v1.0.89
[INFO] [stderr]    Compiling miniz_oxide v0.5.4
[INFO] [stderr]    Compiling signal-hook v0.3.14
[INFO] [stderr]    Compiling async-lock v2.6.0
[INFO] [stderr]    Compiling nanorand v0.7.0
[INFO] [stderr]    Compiling crypto-common v0.1.6
[INFO] [stderr]    Compiling block-buffer v0.10.3
[INFO] [stderr]    Compiling digest v0.9.0
[INFO] [stderr]    Compiling wyz v0.5.1
[INFO] [stderr]    Compiling itertools v0.10.5
[INFO] [stderr]    Compiling pin-project v1.0.12
[INFO] [stderr]    Compiling zeroize v1.3.0
[INFO] [stderr]    Compiling radium v0.7.0
[INFO] [stderr]    Compiling async-io v1.12.0
[INFO] [stderr]    Compiling blocking v1.3.0
[INFO] [stderr]    Compiling async-executor v1.5.0
[INFO] [stderr]    Compiling idna v0.3.0
[INFO] [stderr]    Compiling async-mutex v1.4.0
[INFO] [stderr]    Compiling raw-cpuid v10.6.0
[INFO] [stderr]    Compiling aho-corasick v0.7.20
[INFO] [stderr]    Compiling object v0.29.0
[INFO] [stderr]    Compiling cached_proc_macro_types v0.1.0
[INFO] [stderr]    Compiling cache-padded v1.2.0
[INFO] [stderr]    Compiling itoa v1.0.4
[INFO] [stderr]    Compiling rustc-demangle v0.1.21
[INFO] [stderr]    Compiling openssl v0.10.44
[INFO] [stderr]    Compiling plotters-backend v0.3.4
[INFO] [stderr]    Compiling regex-syntax v0.6.28
[INFO] [stderr]    Compiling regex-automata v0.1.10
[INFO] [stderr]    Compiling funty v2.0.0
[INFO] [stderr]    Compiling ring v0.16.20
[INFO] [stderr]    Compiling addr2line v0.17.0
[INFO] [stderr]    Compiling plotters-svg v0.3.3
[INFO] [stderr]    Compiling url v2.3.1
[INFO] [stderr]    Compiling futures-executor v0.3.25
[INFO] [stderr]    Compiling async-net v1.7.0
[INFO] [stderr]    Compiling async-process v1.6.0
[INFO] [stderr]    Compiling futures v0.3.25
[INFO] [stderr]    Compiling bitvec v1.0.1
[INFO] [stderr]    Compiling async-global-executor v2.3.1
[INFO] [stderr]    Compiling async-fs v1.6.0
[INFO] [stderr]    Compiling quanta v0.10.1
[INFO] [stderr]    Compiling cached_proc_macro v0.7.1
[INFO] [stderr]    Compiling bstr v0.2.17
[INFO] [stderr]    Compiling bytes v1.3.0
[INFO] [stderr]    Compiling serde_with v1.14.0
[INFO] [stderr]    Compiling regex v1.7.0
[INFO] [stderr]    Compiling bincode v1.3.3
[INFO] [stderr]    Compiling curve25519-dalek v3.2.1
[INFO] [stderr]    Compiling async-rwlock v1.3.0
[INFO] [stderr]    Compiling time v0.3.17
[INFO] [stderr]    Compiling rand_chacha v0.2.2
[INFO] [stderr]    Compiling dashmap v5.4.0
[INFO] [stderr]    Compiling indexmap v1.9.2
[INFO] [stderr]    Compiling lru v0.7.8
[INFO] [stderr]    Compiling flume v0.10.14
[INFO] [stderr]    Compiling digest v0.10.6
[INFO] [stderr]    Compiling libm v0.2.6
[INFO] [stderr]    Compiling futures-intrusive v0.4.2
[INFO] [stderr]    Compiling anyhow v1.0.66
[INFO] [stderr]    Compiling crossbeam-queue v0.3.8
[INFO] [stderr]    Compiling scheduled-thread-pool v0.2.6
[INFO] [stderr]    Compiling uuid v1.2.2
[INFO] [stderr]    Compiling special v0.8.1
[INFO] [stderr]    Compiling atty v0.2.14
[INFO] [stderr]    Compiling st3 v0.4.1
[INFO] [stderr]    Compiling tabwriter v1.2.1
[INFO] [stderr]    Compiling tracing-core v0.1.30
[INFO] [stderr]    Compiling native-tls v0.2.11
[INFO] [stderr]    Compiling thread_local v1.1.4
[INFO] [stderr]    Compiling simple-mutex v1.1.5
[INFO] [stderr]    Compiling pin-project-lite v0.1.12
[INFO] [stderr]    Compiling triomphe v0.1.8
[INFO] [stderr]    Compiling half v1.8.2
[INFO] [stderr]    Compiling arrayref v0.3.6
[INFO] [stderr]    Compiling hashbrown v0.11.2
[INFO] [stderr]    Compiling heck v0.4.0
[INFO] [stderr]    Compiling argh_shared v0.1.9
[INFO] [stderr]    Compiling cast v0.3.0
[INFO] [stderr]    Compiling random v0.12.2
[INFO] [stderr]    Compiling backtrace v0.3.66
[INFO] [stderr]    Compiling constant_time_eq v0.2.4
[INFO] [stderr]    Compiling same-file v1.0.6
[INFO] [stderr]    Compiling tagptr v0.2.0
[INFO] [stderr]    Compiling pem v1.1.0
[INFO] [stderr]    Compiling argh_derive v0.1.9
[INFO] [stderr]    Compiling walkdir v2.3.2
[INFO] [stderr]    Compiling criterion-plot v0.4.5
[INFO] [stderr]    Compiling moka v0.9.6
[INFO] [stderr]    Compiling blake3 v1.3.3
[INFO] [stderr]    Compiling csv v1.1.6
[INFO] [stderr]    Compiling probability v0.17.0
[INFO] [stderr]    Compiling cached v0.26.2
[INFO] [stderr]    Compiling serde_cbor v0.11.2
[INFO] [stderr]    Compiling replay_filter v0.1.2
[INFO] [stderr]    Compiling tracing v0.1.37
[INFO] [stderr]    Compiling smolscale v0.3.52
[INFO] [stderr]    Compiling async-native-tls v0.4.0
[INFO] [stderr]    Compiling reed-solomon-erasure v6.0.0
[INFO] [stderr]    Compiling smol-timeout v0.6.0
[INFO] [stderr]    Compiling async-dup v1.2.2
[INFO] [stderr]    Compiling rayon v1.6.1
[INFO] [stderr]    Compiling stdcode v0.1.13
[INFO] [stderr]    Compiling clap v2.34.0
[INFO] [stderr]    Compiling x25519-dalek v1.2.0
[INFO] [stderr]    Compiling priority-queue v1.3.0
[INFO] [stderr]    Compiling rand v0.7.3
[INFO] [stderr]    Compiling tinytemplate v1.2.1
[INFO] [stderr]    Compiling yasna v0.5.0
[INFO] [stderr]    Compiling ahash v0.8.3
[INFO] [stderr]    Compiling plotters v0.3.4
[INFO] [stderr]    Compiling smol v1.3.0
[INFO] [stderr]    Compiling smol_str v0.1.23
[INFO] [stderr]    Compiling concurrent-queue v1.2.4
[INFO] [stderr]    Compiling lru v0.8.1
[INFO] [stderr]    Compiling sluice v0.5.5
[INFO] [stderr]    Compiling dirs-sys v0.3.7
[INFO] [stderr]    Compiling socket2 v0.3.19
[INFO] [stderr]    Compiling arc-swap v1.5.1
[INFO] [stderr]    Compiling termcolor v1.1.3
[INFO] [stderr]    Compiling humantime v2.1.0
[INFO] [stderr]    Compiling oorandom v11.1.3
[INFO] [stderr]    Compiling dirs v4.0.0
[INFO] [stderr]    Compiling env_logger v0.9.3
[INFO] [stderr]    Compiling argh v0.1.9
[INFO] [stderr]    Compiling rcgen v0.10.0
[INFO] [stderr]    Compiling socksv5 v0.3.1
[INFO] [stderr]    Compiling sosistab2 v0.8.16 (/opt/rustwide/workdir)
[INFO] [stdout] warning: unreachable pattern
[INFO] [stdout]    --> src/pipe/obfs_udp.rs:426:21
[INFO] [stdout]     |
[INFO] [stdout] 426 |                     x => {
[INFO] [stdout]     |                     ^
[INFO] [stdout]     |
[INFO] [stdout]     = note: `#[warn(unreachable_patterns)]` on by default
[INFO] [stdout] 
[INFO] [stdout] 
[INFO] [stderr]    Compiling criterion v0.3.6
[INFO] [stdout] warning: associated function `new` is never used
[INFO] [stdout]   --> src/multiplex/stream/congestion/cubic.rs:17:12
[INFO] [stdout]    |
[INFO] [stdout] 17 |     pub fn new(beta: f64, cee: f64) -> Self {
[INFO] [stdout]    |            ^^^
[INFO] [stdout]    |
[INFO] [stdout]    = note: `#[warn(dead_code)]` on by default
[INFO] [stdout] 
[INFO] [stdout] 
[INFO] [stdout] warning: associated function `new` is never used
[INFO] [stdout]  --> src/multiplex/stream/congestion/trivial.rs:9:12
[INFO] [stdout]   |
[INFO] [stdout] 9 |     pub fn new(cwnd: usize) -> Self {
[INFO] [stdout]   |            ^^^
[INFO] [stdout] 
[INFO] [stdout] 
[INFO] [stdout] warning: method `rtt_var` is never used
[INFO] [stdout]   --> src/multiplex/stream/inflight/calc.rs:45:12
[INFO] [stdout]    |
[INFO] [stdout] 45 |     pub fn rtt_var(&self) -> Duration {
[INFO] [stdout]    |            ^^^^^^^
[INFO] [stdout] 
[INFO] [stdout] 
[INFO] [stdout] warning: fields `seqno` and `delivered_time` are never read
[INFO] [stdout]   --> src/multiplex/stream/inflight/inflight_struct.rs:12:5
[INFO] [stdout]    |
[INFO] [stdout] 11 | pub struct InflightEntry {
[INFO] [stdout]    |            ------------- fields in this struct
[INFO] [stdout] 12 |     seqno: Seqno,
[INFO] [stdout]    |     ^^^^^
[INFO] [stdout] ...
[INFO] [stdout] 19 |     delivered_time: Instant,
[INFO] [stdout]    |     ^^^^^^^^^^^^^^
[INFO] [stdout]    |
[INFO] [stdout]    = note: `InflightEntry` has derived impls for the traits `Clone` and `Debug`, but these are intentionally ignored during dead code analysis
[INFO] [stdout] 
[INFO] [stdout] 
[INFO] [stdout] warning: method `delivery_rate` is never used
[INFO] [stdout]   --> src/multiplex/stream/inflight/inflight_struct.rs:87:12
[INFO] [stdout]    |
[INFO] [stdout] 87 |     pub fn delivery_rate(&self) -> f64 {
[INFO] [stdout]    |            ^^^^^^^^^^^^^
[INFO] [stdout] 
[INFO] [stdout] 
[INFO] [stdout] warning: fields `encrypter` and `recv_upcoded` are never read
[INFO] [stdout]   --> src/pipe/obfs_udp/listener_table.rs:27:5
[INFO] [stdout]    |
[INFO] [stdout] 24 | struct PipeBack {
[INFO] [stdout]    |        -------- fields in this struct
[INFO] [stdout] ...
[INFO] [stdout] 27 |     encrypter: ObfsEncrypter,
[INFO] [stdout]    |     ^^^^^^^^^
[INFO] [stdout] 28 |     recv_upcoded: Receiver<ObfsUdpFrame>,
[INFO] [stdout]    |     ^^^^^^^^^^^^
[INFO] [stdout]    |
[INFO] [stdout]    = note: `PipeBack` has a derived impl for the trait `Clone`, but this is intentionally ignored during dead code analysis
[INFO] [stdout] 
[INFO] [stdout] 
[INFO] [stdout] warning: method `mean` is never used
[INFO] [stdout]   --> src/utilities/mod.rs:92:12
[INFO] [stdout]    |
[INFO] [stdout] 92 |     pub fn mean(&self) -> f64 {
[INFO] [stdout]    |            ^^^^
[INFO] [stdout] 
[INFO] [stdout] 
[INFO] [stdout] warning: 8 warnings emitted
[INFO] [stdout] 
[INFO] [stdout] 
[INFO] [stdout] warning: value assigned to `v4addr` is never read
[INFO] [stdout]    --> examples/sosis2socks-client.rs:123:13
[INFO] [stdout]     |
[INFO] [stdout] 123 |             v4addr = String::from_utf8_lossy(dom).parse().ok();
[INFO] [stdout]     |             ^^^^^^
[INFO] [stdout]     |
[INFO] [stdout]     = help: maybe it is overwritten before being read?
[INFO] [stdout]     = note: `#[warn(unused_assignments)]` on by default
[INFO] [stdout] 
[INFO] [stdout] 
[INFO] [stdout] warning: unreachable pattern
[INFO] [stdout]    --> src/pipe/obfs_udp.rs:426:21
[INFO] [stdout]     |
[INFO] [stdout] 426 |                     x => {
[INFO] [stdout]     |                     ^
[INFO] [stdout]     |
[INFO] [stdout]     = note: `#[warn(unreachable_patterns)]` on by default
[INFO] [stdout] 
[INFO] [stdout] 
[INFO] [stdout] warning: associated function `new` is never used
[INFO] [stdout]   --> src/multiplex/stream/congestion/cubic.rs:17:12
[INFO] [stdout]    |
[INFO] [stdout] 17 |     pub fn new(beta: f64, cee: f64) -> Self {
[INFO] [stdout]    |            ^^^
[INFO] [stdout]    |
[INFO] [stdout]    = note: `#[warn(dead_code)]` on by default
[INFO] [stdout] 
[INFO] [stdout] 
[INFO] [stdout] warning: associated function `new` is never used
[INFO] [stdout]  --> src/multiplex/stream/congestion/trivial.rs:9:12
[INFO] [stdout]   |
[INFO] [stdout] 9 |     pub fn new(cwnd: usize) -> Self {
[INFO] [stdout]   |            ^^^
[INFO] [stdout] 
[INFO] [stdout] 
[INFO] [stdout] warning: method `rtt_var` is never used
[INFO] [stdout]   --> src/multiplex/stream/inflight/calc.rs:45:12
[INFO] [stdout]    |
[INFO] [stdout] 45 |     pub fn rtt_var(&self) -> Duration {
[INFO] [stdout]    |            ^^^^^^^
[INFO] [stdout] 
[INFO] [stdout] 
[INFO] [stdout] warning: fields `seqno` and `delivered_time` are never read
[INFO] [stdout]   --> src/multiplex/stream/inflight/inflight_struct.rs:12:5
[INFO] [stdout]    |
[INFO] [stdout] 11 | pub struct InflightEntry {
[INFO] [stdout]    |            ------------- fields in this struct
[INFO] [stdout] 12 |     seqno: Seqno,
[INFO] [stdout]    |     ^^^^^
[INFO] [stdout] ...
[INFO] [stdout] 19 |     delivered_time: Instant,
[INFO] [stdout]    |     ^^^^^^^^^^^^^^
[INFO] [stdout]    |
[INFO] [stdout]    = note: `InflightEntry` has derived impls for the traits `Clone` and `Debug`, but these are intentionally ignored during dead code analysis
[INFO] [stdout] 
[INFO] [stdout] 
[INFO] [stdout] warning: method `delivery_rate` is never used
[INFO] [stdout]   --> src/multiplex/stream/inflight/inflight_struct.rs:87:12
[INFO] [stdout]    |
[INFO] [stdout] 87 |     pub fn delivery_rate(&self) -> f64 {
[INFO] [stdout]    |            ^^^^^^^^^^^^^
[INFO] [stdout] 
[INFO] [stdout] 
[INFO] [stdout] warning: fields `encrypter` and `recv_upcoded` are never read
[INFO] [stdout]   --> src/pipe/obfs_udp/listener_table.rs:27:5
[INFO] [stdout]    |
[INFO] [stdout] 24 | struct PipeBack {
[INFO] [stdout]    |        -------- fields in this struct
[INFO] [stdout] ...
[INFO] [stdout] 27 |     encrypter: ObfsEncrypter,
[INFO] [stdout]    |     ^^^^^^^^^
[INFO] [stdout] 28 |     recv_upcoded: Receiver<ObfsUdpFrame>,
[INFO] [stdout]    |     ^^^^^^^^^^^^
[INFO] [stdout]    |
[INFO] [stdout]    = note: `PipeBack` has a derived impl for the trait `Clone`, but this is intentionally ignored during dead code analysis
[INFO] [stdout] 
[INFO] [stdout] 
[INFO] [stdout] warning: method `mean` is never used
[INFO] [stdout]   --> src/utilities/mod.rs:92:12
[INFO] [stdout]    |
[INFO] [stdout] 92 |     pub fn mean(&self) -> f64 {
[INFO] [stdout]    |            ^^^^
[INFO] [stdout] 
[INFO] [stdout] 
[INFO] [stdout] error: linking with `cc` failed: exit status: 1
[INFO] [stdout]   |
[INFO] [stdout]   = note: LC_ALL="C" PATH="/opt/rustwide/rustup-home/toolchains/1.69.0-x86_64-unknown-linux-gnu/lib/rustlib/x86_64-unknown-linux-gnu/bin:/opt/rustwide/cargo-home/bin:/usr/local/sbin:/usr/local/bin:/usr/sbin:/usr/bin:/sbin:/bin" VSLANG="1033" "cc" "-m64" "/tmp/rustcBiFwmt/symbols.o" "/opt/rustwide/target/debug/examples/pipebench-cae8585970d71b7a.pipebench.6a7bfaf7-cgu.0.rcgu.o" "/opt/rustwide/target/debug/examples/pipebench-cae8585970d71b7a.pipebench.6a7bfaf7-cgu.1.rcgu.o" "/opt/rustwide/target/debug/examples/pipebench-cae8585970d71b7a.pipebench.6a7bfaf7-cgu.10.rcgu.o" "/opt/rustwide/target/debug/examples/pipebench-cae8585970d71b7a.pipebench.6a7bfaf7-cgu.11.rcgu.o" "/opt/rustwide/target/debug/examples/pipebench-cae8585970d71b7a.pipebench.6a7bfaf7-cgu.12.rcgu.o" "/opt/rustwide/target/debug/examples/pipebench-cae8585970d71b7a.pipebench.6a7bfaf7-cgu.13.rcgu.o" "/opt/rustwide/target/debug/examples/pipebench-cae8585970d71b7a.pipebench.6a7bfaf7-cgu.14.rcgu.o" "/opt/rustwide/target/debug/examples/pipebench-cae8585970d71b7a.pipebench.6a7bfaf7-cgu.15.rcgu.o" "/opt/rustwide/target/debug/examples/pipebench-cae8585970d71b7a.pipebench.6a7bfaf7-cgu.2.rcgu.o" "/opt/rustwide/target/debug/examples/pipebench-cae8585970d71b7a.pipebench.6a7bfaf7-cgu.3.rcgu.o" "/opt/rustwide/target/debug/examples/pipebench-cae8585970d71b7a.pipebench.6a7bfaf7-cgu.4.rcgu.o" "/opt/rustwide/target/debug/examples/pipebench-cae8585970d71b7a.pipebench.6a7bfaf7-cgu.5.rcgu.o" "/opt/rustwide/target/debug/examples/pipebench-cae8585970d71b7a.pipebench.6a7bfaf7-cgu.6.rcgu.o" "/opt/rustwide/target/debug/examples/pipebench-cae8585970d71b7a.pipebench.6a7bfaf7-cgu.7.rcgu.o" "/opt/rustwide/target/debug/examples/pipebench-cae8585970d71b7a.pipebench.6a7bfaf7-cgu.8.rcgu.o" "/opt/rustwide/target/debug/examples/pipebench-cae8585970d71b7a.pipebench.6a7bfaf7-cgu.9.rcgu.o" "/opt/rustwide/target/debug/examples/pipebench-cae8585970d71b7a.2c5bqgyoztfp4lwc.rcgu.o" "-Wl,--as-needed" "-L" "/opt/rustwide/target/debug/deps" "-L" "/opt/rustwide/target/debug/build/openssl-sys-acbf9f88f0d4365c/out/openssl-build/install/lib" "-L" "/opt/rustwide/target/debug/build/blake3-5151f73a9fffc854/out" "-L" "/opt/rustwide/target/debug/build/blake3-5151f73a9fffc854/out" "-L" "/opt/rustwide/target/debug/build/ring-c4de7a7b86f42bd3/out" "-L" "/opt/rustwide/rustup-home/toolchains/1.69.0-x86_64-unknown-linux-gnu/lib/rustlib/x86_64-unknown-linux-gnu/lib" "-Wl,-Bstatic" "/opt/rustwide/target/debug/deps/libenv_logger-2ea3d0abf1c8e77c.rlib" "/opt/rustwide/target/debug/deps/libatty-30983afbf6e64f26.rlib" "/opt/rustwide/target/debug/deps/libtermcolor-687878defa5df84c.rlib" "/opt/rustwide/target/debug/deps/libhumantime-cdc03476f0a21f32.rlib" "/opt/rustwide/target/debug/deps/libregex-88672b95e1bb8830.rlib" "/opt/rustwide/target/debug/deps/libaho_corasick-9bb9d75852409017.rlib" "/opt/rustwide/target/debug/deps/libregex_syntax-100229eab186f801.rlib" "/opt/rustwide/target/debug/deps/libsosistab2-4a2e47d727f2de11.rlib" "/opt/rustwide/target/debug/deps/libsmolscale-8ae0bbc7f61d5771.rlib" "/opt/rustwide/target/debug/deps/libasync_global_executor-b3a5ca0d73b3fee4.rlib" "/opt/rustwide/target/debug/deps/libnum_cpus-29c279abfbd06c7e.rlib" "/opt/rustwide/target/debug/deps/libparking_lot-ad9a37f42015eae3.rlib" "/opt/rustwide/target/debug/deps/libst3-9424bba6ad8d6170.rlib" "/opt/rustwide/target/debug/deps/librustc_hash-0063061f61875cb5.rlib" "/opt/rustwide/target/debug/deps/libfutures_intrusive-cb0f9cd693310f83.rlib" "/opt/rustwide/target/debug/deps/libcrossbeam_deque-b5428caa1067abdd.rlib" "/opt/rustwide/target/debug/deps/libcrossbeam_epoch-82858bb21353c266.rlib" "/opt/rustwide/target/debug/deps/libmemoffset-7b66612974528ab1.rlib" "/opt/rustwide/target/debug/deps/libtabwriter-88d996f96539d63d.rlib" "/opt/rustwide/target/debug/deps/libunicode_width-f75bb0008a5efcfa.rlib" "/opt/rustwide/target/debug/deps/libbacktrace-da6b1d5f80a9e6a9.rlib" "/opt/rustwide/target/debug/deps/libminiz_oxide-920dc5c813d26e8f.rlib" "/opt/rustwide/target/debug/deps/libadler-478247d24f5486f3.rlib" "/opt/rustwide/target/debug/deps/libobject-3569f4c7d03307b4.rlib" "/opt/rustwide/target/debug/deps/libaddr2line-f8441d4c78d5bf19.rlib" "/opt/rustwide/target/debug/deps/libgimli-7f8a3e665b4fe613.rlib" "/opt/rustwide/target/debug/deps/librustc_demangle-c83167a5d6a87752.rlib" "/opt/rustwide/target/debug/deps/libx25519_dalek-af01f8a303977dbf.rlib" "/opt/rustwide/target/debug/deps/libcurve25519_dalek-318c39329a12c0a5.rlib" "/opt/rustwide/target/debug/deps/libzeroize-7b31d5bb0e4fb3b0.rlib" "/opt/rustwide/target/debug/deps/libdigest-1cc041f94efc53ac.rlib" "/opt/rustwide/target/debug/deps/libgeneric_array-1e7105f1935ae3b7.rlib" "/opt/rustwide/target/debug/deps/libtypenum-d40a559dcc4c7492.rlib" "/opt/rustwide/target/debug/deps/libbyteorder-f6bc7e7614c9a628.rlib" "/opt/rustwide/target/debug/deps/libtracing-2ed4c658da81a78c.rlib" "/opt/rustwide/target/debug/deps/libtracing_core-9298a5f772588ef9.rlib" "/opt/rustwide/target/debug/deps/libpin_project-bfe18c0a6d1db669.rlib" "/opt/rustwide/target/debug/deps/libsocket2-24324ceb6dd67ede.rlib" "/opt/rustwide/target/debug/deps/libpriority_queue-39c89bb936e58cce.rlib" "/opt/rustwide/target/debug/deps/libindexmap-ef6c376178ae5186.rlib" "/opt/rustwide/target/debug/deps/libitertools-cf505b792f3e7137.rlib" "/opt/rustwide/target/debug/deps/libeither-0c8949d963283322.rlib" "/opt/rustwide/target/debug/deps/libreed_solomon_erasure-222d314168d2e256.rlib" "/opt/rustwide/target/debug/deps/liblru-63205100eb6e8675.rlib" "/opt/rustwide/target/debug/deps/libcached-06531f1740e73e50.rlib" "/opt/rustwide/target/debug/deps/libasync_rwlock-cde2acb6879e7859.rlib" "/opt/rustwide/target/debug/deps/libasync_mutex-c29aeeac84ec463e.rlib" "/opt/rustwide/target/debug/deps/libcached_proc_macro_types-4ebcf187700e0646.rlib" "/opt/rustwide/target/debug/deps/libhashbrown-9a1f5d949d76c1be.rlib" "/opt/rustwide/target/debug/deps/libfutures-ed8ae8d32d2567e4.rlib" "/opt/rustwide/target/debug/deps/libfutures_executor-8e6273f307b16e42.rlib" "/opt/rustwide/target/debug/deps/libarc_swap-b07fc1e66c4bbf33.rlib" "/opt/rustwide/target/debug/deps/libprobability-09c62287c15489f7.rlib" "/opt/rustwide/target/debug/deps/libspecial-eb1a5b7969e98eca.rlib" "/opt/rustwide/target/debug/deps/librandom-cbe331af0053619c.rlib" "/opt/rustwide/target/debug/deps/liblru-ec7c6eb641d01f20.rlib" "/opt/rustwide/target/debug/deps/libstdcode-609b4531a7f173f4.rlib" "/opt/rustwide/target/debug/deps/libserde_with-ceda36cdec981385.rlib" "/opt/rustwide/target/debug/deps/libhex-ad79348a67e835f3.rlib" "/opt/rustwide/target/debug/deps/libbincode-9c1685f85a5e6694.rlib" "/opt/rustwide/target/debug/deps/libasync_native_tls-2899d031943163de.rlib" "/opt/rustwide/target/debug/deps/liburl-89b96d3f2517350a.rlib" "/opt/rustwide/target/debug/deps/libidna-6d693cb3a905ef6d.rlib" "/opt/rustwide/target/debug/deps/libunicode_normalization-741b225226fe9ab9.rlib" "/opt/rustwide/target/debug/deps/libtinyvec-dcb099dba038fed5.rlib" "/opt/rustwide/target/debug/deps/libtinyvec_macros-5ffb2ea8a2d866f2.rlib" "/opt/rustwide/target/debug/deps/libunicode_bidi-0c08def1fa98a3f7.rlib" "/opt/rustwide/target/debug/deps/libform_urlencoded-4406ed733a551179.rlib" "/opt/rustwide/target/debug/deps/libpercent_encoding-5b4f3c280783d946.rlib" "/opt/rustwide/target/debug/deps/libnative_tls-3f202a6136407fbe.rlib" "/opt/rustwide/target/debug/deps/libopenssl_probe-2d1cd15c290ad1de.rlib" "/opt/rustwide/target/debug/deps/libopenssl-cabf322dc68b46e5.rlib" "/opt/rustwide/target/debug/deps/libbitflags-82cc2d155c6eb112.rlib" "/opt/rustwide/target/debug/deps/libforeign_types-f2b053f84105065c.rlib" "/opt/rustwide/target/debug/deps/libforeign_types_shared-48f8f1f9ea32d068.rlib" "/opt/rustwide/target/debug/deps/libopenssl_sys-0f140a8e0549adb4.rlib" "/opt/rustwide/target/debug/deps/libsubtle-acfc1aa2d8135271.rlib" "/opt/rustwide/target/debug/deps/libsmol_timeout-fb136e46e1be5353.rlib" "/opt/rustwide/target/debug/deps/libpin_project_lite-887720c86d2e0f5d.rlib" "/opt/rustwide/target/debug/deps/libanyhow-4e07f3178634810c.rlib" "/opt/rustwide/target/debug/deps/libconcurrent_queue-34f0d2c92d1717fc.rlib" "/opt/rustwide/target/debug/deps/libcache_padded-f4d32a9f10556cfb.rlib" "/opt/rustwide/target/debug/deps/libsluice-0678d9764da5eec9.rlib" "/opt/rustwide/target/debug/deps/libfutures_util-5966dbd9fbefe700.rlib" "/opt/rustwide/target/debug/deps/libfutures_channel-625078d72a9ef910.rlib" "/opt/rustwide/target/debug/deps/libfutures_sink-a57c6c821771da39.rlib" "/opt/rustwide/target/debug/deps/libfutures_task-30fd2c6681655f9e.rlib" "/opt/rustwide/target/debug/deps/libpin_utils-0d8eaf4ac0fcb221.rlib" "/opt/rustwide/target/debug/deps/libasync_dup-a94342403ad78dc1.rlib" "/opt/rustwide/target/debug/deps/libsimple_mutex-d7e3b6fbbf14ff5a.rlib" "/opt/rustwide/target/debug/deps/libparking_lot-5da2f10f0c0dae66.rlib" "/opt/rustwide/target/debug/deps/libparking_lot_core-f004d769332b6b70.rlib" "/opt/rustwide/target/debug/deps/libinstant-1bfa666718b38be4.rlib" "/opt/rustwide/target/debug/deps/libahash-0c3afdba5fabcb1f.rlib" "/opt/rustwide/target/debug/deps/libsmol_str-7c24035ba5bf3e70.rlib" "/opt/rustwide/target/debug/deps/libreplay_filter-b959caf88d0019bd.rlib" "/opt/rustwide/target/debug/deps/libbitvec-4464a1d9492c5634.rlib" "/opt/rustwide/target/debug/deps/libwyz-4c4f9d8d3c5cbd0f.rlib" "/opt/rustwide/target/debug/deps/libtap-f510517de3fc6e20.rlib" "/opt/rustwide/target/debug/deps/libradium-13ac708dbf597cc7.rlib" "/opt/rustwide/target/debug/deps/libfunty-9101240f4d095db4.rlib" "/opt/rustwide/target/debug/deps/libdashmap-12c35714137c3679.rlib" "/opt/rustwide/target/debug/deps/liblock_api-57ae795bc23531d4.rlib" "/opt/rustwide/target/debug/deps/libscopeguard-ac1a7e682288483e.rlib" "/opt/rustwide/target/debug/deps/libparking_lot_core-417ed73792dc0d33.rlib" "/opt/rustwide/target/debug/deps/libsmallvec-22f2447eab0ca59b.rlib" "/opt/rustwide/target/debug/deps/libhashbrown-3372aad4c32d9a83.rlib" "/opt/rustwide/target/debug/deps/libahash-fa007db36f45bbf0.rlib" "/opt/rustwide/target/debug/deps/libgetrandom-3c304586758a3581.rlib" "/opt/rustwide/target/debug/deps/libthiserror-2dd2d7da0abcb9dd.rlib" "/opt/rustwide/target/debug/deps/libring-964d4ea20f0f1546.rlib" "/opt/rustwide/target/debug/deps/libspin-ba7f384cfb4b159f.rlib" "/opt/rustwide/target/debug/deps/libuntrusted-ec41ab00ed225515.rlib" "/opt/rustwide/target/debug/deps/librand-c9eb7c8814b8c6a9.rlib" "/opt/rustwide/target/debug/deps/librand_chacha-a0d12148bea92c9c.rlib" "/opt/rustwide/target/debug/deps/libppv_lite86-c3ad053967cc551c.rlib" "/opt/rustwide/target/debug/deps/librand_core-1040068baf1b56e9.rlib" "/opt/rustwide/target/debug/deps/libgetrandom-0a38640c444ac412.rlib" "/opt/rustwide/target/debug/deps/libonce_cell-76ad231d4705f5ff.rlib" "/opt/rustwide/target/debug/deps/libblake3-d92bc866523ff5e7.rlib" "/opt/rustwide/target/debug/deps/libconstant_time_eq-27f3aa0060305d71.rlib" "/opt/rustwide/target/debug/deps/libarrayvec-eaab725bd11a1a74.rlib" "/opt/rustwide/target/debug/deps/libarrayref-6f2a7630164a9ee6.rlib" "/opt/rustwide/target/debug/deps/libsmol-8b9e28cb7cbbcf2b.rlib" "/opt/rustwide/target/debug/deps/libasync_process-e7284c26e3f5dd2a.rlib" "/opt/rustwide/target/debug/deps/libsignal_hook-2296020a7ad2c027.rlib" "/opt/rustwide/target/debug/deps/libsignal_hook_registry-a270084b1f24b486.rlib" "/opt/rustwide/target/debug/deps/libasync_net-1676080c0cc3a785.rlib" "/opt/rustwide/target/debug/deps/libasync_fs-8419a668c4c01b63.rlib" "/opt/rustwide/target/debug/deps/libblocking-7a369e9a26a39302.rlib" "/opt/rustwide/target/debug/deps/libatomic_waker-b693930d2c531973.rlib" "/opt/rustwide/target/debug/deps/libasync_channel-efa351cddd957c2f.rlib" "/opt/rustwide/target/debug/deps/libasync_io-8371d42eb216f735.rlib" "/opt/rustwide/target/debug/deps/libpolling-b7f55c47083a48f1.rlib" "/opt/rustwide/target/debug/deps/liblog-e4acea3c8ca43b70.rlib" "/opt/rustwide/target/debug/deps/libsocket2-c03f765a6d472c31.rlib" "/opt/rustwide/target/debug/deps/liblibc-f9ed204b9e920f3d.rlib" "/opt/rustwide/target/debug/deps/libasync_executor-9639ceea0f0220de.rlib" "/opt/rustwide/target/debug/deps/libslab-adc206ca6c0d0a92.rlib" "/opt/rustwide/target/debug/deps/libconcurrent_queue-85f08f3ad6fc2685.rlib" "/opt/rustwide/target/debug/deps/libcrossbeam_utils-9474c8c404c48463.rlib" "/opt/rustwide/target/debug/deps/libcfg_if-e5e118dd7d121aaa.rlib" "/opt/rustwide/target/debug/deps/libasync_task-6af5ab0d75da3a4e.rlib" "/opt/rustwide/target/debug/deps/libasync_lock-9f64cb5d84561880.rlib" "/opt/rustwide/target/debug/deps/libfutures_lite-eb3e4bee639f8e24.rlib" "/opt/rustwide/target/debug/deps/libmemchr-b18e4aa3c7a38625.rlib" "/opt/rustwide/target/debug/deps/libfastrand-59169bb831841bec.rlib" "/opt/rustwide/target/debug/deps/libfutures_io-09be7baf82c2631b.rlib" "/opt/rustwide/target/debug/deps/libfutures_core-a69c88a4cdb0c8aa.rlib" "/opt/rustwide/target/debug/deps/libwaker_fn-2f3d6f488af88305.rlib" "/opt/rustwide/target/debug/deps/libparking-a6feda7fe2e93bcc.rlib" "/opt/rustwide/target/debug/deps/libpin_project_lite-e66e1bab7310d569.rlib" "/opt/rustwide/target/debug/deps/libevent_listener-b20ec52d1adf3fc8.rlib" "/opt/rustwide/target/debug/deps/libbytes-829ab092044eb48b.rlib" "/opt/rustwide/target/debug/deps/libserde-85dc2dcbd898a180.rlib" "/opt/rustwide/rustup-home/toolchains/1.69.0-x86_64-unknown-linux-gnu/lib/rustlib/x86_64-unknown-linux-gnu/lib/libstd-89bc084783fdc439.rlib" "/opt/rustwide/rustup-home/toolchains/1.69.0-x86_64-unknown-linux-gnu/lib/rustlib/x86_64-unknown-linux-gnu/lib/libpanic_unwind-8bee4b287d4367c1.rlib" "/opt/rustwide/rustup-home/toolchains/1.69.0-x86_64-unknown-linux-gnu/lib/rustlib/x86_64-unknown-linux-gnu/lib/libobject-d61707aed80694c0.rlib" "/opt/rustwide/rustup-home/toolchains/1.69.0-x86_64-unknown-linux-gnu/lib/rustlib/x86_64-unknown-linux-gnu/lib/libmemchr-d85366256f22345b.rlib" "/opt/rustwide/rustup-home/toolchains/1.69.0-x86_64-unknown-linux-gnu/lib/rustlib/x86_64-unknown-linux-gnu/lib/libaddr2line-96069b86b8a8cae9.rlib" "/opt/rustwide/rustup-home/toolchains/1.69.0-x86_64-unknown-linux-gnu/lib/rustlib/x86_64-unknown-linux-gnu/lib/libgimli-d19d53abf68dfa6c.rlib" "/opt/rustwide/rustup-home/toolchains/1.69.0-x86_64-unknown-linux-gnu/lib/rustlib/x86_64-unknown-linux-gnu/lib/librustc_demangle-787cbccd19d64ac6.rlib" "/opt/rustwide/rustup-home/toolchains/1.69.0-x86_64-unknown-linux-gnu/lib/rustlib/x86_64-unknown-linux-gnu/lib/libstd_detect-b3837a36b830e0d0.rlib" "/opt/rustwide/rustup-home/toolchains/1.69.0-x86_64-unknown-linux-gnu/lib/rustlib/x86_64-unknown-linux-gnu/lib/libhashbrown-e3deb0e7e3f04966.rlib" "/opt/rustwide/rustup-home/toolchains/1.69.0-x86_64-unknown-linux-gnu/lib/rustlib/x86_64-unknown-linux-gnu/lib/libminiz_oxide-dabbb79c9815def4.rlib" "/opt/rustwide/rustup-home/toolchains/1.69.0-x86_64-unknown-linux-gnu/lib/rustlib/x86_64-unknown-linux-gnu/lib/libadler-305b01f34c9409f2.rlib" "/opt/rustwide/rustup-home/toolchains/1.69.0-x86_64-unknown-linux-gnu/lib/rustlib/x86_64-unknown-linux-gnu/lib/librustc_std_workspace_alloc-f833521df6074e73.rlib" "/opt/rustwide/rustup-home/toolchains/1.69.0-x86_64-unknown-linux-gnu/lib/rustlib/x86_64-unknown-linux-gnu/lib/libunwind-9ac333113350d171.rlib" "/opt/rustwide/rustup-home/toolchains/1.69.0-x86_64-unknown-linux-gnu/lib/rustlib/x86_64-unknown-linux-gnu/lib/libcfg_if-1c126114322d0eee.rlib" "/opt/rustwide/rustup-home/toolchains/1.69.0-x86_64-unknown-linux-gnu/lib/rustlib/x86_64-unknown-linux-gnu/lib/liblibc-bad9164fdeeecf92.rlib" "/opt/rustwide/rustup-home/toolchains/1.69.0-x86_64-unknown-linux-gnu/lib/rustlib/x86_64-unknown-linux-gnu/lib/liballoc-f9374b1e480fa681.rlib" "/opt/rustwide/rustup-home/toolchains/1.69.0-x86_64-unknown-linux-gnu/lib/rustlib/x86_64-unknown-linux-gnu/lib/librustc_std_workspace_core-207f06e41d9603af.rlib" "/opt/rustwide/rustup-home/toolchains/1.69.0-x86_64-unknown-linux-gnu/lib/rustlib/x86_64-unknown-linux-gnu/lib/libcore-7e2768e66e984e85.rlib" "/opt/rustwide/rustup-home/toolchains/1.69.0-x86_64-unknown-linux-gnu/lib/rustlib/x86_64-unknown-linux-gnu/lib/libcompiler_builtins-957b4aff41f8cd46.rlib" "-Wl,-Bdynamic" "-lgcc_s" "-lutil" "-lrt" "-lpthread" "-lm" "-ldl" "-lc" "-Wl,--eh-frame-hdr" "-Wl,-z,noexecstack" "-L" "/opt/rustwide/rustup-home/toolchains/1.69.0-x86_64-unknown-linux-gnu/lib/rustlib/x86_64-unknown-linux-gnu/lib" "-o" "/opt/rustwide/target/debug/examples/pipebench-cae8585970d71b7a" "-Wl,--gc-sections" "-pie" "-Wl,-z,relro,-z,now" "-nodefaultlibs"
[INFO] [stdout]   = note: collect2: fatal error: ld terminated with signal 9 [Killed]
[INFO] [stdout]           compilation terminated.
[INFO] [stdout]           
[INFO] [stdout] 
[INFO] [stdout] 
[INFO] [stdout] error: aborting due to previous error
[INFO] [stdout] 
[INFO] [stdout] 
[INFO] [stderr] error: could not compile `sosistab2` due to 2 previous errors
[INFO] [stderr] warning: build failed, waiting for other jobs to finish...
[INFO] [stdout] error: linking with `cc` failed: exit status: 1
[INFO] [stdout]   |
[INFO] [stdout]   = note: LC_ALL="C" PATH="/opt/rustwide/rustup-home/toolchains/1.69.0-x86_64-unknown-linux-gnu/lib/rustlib/x86_64-unknown-linux-gnu/bin:/opt/rustwide/cargo-home/bin:/usr/local/sbin:/usr/local/bin:/usr/sbin:/usr/bin:/sbin:/bin" VSLANG="1033" "cc" "-m64" "/tmp/rustcGw7nnk/symbols.o" "/opt/rustwide/target/debug/examples/udpbench_server-141c0635ae46fb30.udpbench_server.9c4794e3-cgu.0.rcgu.o" "/opt/rustwide/target/debug/examples/udpbench_server-141c0635ae46fb30.udpbench_server.9c4794e3-cgu.1.rcgu.o" "/opt/rustwide/target/debug/examples/udpbench_server-141c0635ae46fb30.udpbench_server.9c4794e3-cgu.10.rcgu.o" "/opt/rustwide/target/debug/examples/udpbench_server-141c0635ae46fb30.udpbench_server.9c4794e3-cgu.11.rcgu.o" "/opt/rustwide/target/debug/examples/udpbench_server-141c0635ae46fb30.udpbench_server.9c4794e3-cgu.12.rcgu.o" "/opt/rustwide/target/debug/examples/udpbench_server-141c0635ae46fb30.udpbench_server.9c4794e3-cgu.13.rcgu.o" "/opt/rustwide/target/debug/examples/udpbench_server-141c0635ae46fb30.udpbench_server.9c4794e3-cgu.14.rcgu.o" "/opt/rustwide/target/debug/examples/udpbench_server-141c0635ae46fb30.udpbench_server.9c4794e3-cgu.15.rcgu.o" "/opt/rustwide/target/debug/examples/udpbench_server-141c0635ae46fb30.udpbench_server.9c4794e3-cgu.2.rcgu.o" "/opt/rustwide/target/debug/examples/udpbench_server-141c0635ae46fb30.udpbench_server.9c4794e3-cgu.3.rcgu.o" "/opt/rustwide/target/debug/examples/udpbench_server-141c0635ae46fb30.udpbench_server.9c4794e3-cgu.4.rcgu.o" "/opt/rustwide/target/debug/examples/udpbench_server-141c0635ae46fb30.udpbench_server.9c4794e3-cgu.5.rcgu.o" "/opt/rustwide/target/debug/examples/udpbench_server-141c0635ae46fb30.udpbench_server.9c4794e3-cgu.6.rcgu.o" "/opt/rustwide/target/debug/examples/udpbench_server-141c0635ae46fb30.udpbench_server.9c4794e3-cgu.7.rcgu.o" "/opt/rustwide/target/debug/examples/udpbench_server-141c0635ae46fb30.udpbench_server.9c4794e3-cgu.8.rcgu.o" "/opt/rustwide/target/debug/examples/udpbench_server-141c0635ae46fb30.udpbench_server.9c4794e3-cgu.9.rcgu.o" "/opt/rustwide/target/debug/examples/udpbench_server-141c0635ae46fb30.2wfsbrzp8ke9z9b1.rcgu.o" "-Wl,--as-needed" "-L" "/opt/rustwide/target/debug/deps" "-L" "/opt/rustwide/target/debug/build/openssl-sys-acbf9f88f0d4365c/out/openssl-build/install/lib" "-L" "/opt/rustwide/target/debug/build/blake3-5151f73a9fffc854/out" "-L" "/opt/rustwide/target/debug/build/blake3-5151f73a9fffc854/out" "-L" "/opt/rustwide/target/debug/build/ring-c4de7a7b86f42bd3/out" "-L" "/opt/rustwide/rustup-home/toolchains/1.69.0-x86_64-unknown-linux-gnu/lib/rustlib/x86_64-unknown-linux-gnu/lib" "-Wl,-Bstatic" "/opt/rustwide/target/debug/deps/librcgen-8d25d5d6183439ec.rlib" "/opt/rustwide/target/debug/deps/libpem-5599cab5e4ef38bd.rlib" "/opt/rustwide/target/debug/deps/libbase64-58bd2041a3052460.rlib" "/opt/rustwide/target/debug/deps/libyasna-46669490ace260c4.rlib" "/opt/rustwide/target/debug/deps/libtime-e05eedb4afac4f85.rlib" "/opt/rustwide/target/debug/deps/libtime_core-4a74880e8761e797.rlib" "/opt/rustwide/target/debug/deps/libenv_logger-2ea3d0abf1c8e77c.rlib" "/opt/rustwide/target/debug/deps/libatty-30983afbf6e64f26.rlib" "/opt/rustwide/target/debug/deps/libtermcolor-687878defa5df84c.rlib" "/opt/rustwide/target/debug/deps/libhumantime-cdc03476f0a21f32.rlib" "/opt/rustwide/target/debug/deps/libregex-88672b95e1bb8830.rlib" "/opt/rustwide/target/debug/deps/libaho_corasick-9bb9d75852409017.rlib" "/opt/rustwide/target/debug/deps/libregex_syntax-100229eab186f801.rlib" "/opt/rustwide/target/debug/deps/libsosistab2-4a2e47d727f2de11.rlib" "/opt/rustwide/target/debug/deps/libsmolscale-8ae0bbc7f61d5771.rlib" "/opt/rustwide/target/debug/deps/libasync_global_executor-b3a5ca0d73b3fee4.rlib" "/opt/rustwide/target/debug/deps/libnum_cpus-29c279abfbd06c7e.rlib" "/opt/rustwide/target/debug/deps/libparking_lot-ad9a37f42015eae3.rlib" "/opt/rustwide/target/debug/deps/libst3-9424bba6ad8d6170.rlib" "/opt/rustwide/target/debug/deps/librustc_hash-0063061f61875cb5.rlib" "/opt/rustwide/target/debug/deps/libfutures_intrusive-cb0f9cd693310f83.rlib" "/opt/rustwide/target/debug/deps/libcrossbeam_deque-b5428caa1067abdd.rlib" "/opt/rustwide/target/debug/deps/libcrossbeam_epoch-82858bb21353c266.rlib" "/opt/rustwide/target/debug/deps/libmemoffset-7b66612974528ab1.rlib" "/opt/rustwide/target/debug/deps/libtabwriter-88d996f96539d63d.rlib" "/opt/rustwide/target/debug/deps/libunicode_width-f75bb0008a5efcfa.rlib" "/opt/rustwide/target/debug/deps/libbacktrace-da6b1d5f80a9e6a9.rlib" "/opt/rustwide/target/debug/deps/libminiz_oxide-920dc5c813d26e8f.rlib" "/opt/rustwide/target/debug/deps/libadler-478247d24f5486f3.rlib" "/opt/rustwide/target/debug/deps/libobject-3569f4c7d03307b4.rlib" "/opt/rustwide/target/debug/deps/libaddr2line-f8441d4c78d5bf19.rlib" "/opt/rustwide/target/debug/deps/libgimli-7f8a3e665b4fe613.rlib" "/opt/rustwide/target/debug/deps/librustc_demangle-c83167a5d6a87752.rlib" "/opt/rustwide/target/debug/deps/libx25519_dalek-af01f8a303977dbf.rlib" "/opt/rustwide/target/debug/deps/libcurve25519_dalek-318c39329a12c0a5.rlib" "/opt/rustwide/target/debug/deps/libzeroize-7b31d5bb0e4fb3b0.rlib" "/opt/rustwide/target/debug/deps/libdigest-1cc041f94efc53ac.rlib" "/opt/rustwide/target/debug/deps/libgeneric_array-1e7105f1935ae3b7.rlib" "/opt/rustwide/target/debug/deps/libtypenum-d40a559dcc4c7492.rlib" "/opt/rustwide/target/debug/deps/libbyteorder-f6bc7e7614c9a628.rlib" "/opt/rustwide/target/debug/deps/libtracing-2ed4c658da81a78c.rlib" "/opt/rustwide/target/debug/deps/libtracing_core-9298a5f772588ef9.rlib" "/opt/rustwide/target/debug/deps/libpin_project-bfe18c0a6d1db669.rlib" "/opt/rustwide/target/debug/deps/libsocket2-24324ceb6dd67ede.rlib" "/opt/rustwide/target/debug/deps/libpriority_queue-39c89bb936e58cce.rlib" "/opt/rustwide/target/debug/deps/libindexmap-ef6c376178ae5186.rlib" "/opt/rustwide/target/debug/deps/libitertools-cf505b792f3e7137.rlib" "/opt/rustwide/target/debug/deps/libeither-0c8949d963283322.rlib" "/opt/rustwide/target/debug/deps/libreed_solomon_erasure-222d314168d2e256.rlib" "/opt/rustwide/target/debug/deps/liblru-63205100eb6e8675.rlib" "/opt/rustwide/target/debug/deps/libcached-06531f1740e73e50.rlib" "/opt/rustwide/target/debug/deps/libasync_rwlock-cde2acb6879e7859.rlib" "/opt/rustwide/target/debug/deps/libasync_mutex-c29aeeac84ec463e.rlib" "/opt/rustwide/target/debug/deps/libcached_proc_macro_types-4ebcf187700e0646.rlib" "/opt/rustwide/target/debug/deps/libhashbrown-9a1f5d949d76c1be.rlib" "/opt/rustwide/target/debug/deps/libfutures-ed8ae8d32d2567e4.rlib" "/opt/rustwide/target/debug/deps/libfutures_executor-8e6273f307b16e42.rlib" "/opt/rustwide/target/debug/deps/libarc_swap-b07fc1e66c4bbf33.rlib" "/opt/rustwide/target/debug/deps/libprobability-09c62287c15489f7.rlib" "/opt/rustwide/target/debug/deps/libspecial-eb1a5b7969e98eca.rlib" "/opt/rustwide/target/debug/deps/librandom-cbe331af0053619c.rlib" "/opt/rustwide/target/debug/deps/liblru-ec7c6eb641d01f20.rlib" "/opt/rustwide/target/debug/deps/libstdcode-609b4531a7f173f4.rlib" "/opt/rustwide/target/debug/deps/libserde_with-ceda36cdec981385.rlib" "/opt/rustwide/target/debug/deps/libhex-ad79348a67e835f3.rlib" "/opt/rustwide/target/debug/deps/libbincode-9c1685f85a5e6694.rlib" "/opt/rustwide/target/debug/deps/libasync_native_tls-2899d031943163de.rlib" "/opt/rustwide/target/debug/deps/liburl-89b96d3f2517350a.rlib" "/opt/rustwide/target/debug/deps/libidna-6d693cb3a905ef6d.rlib" "/opt/rustwide/target/debug/deps/libunicode_normalization-741b225226fe9ab9.rlib" "/opt/rustwide/target/debug/deps/libtinyvec-dcb099dba038fed5.rlib" "/opt/rustwide/target/debug/deps/libtinyvec_macros-5ffb2ea8a2d866f2.rlib" "/opt/rustwide/target/debug/deps/libunicode_bidi-0c08def1fa98a3f7.rlib" "/opt/rustwide/target/debug/deps/libform_urlencoded-4406ed733a551179.rlib" "/opt/rustwide/target/debug/deps/libpercent_encoding-5b4f3c280783d946.rlib" "/opt/rustwide/target/debug/deps/libnative_tls-3f202a6136407fbe.rlib" "/opt/rustwide/target/debug/deps/libopenssl_probe-2d1cd15c290ad1de.rlib" "/opt/rustwide/target/debug/deps/libopenssl-cabf322dc68b46e5.rlib" "/opt/rustwide/target/debug/deps/libbitflags-82cc2d155c6eb112.rlib" "/opt/rustwide/target/debug/deps/libforeign_types-f2b053f84105065c.rlib" "/opt/rustwide/target/debug/deps/libforeign_types_shared-48f8f1f9ea32d068.rlib" "/opt/rustwide/target/debug/deps/libopenssl_sys-0f140a8e0549adb4.rlib" "/opt/rustwide/target/debug/deps/libsubtle-acfc1aa2d8135271.rlib" "/opt/rustwide/target/debug/deps/libsmol_timeout-fb136e46e1be5353.rlib" "/opt/rustwide/target/debug/deps/libpin_project_lite-887720c86d2e0f5d.rlib" "/opt/rustwide/target/debug/deps/libanyhow-4e07f3178634810c.rlib" "/opt/rustwide/target/debug/deps/libconcurrent_queue-34f0d2c92d1717fc.rlib" "/opt/rustwide/target/debug/deps/libcache_padded-f4d32a9f10556cfb.rlib" "/opt/rustwide/target/debug/deps/libsluice-0678d9764da5eec9.rlib" "/opt/rustwide/target/debug/deps/libasync_dup-a94342403ad78dc1.rlib" "/opt/rustwide/target/debug/deps/libsimple_mutex-d7e3b6fbbf14ff5a.rlib" "/opt/rustwide/target/debug/deps/libparking_lot-5da2f10f0c0dae66.rlib" "/opt/rustwide/target/debug/deps/libparking_lot_core-f004d769332b6b70.rlib" "/opt/rustwide/target/debug/deps/libinstant-1bfa666718b38be4.rlib" "/opt/rustwide/target/debug/deps/libahash-0c3afdba5fabcb1f.rlib" "/opt/rustwide/target/debug/deps/libsmol_str-7c24035ba5bf3e70.rlib" "/opt/rustwide/target/debug/deps/libsmol-8b9e28cb7cbbcf2b.rlib" "/opt/rustwide/target/debug/deps/libasync_process-e7284c26e3f5dd2a.rlib" "/opt/rustwide/target/debug/deps/libsignal_hook-2296020a7ad2c027.rlib" "/opt/rustwide/target/debug/deps/libsignal_hook_registry-a270084b1f24b486.rlib" "/opt/rustwide/target/debug/deps/libasync_net-1676080c0cc3a785.rlib" "/opt/rustwide/target/debug/deps/libasync_fs-8419a668c4c01b63.rlib" "/opt/rustwide/target/debug/deps/libblocking-7a369e9a26a39302.rlib" "/opt/rustwide/target/debug/deps/libatomic_waker-b693930d2c531973.rlib" "/opt/rustwide/target/debug/deps/libasync_channel-efa351cddd957c2f.rlib" "/opt/rustwide/target/debug/deps/libasync_io-8371d42eb216f735.rlib" "/opt/rustwide/target/debug/deps/libpolling-b7f55c47083a48f1.rlib" "/opt/rustwide/target/debug/deps/libsocket2-c03f765a6d472c31.rlib" "/opt/rustwide/target/debug/deps/libasync_executor-9639ceea0f0220de.rlib" "/opt/rustwide/target/debug/deps/libconcurrent_queue-85f08f3ad6fc2685.rlib" "/opt/rustwide/target/debug/deps/libcrossbeam_utils-9474c8c404c48463.rlib" "/opt/rustwide/target/debug/deps/libasync_task-6af5ab0d75da3a4e.rlib" "/opt/rustwide/target/debug/deps/libasync_lock-9f64cb5d84561880.rlib" "/opt/rustwide/target/debug/deps/libfutures_lite-eb3e4bee639f8e24.rlib" "/opt/rustwide/target/debug/deps/libfastrand-59169bb831841bec.rlib" "/opt/rustwide/target/debug/deps/libwaker_fn-2f3d6f488af88305.rlib" "/opt/rustwide/target/debug/deps/libparking-a6feda7fe2e93bcc.rlib" "/opt/rustwide/target/debug/deps/libevent_listener-b20ec52d1adf3fc8.rlib" "/opt/rustwide/target/debug/deps/libreplay_filter-b959caf88d0019bd.rlib" "/opt/rustwide/target/debug/deps/liblog-e4acea3c8ca43b70.rlib" "/opt/rustwide/target/debug/deps/libbitvec-4464a1d9492c5634.rlib" "/opt/rustwide/target/debug/deps/libwyz-4c4f9d8d3c5cbd0f.rlib" "/opt/rustwide/target/debug/deps/libtap-f510517de3fc6e20.rlib" "/opt/rustwide/target/debug/deps/libradium-13ac708dbf597cc7.rlib" "/opt/rustwide/target/debug/deps/libfunty-9101240f4d095db4.rlib" "/opt/rustwide/target/debug/deps/libdashmap-12c35714137c3679.rlib" "/opt/rustwide/target/debug/deps/liblock_api-57ae795bc23531d4.rlib" "/opt/rustwide/target/debug/deps/libscopeguard-ac1a7e682288483e.rlib" "/opt/rustwide/target/debug/deps/libparking_lot_core-417ed73792dc0d33.rlib" "/opt/rustwide/target/debug/deps/libsmallvec-22f2447eab0ca59b.rlib" "/opt/rustwide/target/debug/deps/libhashbrown-3372aad4c32d9a83.rlib" "/opt/rustwide/target/debug/deps/libahash-fa007db36f45bbf0.rlib" "/opt/rustwide/target/debug/deps/libgetrandom-3c304586758a3581.rlib" "/opt/rustwide/target/debug/deps/libthiserror-2dd2d7da0abcb9dd.rlib" "/opt/rustwide/target/debug/deps/libring-964d4ea20f0f1546.rlib" "/opt/rustwide/target/debug/deps/libspin-ba7f384cfb4b159f.rlib" "/opt/rustwide/target/debug/deps/libuntrusted-ec41ab00ed225515.rlib" "/opt/rustwide/target/debug/deps/libonce_cell-76ad231d4705f5ff.rlib" "/opt/rustwide/target/debug/deps/libblake3-d92bc866523ff5e7.rlib" "/opt/rustwide/target/debug/deps/libconstant_time_eq-27f3aa0060305d71.rlib" "/opt/rustwide/target/debug/deps/libarrayvec-eaab725bd11a1a74.rlib" "/opt/rustwide/target/debug/deps/libarrayref-6f2a7630164a9ee6.rlib" "/opt/rustwide/target/debug/deps/librand-c9eb7c8814b8c6a9.rlib" "/opt/rustwide/target/debug/deps/librand_chacha-a0d12148bea92c9c.rlib" "/opt/rustwide/target/debug/deps/libppv_lite86-c3ad053967cc551c.rlib" "/opt/rustwide/target/debug/deps/librand_core-1040068baf1b56e9.rlib" "/opt/rustwide/target/debug/deps/libgetrandom-0a38640c444ac412.rlib" "/opt/rustwide/target/debug/deps/liblibc-f9ed204b9e920f3d.rlib" "/opt/rustwide/target/debug/deps/libcfg_if-e5e118dd7d121aaa.rlib" "/opt/rustwide/target/debug/deps/libfutures_util-5966dbd9fbefe700.rlib" "/opt/rustwide/target/debug/deps/libmemchr-b18e4aa3c7a38625.rlib" "/opt/rustwide/target/debug/deps/libfutures_io-09be7baf82c2631b.rlib" "/opt/rustwide/target/debug/deps/libslab-adc206ca6c0d0a92.rlib" "/opt/rustwide/target/debug/deps/libfutures_channel-625078d72a9ef910.rlib" "/opt/rustwide/target/debug/deps/libpin_project_lite-e66e1bab7310d569.rlib" "/opt/rustwide/target/debug/deps/libfutures_sink-a57c6c821771da39.rlib" "/opt/rustwide/target/debug/deps/libfutures_task-30fd2c6681655f9e.rlib" "/opt/rustwide/target/debug/deps/libpin_utils-0d8eaf4ac0fcb221.rlib" "/opt/rustwide/target/debug/deps/libfutures_core-a69c88a4cdb0c8aa.rlib" "/opt/rustwide/target/debug/deps/libbytes-829ab092044eb48b.rlib" "/opt/rustwide/target/debug/deps/libserde-85dc2dcbd898a180.rlib" "/opt/rustwide/rustup-home/toolchains/1.69.0-x86_64-unknown-linux-gnu/lib/rustlib/x86_64-unknown-linux-gnu/lib/libstd-89bc084783fdc439.rlib" "/opt/rustwide/rustup-home/toolchains/1.69.0-x86_64-unknown-linux-gnu/lib/rustlib/x86_64-unknown-linux-gnu/lib/libpanic_unwind-8bee4b287d4367c1.rlib" "/opt/rustwide/rustup-home/toolchains/1.69.0-x86_64-unknown-linux-gnu/lib/rustlib/x86_64-unknown-linux-gnu/lib/libobject-d61707aed80694c0.rlib" "/opt/rustwide/rustup-home/toolchains/1.69.0-x86_64-unknown-linux-gnu/lib/rustlib/x86_64-unknown-linux-gnu/lib/libmemchr-d85366256f22345b.rlib" "/opt/rustwide/rustup-home/toolchains/1.69.0-x86_64-unknown-linux-gnu/lib/rustlib/x86_64-unknown-linux-gnu/lib/libaddr2line-96069b86b8a8cae9.rlib" "/opt/rustwide/rustup-home/toolchains/1.69.0-x86_64-unknown-linux-gnu/lib/rustlib/x86_64-unknown-linux-gnu/lib/libgimli-d19d53abf68dfa6c.rlib" "/opt/rustwide/rustup-home/toolchains/1.69.0-x86_64-unknown-linux-gnu/lib/rustlib/x86_64-unknown-linux-gnu/lib/librustc_demangle-787cbccd19d64ac6.rlib" "/opt/rustwide/rustup-home/toolchains/1.69.0-x86_64-unknown-linux-gnu/lib/rustlib/x86_64-unknown-linux-gnu/lib/libstd_detect-b3837a36b830e0d0.rlib" "/opt/rustwide/rustup-home/toolchains/1.69.0-x86_64-unknown-linux-gnu/lib/rustlib/x86_64-unknown-linux-gnu/lib/libhashbrown-e3deb0e7e3f04966.rlib" "/opt/rustwide/rustup-home/toolchains/1.69.0-x86_64-unknown-linux-gnu/lib/rustlib/x86_64-unknown-linux-gnu/lib/libminiz_oxide-dabbb79c9815def4.rlib" "/opt/rustwide/rustup-home/toolchains/1.69.0-x86_64-unknown-linux-gnu/lib/rustlib/x86_64-unknown-linux-gnu/lib/libadler-305b01f34c9409f2.rlib" "/opt/rustwide/rustup-home/toolchains/1.69.0-x86_64-unknown-linux-gnu/lib/rustlib/x86_64-unknown-linux-gnu/lib/librustc_std_workspace_alloc-f833521df6074e73.rlib" "/opt/rustwide/rustup-home/toolchains/1.69.0-x86_64-unknown-linux-gnu/lib/rustlib/x86_64-unknown-linux-gnu/lib/libunwind-9ac333113350d171.rlib" "/opt/rustwide/rustup-home/toolchains/1.69.0-x86_64-unknown-linux-gnu/lib/rustlib/x86_64-unknown-linux-gnu/lib/libcfg_if-1c126114322d0eee.rlib" "/opt/rustwide/rustup-home/toolchains/1.69.0-x86_64-unknown-linux-gnu/lib/rustlib/x86_64-unknown-linux-gnu/lib/liblibc-bad9164fdeeecf92.rlib" "/opt/rustwide/rustup-home/toolchains/1.69.0-x86_64-unknown-linux-gnu/lib/rustlib/x86_64-unknown-linux-gnu/lib/liballoc-f9374b1e480fa681.rlib" "/opt/rustwide/rustup-home/toolchains/1.69.0-x86_64-unknown-linux-gnu/lib/rustlib/x86_64-unknown-linux-gnu/lib/librustc_std_workspace_core-207f06e41d9603af.rlib" "/opt/rustwide/rustup-home/toolchains/1.69.0-x86_64-unknown-linux-gnu/lib/rustlib/x86_64-unknown-linux-gnu/lib/libcore-7e2768e66e984e85.rlib" "/opt/rustwide/rustup-home/toolchains/1.69.0-x86_64-unknown-linux-gnu/lib/rustlib/x86_64-unknown-linux-gnu/lib/libcompiler_builtins-957b4aff41f8cd46.rlib" "-Wl,-Bdynamic" "-lgcc_s" "-lutil" "-lrt" "-lpthread" "-lm" "-ldl" "-lc" "-Wl,--eh-frame-hdr" "-Wl,-z,noexecstack" "-L" "/opt/rustwide/rustup-home/toolchains/1.69.0-x86_64-unknown-linux-gnu/lib/rustlib/x86_64-unknown-linux-gnu/lib" "-o" "/opt/rustwide/target/debug/examples/udpbench_server-141c0635ae46fb30" "-Wl,--gc-sections" "-pie" "-Wl,-z,relro,-z,now" "-nodefaultlibs"
[INFO] [stdout]   = note: collect2: fatal error: ld terminated with signal 9 [Killed]
[INFO] [stdout]           compilation terminated.
[INFO] [stdout]           
[INFO] [stdout] 
[INFO] [stdout] 
[INFO] [stdout] error: aborting due to previous error
[INFO] [stdout] 
[INFO] [stdout] 
[INFO] [stderr] error: could not compile `sosistab2` due to 2 previous errors
[INFO] [stdout] error: linking with `cc` failed: exit status: 1
[INFO] [stdout]   |
[INFO] [stdout]   = note: LC_ALL="C" PATH="/opt/rustwide/rustup-home/toolchains/1.69.0-x86_64-unknown-linux-gnu/lib/rustlib/x86_64-unknown-linux-gnu/bin:/opt/rustwide/cargo-home/bin:/usr/local/sbin:/usr/local/bin:/usr/sbin:/usr/bin:/sbin:/bin" VSLANG="1033" "cc" "-m64" "/tmp/rustcWx6kon/symbols.o" "/opt/rustwide/target/debug/examples/sosis2socks_client-83c04e985a4e4b2f.sosis2socks_client.6fc512d4-cgu.0.rcgu.o" "/opt/rustwide/target/debug/examples/sosis2socks_client-83c04e985a4e4b2f.sosis2socks_client.6fc512d4-cgu.1.rcgu.o" "/opt/rustwide/target/debug/examples/sosis2socks_client-83c04e985a4e4b2f.sosis2socks_client.6fc512d4-cgu.10.rcgu.o" "/opt/rustwide/target/debug/examples/sosis2socks_client-83c04e985a4e4b2f.sosis2socks_client.6fc512d4-cgu.11.rcgu.o" "/opt/rustwide/target/debug/examples/sosis2socks_client-83c04e985a4e4b2f.sosis2socks_client.6fc512d4-cgu.12.rcgu.o" "/opt/rustwide/target/debug/examples/sosis2socks_client-83c04e985a4e4b2f.sosis2socks_client.6fc512d4-cgu.13.rcgu.o" "/opt/rustwide/target/debug/examples/sosis2socks_client-83c04e985a4e4b2f.sosis2socks_client.6fc512d4-cgu.14.rcgu.o" "/opt/rustwide/target/debug/examples/sosis2socks_client-83c04e985a4e4b2f.sosis2socks_client.6fc512d4-cgu.15.rcgu.o" "/opt/rustwide/target/debug/examples/sosis2socks_client-83c04e985a4e4b2f.sosis2socks_client.6fc512d4-cgu.2.rcgu.o" "/opt/rustwide/target/debug/examples/sosis2socks_client-83c04e985a4e4b2f.sosis2socks_client.6fc512d4-cgu.3.rcgu.o" "/opt/rustwide/target/debug/examples/sosis2socks_client-83c04e985a4e4b2f.sosis2socks_client.6fc512d4-cgu.4.rcgu.o" "/opt/rustwide/target/debug/examples/sosis2socks_client-83c04e985a4e4b2f.sosis2socks_client.6fc512d4-cgu.5.rcgu.o" "/opt/rustwide/target/debug/examples/sosis2socks_client-83c04e985a4e4b2f.sosis2socks_client.6fc512d4-cgu.6.rcgu.o" "/opt/rustwide/target/debug/examples/sosis2socks_client-83c04e985a4e4b2f.sosis2socks_client.6fc512d4-cgu.7.rcgu.o" "/opt/rustwide/target/debug/examples/sosis2socks_client-83c04e985a4e4b2f.sosis2socks_client.6fc512d4-cgu.8.rcgu.o" "/opt/rustwide/target/debug/examples/sosis2socks_client-83c04e985a4e4b2f.sosis2socks_client.6fc512d4-cgu.9.rcgu.o" "/opt/rustwide/target/debug/examples/sosis2socks_client-83c04e985a4e4b2f.14y4wd64ay64k4ix.rcgu.o" "-Wl,--as-needed" "-L" "/opt/rustwide/target/debug/deps" "-L" "/opt/rustwide/target/debug/build/openssl-sys-acbf9f88f0d4365c/out/openssl-build/install/lib" "-L" "/opt/rustwide/target/debug/build/blake3-5151f73a9fffc854/out" "-L" "/opt/rustwide/target/debug/build/blake3-5151f73a9fffc854/out" "-L" "/opt/rustwide/target/debug/build/ring-c4de7a7b86f42bd3/out" "-L" "/opt/rustwide/rustup-home/toolchains/1.69.0-x86_64-unknown-linux-gnu/lib/rustlib/x86_64-unknown-linux-gnu/lib" "-Wl,-Bstatic" "/opt/rustwide/target/debug/deps/libenv_logger-2ea3d0abf1c8e77c.rlib" "/opt/rustwide/target/debug/deps/libatty-30983afbf6e64f26.rlib" "/opt/rustwide/target/debug/deps/libtermcolor-687878defa5df84c.rlib" "/opt/rustwide/target/debug/deps/libhumantime-cdc03476f0a21f32.rlib" "/opt/rustwide/target/debug/deps/libregex-88672b95e1bb8830.rlib" "/opt/rustwide/target/debug/deps/libaho_corasick-9bb9d75852409017.rlib" "/opt/rustwide/target/debug/deps/libregex_syntax-100229eab186f801.rlib" "/opt/rustwide/target/debug/deps/libsocksv5-78244672dda6be33.rlib" "/opt/rustwide/target/debug/deps/libsosistab2-4a2e47d727f2de11.rlib" "/opt/rustwide/target/debug/deps/libsmolscale-8ae0bbc7f61d5771.rlib" "/opt/rustwide/target/debug/deps/libasync_global_executor-b3a5ca0d73b3fee4.rlib" "/opt/rustwide/target/debug/deps/libnum_cpus-29c279abfbd06c7e.rlib" "/opt/rustwide/target/debug/deps/libparking_lot-ad9a37f42015eae3.rlib" "/opt/rustwide/target/debug/deps/libst3-9424bba6ad8d6170.rlib" "/opt/rustwide/target/debug/deps/librustc_hash-0063061f61875cb5.rlib" "/opt/rustwide/target/debug/deps/libfutures_intrusive-cb0f9cd693310f83.rlib" "/opt/rustwide/target/debug/deps/libcrossbeam_deque-b5428caa1067abdd.rlib" "/opt/rustwide/target/debug/deps/libcrossbeam_epoch-82858bb21353c266.rlib" "/opt/rustwide/target/debug/deps/libmemoffset-7b66612974528ab1.rlib" "/opt/rustwide/target/debug/deps/libtabwriter-88d996f96539d63d.rlib" "/opt/rustwide/target/debug/deps/libunicode_width-f75bb0008a5efcfa.rlib" "/opt/rustwide/target/debug/deps/libbacktrace-da6b1d5f80a9e6a9.rlib" "/opt/rustwide/target/debug/deps/libminiz_oxide-920dc5c813d26e8f.rlib" "/opt/rustwide/target/debug/deps/libadler-478247d24f5486f3.rlib" "/opt/rustwide/target/debug/deps/libobject-3569f4c7d03307b4.rlib" "/opt/rustwide/target/debug/deps/libaddr2line-f8441d4c78d5bf19.rlib" "/opt/rustwide/target/debug/deps/libgimli-7f8a3e665b4fe613.rlib" "/opt/rustwide/target/debug/deps/librustc_demangle-c83167a5d6a87752.rlib" "/opt/rustwide/target/debug/deps/libx25519_dalek-af01f8a303977dbf.rlib" "/opt/rustwide/target/debug/deps/libcurve25519_dalek-318c39329a12c0a5.rlib" "/opt/rustwide/target/debug/deps/libzeroize-7b31d5bb0e4fb3b0.rlib" "/opt/rustwide/target/debug/deps/libdigest-1cc041f94efc53ac.rlib" "/opt/rustwide/target/debug/deps/libgeneric_array-1e7105f1935ae3b7.rlib" "/opt/rustwide/target/debug/deps/libtypenum-d40a559dcc4c7492.rlib" "/opt/rustwide/target/debug/deps/libbyteorder-f6bc7e7614c9a628.rlib" "/opt/rustwide/target/debug/deps/libtracing-2ed4c658da81a78c.rlib" "/opt/rustwide/target/debug/deps/libtracing_core-9298a5f772588ef9.rlib" "/opt/rustwide/target/debug/deps/libpin_project-bfe18c0a6d1db669.rlib" "/opt/rustwide/target/debug/deps/libsocket2-24324ceb6dd67ede.rlib" "/opt/rustwide/target/debug/deps/libpriority_queue-39c89bb936e58cce.rlib" "/opt/rustwide/target/debug/deps/libindexmap-ef6c376178ae5186.rlib" "/opt/rustwide/target/debug/deps/libitertools-cf505b792f3e7137.rlib" "/opt/rustwide/target/debug/deps/libeither-0c8949d963283322.rlib" "/opt/rustwide/target/debug/deps/libreed_solomon_erasure-222d314168d2e256.rlib" "/opt/rustwide/target/debug/deps/liblru-63205100eb6e8675.rlib" "/opt/rustwide/target/debug/deps/libcached-06531f1740e73e50.rlib" "/opt/rustwide/target/debug/deps/libasync_rwlock-cde2acb6879e7859.rlib" "/opt/rustwide/target/debug/deps/libasync_mutex-c29aeeac84ec463e.rlib" "/opt/rustwide/target/debug/deps/libcached_proc_macro_types-4ebcf187700e0646.rlib" "/opt/rustwide/target/debug/deps/libhashbrown-9a1f5d949d76c1be.rlib" "/opt/rustwide/target/debug/deps/libfutures-ed8ae8d32d2567e4.rlib" "/opt/rustwide/target/debug/deps/libfutures_executor-8e6273f307b16e42.rlib" "/opt/rustwide/target/debug/deps/libarc_swap-b07fc1e66c4bbf33.rlib" "/opt/rustwide/target/debug/deps/libprobability-09c62287c15489f7.rlib" "/opt/rustwide/target/debug/deps/libspecial-eb1a5b7969e98eca.rlib" "/opt/rustwide/target/debug/deps/librandom-cbe331af0053619c.rlib" "/opt/rustwide/target/debug/deps/liblru-ec7c6eb641d01f20.rlib" "/opt/rustwide/target/debug/deps/libstdcode-609b4531a7f173f4.rlib" "/opt/rustwide/target/debug/deps/libserde_with-ceda36cdec981385.rlib" "/opt/rustwide/target/debug/deps/libhex-ad79348a67e835f3.rlib" "/opt/rustwide/target/debug/deps/libbincode-9c1685f85a5e6694.rlib" "/opt/rustwide/target/debug/deps/libasync_native_tls-2899d031943163de.rlib" "/opt/rustwide/target/debug/deps/liburl-89b96d3f2517350a.rlib" "/opt/rustwide/target/debug/deps/libidna-6d693cb3a905ef6d.rlib" "/opt/rustwide/target/debug/deps/libunicode_normalization-741b225226fe9ab9.rlib" "/opt/rustwide/target/debug/deps/libtinyvec-dcb099dba038fed5.rlib" "/opt/rustwide/target/debug/deps/libtinyvec_macros-5ffb2ea8a2d866f2.rlib" "/opt/rustwide/target/debug/deps/libunicode_bidi-0c08def1fa98a3f7.rlib" "/opt/rustwide/target/debug/deps/libform_urlencoded-4406ed733a551179.rlib" "/opt/rustwide/target/debug/deps/libpercent_encoding-5b4f3c280783d946.rlib" "/opt/rustwide/target/debug/deps/libsubtle-acfc1aa2d8135271.rlib" "/opt/rustwide/target/debug/deps/libconcurrent_queue-34f0d2c92d1717fc.rlib" "/opt/rustwide/target/debug/deps/libcache_padded-f4d32a9f10556cfb.rlib" "/opt/rustwide/target/debug/deps/libsluice-0678d9764da5eec9.rlib" "/opt/rustwide/target/debug/deps/libfutures_util-5966dbd9fbefe700.rlib" "/opt/rustwide/target/debug/deps/libfutures_channel-625078d72a9ef910.rlib" "/opt/rustwide/target/debug/deps/libfutures_sink-a57c6c821771da39.rlib" "/opt/rustwide/target/debug/deps/libfutures_task-30fd2c6681655f9e.rlib" "/opt/rustwide/target/debug/deps/libpin_utils-0d8eaf4ac0fcb221.rlib" "/opt/rustwide/target/debug/deps/libasync_dup-a94342403ad78dc1.rlib" "/opt/rustwide/target/debug/deps/libsimple_mutex-d7e3b6fbbf14ff5a.rlib" "/opt/rustwide/target/debug/deps/libparking_lot-5da2f10f0c0dae66.rlib" "/opt/rustwide/target/debug/deps/libparking_lot_core-f004d769332b6b70.rlib" "/opt/rustwide/target/debug/deps/libinstant-1bfa666718b38be4.rlib" "/opt/rustwide/target/debug/deps/libahash-0c3afdba5fabcb1f.rlib" "/opt/rustwide/target/debug/deps/libsmol_str-7c24035ba5bf3e70.rlib" "/opt/rustwide/target/debug/deps/libreplay_filter-b959caf88d0019bd.rlib" "/opt/rustwide/target/debug/deps/libbitvec-4464a1d9492c5634.rlib" "/opt/rustwide/target/debug/deps/libwyz-4c4f9d8d3c5cbd0f.rlib" "/opt/rustwide/target/debug/deps/libtap-f510517de3fc6e20.rlib" "/opt/rustwide/target/debug/deps/libradium-13ac708dbf597cc7.rlib" "/opt/rustwide/target/debug/deps/libfunty-9101240f4d095db4.rlib" "/opt/rustwide/target/debug/deps/libdashmap-12c35714137c3679.rlib" "/opt/rustwide/target/debug/deps/liblock_api-57ae795bc23531d4.rlib" "/opt/rustwide/target/debug/deps/libscopeguard-ac1a7e682288483e.rlib" "/opt/rustwide/target/debug/deps/libparking_lot_core-417ed73792dc0d33.rlib" "/opt/rustwide/target/debug/deps/libsmallvec-22f2447eab0ca59b.rlib" "/opt/rustwide/target/debug/deps/libhashbrown-3372aad4c32d9a83.rlib" "/opt/rustwide/target/debug/deps/libahash-fa007db36f45bbf0.rlib" "/opt/rustwide/target/debug/deps/libgetrandom-3c304586758a3581.rlib" "/opt/rustwide/target/debug/deps/libthiserror-2dd2d7da0abcb9dd.rlib" "/opt/rustwide/target/debug/deps/libring-964d4ea20f0f1546.rlib" "/opt/rustwide/target/debug/deps/libspin-ba7f384cfb4b159f.rlib" "/opt/rustwide/target/debug/deps/libuntrusted-ec41ab00ed225515.rlib" "/opt/rustwide/target/debug/deps/libbytes-829ab092044eb48b.rlib" "/opt/rustwide/target/debug/deps/libserde-85dc2dcbd898a180.rlib" "/opt/rustwide/target/debug/deps/libblake3-d92bc866523ff5e7.rlib" "/opt/rustwide/target/debug/deps/libconstant_time_eq-27f3aa0060305d71.rlib" "/opt/rustwide/target/debug/deps/libarrayvec-eaab725bd11a1a74.rlib" "/opt/rustwide/target/debug/deps/libarrayref-6f2a7630164a9ee6.rlib" "/opt/rustwide/target/debug/deps/libsmol_timeout-fb136e46e1be5353.rlib" "/opt/rustwide/target/debug/deps/libpin_project_lite-887720c86d2e0f5d.rlib" "/opt/rustwide/target/debug/deps/libsmol-8b9e28cb7cbbcf2b.rlib" "/opt/rustwide/target/debug/deps/libasync_process-e7284c26e3f5dd2a.rlib" "/opt/rustwide/target/debug/deps/libsignal_hook-2296020a7ad2c027.rlib" "/opt/rustwide/target/debug/deps/libsignal_hook_registry-a270084b1f24b486.rlib" "/opt/rustwide/target/debug/deps/libasync_net-1676080c0cc3a785.rlib" "/opt/rustwide/target/debug/deps/libasync_fs-8419a668c4c01b63.rlib" "/opt/rustwide/target/debug/deps/libblocking-7a369e9a26a39302.rlib" "/opt/rustwide/target/debug/deps/libatomic_waker-b693930d2c531973.rlib" "/opt/rustwide/target/debug/deps/libasync_channel-efa351cddd957c2f.rlib" "/opt/rustwide/target/debug/deps/libasync_io-8371d42eb216f735.rlib" "/opt/rustwide/target/debug/deps/libpolling-b7f55c47083a48f1.rlib" "/opt/rustwide/target/debug/deps/libsocket2-c03f765a6d472c31.rlib" "/opt/rustwide/target/debug/deps/libasync_executor-9639ceea0f0220de.rlib" "/opt/rustwide/target/debug/deps/libslab-adc206ca6c0d0a92.rlib" "/opt/rustwide/target/debug/deps/libconcurrent_queue-85f08f3ad6fc2685.rlib" "/opt/rustwide/target/debug/deps/libcrossbeam_utils-9474c8c404c48463.rlib" "/opt/rustwide/target/debug/deps/libasync_task-6af5ab0d75da3a4e.rlib" "/opt/rustwide/target/debug/deps/libasync_lock-9f64cb5d84561880.rlib" "/opt/rustwide/target/debug/deps/libfutures_lite-eb3e4bee639f8e24.rlib" "/opt/rustwide/target/debug/deps/libmemchr-b18e4aa3c7a38625.rlib" "/opt/rustwide/target/debug/deps/libfastrand-59169bb831841bec.rlib" "/opt/rustwide/target/debug/deps/libfutures_io-09be7baf82c2631b.rlib" "/opt/rustwide/target/debug/deps/libfutures_core-a69c88a4cdb0c8aa.rlib" "/opt/rustwide/target/debug/deps/libwaker_fn-2f3d6f488af88305.rlib" "/opt/rustwide/target/debug/deps/libparking-a6feda7fe2e93bcc.rlib" "/opt/rustwide/target/debug/deps/libpin_project_lite-e66e1bab7310d569.rlib" "/opt/rustwide/target/debug/deps/libevent_listener-b20ec52d1adf3fc8.rlib" "/opt/rustwide/target/debug/deps/librand-c9eb7c8814b8c6a9.rlib" "/opt/rustwide/target/debug/deps/librand_chacha-a0d12148bea92c9c.rlib" "/opt/rustwide/target/debug/deps/libppv_lite86-c3ad053967cc551c.rlib" "/opt/rustwide/target/debug/deps/librand_core-1040068baf1b56e9.rlib" "/opt/rustwide/target/debug/deps/libgetrandom-0a38640c444ac412.rlib" "/opt/rustwide/target/debug/deps/libnative_tls-3f202a6136407fbe.rlib" "/opt/rustwide/target/debug/deps/libopenssl_probe-2d1cd15c290ad1de.rlib" "/opt/rustwide/target/debug/deps/libopenssl-cabf322dc68b46e5.rlib" "/opt/rustwide/target/debug/deps/libonce_cell-76ad231d4705f5ff.rlib" "/opt/rustwide/target/debug/deps/libbitflags-82cc2d155c6eb112.rlib" "/opt/rustwide/target/debug/deps/libforeign_types-f2b053f84105065c.rlib" "/opt/rustwide/target/debug/deps/libforeign_types_shared-48f8f1f9ea32d068.rlib" "/opt/rustwide/target/debug/deps/libopenssl_sys-0f140a8e0549adb4.rlib" "/opt/rustwide/target/debug/deps/liblibc-f9ed204b9e920f3d.rlib" "/opt/rustwide/target/debug/deps/liblog-e4acea3c8ca43b70.rlib" "/opt/rustwide/target/debug/deps/libcfg_if-e5e118dd7d121aaa.rlib" "/opt/rustwide/target/debug/deps/libargh-f13756511b7d068f.rlib" "/opt/rustwide/target/debug/deps/libargh_shared-cc860dcc76ef7ad2.rlib" "/opt/rustwide/target/debug/deps/libanyhow-4e07f3178634810c.rlib" "/opt/rustwide/rustup-home/toolchains/1.69.0-x86_64-unknown-linux-gnu/lib/rustlib/x86_64-unknown-linux-gnu/lib/libstd-89bc084783fdc439.rlib" "/opt/rustwide/rustup-home/toolchains/1.69.0-x86_64-unknown-linux-gnu/lib/rustlib/x86_64-unknown-linux-gnu/lib/libpanic_unwind-8bee4b287d4367c1.rlib" "/opt/rustwide/rustup-home/toolchains/1.69.0-x86_64-unknown-linux-gnu/lib/rustlib/x86_64-unknown-linux-gnu/lib/libobject-d61707aed80694c0.rlib" "/opt/rustwide/rustup-home/toolchains/1.69.0-x86_64-unknown-linux-gnu/lib/rustlib/x86_64-unknown-linux-gnu/lib/libmemchr-d85366256f22345b.rlib" "/opt/rustwide/rustup-home/toolchains/1.69.0-x86_64-unknown-linux-gnu/lib/rustlib/x86_64-unknown-linux-gnu/lib/libaddr2line-96069b86b8a8cae9.rlib" "/opt/rustwide/rustup-home/toolchains/1.69.0-x86_64-unknown-linux-gnu/lib/rustlib/x86_64-unknown-linux-gnu/lib/libgimli-d19d53abf68dfa6c.rlib" "/opt/rustwide/rustup-home/toolchains/1.69.0-x86_64-unknown-linux-gnu/lib/rustlib/x86_64-unknown-linux-gnu/lib/librustc_demangle-787cbccd19d64ac6.rlib" "/opt/rustwide/rustup-home/toolchains/1.69.0-x86_64-unknown-linux-gnu/lib/rustlib/x86_64-unknown-linux-gnu/lib/libstd_detect-b3837a36b830e0d0.rlib" "/opt/rustwide/rustup-home/toolchains/1.69.0-x86_64-unknown-linux-gnu/lib/rustlib/x86_64-unknown-linux-gnu/lib/libhashbrown-e3deb0e7e3f04966.rlib" "/opt/rustwide/rustup-home/toolchains/1.69.0-x86_64-unknown-linux-gnu/lib/rustlib/x86_64-unknown-linux-gnu/lib/libminiz_oxide-dabbb79c9815def4.rlib" "/opt/rustwide/rustup-home/toolchains/1.69.0-x86_64-unknown-linux-gnu/lib/rustlib/x86_64-unknown-linux-gnu/lib/libadler-305b01f34c9409f2.rlib" "/opt/rustwide/rustup-home/toolchains/1.69.0-x86_64-unknown-linux-gnu/lib/rustlib/x86_64-unknown-linux-gnu/lib/librustc_std_workspace_alloc-f833521df6074e73.rlib" "/opt/rustwide/rustup-home/toolchains/1.69.0-x86_64-unknown-linux-gnu/lib/rustlib/x86_64-unknown-linux-gnu/lib/libunwind-9ac333113350d171.rlib" "/opt/rustwide/rustup-home/toolchains/1.69.0-x86_64-unknown-linux-gnu/lib/rustlib/x86_64-unknown-linux-gnu/lib/libcfg_if-1c126114322d0eee.rlib" "/opt/rustwide/rustup-home/toolchains/1.69.0-x86_64-unknown-linux-gnu/lib/rustlib/x86_64-unknown-linux-gnu/lib/liblibc-bad9164fdeeecf92.rlib" "/opt/rustwide/rustup-home/toolchains/1.69.0-x86_64-unknown-linux-gnu/lib/rustlib/x86_64-unknown-linux-gnu/lib/liballoc-f9374b1e480fa681.rlib" "/opt/rustwide/rustup-home/toolchains/1.69.0-x86_64-unknown-linux-gnu/lib/rustlib/x86_64-unknown-linux-gnu/lib/librustc_std_workspace_core-207f06e41d9603af.rlib" "/opt/rustwide/rustup-home/toolchains/1.69.0-x86_64-unknown-linux-gnu/lib/rustlib/x86_64-unknown-linux-gnu/lib/libcore-7e2768e66e984e85.rlib" "/opt/rustwide/rustup-home/toolchains/1.69.0-x86_64-unknown-linux-gnu/lib/rustlib/x86_64-unknown-linux-gnu/lib/libcompiler_builtins-957b4aff41f8cd46.rlib" "-Wl,-Bdynamic" "-lgcc_s" "-lutil" "-lrt" "-lpthread" "-lm" "-ldl" "-lc" "-Wl,--eh-frame-hdr" "-Wl,-z,noexecstack" "-L" "/opt/rustwide/rustup-home/toolchains/1.69.0-x86_64-unknown-linux-gnu/lib/rustlib/x86_64-unknown-linux-gnu/lib" "-o" "/opt/rustwide/target/debug/examples/sosis2socks_client-83c04e985a4e4b2f" "-Wl,--gc-sections" "-pie" "-Wl,-z,relro,-z,now" "-nodefaultlibs"
[INFO] [stdout]   = note: collect2: fatal error: ld terminated with signal 9 [Killed]
[INFO] [stdout]           compilation terminated.
[INFO] [stdout]           
[INFO] [stdout] 
[INFO] [stdout] 
[INFO] [stdout] error: aborting due to previous error; 1 warning emitted
[INFO] [stdout] 
[INFO] [stdout] 
[INFO] [stderr] error: could not compile `sosistab2` due to 2 previous errors; 1 warning emitted
[INFO] [stdout] warning: 8 warnings emitted
[INFO] [stdout] 
[INFO] [stdout] 
[INFO] running `Command { std: "docker" "inspect" "5ef0dfb79f7fa2f57f4f4601bccc925cdfd465a2bb08f0643f63593842b50f00", kill_on_drop: false }`
[INFO] running `Command { std: "docker" "rm" "-f" "5ef0dfb79f7fa2f57f4f4601bccc925cdfd465a2bb08f0643f63593842b50f00", kill_on_drop: false }`
[INFO] [stdout] 5ef0dfb79f7fa2f57f4f4601bccc925cdfd465a2bb08f0643f63593842b50f00
