[INFO] fetching crate solarsail-macros 0.1.1...
[INFO] testing solarsail-macros-0.1.1 against 1.69.0 for beta-1.70-1
[INFO] extracting crate solarsail-macros 0.1.1 into /workspace/builds/worker-3-tc1/source
[INFO] validating manifest of crates.io crate solarsail-macros 0.1.1 on toolchain 1.69.0
[INFO] running `Command { std: CARGO_HOME="/workspace/cargo-home" RUSTUP_HOME="/workspace/rustup-home" "/workspace/cargo-home/bin/cargo" "+1.69.0" "metadata" "--manifest-path" "Cargo.toml" "--no-deps", kill_on_drop: false }`
[INFO] started tweaking crates.io crate solarsail-macros 0.1.1
[INFO] finished tweaking crates.io crate solarsail-macros 0.1.1
[INFO] tweaked toml for crates.io crate solarsail-macros 0.1.1 written to /workspace/builds/worker-3-tc1/source/Cargo.toml
[INFO] running `Command { std: CARGO_HOME="/workspace/cargo-home" RUSTUP_HOME="/workspace/rustup-home" __CARGO_TEST_CHANNEL_OVERRIDE_DO_NOT_USE_THIS="nightly" "/workspace/cargo-home/bin/cargo" "+1.69.0" "generate-lockfile" "--manifest-path" "Cargo.toml" "-Zno-index-update", kill_on_drop: false }`
[INFO] running `Command { std: CARGO_HOME="/workspace/cargo-home" RUSTUP_HOME="/workspace/rustup-home" "/workspace/cargo-home/bin/cargo" "+1.69.0" "fetch" "--manifest-path" "Cargo.toml", kill_on_drop: false }`
[INFO] running `Command { std: "docker" "create" "-v" "/var/lib/crater-agent-workspace/builds/worker-3-tc1/target:/opt/rustwide/target:rw,Z" "-v" "/var/lib/crater-agent-workspace/builds/worker-3-tc1/source:/opt/rustwide/workdir:ro,Z" "-v" "/var/lib/crater-agent-workspace/cargo-home:/opt/rustwide/cargo-home:ro,Z" "-v" "/var/lib/crater-agent-workspace/rustup-home:/opt/rustwide/rustup-home:ro,Z" "-e" "SOURCE_DIR=/opt/rustwide/workdir" "-e" "CARGO_TARGET_DIR=/opt/rustwide/target" "-e" "CARGO_HOME=/opt/rustwide/cargo-home" "-e" "RUSTUP_HOME=/opt/rustwide/rustup-home" "-w" "/opt/rustwide/workdir" "-m" "1610612736" "--user" "0:0" "--network" "none" "ghcr.io/rust-lang/crates-build-env/linux@sha256:5ff2268d62e97bff2cde7d5815dd6ed5b47097566f13b8d0ca110b04b60e07ed" "/opt/rustwide/cargo-home/bin/cargo" "+1.69.0" "metadata" "--no-deps" "--format-version=1", kill_on_drop: false }`
[INFO] [stdout] 6c7624d5249ac2fa403105abc36511525f9f1c8aff94487d53dccd0cd5ae05b1
[INFO] running `Command { std: "docker" "start" "-a" "6c7624d5249ac2fa403105abc36511525f9f1c8aff94487d53dccd0cd5ae05b1", kill_on_drop: false }`
[INFO] running `Command { std: "docker" "inspect" "6c7624d5249ac2fa403105abc36511525f9f1c8aff94487d53dccd0cd5ae05b1", kill_on_drop: false }`
[INFO] running `Command { std: "docker" "rm" "-f" "6c7624d5249ac2fa403105abc36511525f9f1c8aff94487d53dccd0cd5ae05b1", kill_on_drop: false }`
[INFO] [stdout] 6c7624d5249ac2fa403105abc36511525f9f1c8aff94487d53dccd0cd5ae05b1
[INFO] running `Command { std: "docker" "create" "-v" "/var/lib/crater-agent-workspace/builds/worker-3-tc1/target:/opt/rustwide/target:rw,Z" "-v" "/var/lib/crater-agent-workspace/builds/worker-3-tc1/source:/opt/rustwide/workdir:ro,Z" "-v" "/var/lib/crater-agent-workspace/cargo-home:/opt/rustwide/cargo-home:ro,Z" "-v" "/var/lib/crater-agent-workspace/rustup-home:/opt/rustwide/rustup-home:ro,Z" "-e" "SOURCE_DIR=/opt/rustwide/workdir" "-e" "CARGO_TARGET_DIR=/opt/rustwide/target" "-e" "CARGO_INCREMENTAL=0" "-e" "RUST_BACKTRACE=full" "-e" "RUSTFLAGS=--cap-lints=warn" "-e" "RUSTDOCFLAGS=--cap-lints=warn" "-e" "CARGO_HOME=/opt/rustwide/cargo-home" "-e" "RUSTUP_HOME=/opt/rustwide/rustup-home" "-w" "/opt/rustwide/workdir" "-m" "1610612736" "--user" "0:0" "--network" "none" "ghcr.io/rust-lang/crates-build-env/linux@sha256:5ff2268d62e97bff2cde7d5815dd6ed5b47097566f13b8d0ca110b04b60e07ed" "/opt/rustwide/cargo-home/bin/cargo" "+1.69.0" "build" "--frozen" "--message-format=json", kill_on_drop: false }`
[INFO] [stdout] 86b44bb411a96b77a188f9ab0c7df20de2ad0f63bcaa07fc3ccd8a4a6061f544
[INFO] running `Command { std: "docker" "start" "-a" "86b44bb411a96b77a188f9ab0c7df20de2ad0f63bcaa07fc3ccd8a4a6061f544", kill_on_drop: false }`
[INFO] [stderr]    Compiling version_check v0.9.4
[INFO] [stderr]    Compiling proc-macro2 v1.0.56
[INFO] [stderr]    Compiling quote v1.0.26
[INFO] [stderr]    Compiling unicode-ident v1.0.8
[INFO] [stderr]    Compiling proc-macro-error-attr v1.0.4
[INFO] [stderr]    Compiling proc-macro-error v1.0.4
[INFO] [stderr]    Compiling solarsail-macros v0.1.1 (/opt/rustwide/workdir)
[INFO] [stderr]     Finished dev [unoptimized + debuginfo] target(s) in 4.30s
[INFO] running `Command { std: "docker" "inspect" "86b44bb411a96b77a188f9ab0c7df20de2ad0f63bcaa07fc3ccd8a4a6061f544", kill_on_drop: false }`
[INFO] running `Command { std: "docker" "rm" "-f" "86b44bb411a96b77a188f9ab0c7df20de2ad0f63bcaa07fc3ccd8a4a6061f544", kill_on_drop: false }`
[INFO] [stdout] 86b44bb411a96b77a188f9ab0c7df20de2ad0f63bcaa07fc3ccd8a4a6061f544
[INFO] running `Command { std: "docker" "create" "-v" "/var/lib/crater-agent-workspace/builds/worker-3-tc1/target:/opt/rustwide/target:rw,Z" "-v" "/var/lib/crater-agent-workspace/builds/worker-3-tc1/source:/opt/rustwide/workdir:ro,Z" "-v" "/var/lib/crater-agent-workspace/cargo-home:/opt/rustwide/cargo-home:ro,Z" "-v" "/var/lib/crater-agent-workspace/rustup-home:/opt/rustwide/rustup-home:ro,Z" "-e" "SOURCE_DIR=/opt/rustwide/workdir" "-e" "CARGO_TARGET_DIR=/opt/rustwide/target" "-e" "CARGO_INCREMENTAL=0" "-e" "RUST_BACKTRACE=full" "-e" "RUSTFLAGS=--cap-lints=warn" "-e" "RUSTDOCFLAGS=--cap-lints=warn" "-e" "CARGO_HOME=/opt/rustwide/cargo-home" "-e" "RUSTUP_HOME=/opt/rustwide/rustup-home" "-w" "/opt/rustwide/workdir" "-m" "1610612736" "--user" "0:0" "--network" "none" "ghcr.io/rust-lang/crates-build-env/linux@sha256:5ff2268d62e97bff2cde7d5815dd6ed5b47097566f13b8d0ca110b04b60e07ed" "/opt/rustwide/cargo-home/bin/cargo" "+1.69.0" "test" "--frozen" "--no-run" "--message-format=json", kill_on_drop: false }`
[INFO] [stdout] 9f516ea2cb1e1c0598f32eb4edcbe00c4f6f06ead4a1f3fd9479670acdfa6666
[INFO] running `Command { std: "docker" "start" "-a" "9f516ea2cb1e1c0598f32eb4edcbe00c4f6f06ead4a1f3fd9479670acdfa6666", kill_on_drop: false }`
[INFO] [stderr]    Compiling proc-macro2 v1.0.56
[INFO] [stderr]    Compiling unicode-ident v1.0.8
[INFO] [stderr]    Compiling serde v1.0.160
[INFO] [stderr]    Compiling serde_json v1.0.96
[INFO] [stderr]    Compiling itoa v1.0.6
[INFO] [stderr]    Compiling serde_derive v1.0.160
[INFO] [stderr]    Compiling ryu v1.0.13
[INFO] [stderr]    Compiling trybuild v1.0.80
[INFO] [stderr]    Compiling once_cell v1.17.1
[INFO] [stderr]    Compiling fnv v1.0.7
[INFO] [stderr]    Compiling bytes v1.4.0
[INFO] [stderr]    Compiling termcolor v1.2.0
[INFO] [stderr]    Compiling glob v0.3.1
[INFO] [stderr]    Compiling quote v1.0.26
[INFO] [stderr]    Compiling proc-macro-error v1.0.4
[INFO] [stderr]    Compiling http v0.2.9
[INFO] [stderr]    Compiling syn v2.0.15
[INFO] [stderr]    Compiling proc-macro-error-attr v1.0.4
[INFO] [stderr]    Compiling solarsail-macros v0.1.1 (/opt/rustwide/workdir)
[INFO] [stderr]    Compiling basic-toml v0.1.2
[INFO] [stdout] error[E0433]: failed to resolve: could not find `solarsail` in the list of imported crates
[INFO] [stdout]  --> tests/tests.rs:7:9
[INFO] [stdout]   |
[INFO] [stdout] 7 |         get!("resources" / id) => assert_eq!(id, "42"),
[INFO] [stdout]   |         ^^^^^^^^^^^^^^^^^^^^^^ could not find `solarsail` in the list of imported crates
[INFO] [stdout]   |
[INFO] [stdout]   = note: this error originates in the macro `get` (in Nightly builds, run with -Z macro-backtrace for more info)
[INFO] [stdout] 
[INFO] [stdout] 
[INFO] [stdout] error[E0433]: failed to resolve: could not find `solarsail` in the list of imported crates
[INFO] [stdout]   --> tests/tests.rs:15:9
[INFO] [stdout]    |
[INFO] [stdout] 15 |         post!("resources" / id) => assert_eq!(id, "42"),
[INFO] [stdout]    |         ^^^^^^^^^^^^^^^^^^^^^^^ could not find `solarsail` in the list of imported crates
[INFO] [stdout]    |
[INFO] [stdout]    = note: this error originates in the macro `post` (in Nightly builds, run with -Z macro-backtrace for more info)
[INFO] [stdout] 
[INFO] [stdout] 
[INFO] [stdout] error[E0433]: failed to resolve: could not find `solarsail` in the list of imported crates
[INFO] [stdout]   --> tests/tests.rs:23:9
[INFO] [stdout]    |
[INFO] [stdout] 23 |         put!("resources" / id) => assert_eq!(id, "42"),
[INFO] [stdout]    |         ^^^^^^^^^^^^^^^^^^^^^^ could not find `solarsail` in the list of imported crates
[INFO] [stdout]    |
[INFO] [stdout]    = note: this error originates in the macro `put` (in Nightly builds, run with -Z macro-backtrace for more info)
[INFO] [stdout] 
[INFO] [stdout] 
[INFO] [stdout] error[E0433]: failed to resolve: could not find `solarsail` in the list of imported crates
[INFO] [stdout]   --> tests/tests.rs:31:9
[INFO] [stdout]    |
[INFO] [stdout] 31 |         delete!("resources" / id) => assert_eq!(id, "42"),
[INFO] [stdout]    |         ^^^^^^^^^^^^^^^^^^^^^^^^^ could not find `solarsail` in the list of imported crates
[INFO] [stdout]    |
[INFO] [stdout]    = note: this error originates in the macro `delete` (in Nightly builds, run with -Z macro-backtrace for more info)
[INFO] [stdout] 
[INFO] [stdout] 
[INFO] [stdout] error[E0433]: failed to resolve: could not find `solarsail` in the list of imported crates
[INFO] [stdout]   --> tests/tests.rs:39:9
[INFO] [stdout]    |
[INFO] [stdout] 39 |         patch!("resources" / id) => assert_eq!(id, "42"),
[INFO] [stdout]    |         ^^^^^^^^^^^^^^^^^^^^^^^^ could not find `solarsail` in the list of imported crates
[INFO] [stdout]    |
[INFO] [stdout]    = note: this error originates in the macro `patch` (in Nightly builds, run with -Z macro-backtrace for more info)
[INFO] [stdout] 
[INFO] [stdout] 
[INFO] [stdout] error[E0433]: failed to resolve: could not find `solarsail` in the list of imported crates
[INFO] [stdout]   --> tests/tests.rs:47:9
[INFO] [stdout]    |
[INFO] [stdout] 47 |         get!(/ "resources" / id) => assert_eq!(id, "42"),
[INFO] [stdout]    |         ^^^^^^^^^^^^^^^^^^^^^^^^ could not find `solarsail` in the list of imported crates
[INFO] [stdout]    |
[INFO] [stdout]    = note: this error originates in the macro `get` (in Nightly builds, run with -Z macro-backtrace for more info)
[INFO] [stdout] 
[INFO] [stdout] 
[INFO] [stdout] error[E0433]: failed to resolve: could not find `solarsail` in the list of imported crates
[INFO] [stdout]   --> tests/tests.rs:55:48
[INFO] [stdout]    |
[INFO] [stdout] 55 |     assert!(matches!((&Method::GET, segments), get!()));
[INFO] [stdout]    |                                                ^^^^^^ could not find `solarsail` in the list of imported crates
[INFO] [stdout]    |
[INFO] [stdout]    = note: this error originates in the macro `get` (in Nightly builds, run with -Z macro-backtrace for more info)
[INFO] [stdout] 
[INFO] [stdout] 
[INFO] [stdout] error[E0433]: failed to resolve: could not find `solarsail` in the list of imported crates
[INFO] [stdout]   --> tests/tests.rs:58:9
[INFO] [stdout]    |
[INFO] [stdout] 58 |         get!()
[INFO] [stdout]    |         ^^^^^^ could not find `solarsail` in the list of imported crates
[INFO] [stdout]    |
[INFO] [stdout]    = note: this error originates in the macro `get` (in Nightly builds, run with -Z macro-backtrace for more info)
[INFO] [stdout] 
[INFO] [stdout] 
[INFO] [stdout] error[E0433]: failed to resolve: could not find `solarsail` in the list of imported crates
[INFO] [stdout]   --> tests/tests.rs:89:48
[INFO] [stdout]    |
[INFO] [stdout] 89 |     assert!(matches!((&Method::GET, segments), get!(..)));
[INFO] [stdout]    |                                                ^^^^^^^^ could not find `solarsail` in the list of imported crates
[INFO] [stdout]    |
[INFO] [stdout]    = note: this error originates in the macro `get` (in Nightly builds, run with -Z macro-backtrace for more info)
[INFO] [stdout] 
[INFO] [stdout] 
[INFO] [stdout] error[E0433]: failed to resolve: could not find `solarsail` in the list of imported crates
[INFO] [stdout]   --> tests/tests.rs:92:9
[INFO] [stdout]    |
[INFO] [stdout] 92 |         get!(..)
[INFO] [stdout]    |         ^^^^^^^^ could not find `solarsail` in the list of imported crates
[INFO] [stdout]    |
[INFO] [stdout]    = note: this error originates in the macro `get` (in Nightly builds, run with -Z macro-backtrace for more info)
[INFO] [stdout] 
[INFO] [stdout] 
[INFO] [stdout] error[E0433]: failed to resolve: could not find `solarsail` in the list of imported crates
[INFO] [stdout]   --> tests/tests.rs:99:9
[INFO] [stdout]    |
[INFO] [stdout] 99 |         get!("one" / .. / id) => assert_eq!(id, "42"),
[INFO] [stdout]    |         ^^^^^^^^^^^^^^^^^^^^^ could not find `solarsail` in the list of imported crates
[INFO] [stdout]    |
[INFO] [stdout]    = note: this error originates in the macro `get` (in Nightly builds, run with -Z macro-backtrace for more info)
[INFO] [stdout] 
[INFO] [stdout] 
[INFO] [stdout] error[E0433]: failed to resolve: could not find `solarsail` in the list of imported crates
[INFO] [stdout]    --> tests/tests.rs:108:9
[INFO] [stdout]     |
[INFO] [stdout] 108 |         get!("one" / ..)
[INFO] [stdout]     |         ^^^^^^^^^^^^^^^^ could not find `solarsail` in the list of imported crates
[INFO] [stdout]     |
[INFO] [stdout]     = note: this error originates in the macro `get` (in Nightly builds, run with -Z macro-backtrace for more info)
[INFO] [stdout] 
[INFO] [stdout] 
[INFO] [stdout] error[E0433]: failed to resolve: could not find `solarsail` in the list of imported crates
[INFO] [stdout]    --> tests/tests.rs:115:9
[INFO] [stdout]     |
[INFO] [stdout] 115 |         get!("one" / tail @ ..) => assert_eq!(&tail, &["two", "three", "42"]),
[INFO] [stdout]     |         ^^^^^^^^^^^^^^^^^^^^^^^ could not find `solarsail` in the list of imported crates
[INFO] [stdout]     |
[INFO] [stdout]     = note: this error originates in the macro `get` (in Nightly builds, run with -Z macro-backtrace for more info)
[INFO] [stdout] 
[INFO] [stdout] 
[INFO] [stdout] error: aborting due to 13 previous errors
[INFO] [stdout] 
[INFO] [stdout] 
[INFO] [stdout] For more information about this error, try `rustc --explain E0433`.
[INFO] [stdout] 
[INFO] [stderr] error: could not compile `solarsail-macros` due to 14 previous errors
[INFO] [stderr] warning: build failed, waiting for other jobs to finish...
[INFO] running `Command { std: "docker" "inspect" "9f516ea2cb1e1c0598f32eb4edcbe00c4f6f06ead4a1f3fd9479670acdfa6666", kill_on_drop: false }`
[INFO] running `Command { std: "docker" "rm" "-f" "9f516ea2cb1e1c0598f32eb4edcbe00c4f6f06ead4a1f3fd9479670acdfa6666", kill_on_drop: false }`
[INFO] [stdout] 9f516ea2cb1e1c0598f32eb4edcbe00c4f6f06ead4a1f3fd9479670acdfa6666
