[INFO] fetching crate sodium-alloc 0.1.1...
[INFO] testing sodium-alloc-0.1.1 against beta-2023-04-20 for beta-1.70-1
[INFO] extracting crate sodium-alloc 0.1.1 into /workspace/builds/worker-4-tc2/source
[INFO] validating manifest of crates.io crate sodium-alloc 0.1.1 on toolchain beta-2023-04-20
[INFO] running `Command { std: CARGO_HOME="/workspace/cargo-home" RUSTUP_HOME="/workspace/rustup-home" "/workspace/cargo-home/bin/cargo" "+beta-2023-04-20" "metadata" "--manifest-path" "Cargo.toml" "--no-deps", kill_on_drop: false }`
[INFO] started tweaking crates.io crate sodium-alloc 0.1.1
[INFO] finished tweaking crates.io crate sodium-alloc 0.1.1
[INFO] tweaked toml for crates.io crate sodium-alloc 0.1.1 written to /workspace/builds/worker-4-tc2/source/Cargo.toml
[INFO] running `Command { std: CARGO_HOME="/workspace/cargo-home" RUSTUP_HOME="/workspace/rustup-home" __CARGO_TEST_CHANNEL_OVERRIDE_DO_NOT_USE_THIS="nightly" "/workspace/cargo-home/bin/cargo" "+beta-2023-04-20" "generate-lockfile" "--manifest-path" "Cargo.toml" "-Zno-index-update", kill_on_drop: false }`
[INFO] running `Command { std: CARGO_HOME="/workspace/cargo-home" RUSTUP_HOME="/workspace/rustup-home" "/workspace/cargo-home/bin/cargo" "+beta-2023-04-20" "fetch" "--manifest-path" "Cargo.toml", kill_on_drop: false }`
[INFO] [stderr]     Blocking waiting for file lock on package cache
[INFO] running `Command { std: "docker" "create" "-v" "/var/lib/crater-agent-workspace/builds/worker-4-tc2/target:/opt/rustwide/target:rw,Z" "-v" "/var/lib/crater-agent-workspace/builds/worker-4-tc2/source:/opt/rustwide/workdir:ro,Z" "-v" "/var/lib/crater-agent-workspace/cargo-home:/opt/rustwide/cargo-home:ro,Z" "-v" "/var/lib/crater-agent-workspace/rustup-home:/opt/rustwide/rustup-home:ro,Z" "-e" "SOURCE_DIR=/opt/rustwide/workdir" "-e" "CARGO_TARGET_DIR=/opt/rustwide/target" "-e" "CARGO_HOME=/opt/rustwide/cargo-home" "-e" "RUSTUP_HOME=/opt/rustwide/rustup-home" "-w" "/opt/rustwide/workdir" "-m" "1610612736" "--user" "0:0" "--network" "none" "ghcr.io/rust-lang/crates-build-env/linux@sha256:5ff2268d62e97bff2cde7d5815dd6ed5b47097566f13b8d0ca110b04b60e07ed" "/opt/rustwide/cargo-home/bin/cargo" "+beta-2023-04-20" "metadata" "--no-deps" "--format-version=1", kill_on_drop: false }`
[INFO] [stdout] 1c6d0bf504cce397337a5fd634ccbc624962478e2310b25de75e8f83c1bba55a
[INFO] running `Command { std: "docker" "start" "-a" "1c6d0bf504cce397337a5fd634ccbc624962478e2310b25de75e8f83c1bba55a", kill_on_drop: false }`
[INFO] running `Command { std: "docker" "inspect" "1c6d0bf504cce397337a5fd634ccbc624962478e2310b25de75e8f83c1bba55a", kill_on_drop: false }`
[INFO] running `Command { std: "docker" "rm" "-f" "1c6d0bf504cce397337a5fd634ccbc624962478e2310b25de75e8f83c1bba55a", kill_on_drop: false }`
[INFO] [stdout] 1c6d0bf504cce397337a5fd634ccbc624962478e2310b25de75e8f83c1bba55a
[INFO] running `Command { std: "docker" "create" "-v" "/var/lib/crater-agent-workspace/builds/worker-4-tc2/target:/opt/rustwide/target:rw,Z" "-v" "/var/lib/crater-agent-workspace/builds/worker-4-tc2/source:/opt/rustwide/workdir:ro,Z" "-v" "/var/lib/crater-agent-workspace/cargo-home:/opt/rustwide/cargo-home:ro,Z" "-v" "/var/lib/crater-agent-workspace/rustup-home:/opt/rustwide/rustup-home:ro,Z" "-e" "SOURCE_DIR=/opt/rustwide/workdir" "-e" "CARGO_TARGET_DIR=/opt/rustwide/target" "-e" "CARGO_INCREMENTAL=0" "-e" "RUST_BACKTRACE=full" "-e" "RUSTFLAGS=--cap-lints=warn" "-e" "RUSTDOCFLAGS=--cap-lints=warn" "-e" "CARGO_HOME=/opt/rustwide/cargo-home" "-e" "RUSTUP_HOME=/opt/rustwide/rustup-home" "-w" "/opt/rustwide/workdir" "-m" "1610612736" "--user" "0:0" "--network" "none" "ghcr.io/rust-lang/crates-build-env/linux@sha256:5ff2268d62e97bff2cde7d5815dd6ed5b47097566f13b8d0ca110b04b60e07ed" "/opt/rustwide/cargo-home/bin/cargo" "+beta-2023-04-20" "build" "--frozen" "--message-format=json", kill_on_drop: false }`
[INFO] [stdout] 8dacc9d6e875c63de9211f7a06d9ee7b3bc83532bf6bfdc89bfcf7833c9313a7
[INFO] running `Command { std: "docker" "start" "-a" "8dacc9d6e875c63de9211f7a06d9ee7b3bc83532bf6bfdc89bfcf7833c9313a7", kill_on_drop: false }`
[INFO] [stderr]    Compiling cfg-if v1.0.0
[INFO] [stderr]    Compiling crc32fast v1.3.2
[INFO] [stderr]    Compiling rle-decode-fast v1.0.3
[INFO] [stderr]    Compiling adler32 v1.2.0
[INFO] [stderr]    Compiling minisign-verify v0.2.1
[INFO] [stderr]    Compiling cc v1.0.79
[INFO] [stderr]    Compiling pkg-config v0.3.26
[INFO] [stderr]    Compiling xattr v0.2.3
[INFO] [stderr]    Compiling libflate_lz77 v1.2.0
[INFO] [stderr]    Compiling filetime v0.2.21
[INFO] [stderr]    Compiling tar v0.4.38
[INFO] [stderr]    Compiling libflate v1.3.0
[INFO] [stderr]    Compiling libsodium-sys-stable v1.19.27
[INFO] [stderr]    Compiling sodium-alloc v0.1.1 (/opt/rustwide/workdir)
[INFO] [stdout] error[E0554]: `#![feature]` may not be used on the beta release channel
[INFO] [stdout]   --> src/lib.rs:69:12
[INFO] [stdout]    |
[INFO] [stdout] 69 | #![feature(allocator_api)]
[INFO] [stdout]    |            ^^^^^^^^^^^^^
[INFO] [stdout] 
[INFO] [stdout] 
[INFO] [stdout] error[E0554]: `#![feature]` may not be used on the beta release channel
[INFO] [stdout]   --> src/lib.rs:70:12
[INFO] [stdout]    |
[INFO] [stdout] 70 | #![feature(nonnull_slice_from_raw_parts)]
[INFO] [stdout]    |            ^^^^^^^^^^^^^^^^^^^^^^^^^^^^
[INFO] [stdout] 
[INFO] [stdout] 
[INFO] [stdout] error[E0554]: `#![feature]` may not be used on the beta release channel
[INFO] [stdout]   --> src/lib.rs:71:12
[INFO] [stdout]    |
[INFO] [stdout] 71 | #![feature(slice_ptr_get)]
[INFO] [stdout]    |            ^^^^^^^^^^^^^
[INFO] [stdout] 
[INFO] [stdout] 
[INFO] [stdout] error[E0554]: `#![feature]` may not be used on the beta release channel
[INFO] [stdout]   --> src/lib.rs:72:12
[INFO] [stdout]    |
[INFO] [stdout] 72 | #![feature(slice_ptr_len)]
[INFO] [stdout]    |            ^^^^^^^^^^^^^
[INFO] [stdout] 
[INFO] [stdout] 
[INFO] [stdout] warning: the feature `nonnull_slice_from_raw_parts` has been stable since 1.70.0 and no longer requires an attribute to enable
[INFO] [stdout]   --> src/lib.rs:70:12
[INFO] [stdout]    |
[INFO] [stdout] 70 | #![feature(nonnull_slice_from_raw_parts)]
[INFO] [stdout]    |            ^^^^^^^^^^^^^^^^^^^^^^^^^^^^
[INFO] [stdout]    |
[INFO] [stdout]    = note: `#[warn(stable_features)]` on by default
[INFO] [stdout] 
[INFO] [stdout] 
[INFO] [stdout] error: aborting due to 4 previous errors; 1 warning emitted
[INFO] [stdout] 
[INFO] [stdout] 
[INFO] [stdout] For more information about this error, try `rustc --explain E0554`.
[INFO] [stdout] 
[INFO] [stderr] error: could not compile `sodium-alloc` (lib) due to 5 previous errors; 1 warning emitted
[INFO] running `Command { std: "docker" "inspect" "8dacc9d6e875c63de9211f7a06d9ee7b3bc83532bf6bfdc89bfcf7833c9313a7", kill_on_drop: false }`
[INFO] running `Command { std: "docker" "rm" "-f" "8dacc9d6e875c63de9211f7a06d9ee7b3bc83532bf6bfdc89bfcf7833c9313a7", kill_on_drop: false }`
[INFO] [stdout] 8dacc9d6e875c63de9211f7a06d9ee7b3bc83532bf6bfdc89bfcf7833c9313a7
