[INFO] fetching crate snarkos 2.0.2...
[INFO] testing snarkos-2.0.2 against beta-2023-04-20 for beta-1.70-1
[INFO] extracting crate snarkos 2.0.2 into /workspace/builds/worker-0-tc2/source
[INFO] validating manifest of crates.io crate snarkos 2.0.2 on toolchain beta-2023-04-20
[INFO] running `Command { std: CARGO_HOME="/workspace/cargo-home" RUSTUP_HOME="/workspace/rustup-home" "/workspace/cargo-home/bin/cargo" "+beta-2023-04-20" "metadata" "--manifest-path" "Cargo.toml" "--no-deps", kill_on_drop: false }`
[INFO] started tweaking crates.io crate snarkos 2.0.2
[INFO] finished tweaking crates.io crate snarkos 2.0.2
[INFO] tweaked toml for crates.io crate snarkos 2.0.2 written to /workspace/builds/worker-0-tc2/source/Cargo.toml
[INFO] crate crates.io crate snarkos 2.0.2 already has a lockfile, it will not be regenerated
[INFO] running `Command { std: CARGO_HOME="/workspace/cargo-home" RUSTUP_HOME="/workspace/rustup-home" "/workspace/cargo-home/bin/cargo" "+beta-2023-04-20" "fetch" "--manifest-path" "Cargo.toml", kill_on_drop: false }`
[INFO] [stderr]     Updating crates.io index
[INFO] [stderr]  Downloading crates ...
[INFO] [stderr]   Downloaded snarkvm-derives v0.8.0
[INFO] [stderr]   Downloaded snarkvm-profiler v0.8.0
[INFO] [stderr]   Downloaded atomic-shim v0.2.0
[INFO] [stderr]   Downloaded tui v0.17.0
[INFO] [stderr]   Downloaded metrics-util v0.11.0
[INFO] [stderr]   Downloaded curl v0.4.42
[INFO] [stderr]   Downloaded fil-rustacuda v0.1.3
[INFO] [stderr]   Downloaded rustacuda_core v0.1.2
[INFO] [stderr]   Downloaded opencl3 v0.4.1
[INFO] [stderr]   Downloaded rocksdb v0.18.0
[INFO] [stderr]   Downloaded crossterm v0.23.0
[INFO] [stderr]   Downloaded snarkos-metrics v2.0.2
[INFO] [stderr]   Downloaded bech32 v0.8.1
[INFO] [stderr]   Downloaded snarkvm-fields v0.8.0
[INFO] [stderr]   Downloaded rust-gpu-tools v0.6.0
[INFO] [stderr]   Downloaded rustacuda_derive v0.1.2
[INFO] [stderr]   Downloaded jsonrpsee-http-client v0.9.0
[INFO] [stderr]   Downloaded jsonrpsee-http-server v0.9.0
[INFO] [stderr]   Downloaded raw-cpuid v10.2.0
[INFO] [stderr]   Downloaded snarkvm-marlin v0.8.0
[INFO] [stderr]   Downloaded base58 v0.2.0
[INFO] [stderr]   Downloaded snarkvm-polycommit v0.8.0
[INFO] [stderr]   Downloaded metrics-exporter-prometheus v0.8.0
[INFO] [stderr]   Downloaded snarkvm-algorithms v0.8.0
[INFO] [stderr]   Downloaded circular-queue v0.2.6
[INFO] [stderr]   Downloaded cuda-config v0.1.0
[INFO] [stderr]   Downloaded jsonrpsee-types v0.9.0
[INFO] [stderr]   Downloaded jsonrpsee-core v0.9.0
[INFO] [stderr]   Downloaded cuda-driver-sys v0.3.0
[INFO] [stderr]   Downloaded curl-sys v0.4.52+curl-7.81.0
[INFO] [stderr]   Downloaded cl3 v0.4.4
[INFO] [stderr]   Downloaded crypto-common v0.1.2
[INFO] [stderr]   Downloaded snarkos-storage v2.0.2
[INFO] [stderr]   Downloaded snarkvm-parameters v0.8.0
[INFO] [stderr]   Downloaded librocksdb-sys v0.6.1+6.28.2
[INFO] [stderr]   Downloaded snarkvm-gadgets v0.8.0
[INFO] [stderr]   Downloaded snarkvm-curves v0.8.0
[INFO] [stderr]   Downloaded snarkvm-dpc v0.8.0
[INFO] [stderr]   Downloaded aleo-std-time v0.1.0
[INFO] [stderr]   Downloaded aleo-std-timed v0.1.0
[INFO] [stderr]   Downloaded aleo-std-timer v0.1.0
[INFO] [stderr]   Downloaded aleo-std v0.1.8
[INFO] [stderr]   Downloaded snarkvm-utilities v0.8.0
[INFO] [stderr]   Downloaded snarkvm v0.8.0
[INFO] [stderr]   Downloaded blake2s_simd v1.0.0
[INFO] [stderr]   Downloaded snarkvm-r1cs v0.8.0
[INFO] [stderr]   Downloaded tokio-util v0.7.0
[INFO] [stderr]   Downloaded soketto v0.7.1
[INFO] [stderr]   Downloaded jsonrpsee v0.9.0
[INFO] [stderr]   Downloaded quick-xml v0.20.0
[INFO] [stderr]   Downloaded self_update v0.28.0
[INFO] [stderr]   Downloaded metrics-macros v0.5.1
[INFO] [stderr]   Downloaded metrics v0.18.0
[INFO] [stderr]   Downloaded sketches-ddsketch v0.1.2
[INFO] [stderr]   Downloaded quanta v0.9.3
[INFO] [stderr]   Downloaded temp-env v0.2.0
[INFO] [stderr]   Downloaded digest v0.10.2
[INFO] [stderr]   Downloaded tracing-subscriber v0.3.8
[INFO] running `Command { std: "docker" "create" "-v" "/var/lib/crater-agent-workspace/builds/worker-0-tc2/target:/opt/rustwide/target:rw,Z" "-v" "/var/lib/crater-agent-workspace/builds/worker-0-tc2/source:/opt/rustwide/workdir:ro,Z" "-v" "/var/lib/crater-agent-workspace/cargo-home:/opt/rustwide/cargo-home:ro,Z" "-v" "/var/lib/crater-agent-workspace/rustup-home:/opt/rustwide/rustup-home:ro,Z" "-e" "SOURCE_DIR=/opt/rustwide/workdir" "-e" "CARGO_TARGET_DIR=/opt/rustwide/target" "-e" "CARGO_HOME=/opt/rustwide/cargo-home" "-e" "RUSTUP_HOME=/opt/rustwide/rustup-home" "-w" "/opt/rustwide/workdir" "-m" "1610612736" "--user" "0:0" "--network" "none" "ghcr.io/rust-lang/crates-build-env/linux@sha256:5ff2268d62e97bff2cde7d5815dd6ed5b47097566f13b8d0ca110b04b60e07ed" "/opt/rustwide/cargo-home/bin/cargo" "+beta-2023-04-20" "metadata" "--no-deps" "--format-version=1", kill_on_drop: false }`
[INFO] [stdout] 54969306369f69a570f7121968d23b73b1fa71652ab5216cb4eed9ed15d5c9aa
[INFO] running `Command { std: "docker" "start" "-a" "54969306369f69a570f7121968d23b73b1fa71652ab5216cb4eed9ed15d5c9aa", kill_on_drop: false }`
[INFO] running `Command { std: "docker" "inspect" "54969306369f69a570f7121968d23b73b1fa71652ab5216cb4eed9ed15d5c9aa", kill_on_drop: false }`
[INFO] running `Command { std: "docker" "rm" "-f" "54969306369f69a570f7121968d23b73b1fa71652ab5216cb4eed9ed15d5c9aa", kill_on_drop: false }`
[INFO] [stdout] 54969306369f69a570f7121968d23b73b1fa71652ab5216cb4eed9ed15d5c9aa
[INFO] running `Command { std: "docker" "create" "-v" "/var/lib/crater-agent-workspace/builds/worker-0-tc2/target:/opt/rustwide/target:rw,Z" "-v" "/var/lib/crater-agent-workspace/builds/worker-0-tc2/source:/opt/rustwide/workdir:ro,Z" "-v" "/var/lib/crater-agent-workspace/cargo-home:/opt/rustwide/cargo-home:ro,Z" "-v" "/var/lib/crater-agent-workspace/rustup-home:/opt/rustwide/rustup-home:ro,Z" "-e" "SOURCE_DIR=/opt/rustwide/workdir" "-e" "CARGO_TARGET_DIR=/opt/rustwide/target" "-e" "CARGO_INCREMENTAL=0" "-e" "RUST_BACKTRACE=full" "-e" "RUSTFLAGS=--cap-lints=warn" "-e" "RUSTDOCFLAGS=--cap-lints=warn" "-e" "CARGO_HOME=/opt/rustwide/cargo-home" "-e" "RUSTUP_HOME=/opt/rustwide/rustup-home" "-w" "/opt/rustwide/workdir" "-m" "1610612736" "--user" "0:0" "--network" "none" "ghcr.io/rust-lang/crates-build-env/linux@sha256:5ff2268d62e97bff2cde7d5815dd6ed5b47097566f13b8d0ca110b04b60e07ed" "/opt/rustwide/cargo-home/bin/cargo" "+beta-2023-04-20" "build" "--frozen" "--message-format=json", kill_on_drop: false }`
[INFO] [stdout] 3eb3dc5326030d293fbc61d92b470a95c48624bc4c952f3b65b1daf3fae48d2c
[INFO] running `Command { std: "docker" "start" "-a" "3eb3dc5326030d293fbc61d92b470a95c48624bc4c952f3b65b1daf3fae48d2c", kill_on_drop: false }`
[INFO] [stderr]    Compiling libc v0.2.117
[INFO] [stderr]    Compiling proc-macro2 v1.0.36
[INFO] [stderr]    Compiling cfg-if v1.0.0
[INFO] [stderr]    Compiling unicode-xid v0.2.2
[INFO] [stderr]    Compiling version_check v0.9.4
[INFO] [stderr]    Compiling syn v1.0.86
[INFO] [stderr]    Compiling autocfg v1.1.0
[INFO] [stderr]    Compiling memchr v2.4.1
[INFO] [stderr]    Compiling lazy_static v1.4.0
[INFO] [stderr]    Compiling once_cell v1.9.0
[INFO] [stderr]    Compiling serde v1.0.136
[INFO] [stderr]    Compiling pkg-config v0.3.24
[INFO] [stderr]    Compiling serde_derive v1.0.136
[INFO] [stderr]    Compiling log v0.4.14
[INFO] [stderr]    Compiling scopeguard v1.1.0
[INFO] [stderr]    Compiling typenum v1.15.0
[INFO] [stderr]    Compiling pin-project-lite v0.2.8
[INFO] [stderr]    Compiling generic-array v0.14.5
[INFO] [stderr]    Compiling quote v1.0.15
[INFO] [stderr]    Compiling jobserver v0.1.24
[INFO] [stderr]    Compiling num_cpus v1.13.1
[INFO] [stderr]    Compiling getrandom v0.2.4
[INFO] [stderr]    Compiling cc v1.0.72
[INFO] [stderr]    Compiling ahash v0.7.6
[INFO] [stderr]    Compiling signal-hook-registry v1.4.0
[INFO] [stderr]    Compiling indexmap v1.8.0
[INFO] [stderr]    Compiling futures-core v0.3.21
[INFO] [stderr]    Compiling hashbrown v0.11.2
[INFO] [stderr]    Compiling mio v0.7.14
[INFO] [stderr]    Compiling smallvec v1.8.0
[INFO] [stderr]    Compiling rand_core v0.6.3
[INFO] [stderr]    Compiling crossbeam-utils v0.8.7
[INFO] [stderr]    Compiling itoa v1.0.1
[INFO] [stderr]    Compiling anyhow v1.0.53
[INFO] [stderr]    Compiling ppv-lite86 v0.2.16
[INFO] [stderr]    Compiling bytes v1.1.0
[INFO] [stderr]    Compiling openssl-sys v0.9.72
[INFO] [stderr]    Compiling proc-macro-error-attr v1.0.4
[INFO] [stderr]    Compiling memoffset v0.6.5
[INFO] [stderr]    Compiling proc-macro2 v0.4.30
[INFO] [stderr]    Compiling rand_chacha v0.3.1
[INFO] [stderr]    Compiling rand v0.8.4
[INFO] [stderr]    Compiling atty v0.2.14
[INFO] [stderr]    Compiling proc-macro-error v1.0.4
[INFO] [stderr]    Compiling num-traits v0.2.14
[INFO] [stderr]    Compiling futures-sink v0.3.21
[INFO] [stderr]    Compiling unicode-xid v0.1.0
[INFO] [stderr]    Compiling crossbeam-epoch v0.9.7
[INFO] [stderr]    Compiling num-integer v0.1.44
[INFO] [stderr]    Compiling syn v0.15.44
[INFO] [stderr]    Compiling rayon-core v1.9.1
[INFO] [stderr]    Compiling futures-task v0.3.21
[INFO] [stderr]    Compiling futures-channel v0.3.21
[INFO] [stderr]    Compiling quote v0.6.13
[INFO] [stderr]    Compiling digest v0.9.0
[INFO] [stderr]    Compiling dirs-sys v0.3.6
[INFO] [stderr]    Compiling tracing-core v0.1.22
[INFO] [stderr]    Compiling futures-util v0.3.21
[INFO] [stderr]    Compiling either v1.6.1
[INFO] [stderr]    Compiling opaque-debug v0.3.0
[INFO] [stderr]    Compiling cpufeatures v0.2.1
[INFO] [stderr]    Compiling dirs v4.0.0
[INFO] [stderr]    Compiling crossbeam-deque v0.8.1
[INFO] [stderr]    Compiling crossbeam-channel v0.5.2
[INFO] [stderr]    Compiling colored v2.0.0
[INFO] [stderr]    Compiling socket2 v0.4.4
[INFO] [stderr]    Compiling rayon v1.5.1
[INFO] [stderr]    Compiling num-bigint v0.4.3
[INFO] [stderr]    Compiling pin-utils v0.1.0
[INFO] [stderr]    Compiling slab v0.4.5
[INFO] [stderr]    Compiling futures-io v0.3.21
[INFO] [stderr]    Compiling openssl-probe v0.1.5
[INFO] [stderr]    Compiling aleo-std-timer v0.1.0
[INFO] [stderr]    Compiling aleo-std-storage v0.1.3
[INFO] [stderr]    Compiling libz-sys v1.1.3
[INFO] [stderr]    Compiling serde_json v1.0.79
[INFO] [stderr]    Compiling arrayvec v0.7.2
[INFO] [stderr]    Compiling ryu v1.0.9
[INFO] [stderr]    Compiling aleo-std-cpu v0.1.3
[INFO] [stderr]    Compiling fnv v1.0.7
[INFO] [stderr]    Compiling itertools v0.10.3
[INFO] [stderr]    Compiling httparse v1.6.0
[INFO] [stderr]    Compiling byteorder v1.4.3
[INFO] [stderr]    Compiling http v0.2.6
[INFO] [stderr]    Compiling lock_api v0.4.6
[INFO] [stderr]    Compiling bitflags v1.3.2
[INFO] [stderr]    Compiling thiserror-impl v1.0.30
[INFO] [stderr]    Compiling tokio-macros v1.7.0
[INFO] [stderr]    Compiling tracing-attributes v0.1.19
[INFO] [stderr]    Compiling futures-macro v0.3.21
[INFO] [stderr]    Compiling aleo-std-time v0.1.0
[INFO] [stderr]    Compiling tokio v1.16.1
[INFO] [stderr]    Compiling aleo-std-timed v0.1.0
[INFO] [stderr]    Compiling derivative v2.2.0
[INFO] [stderr]    Compiling thiserror v1.0.30
[INFO] [stderr]    Compiling tracing v0.1.30
[INFO] [stderr]    Compiling block-buffer v0.10.2
[INFO] [stderr]    Compiling aleo-std v0.1.8
[INFO] [stderr]    Compiling crypto-common v0.1.2
[INFO] [stderr]    Compiling ring v0.16.20
[INFO] [stderr]    Compiling base64 v0.13.0
[INFO] [stderr]    Compiling subtle v2.4.1
[INFO] [stderr]    Compiling glob v0.3.0
[INFO] [stderr]    Compiling try-lock v0.2.3
[INFO] [stderr]    Compiling want v0.3.0
[INFO] [stderr]    Compiling crypto-mac v0.8.0
[INFO] [stderr]    Compiling clang-sys v1.3.1
[INFO] [stderr]    Compiling digest v0.10.2
[INFO] [stderr]    Compiling http-body v0.4.4
[INFO] [stderr]    Compiling fxhash v0.2.1
[INFO] [stderr]    Compiling bzip2-sys v0.1.11+1.0.8
[INFO] [stderr]    Compiling nom v7.1.0
[INFO] [stderr]    Compiling tower-service v0.3.1
[INFO] [stderr]    Compiling httpdate v1.0.2
[INFO] [stderr]    Compiling arrayref v0.3.6
[INFO] [stderr]    Compiling constant_time_eq v0.1.5
[INFO] [stderr]    Compiling spin v0.5.2
[INFO] [stderr]    Compiling regex-syntax v0.6.25
[INFO] [stderr]    Compiling untrusted v0.7.1
[INFO] [stderr]    Compiling parking_lot_core v0.9.1
[INFO] [stderr]    Compiling blake2s_simd v1.0.0
[INFO] [stderr]    Compiling tokio-util v0.6.9
[INFO] [stderr]    Compiling h2 v0.3.11
[INFO] [stderr]    Compiling sha2 v0.10.1
[INFO] [stderr]    Compiling blake2 v0.9.2
[INFO] [stderr]    Compiling curl-sys v0.4.52+curl-7.81.0
[INFO] [stderr]    Compiling snarkvm-profiler v0.8.0
[INFO] [stderr]    Compiling minimal-lexical v0.2.1
[INFO] [stderr]    Compiling hex v0.4.3
[INFO] [stderr]    Compiling bincode v1.3.3
[INFO] [stderr]    Compiling toml v0.5.8
[INFO] [stderr]    Compiling libloading v0.7.3
[INFO] [stderr]    Compiling aho-corasick v0.7.18
[INFO] [stderr]    Compiling proc-macro-crate v0.1.5
[INFO] [stderr]    Compiling openssl v0.10.38
[INFO] [stderr]    Compiling foreign-types-shared v0.1.1
[INFO] [stderr]    Compiling bindgen v0.59.2
[INFO] [stderr]    Compiling snarkvm-derives v0.8.0
[INFO] [stderr]    Compiling regex v1.5.4
[INFO] [stderr]    Compiling foreign-types v0.3.2
[INFO] [stderr]    Compiling cexpr v0.6.0
[INFO] [stderr]    Compiling parking_lot v0.12.0
[INFO] [stderr]    Compiling snarkvm-utilities v0.8.0
[INFO] [stderr]    Compiling webpki v0.22.0
[INFO] [stderr]    Compiling snarkvm-fields v0.8.0
[INFO] [stderr]    Compiling futures-executor v0.3.21
[INFO] [stderr]    Compiling block-buffer v0.9.0
[INFO] [stderr]    Compiling lazycell v1.3.0
[INFO] [stderr]    Compiling shlex v1.1.0
[INFO] [stderr]    Compiling snarkvm-curves v0.8.0
[INFO] [stderr]    Compiling curl v0.4.42
[INFO] [stderr]    Compiling tinyvec_macros v0.1.0
[INFO] [stderr]    Compiling async-trait v0.1.52
[INFO] [stderr]    Compiling parking_lot_core v0.8.5
[INFO] [stderr]    Compiling matches v0.1.9
[INFO] [stderr]    Compiling native-tls v0.2.8
[INFO] [stderr]    Compiling peeking_take_while v0.1.2
[INFO] [stderr]    Compiling rustc-hash v1.1.0
[INFO] [stderr]    Compiling signal-hook v0.3.13
[INFO] [stderr]    Compiling cache-padded v1.2.0
[INFO] [stderr]    Compiling concurrent-queue v1.2.2
[INFO] [stderr]    Compiling tinyvec v1.5.1
[INFO] [stderr]    Compiling snarkvm-r1cs v0.8.0
[INFO] [stderr]    Compiling snarkvm-algorithms v0.8.0
[INFO] [stderr]    Compiling sha-1 v0.9.8
[INFO] [stderr]    Compiling futures v0.3.21
[INFO] [stderr]    Compiling beef v0.5.1
[INFO] [stderr]    Compiling sct v0.7.0
[INFO] [stderr]    Compiling miniz_oxide v0.4.4
[INFO] [stderr]    Compiling instant v0.1.12
[INFO] [stderr]    Compiling event-listener v2.5.2
[INFO] [stderr]    Compiling percent-encoding v2.1.0
[INFO] [stderr]    Compiling crc32fast v1.3.2
[INFO] [stderr]    Compiling snarkvm-gadgets v0.8.0
[INFO] [stderr]    Compiling form_urlencoded v1.0.1
[INFO] [stderr]    Compiling async-channel v1.6.1
[INFO] [stderr]    Compiling rustls v0.20.2
[INFO] [stderr]    Compiling jsonrpsee-types v0.9.0
[INFO] [stderr]    Compiling soketto v0.7.1
[INFO] [stderr]    Compiling unicode-normalization v0.1.19
[INFO] [stderr]    Compiling rustls-pemfile v0.2.1
[INFO] [stderr]    Compiling unicase v2.6.0
[INFO] [stderr]    Compiling paste v1.0.6
[INFO] [stderr]    Compiling encoding_rs v0.8.30
[INFO] [stderr]    Compiling adler v1.0.2
[INFO] [stderr]    Compiling ucd-trie v0.1.3
[INFO] [stderr]    Compiling unicode-width v0.1.9
[INFO] [stderr]    Compiling unicode-bidi v0.3.7
[INFO] [stderr]    Compiling pest v2.1.3
[INFO] [stderr]    Compiling hyper v0.14.17
[INFO] [stderr]    Compiling librocksdb-sys v0.6.1+6.28.2
[INFO] [stderr]    Compiling idna v0.2.3
[INFO] [stderr]    Compiling tokio-rustls v0.23.2
[INFO] [stderr]    Compiling rustls-native-certs v0.6.1
[INFO] [stderr]    Compiling signal-hook-mio v0.2.1
[INFO] [stderr]    Compiling tokio-native-tls v0.3.0
[INFO] [stderr]    Compiling parking_lot v0.11.2
[INFO] [stderr]    Compiling webpki-roots v0.22.2
[INFO] [stderr]    Compiling chrono v0.4.19
[INFO] [stderr]    Compiling terminal_size v0.1.17
[INFO] [stderr]    Compiling bstr v0.2.17
[INFO] [stderr]    Compiling circular-queue v0.2.6
[INFO] [stderr]    Compiling ansi_term v0.12.1
[INFO] [stderr]    Compiling bech32 v0.8.1
[INFO] [stderr]    Compiling unicode-segmentation v1.9.0
[INFO] [stderr]    Compiling base58 v0.2.0
[INFO] [stderr]    Compiling globset v0.4.8
[INFO] [stderr]    Compiling console v0.15.0
[INFO] [stderr]    Compiling flate2 v1.0.22
[INFO] [stderr]    Compiling heck v0.3.3
[INFO] [stderr]    Compiling url v2.2.2
[INFO] [stderr]    Compiling semver-parser v0.10.2
[INFO] [stderr]    Compiling textwrap v0.11.0
[INFO] [stderr]    Compiling serde_urlencoded v0.7.1
[INFO] [stderr]    Compiling regex-automata v0.1.10
[INFO] [stderr]    Compiling snarkvm-polycommit v0.8.0
[INFO] [stderr]    Compiling time v0.1.43
[INFO] [stderr]    Compiling mime v0.3.16
[INFO] [stderr]    Compiling vec_map v0.8.2
[INFO] [stderr]    Compiling num_threads v0.1.3
[INFO] [stderr]    Compiling remove_dir_all v0.5.3
[INFO] [stderr]    Compiling ipnet v2.3.1
[INFO] [stderr]    Compiling strsim v0.8.0
[INFO] [stderr]    Compiling self_update v0.28.0
[INFO] [stderr]    Compiling fastrand v1.7.0
[INFO] [stderr]    Compiling number_prefix v0.4.0
[INFO] [stderr]    Compiling indicatif v0.16.2
[INFO] [stderr]    Compiling tempfile v3.3.0
[INFO] [stderr]    Compiling clap v2.34.0
[INFO] [stderr]    Compiling time v0.3.7
[INFO] [stderr]    Compiling matchers v0.1.0
[INFO] [stderr]    Compiling semver v0.11.0
[INFO] [stderr]    Compiling structopt-derive v0.4.18
[INFO] [stderr]    Compiling crossterm v0.22.1
[INFO] [stderr]    Compiling tracing-log v0.1.2
[INFO] [stderr]    Compiling quick-xml v0.20.0
[INFO] [stderr]    Compiling thread_local v1.1.4
[INFO] [stderr]    Compiling snarkvm-marlin v0.8.0
[INFO] [stderr]    Compiling sharded-slab v0.1.4
[INFO] [stderr]    Compiling cassowary v0.3.0
[INFO] [stderr]    Compiling structopt v0.3.26
[INFO] [stderr]    Compiling tracing-subscriber v0.3.8
[INFO] [stderr]    Compiling tui v0.17.0
[INFO] [stderr]    Compiling crossterm v0.23.0
[INFO] [stderr]    Compiling tokio-util v0.7.0
[INFO] [stderr]    Compiling tokio-stream v0.1.8
[INFO] [stderr]    Compiling jsonrpsee-core v0.9.0
[INFO] [stderr]    Compiling hyper-rustls v0.23.0
[INFO] [stderr]    Compiling hyper-tls v0.5.0
[INFO] [stderr]    Compiling jsonrpsee-http-client v0.9.0
[INFO] [stderr]    Compiling reqwest v0.11.9
[INFO] [stderr]    Compiling jsonrpsee-http-server v0.9.0
[INFO] [stderr]    Compiling bzip2 v0.4.3
[INFO] [stderr]    Compiling zip v0.5.13
[INFO] [stderr]    Compiling jsonrpsee v0.9.0
[INFO] [stderr]    Compiling snarkvm-parameters v0.8.0
[INFO] [stderr]    Compiling snarkvm-dpc v0.8.0
[INFO] [stderr]    Compiling snarkvm v0.8.0
[INFO] [stderr] error: could not compile `snarkvm-dpc` (lib)
[INFO] [stderr] 
[INFO] [stderr] Caused by:
[INFO] [stderr]   process didn't exit successfully: `rustc --crate-name snarkvm_dpc --edition=2018 /opt/rustwide/cargo-home/registry/src/index.crates.io-6f17d22bba15001f/snarkvm-dpc-0.8.0/src/lib.rs --error-format=json --json=diagnostic-rendered-ansi,artifacts,future-incompat --crate-type lib --emit=dep-info,metadata,link -C opt-level=3 -C linker-plugin-lto -C debuginfo=2 -C overflow-checks=on --cfg 'feature="default"' --cfg 'feature="full"' --cfg 'feature="parallel"' --cfg 'feature="testnet1"' --cfg 'feature="testnet2"' -C metadata=dc3284b88cb443f7 -C extra-filename=-dc3284b88cb443f7 --out-dir /opt/rustwide/target/debug/deps -L dependency=/opt/rustwide/target/debug/deps --extern anyhow=/opt/rustwide/target/debug/deps/libanyhow-b9d2ec27c1609e55.rmeta --extern base58=/opt/rustwide/target/debug/deps/libbase58-d3e1b2921709693c.rmeta --extern bech32=/opt/rustwide/target/debug/deps/libbech32-526143be1dcbe8e3.rmeta --extern bincode=/opt/rustwide/target/debug/deps/libbincode-e0cdc3b6f7a5b5bf.rmeta --extern blake2=/opt/rustwide/target/debug/deps/libblake2-99469058a51961bd.rmeta --extern chrono=/opt/rustwide/target/debug/deps/libchrono-88d0df070321998d.rmeta --extern derivative=/opt/rustwide/target/debug/deps/libderivative-0dcb70763f7c5a39.so --extern hex=/opt/rustwide/target/debug/deps/libhex-e2e7d22a486b3391.rmeta --extern itertools=/opt/rustwide/target/debug/deps/libitertools-18aeff4b9703457f.rmeta --extern once_cell=/opt/rustwide/target/debug/deps/libonce_cell-dbb9bdcc00e58275.rmeta --extern rand=/opt/rustwide/target/debug/deps/librand-dd6b19836eddf819.rmeta --extern rayon=/opt/rustwide/target/debug/deps/librayon-a290cf6793f33468.rmeta --extern serde=/opt/rustwide/target/debug/deps/libserde-325364ff3739ede4.rmeta --extern serde_json=/opt/rustwide/target/debug/deps/libserde_json-b44fd02357b128a5.rmeta --extern snarkvm_algorithms=/opt/rustwide/target/debug/deps/libsnarkvm_algorithms-94d71a9834059ed8.rmeta --extern snarkvm_curves=/opt/rustwide/target/debug/deps/libsnarkvm_curves-234ab0d86fdb7e9a.rmeta --extern snarkvm_fields=/opt/rustwide/target/debug/deps/libsnarkvm_fields-f55d7177affc2509.rmeta --extern snarkvm_gadgets=/opt/rustwide/target/debug/deps/libsnarkvm_gadgets-3318b09fd83fff87.rmeta --extern snarkvm_marlin=/opt/rustwide/target/debug/deps/libsnarkvm_marlin-3d442ed6a2b02811.rmeta --extern snarkvm_parameters=/opt/rustwide/target/debug/deps/libsnarkvm_parameters-25fac10007d7d78c.rmeta --extern snarkvm_polycommit=/opt/rustwide/target/debug/deps/libsnarkvm_polycommit-9dfad07947aa6e86.rmeta --extern snarkvm_profiler=/opt/rustwide/target/debug/deps/libsnarkvm_profiler-c00750dbf1f54d95.rmeta --extern snarkvm_r1cs=/opt/rustwide/target/debug/deps/libsnarkvm_r1cs-22944250e211bbf7.rmeta --extern snarkvm_utilities=/opt/rustwide/target/debug/deps/libsnarkvm_utilities-b137f70a8007c20a.rmeta --extern thiserror=/opt/rustwide/target/debug/deps/libthiserror-a766aafa9e681bc8.rmeta --cap-lints allow --cap-lints=warn -L native=/usr/lib/x86_64-linux-gnu -L native=/opt/rustwide/target/debug/build/libz-sys-c9182537ddd8519f/out/lib -L native=/opt/rustwide/target/debug/build/libz-sys-c9182537ddd8519f/out/lib` (signal: 9, SIGKILL: kill)
[INFO] [stderr] warning: build failed, waiting for other jobs to finish...
[INFO] [stderr] The following warnings were emitted during compilation:
[INFO] [stderr] 
[INFO] [stderr] warning: c++: fatal error: Killed signal terminated program cc1plus
[INFO] [stderr] warning: compilation terminated.
[INFO] [stderr] warning: c++: fatal error: Killed signal terminated program cc1plus
[INFO] [stderr] warning: compilation terminated.
[INFO] [stderr] warning: c++: fatal error: Killed signal terminated program cc1plus
[INFO] [stderr] warning: compilation terminated.
[INFO] [stderr] warning: c++: fatal error: Killed signal terminated program cc1plus
[INFO] [stderr] warning: compilation terminated.
[INFO] [stderr] 
[INFO] [stderr] error: failed to run custom build command for `librocksdb-sys v0.6.1+6.28.2`
[INFO] [stderr] note: To improve backtraces for build dependencies, set the CARGO_PROFILE_DEV_BUILD_OVERRIDE_DEBUG=true environment variable to enable debug information generation.
[INFO] [stderr] 
[INFO] [stderr] Caused by:
[INFO] [stderr]   process didn't exit successfully: `/opt/rustwide/target/debug/build/librocksdb-sys-59a436e58222a979/build-script-build` (exit status: 1)
[INFO] [stderr]   --- stdout
[INFO] [stderr]   cargo:rerun-if-changed=rocksdb/
[INFO] [stderr]   TARGET = Some("x86_64-unknown-linux-gnu")
[INFO] [stderr]   OPT_LEVEL = Some("3")
[INFO] [stderr]   HOST = Some("x86_64-unknown-linux-gnu")
[INFO] [stderr]   CXX_x86_64-unknown-linux-gnu = None
[INFO] [stderr]   CXX_x86_64_unknown_linux_gnu = None
[INFO] [stderr]   HOST_CXX = None
[INFO] [stderr]   CXX = None
[INFO] [stderr]   CXXFLAGS_x86_64-unknown-linux-gnu = None
[INFO] [stderr]   CXXFLAGS_x86_64_unknown_linux_gnu = None
[INFO] [stderr]   HOST_CXXFLAGS = None
[INFO] [stderr]   CXXFLAGS = None
[INFO] [stderr]   CRATE_CC_NO_DEFAULTS = None
[INFO] [stderr]   DEBUG = Some("true")
[INFO] [stderr]   CARGO_CFG_TARGET_FEATURE = Some("fxsr,sse,sse2")
[INFO] [stderr]   CXX_x86_64-unknown-linux-gnu = None
[INFO] [stderr]   CXX_x86_64_unknown_linux_gnu = None
[INFO] [stderr]   HOST_CXX = None
[INFO] [stderr]   CXX = None
[INFO] [stderr]   CXXFLAGS_x86_64-unknown-linux-gnu = None
[INFO] [stderr]   CXXFLAGS_x86_64_unknown_linux_gnu = None
[INFO] [stderr]   HOST_CXXFLAGS = None
[INFO] [stderr]   CXXFLAGS = None
[INFO] [stderr]   CRATE_CC_NO_DEFAULTS = None
[INFO] [stderr]   CARGO_CFG_TARGET_FEATURE = Some("fxsr,sse,sse2")
[INFO] [stderr]   running: "c++" "-O3" "-ffunction-sections" "-fdata-sections" "-fPIC" "-g" "-fno-omit-frame-pointer" "-m64" "-I" "rocksdb/include/" "-I" "rocksdb/" "-I" "rocksdb/third-party/gtest-1.8.1/fused-src/" "-I" "snappy/" "-I" "." "-Wall" "-Wextra" "-std=c++11" "-Wno-unused-parameter" "-msse2" "-DSNAPPY=1" "-DNDEBUG=1" "-DOS_LINUX" "-DROCKSDB_PLATFORM_POSIX" "-DROCKSDB_LIB_IO_POSIX" "-DROCKSDB_SUPPORT_THREAD_LOCAL" "-o" "/opt/rustwide/target/debug/build/librocksdb-sys-b1775ad2303f2647/out/rocksdb/cache/cache.o" "-c" "rocksdb/cache/cache.cc"
[INFO] [stderr]   running: "c++" "-O3" "-ffunction-sections" "-fdata-sections" "-fPIC" "-g" "-fno-omit-frame-pointer" "-m64" "-I" "rocksdb/include/" "-I" "rocksdb/" "-I" "rocksdb/third-party/gtest-1.8.1/fused-src/" "-I" "snappy/" "-I" "." "-Wall" "-Wextra" "-std=c++11" "-Wno-unused-parameter" "-msse2" "-DSNAPPY=1" "-DNDEBUG=1" "-DOS_LINUX" "-DROCKSDB_PLATFORM_POSIX" "-DROCKSDB_LIB_IO_POSIX" "-DROCKSDB_SUPPORT_THREAD_LOCAL" "-o" "/opt/rustwide/target/debug/build/librocksdb-sys-b1775ad2303f2647/out/rocksdb/cache/cache_entry_roles.o" "-c" "rocksdb/cache/cache_entry_roles.cc"
[INFO] [stderr]   exit status: 0
[INFO] [stderr]   running: "c++" "-O3" "-ffunction-sections" "-fdata-sections" "-fPIC" "-g" "-fno-omit-frame-pointer" "-m64" "-I" "rocksdb/include/" "-I" "rocksdb/" "-I" "rocksdb/third-party/gtest-1.8.1/fused-src/" "-I" "snappy/" "-I" "." "-Wall" "-Wextra" "-std=c++11" "-Wno-unused-parameter" "-msse2" "-DSNAPPY=1" "-DNDEBUG=1" "-DOS_LINUX" "-DROCKSDB_PLATFORM_POSIX" "-DROCKSDB_LIB_IO_POSIX" "-DROCKSDB_SUPPORT_THREAD_LOCAL" "-o" "/opt/rustwide/target/debug/build/librocksdb-sys-b1775ad2303f2647/out/rocksdb/cache/cache_key.o" "-c" "rocksdb/cache/cache_key.cc"
[INFO] [stderr]   running: "c++" "-O3" "-ffunction-sections" "-fdata-sections" "-fPIC" "-g" "-fno-omit-frame-pointer" "-m64" "-I" "rocksdb/include/" "-I" "rocksdb/" "-I" "rocksdb/third-party/gtest-1.8.1/fused-src/" "-I" "snappy/" "-I" "." "-Wall" "-Wextra" "-std=c++11" "-Wno-unused-parameter" "-msse2" "-DSNAPPY=1" "-DNDEBUG=1" "-DOS_LINUX" "-DROCKSDB_PLATFORM_POSIX" "-DROCKSDB_LIB_IO_POSIX" "-DROCKSDB_SUPPORT_THREAD_LOCAL" "-o" "/opt/rustwide/target/debug/build/librocksdb-sys-b1775ad2303f2647/out/rocksdb/cache/cache_reservation_manager.o" "-c" "rocksdb/cache/cache_reservation_manager.cc"
[INFO] [stderr]   exit status: 0
[INFO] [stderr]   exit status: 0
[INFO] [stderr]   running: "c++" "-O3" "-ffunction-sections" "-fdata-sections" "-fPIC" "-g" "-fno-omit-frame-pointer" "-m64" "-I" "rocksdb/include/" "-I" "rocksdb/" "-I" "rocksdb/third-party/gtest-1.8.1/fused-src/" "-I" "snappy/" "-I" "." "-Wall" "-Wextra" "-std=c++11" "-Wno-unused-parameter" "-msse2" "-DSNAPPY=1" "-DNDEBUG=1" "-DOS_LINUX" "-DROCKSDB_PLATFORM_POSIX" "-DROCKSDB_LIB_IO_POSIX" "-DROCKSDB_SUPPORT_THREAD_LOCAL" "-o" "/opt/rustwide/target/debug/build/librocksdb-sys-b1775ad2303f2647/out/rocksdb/cache/clock_cache.o" "-c" "rocksdb/cache/clock_cache.cc"
[INFO] [stderr]   exit status: 0
[INFO] [stderr]   running: "c++" "-O3" "-ffunction-sections" "-fdata-sections" "-fPIC" "-g" "-fno-omit-frame-pointer" "-m64" "-I" "rocksdb/include/" "-I" "rocksdb/" "-I" "rocksdb/third-party/gtest-1.8.1/fused-src/" "-I" "snappy/" "-I" "." "-Wall" "-Wextra" "-std=c++11" "-Wno-unused-parameter" "-msse2" "-DSNAPPY=1" "-DNDEBUG=1" "-DOS_LINUX" "-DROCKSDB_PLATFORM_POSIX" "-DROCKSDB_LIB_IO_POSIX" "-DROCKSDB_SUPPORT_THREAD_LOCAL" "-o" "/opt/rustwide/target/debug/build/librocksdb-sys-b1775ad2303f2647/out/rocksdb/cache/lru_cache.o" "-c" "rocksdb/cache/lru_cache.cc"
[INFO] [stderr]   exit status: 0
[INFO] [stderr]   running: "c++" "-O3" "-ffunction-sections" "-fdata-sections" "-fPIC" "-g" "-fno-omit-frame-pointer" "-m64" "-I" "rocksdb/include/" "-I" "rocksdb/" "-I" "rocksdb/third-party/gtest-1.8.1/fused-src/" "-I" "snappy/" "-I" "." "-Wall" "-Wextra" "-std=c++11" "-Wno-unused-parameter" "-msse2" "-DSNAPPY=1" "-DNDEBUG=1" "-DOS_LINUX" "-DROCKSDB_PLATFORM_POSIX" "-DROCKSDB_LIB_IO_POSIX" "-DROCKSDB_SUPPORT_THREAD_LOCAL" "-o" "/opt/rustwide/target/debug/build/librocksdb-sys-b1775ad2303f2647/out/rocksdb/cache/sharded_cache.o" "-c" "rocksdb/cache/sharded_cache.cc"
[INFO] [stderr]   running: "c++" "-O3" "-ffunction-sections" "-fdata-sections" "-fPIC" "-g" "-fno-omit-frame-pointer" "-m64" "-I" "rocksdb/include/" "-I" "rocksdb/" "-I" "rocksdb/third-party/gtest-1.8.1/fused-src/" "-I" "snappy/" "-I" "." "-Wall" "-Wextra" "-std=c++11" "-Wno-unused-parameter" "-msse2" "-DSNAPPY=1" "-DNDEBUG=1" "-DOS_LINUX" "-DROCKSDB_PLATFORM_POSIX" "-DROCKSDB_LIB_IO_POSIX" "-DROCKSDB_SUPPORT_THREAD_LOCAL" "-o" "/opt/rustwide/target/debug/build/librocksdb-sys-b1775ad2303f2647/out/rocksdb/db/arena_wrapped_db_iter.o" "-c" "rocksdb/db/arena_wrapped_db_iter.cc"
[INFO] [stderr]   exit status: 0
[INFO] [stderr]   exit status: 0
[INFO] [stderr]   running: "c++" "-O3" "-ffunction-sections" "-fdata-sections" "-fPIC" "-g" "-fno-omit-frame-pointer" "-m64" "-I" "rocksdb/include/" "-I" "rocksdb/" "-I" "rocksdb/third-party/gtest-1.8.1/fused-src/" "-I" "snappy/" "-I" "." "-Wall" "-Wextra" "-std=c++11" "-Wno-unused-parameter" "-msse2" "-DSNAPPY=1" "-DNDEBUG=1" "-DOS_LINUX" "-DROCKSDB_PLATFORM_POSIX" "-DROCKSDB_LIB_IO_POSIX" "-DROCKSDB_SUPPORT_THREAD_LOCAL" "-o" "/opt/rustwide/target/debug/build/librocksdb-sys-b1775ad2303f2647/out/rocksdb/db/blob/blob_fetcher.o" "-c" "rocksdb/db/blob/blob_fetcher.cc"
[INFO] [stderr]   running: "c++" "-O3" "-ffunction-sections" "-fdata-sections" "-fPIC" "-g" "-fno-omit-frame-pointer" "-m64" "-I" "rocksdb/include/" "-I" "rocksdb/" "-I" "rocksdb/third-party/gtest-1.8.1/fused-src/" "-I" "snappy/" "-I" "." "-Wall" "-Wextra" "-std=c++11" "-Wno-unused-parameter" "-msse2" "-DSNAPPY=1" "-DNDEBUG=1" "-DOS_LINUX" "-DROCKSDB_PLATFORM_POSIX" "-DROCKSDB_LIB_IO_POSIX" "-DROCKSDB_SUPPORT_THREAD_LOCAL" "-o" "/opt/rustwide/target/debug/build/librocksdb-sys-b1775ad2303f2647/out/rocksdb/db/blob/blob_file_addition.o" "-c" "rocksdb/db/blob/blob_file_addition.cc"
[INFO] [stderr]   running: "c++" "-O3" "-ffunction-sections" "-fdata-sections" "-fPIC" "-g" "-fno-omit-frame-pointer" "-m64" "-I" "rocksdb/include/" "-I" "rocksdb/" "-I" "rocksdb/third-party/gtest-1.8.1/fused-src/" "-I" "snappy/" "-I" "." "-Wall" "-Wextra" "-std=c++11" "-Wno-unused-parameter" "-msse2" "-DSNAPPY=1" "-DNDEBUG=1" "-DOS_LINUX" "-DROCKSDB_PLATFORM_POSIX" "-DROCKSDB_LIB_IO_POSIX" "-DROCKSDB_SUPPORT_THREAD_LOCAL" "-o" "/opt/rustwide/target/debug/build/librocksdb-sys-b1775ad2303f2647/out/rocksdb/db/blob/blob_file_builder.o" "-c" "rocksdb/db/blob/blob_file_builder.cc"
[INFO] [stderr]   running: "c++" "-O3" "-ffunction-sections" "-fdata-sections" "-fPIC" "-g" "-fno-omit-frame-pointer" "-m64" "-I" "rocksdb/include/" "-I" "rocksdb/" "-I" "rocksdb/third-party/gtest-1.8.1/fused-src/" "-I" "snappy/" "-I" "." "-Wall" "-Wextra" "-std=c++11" "-Wno-unused-parameter" "-msse2" "-DSNAPPY=1" "-DNDEBUG=1" "-DOS_LINUX" "-DROCKSDB_PLATFORM_POSIX" "-DROCKSDB_LIB_IO_POSIX" "-DROCKSDB_SUPPORT_THREAD_LOCAL" "-o" "/opt/rustwide/target/debug/build/librocksdb-sys-b1775ad2303f2647/out/rocksdb/db/blob/blob_file_cache.o" "-c" "rocksdb/db/blob/blob_file_cache.cc"
[INFO] [stderr]   running: "c++" "-O3" "-ffunction-sections" "-fdata-sections" "-fPIC" "-g" "-fno-omit-frame-pointer" "-m64" "-I" "rocksdb/include/" "-I" "rocksdb/" "-I" "rocksdb/third-party/gtest-1.8.1/fused-src/" "-I" "snappy/" "-I" "." "-Wall" "-Wextra" "-std=c++11" "-Wno-unused-parameter" "-msse2" "-DSNAPPY=1" "-DNDEBUG=1" "-DOS_LINUX" "-DROCKSDB_PLATFORM_POSIX" "-DROCKSDB_LIB_IO_POSIX" "-DROCKSDB_SUPPORT_THREAD_LOCAL" "-o" "/opt/rustwide/target/debug/build/librocksdb-sys-b1775ad2303f2647/out/rocksdb/db/blob/blob_file_garbage.o" "-c" "rocksdb/db/blob/blob_file_garbage.cc"
[INFO] [stderr]   exit status: 0
[INFO] [stderr]   running: "c++" "-O3" "-ffunction-sections" "-fdata-sections" "-fPIC" "-g" "-fno-omit-frame-pointer" "-m64" "-I" "rocksdb/include/" "-I" "rocksdb/" "-I" "rocksdb/third-party/gtest-1.8.1/fused-src/" "-I" "snappy/" "-I" "." "-Wall" "-Wextra" "-std=c++11" "-Wno-unused-parameter" "-msse2" "-DSNAPPY=1" "-DNDEBUG=1" "-DOS_LINUX" "-DROCKSDB_PLATFORM_POSIX" "-DROCKSDB_LIB_IO_POSIX" "-DROCKSDB_SUPPORT_THREAD_LOCAL" "-o" "/opt/rustwide/target/debug/build/librocksdb-sys-b1775ad2303f2647/out/rocksdb/db/blob/blob_file_meta.o" "-c" "rocksdb/db/blob/blob_file_meta.cc"
[INFO] [stderr]   exit status: 0
[INFO] [stderr]   running: "c++" "-O3" "-ffunction-sections" "-fdata-sections" "-fPIC" "-g" "-fno-omit-frame-pointer" "-m64" "-I" "rocksdb/include/" "-I" "rocksdb/" "-I" "rocksdb/third-party/gtest-1.8.1/fused-src/" "-I" "snappy/" "-I" "." "-Wall" "-Wextra" "-std=c++11" "-Wno-unused-parameter" "-msse2" "-DSNAPPY=1" "-DNDEBUG=1" "-DOS_LINUX" "-DROCKSDB_PLATFORM_POSIX" "-DROCKSDB_LIB_IO_POSIX" "-DROCKSDB_SUPPORT_THREAD_LOCAL" "-o" "/opt/rustwide/target/debug/build/librocksdb-sys-b1775ad2303f2647/out/rocksdb/db/blob/blob_file_reader.o" "-c" "rocksdb/db/blob/blob_file_reader.cc"
[INFO] [stderr]   exit status: 0
[INFO] [stderr]   running: "c++" "-O3" "-ffunction-sections" "-fdata-sections" "-fPIC" "-g" "-fno-omit-frame-pointer" "-m64" "-I" "rocksdb/include/" "-I" "rocksdb/" "-I" "rocksdb/third-party/gtest-1.8.1/fused-src/" "-I" "snappy/" "-I" "." "-Wall" "-Wextra" "-std=c++11" "-Wno-unused-parameter" "-msse2" "-DSNAPPY=1" "-DNDEBUG=1" "-DOS_LINUX" "-DROCKSDB_PLATFORM_POSIX" "-DROCKSDB_LIB_IO_POSIX" "-DROCKSDB_SUPPORT_THREAD_LOCAL" "-o" "/opt/rustwide/target/debug/build/librocksdb-sys-b1775ad2303f2647/out/rocksdb/db/blob/blob_garbage_meter.o" "-c" "rocksdb/db/blob/blob_garbage_meter.cc"
[INFO] [stderr]   exit status: 0
[INFO] [stderr]   running: "c++" "-O3" "-ffunction-sections" "-fdata-sections" "-fPIC" "-g" "-fno-omit-frame-pointer" "-m64" "-I" "rocksdb/include/" "-I" "rocksdb/" "-I" "rocksdb/third-party/gtest-1.8.1/fused-src/" "-I" "snappy/" "-I" "." "-Wall" "-Wextra" "-std=c++11" "-Wno-unused-parameter" "-msse2" "-DSNAPPY=1" "-DNDEBUG=1" "-DOS_LINUX" "-DROCKSDB_PLATFORM_POSIX" "-DROCKSDB_LIB_IO_POSIX" "-DROCKSDB_SUPPORT_THREAD_LOCAL" "-o" "/opt/rustwide/target/debug/build/librocksdb-sys-b1775ad2303f2647/out/rocksdb/db/blob/blob_log_format.o" "-c" "rocksdb/db/blob/blob_log_format.cc"
[INFO] [stderr]   exit status: 0
[INFO] [stderr]   running: "c++" "-O3" "-ffunction-sections" "-fdata-sections" "-fPIC" "-g" "-fno-omit-frame-pointer" "-m64" "-I" "rocksdb/include/" "-I" "rocksdb/" "-I" "rocksdb/third-party/gtest-1.8.1/fused-src/" "-I" "snappy/" "-I" "." "-Wall" "-Wextra" "-std=c++11" "-Wno-unused-parameter" "-msse2" "-DSNAPPY=1" "-DNDEBUG=1" "-DOS_LINUX" "-DROCKSDB_PLATFORM_POSIX" "-DROCKSDB_LIB_IO_POSIX" "-DROCKSDB_SUPPORT_THREAD_LOCAL" "-o" "/opt/rustwide/target/debug/build/librocksdb-sys-b1775ad2303f2647/out/rocksdb/db/blob/blob_log_sequential_reader.o" "-c" "rocksdb/db/blob/blob_log_sequential_reader.cc"
[INFO] [stderr]   exit status: 0
[INFO] [stderr]   running: "c++" "-O3" "-ffunction-sections" "-fdata-sections" "-fPIC" "-g" "-fno-omit-frame-pointer" "-m64" "-I" "rocksdb/include/" "-I" "rocksdb/" "-I" "rocksdb/third-party/gtest-1.8.1/fused-src/" "-I" "snappy/" "-I" "." "-Wall" "-Wextra" "-std=c++11" "-Wno-unused-parameter" "-msse2" "-DSNAPPY=1" "-DNDEBUG=1" "-DOS_LINUX" "-DROCKSDB_PLATFORM_POSIX" "-DROCKSDB_LIB_IO_POSIX" "-DROCKSDB_SUPPORT_THREAD_LOCAL" "-o" "/opt/rustwide/target/debug/build/librocksdb-sys-b1775ad2303f2647/out/rocksdb/db/blob/blob_log_writer.o" "-c" "rocksdb/db/blob/blob_log_writer.cc"
[INFO] [stderr]   exit status: 0
[INFO] [stderr]   running: "c++" "-O3" "-ffunction-sections" "-fdata-sections" "-fPIC" "-g" "-fno-omit-frame-pointer" "-m64" "-I" "rocksdb/include/" "-I" "rocksdb/" "-I" "rocksdb/third-party/gtest-1.8.1/fused-src/" "-I" "snappy/" "-I" "." "-Wall" "-Wextra" "-std=c++11" "-Wno-unused-parameter" "-msse2" "-DSNAPPY=1" "-DNDEBUG=1" "-DOS_LINUX" "-DROCKSDB_PLATFORM_POSIX" "-DROCKSDB_LIB_IO_POSIX" "-DROCKSDB_SUPPORT_THREAD_LOCAL" "-o" "/opt/rustwide/target/debug/build/librocksdb-sys-b1775ad2303f2647/out/rocksdb/db/blob/prefetch_buffer_collection.o" "-c" "rocksdb/db/blob/prefetch_buffer_collection.cc"
[INFO] [stderr]   exit status: 0
[INFO] [stderr]   running: "c++" "-O3" "-ffunction-sections" "-fdata-sections" "-fPIC" "-g" "-fno-omit-frame-pointer" "-m64" "-I" "rocksdb/include/" "-I" "rocksdb/" "-I" "rocksdb/third-party/gtest-1.8.1/fused-src/" "-I" "snappy/" "-I" "." "-Wall" "-Wextra" "-std=c++11" "-Wno-unused-parameter" "-msse2" "-DSNAPPY=1" "-DNDEBUG=1" "-DOS_LINUX" "-DROCKSDB_PLATFORM_POSIX" "-DROCKSDB_LIB_IO_POSIX" "-DROCKSDB_SUPPORT_THREAD_LOCAL" "-o" "/opt/rustwide/target/debug/build/librocksdb-sys-b1775ad2303f2647/out/rocksdb/db/builder.o" "-c" "rocksdb/db/builder.cc"
[INFO] [stderr]   exit status: 0
[INFO] [stderr]   running: "c++" "-O3" "-ffunction-sections" "-fdata-sections" "-fPIC" "-g" "-fno-omit-frame-pointer" "-m64" "-I" "rocksdb/include/" "-I" "rocksdb/" "-I" "rocksdb/third-party/gtest-1.8.1/fused-src/" "-I" "snappy/" "-I" "." "-Wall" "-Wextra" "-std=c++11" "-Wno-unused-parameter" "-msse2" "-DSNAPPY=1" "-DNDEBUG=1" "-DOS_LINUX" "-DROCKSDB_PLATFORM_POSIX" "-DROCKSDB_LIB_IO_POSIX" "-DROCKSDB_SUPPORT_THREAD_LOCAL" "-o" "/opt/rustwide/target/debug/build/librocksdb-sys-b1775ad2303f2647/out/rocksdb/db/c.o" "-c" "rocksdb/db/c.cc"
[INFO] [stderr]   exit status: 0
[INFO] [stderr]   running: "c++" "-O3" "-ffunction-sections" "-fdata-sections" "-fPIC" "-g" "-fno-omit-frame-pointer" "-m64" "-I" "rocksdb/include/" "-I" "rocksdb/" "-I" "rocksdb/third-party/gtest-1.8.1/fused-src/" "-I" "snappy/" "-I" "." "-Wall" "-Wextra" "-std=c++11" "-Wno-unused-parameter" "-msse2" "-DSNAPPY=1" "-DNDEBUG=1" "-DOS_LINUX" "-DROCKSDB_PLATFORM_POSIX" "-DROCKSDB_LIB_IO_POSIX" "-DROCKSDB_SUPPORT_THREAD_LOCAL" "-o" "/opt/rustwide/target/debug/build/librocksdb-sys-b1775ad2303f2647/out/rocksdb/db/column_family.o" "-c" "rocksdb/db/column_family.cc"
[INFO] [stderr]   exit status: 0
[INFO] [stderr]   running: "c++" "-O3" "-ffunction-sections" "-fdata-sections" "-fPIC" "-g" "-fno-omit-frame-pointer" "-m64" "-I" "rocksdb/include/" "-I" "rocksdb/" "-I" "rocksdb/third-party/gtest-1.8.1/fused-src/" "-I" "snappy/" "-I" "." "-Wall" "-Wextra" "-std=c++11" "-Wno-unused-parameter" "-msse2" "-DSNAPPY=1" "-DNDEBUG=1" "-DOS_LINUX" "-DROCKSDB_PLATFORM_POSIX" "-DROCKSDB_LIB_IO_POSIX" "-DROCKSDB_SUPPORT_THREAD_LOCAL" "-o" "/opt/rustwide/target/debug/build/librocksdb-sys-b1775ad2303f2647/out/rocksdb/db/compaction/compaction.o" "-c" "rocksdb/db/compaction/compaction.cc"
[INFO] [stderr]   exit status: 0
[INFO] [stderr]   running: "c++" "-O3" "-ffunction-sections" "-fdata-sections" "-fPIC" "-g" "-fno-omit-frame-pointer" "-m64" "-I" "rocksdb/include/" "-I" "rocksdb/" "-I" "rocksdb/third-party/gtest-1.8.1/fused-src/" "-I" "snappy/" "-I" "." "-Wall" "-Wextra" "-std=c++11" "-Wno-unused-parameter" "-msse2" "-DSNAPPY=1" "-DNDEBUG=1" "-DOS_LINUX" "-DROCKSDB_PLATFORM_POSIX" "-DROCKSDB_LIB_IO_POSIX" "-DROCKSDB_SUPPORT_THREAD_LOCAL" "-o" "/opt/rustwide/target/debug/build/librocksdb-sys-b1775ad2303f2647/out/rocksdb/db/compaction/compaction_iterator.o" "-c" "rocksdb/db/compaction/compaction_iterator.cc"
[INFO] [stderr]   exit status: 0
[INFO] [stderr]   running: "c++" "-O3" "-ffunction-sections" "-fdata-sections" "-fPIC" "-g" "-fno-omit-frame-pointer" "-m64" "-I" "rocksdb/include/" "-I" "rocksdb/" "-I" "rocksdb/third-party/gtest-1.8.1/fused-src/" "-I" "snappy/" "-I" "." "-Wall" "-Wextra" "-std=c++11" "-Wno-unused-parameter" "-msse2" "-DSNAPPY=1" "-DNDEBUG=1" "-DOS_LINUX" "-DROCKSDB_PLATFORM_POSIX" "-DROCKSDB_LIB_IO_POSIX" "-DROCKSDB_SUPPORT_THREAD_LOCAL" "-o" "/opt/rustwide/target/debug/build/librocksdb-sys-b1775ad2303f2647/out/rocksdb/db/compaction/compaction_job.o" "-c" "rocksdb/db/compaction/compaction_job.cc"
[INFO] [stderr]   cargo:warning=c++: fatal error: Killed signal terminated program cc1plus
[INFO] [stderr]   cargo:warning=compilation terminated.
[INFO] [stderr]   exit status: 1
[INFO] [stderr]   running: "c++" "-O3" "-ffunction-sections" "-fdata-sections" "-fPIC" "-g" "-fno-omit-frame-pointer" "-m64" "-I" "rocksdb/include/" "-I" "rocksdb/" "-I" "rocksdb/third-party/gtest-1.8.1/fused-src/" "-I" "snappy/" "-I" "." "-Wall" "-Wextra" "-std=c++11" "-Wno-unused-parameter" "-msse2" "-DSNAPPY=1" "-DNDEBUG=1" "-DOS_LINUX" "-DROCKSDB_PLATFORM_POSIX" "-DROCKSDB_LIB_IO_POSIX" "-DROCKSDB_SUPPORT_THREAD_LOCAL" "-o" "/opt/rustwide/target/debug/build/librocksdb-sys-b1775ad2303f2647/out/rocksdb/db/compaction/compaction_picker.o" "-c" "rocksdb/db/compaction/compaction_picker.cc"
[INFO] [stderr]   cargo:warning=c++: fatal error: Killed signal terminated program cc1plus
[INFO] [stderr]   cargo:warning=compilation terminated.
[INFO] [stderr]   exit status: 1
[INFO] [stderr]   cargo:warning=c++: fatal error: Killed signal terminated program cc1plus
[INFO] [stderr]   cargo:warning=compilation terminated.
[INFO] [stderr]   exit status: 1
[INFO] [stderr]   cargo:warning=c++: fatal error: Killed signal terminated program cc1plus
[INFO] [stderr]   cargo:warning=compilation terminated.
[INFO] [stderr]   exit status: 1
[INFO] [stderr]   exit status: 0
[INFO] [stderr]   exit status: 0
[INFO] [stderr]   exit status: 0
[INFO] [stderr] 
[INFO] [stderr]   --- stderr
[INFO] [stderr]   error: 'rustfmt' is not installed for the toolchain 'beta-2023-04-20-x86_64-unknown-linux-gnu'
[INFO] [stderr]   To install, run `rustup component add rustfmt --toolchain beta-2023-04-20-x86_64-unknown-linux-gnu`
[INFO] [stderr]   Failed to run rustfmt: Internal rustfmt error (non-fatal, continuing)
[INFO] [stderr] 
[INFO] [stderr] 
[INFO] [stderr]   error occurred: Command "c++" "-O3" "-ffunction-sections" "-fdata-sections" "-fPIC" "-g" "-fno-omit-frame-pointer" "-m64" "-I" "rocksdb/include/" "-I" "rocksdb/" "-I" "rocksdb/third-party/gtest-1.8.1/fused-src/" "-I" "snappy/" "-I" "." "-Wall" "-Wextra" "-std=c++11" "-Wno-unused-parameter" "-msse2" "-DSNAPPY=1" "-DNDEBUG=1" "-DOS_LINUX" "-DROCKSDB_PLATFORM_POSIX" "-DROCKSDB_LIB_IO_POSIX" "-DROCKSDB_SUPPORT_THREAD_LOCAL" "-o" "/opt/rustwide/target/debug/build/librocksdb-sys-b1775ad2303f2647/out/rocksdb/db/builder.o" "-c" "rocksdb/db/builder.cc" with args "c++" did not execute successfully (status code exit status: 1).
[INFO] [stderr] 
[INFO] [stderr] 
[INFO] running `Command { std: "docker" "inspect" "3eb3dc5326030d293fbc61d92b470a95c48624bc4c952f3b65b1daf3fae48d2c", kill_on_drop: false }`
[INFO] running `Command { std: "docker" "rm" "-f" "3eb3dc5326030d293fbc61d92b470a95c48624bc4c952f3b65b1daf3fae48d2c", kill_on_drop: false }`
[INFO] [stdout] 3eb3dc5326030d293fbc61d92b470a95c48624bc4c952f3b65b1daf3fae48d2c
