[INFO] fetching crate smartsheet-rs 0.6.2...
[INFO] testing smartsheet-rs-0.6.2 against 1.69.0 for beta-1.70-1
[INFO] extracting crate smartsheet-rs 0.6.2 into /workspace/builds/worker-2-tc1/source
[INFO] validating manifest of crates.io crate smartsheet-rs 0.6.2 on toolchain 1.69.0
[INFO] running `Command { std: CARGO_HOME="/workspace/cargo-home" RUSTUP_HOME="/workspace/rustup-home" "/workspace/cargo-home/bin/cargo" "+1.69.0" "metadata" "--manifest-path" "Cargo.toml" "--no-deps", kill_on_drop: false }`
[INFO] started tweaking crates.io crate smartsheet-rs 0.6.2
[INFO] finished tweaking crates.io crate smartsheet-rs 0.6.2
[INFO] tweaked toml for crates.io crate smartsheet-rs 0.6.2 written to /workspace/builds/worker-2-tc1/source/Cargo.toml
[INFO] crate crates.io crate smartsheet-rs 0.6.2 already has a lockfile, it will not be regenerated
[INFO] running `Command { std: CARGO_HOME="/workspace/cargo-home" RUSTUP_HOME="/workspace/rustup-home" "/workspace/cargo-home/bin/cargo" "+1.69.0" "fetch" "--manifest-path" "Cargo.toml", kill_on_drop: false }`
[INFO] [stderr]  Downloading crates ...
[INFO] [stderr]   Downloaded papergrid v0.2.1
[INFO] [stderr]   Downloaded tabled_derive v0.2.0
[INFO] [stderr]   Downloaded sensible-env-logger v0.1.0
[INFO] [stderr]   Downloaded tabled v0.4.2
[INFO] running `Command { std: "docker" "create" "-v" "/var/lib/crater-agent-workspace/builds/worker-2-tc1/target:/opt/rustwide/target:rw,Z" "-v" "/var/lib/crater-agent-workspace/builds/worker-2-tc1/source:/opt/rustwide/workdir:ro,Z" "-v" "/var/lib/crater-agent-workspace/cargo-home:/opt/rustwide/cargo-home:ro,Z" "-v" "/var/lib/crater-agent-workspace/rustup-home:/opt/rustwide/rustup-home:ro,Z" "-e" "SOURCE_DIR=/opt/rustwide/workdir" "-e" "CARGO_TARGET_DIR=/opt/rustwide/target" "-e" "CARGO_HOME=/opt/rustwide/cargo-home" "-e" "RUSTUP_HOME=/opt/rustwide/rustup-home" "-w" "/opt/rustwide/workdir" "-m" "1610612736" "--user" "0:0" "--network" "none" "ghcr.io/rust-lang/crates-build-env/linux@sha256:5ff2268d62e97bff2cde7d5815dd6ed5b47097566f13b8d0ca110b04b60e07ed" "/opt/rustwide/cargo-home/bin/cargo" "+1.69.0" "metadata" "--no-deps" "--format-version=1", kill_on_drop: false }`
[INFO] [stdout] 64d0b390deec74f575f1bf74946b89f7008860cbe10c3472bf405760732721f1
[INFO] running `Command { std: "docker" "start" "-a" "64d0b390deec74f575f1bf74946b89f7008860cbe10c3472bf405760732721f1", kill_on_drop: false }`
[INFO] running `Command { std: "docker" "inspect" "64d0b390deec74f575f1bf74946b89f7008860cbe10c3472bf405760732721f1", kill_on_drop: false }`
[INFO] running `Command { std: "docker" "rm" "-f" "64d0b390deec74f575f1bf74946b89f7008860cbe10c3472bf405760732721f1", kill_on_drop: false }`
[INFO] [stdout] 64d0b390deec74f575f1bf74946b89f7008860cbe10c3472bf405760732721f1
[INFO] running `Command { std: "docker" "create" "-v" "/var/lib/crater-agent-workspace/builds/worker-2-tc1/target:/opt/rustwide/target:rw,Z" "-v" "/var/lib/crater-agent-workspace/builds/worker-2-tc1/source:/opt/rustwide/workdir:ro,Z" "-v" "/var/lib/crater-agent-workspace/cargo-home:/opt/rustwide/cargo-home:ro,Z" "-v" "/var/lib/crater-agent-workspace/rustup-home:/opt/rustwide/rustup-home:ro,Z" "-e" "SOURCE_DIR=/opt/rustwide/workdir" "-e" "CARGO_TARGET_DIR=/opt/rustwide/target" "-e" "CARGO_INCREMENTAL=0" "-e" "RUST_BACKTRACE=full" "-e" "RUSTFLAGS=--cap-lints=warn" "-e" "RUSTDOCFLAGS=--cap-lints=warn" "-e" "CARGO_HOME=/opt/rustwide/cargo-home" "-e" "RUSTUP_HOME=/opt/rustwide/rustup-home" "-w" "/opt/rustwide/workdir" "-m" "1610612736" "--user" "0:0" "--network" "none" "ghcr.io/rust-lang/crates-build-env/linux@sha256:5ff2268d62e97bff2cde7d5815dd6ed5b47097566f13b8d0ca110b04b60e07ed" "/opt/rustwide/cargo-home/bin/cargo" "+1.69.0" "build" "--frozen" "--message-format=json", kill_on_drop: false }`
[INFO] [stdout] 8c6b35009601832a6583f3a2a421224aaf8442fc1e602835a8ee78f5658ab729
[INFO] running `Command { std: "docker" "start" "-a" "8c6b35009601832a6583f3a2a421224aaf8442fc1e602835a8ee78f5658ab729", kill_on_drop: false }`
[INFO] [stderr]    Compiling libc v0.2.131
[INFO] [stderr]    Compiling autocfg v1.1.0
[INFO] [stderr]    Compiling once_cell v1.13.0
[INFO] [stderr]    Compiling log v0.4.17
[INFO] [stderr]    Compiling pin-project-lite v0.2.9
[INFO] [stderr]    Compiling cc v1.0.73
[INFO] [stderr]    Compiling futures-core v0.3.21
[INFO] [stderr]    Compiling bytes v1.2.1
[INFO] [stderr]    Compiling memchr v2.5.0
[INFO] [stderr]    Compiling proc-macro2 v1.0.43
[INFO] [stderr]    Compiling unicode-ident v1.0.3
[INFO] [stderr]    Compiling futures-task v0.3.21
[INFO] [stderr]    Compiling quote v1.0.21
[INFO] [stderr]    Compiling spin v0.5.2
[INFO] [stderr]    Compiling itoa v1.0.3
[INFO] [stderr]    Compiling untrusted v0.7.1
[INFO] [stderr]    Compiling fnv v1.0.7
[INFO] [stderr]    Compiling syn v1.0.99
[INFO] [stderr]    Compiling futures-util v0.3.21
[INFO] [stderr]    Compiling hashbrown v0.12.3
[INFO] [stderr]    Compiling rustls v0.20.6
[INFO] [stderr]    Compiling tracing-core v0.1.29
[INFO] [stderr]    Compiling serde_derive v1.0.143
[INFO] [stderr]    Compiling http v0.2.8
[INFO] [stderr]    Compiling pin-utils v0.1.0
[INFO] [stderr]    Compiling futures-sink v0.3.21
[INFO] [stderr]    Compiling tokio v1.20.1
[INFO] [stderr]    Compiling indexmap v1.9.1
[INFO] [stderr]    Compiling slab v0.4.7
[INFO] [stderr]    Compiling httparse v1.7.1
[INFO] [stderr]    Compiling futures-channel v0.3.21
[INFO] [stderr]    Compiling tracing v0.1.36
[INFO] [stderr]    Compiling serde v1.0.143
[INFO] [stderr]    Compiling try-lock v0.2.3
[INFO] [stderr]    Compiling base64 v0.13.0
[INFO] [stderr]    Compiling want v0.3.0
[INFO] [stderr]    Compiling tower-service v0.3.2
[INFO] [stderr]    Compiling serde_json v1.0.83
[INFO] [stderr]    Compiling openssl-probe v0.1.5
[INFO] [stderr]    Compiling rustls-pemfile v1.0.1
[INFO] [stderr]    Compiling httpdate v1.0.2
[INFO] [stderr]    Compiling ring v0.16.20
[INFO] [stderr]    Compiling mio v0.8.4
[INFO] [stderr]    Compiling socket2 v0.4.4
[INFO] [stderr]    Compiling ryu v1.0.11
[INFO] [stderr]    Compiling rustls-native-certs v0.6.2
[INFO] [stderr]    Compiling http-body v0.4.5
[INFO] [stderr]    Compiling sct v0.7.0
[INFO] [stderr]    Compiling webpki v0.22.0
[INFO] [stderr]    Compiling tokio-util v0.7.3
[INFO] [stderr]    Compiling h2 v0.3.13
[INFO] [stderr]    Compiling tokio-rustls v0.23.4
[INFO] [stderr]    Compiling hyper v0.14.20
[INFO] [stderr]    Compiling hyper-rustls v0.23.0
[INFO] [stderr]    Compiling smartsheet-rs v0.6.2 (/opt/rustwide/workdir)
[INFO] [stderr]     Finished dev [unoptimized + debuginfo] target(s) in 12.89s
[INFO] running `Command { std: "docker" "inspect" "8c6b35009601832a6583f3a2a421224aaf8442fc1e602835a8ee78f5658ab729", kill_on_drop: false }`
[INFO] running `Command { std: "docker" "rm" "-f" "8c6b35009601832a6583f3a2a421224aaf8442fc1e602835a8ee78f5658ab729", kill_on_drop: false }`
[INFO] [stdout] 8c6b35009601832a6583f3a2a421224aaf8442fc1e602835a8ee78f5658ab729
[INFO] running `Command { std: "docker" "create" "-v" "/var/lib/crater-agent-workspace/builds/worker-2-tc1/target:/opt/rustwide/target:rw,Z" "-v" "/var/lib/crater-agent-workspace/builds/worker-2-tc1/source:/opt/rustwide/workdir:ro,Z" "-v" "/var/lib/crater-agent-workspace/cargo-home:/opt/rustwide/cargo-home:ro,Z" "-v" "/var/lib/crater-agent-workspace/rustup-home:/opt/rustwide/rustup-home:ro,Z" "-e" "SOURCE_DIR=/opt/rustwide/workdir" "-e" "CARGO_TARGET_DIR=/opt/rustwide/target" "-e" "CARGO_INCREMENTAL=0" "-e" "RUST_BACKTRACE=full" "-e" "RUSTFLAGS=--cap-lints=warn" "-e" "RUSTDOCFLAGS=--cap-lints=warn" "-e" "CARGO_HOME=/opt/rustwide/cargo-home" "-e" "RUSTUP_HOME=/opt/rustwide/rustup-home" "-w" "/opt/rustwide/workdir" "-m" "1610612736" "--user" "0:0" "--network" "none" "ghcr.io/rust-lang/crates-build-env/linux@sha256:5ff2268d62e97bff2cde7d5815dd6ed5b47097566f13b8d0ca110b04b60e07ed" "/opt/rustwide/cargo-home/bin/cargo" "+1.69.0" "test" "--frozen" "--no-run" "--message-format=json", kill_on_drop: false }`
[INFO] [stdout] ed2cd9de25e65f1e8037f34f31b0d881f201b92142d4bfd75313373621f90736
[INFO] running `Command { std: "docker" "start" "-a" "ed2cd9de25e65f1e8037f34f31b0d881f201b92142d4bfd75313373621f90736", kill_on_drop: false }`
[INFO] [stderr]    Compiling unicode-ident v1.0.3
[INFO] [stderr]    Compiling syn v1.0.99
[INFO] [stderr]    Compiling log v0.4.17
[INFO] [stderr]    Compiling tokio v1.20.1
[INFO] [stderr]    Compiling crossbeam-utils v0.8.11
[INFO] [stderr]    Compiling memoffset v0.6.5
[INFO] [stderr]    Compiling crossbeam-epoch v0.9.10
[INFO] [stderr]    Compiling num_cpus v1.13.1
[INFO] [stderr]    Compiling aho-corasick v0.7.18
[INFO] [stderr]    Compiling regex-syntax v0.6.27
[INFO] [stderr]    Compiling scopeguard v1.1.0
[INFO] [stderr]    Compiling tinyvec_macros v0.1.0
[INFO] [stderr]    Compiling rayon-core v1.9.3
[INFO] [stderr]    Compiling unicode-width v0.1.9
[INFO] [stderr]    Compiling proc-macro2 v1.0.43
[INFO] [stderr]    Compiling serde_json v1.0.83
[INFO] [stderr]    Compiling version_check v0.9.4
[INFO] [stderr]    Compiling tinyvec v1.6.0
[INFO] [stderr]    Compiling atty v0.2.14
[INFO] [stderr]    Compiling num-traits v0.2.15
[INFO] [stderr]    Compiling quick-error v1.2.3
[INFO] [stderr]    Compiling bitflags v1.3.2
[INFO] [stderr]    Compiling either v1.7.0
[INFO] [stderr]    Compiling matches v0.1.9
[INFO] [stderr]    Compiling quote v1.0.21
[INFO] [stderr]    Compiling humantime v1.3.0
[INFO] [stderr]    Compiling rayon v1.5.3
[INFO] [stderr]    Compiling mio v0.8.4
[INFO] [stderr]    Compiling unicase v2.6.0
[INFO] [stderr]    Compiling want v0.3.0
[INFO] [stderr]    Compiling unicode-bidi v0.3.8
[INFO] [stderr]    Compiling termcolor v1.1.3
[INFO] [stderr]    Compiling crossbeam-channel v0.5.6
[INFO] [stderr]    Compiling unicode-normalization v0.1.21
[INFO] [stderr]    Compiling plotters-backend v0.3.4
[INFO] [stderr]    Compiling semver v1.0.13
[INFO] [stderr]    Compiling regex-automata v0.1.10
[INFO] [stderr]    Compiling crossbeam-deque v0.8.2
[INFO] [stderr]    Compiling lazy_static v1.4.0
[INFO] [stderr]    Compiling percent-encoding v2.1.0
[INFO] [stderr]    Compiling pulldown-cmark v0.8.0
[INFO] [stderr]    Compiling plotters-svg v0.3.2
[INFO] [stderr]    Compiling idna v0.2.3
[INFO] [stderr]    Compiling form_urlencoded v1.0.1
[INFO] [stderr]    Compiling itertools v0.10.3
[INFO] [stderr]    Compiling textwrap v0.11.0
[INFO] [stderr]    Compiling csv-core v0.1.10
[INFO] [stderr]    Compiling same-file v1.0.6
[INFO] [stderr]    Compiling itoa v0.4.8
[INFO] [stderr]    Compiling cast v0.3.0
[INFO] [stderr]    Compiling half v1.8.2
[INFO] [stderr]    Compiling clap v2.34.0
[INFO] [stderr]    Compiling walkdir v2.3.2
[INFO] [stderr]    Compiling regex v1.6.0
[INFO] [stderr]    Compiling url v2.2.2
[INFO] [stderr]    Compiling papergrid v0.2.1
[INFO] [stderr]    Compiling plotters v0.3.2
[INFO] [stderr]    Compiling oorandom v11.1.3
[INFO] [stderr]    Compiling indoc v1.0.7
[INFO] [stderr]    Compiling env_logger v0.7.1
[INFO] [stderr]    Compiling criterion-plot v0.4.5
[INFO] [stderr]    Compiling pretty_env_logger v0.4.0
[INFO] [stderr]    Compiling sensible-env-logger v0.1.0
[INFO] [stderr]    Compiling serde_derive v1.0.143
[INFO] [stderr]    Compiling tokio-macros v1.8.0
[INFO] [stderr]    Compiling tabled_derive v0.2.0
[INFO] [stderr]    Compiling tabled v0.4.2
[INFO] [stderr]    Compiling serde v1.0.143
[INFO] [stderr]    Compiling tokio-util v0.7.3
[INFO] [stderr]    Compiling tokio-rustls v0.23.4
[INFO] [stderr]    Compiling h2 v0.3.13
[INFO] [stderr]    Compiling bstr v0.2.17
[INFO] [stderr]    Compiling serde_cbor v0.11.2
[INFO] [stderr]    Compiling toml v0.5.9
[INFO] [stderr]    Compiling csv v1.1.6
[INFO] [stderr]    Compiling tinytemplate v1.2.1
[INFO] [stderr]    Compiling hyper v0.14.20
[INFO] [stderr]    Compiling version-sync v0.9.4
[INFO] [stderr]    Compiling criterion v0.3.6
[INFO] [stderr]    Compiling hyper-rustls v0.23.0
[INFO] [stderr]    Compiling smartsheet-rs v0.6.2 (/opt/rustwide/workdir)
[INFO] [stderr] error: could not compile `smartsheet-rs`
[INFO] [stderr] 
[INFO] [stderr] Caused by:
[INFO] [stderr]   process didn't exit successfully: `rustc --crate-name column --edition=2021 examples/column.rs --error-format=json --json=diagnostic-rendered-ansi,artifacts,future-incompat --crate-type bin --emit=dep-info,link -C embed-bitcode=no -C debuginfo=2 --cfg 'feature="default"' --cfg 'feature="hyper-rustls"' --cfg 'feature="log"' --cfg 'feature="logging"' --cfg 'feature="rust-tls"' --cfg 'feature="rustls"' --cfg 'feature="serde-std"' -C metadata=59fe95951456e5c5 -C extra-filename=-59fe95951456e5c5 --out-dir /opt/rustwide/target/debug/examples -L dependency=/opt/rustwide/target/debug/deps --extern criterion=/opt/rustwide/target/debug/deps/libcriterion-b7f805d0ee693d14.rlib --extern hyper=/opt/rustwide/target/debug/deps/libhyper-9d15aa5d9631385d.rlib --extern hyper_rustls=/opt/rustwide/target/debug/deps/libhyper_rustls-78e0232170aea796.rlib --extern indoc=/opt/rustwide/target/debug/deps/libindoc-ca6a139cc9d7a02f.so --extern log=/opt/rustwide/target/debug/deps/liblog-e4acea3c8ca43b70.rlib --extern rustls=/opt/rustwide/target/debug/deps/librustls-e94a9e7628ef8205.rlib --extern sensible_env_logger=/opt/rustwide/target/debug/deps/libsensible_env_logger-ed7c1577f4c57ce8.rlib --extern serde=/opt/rustwide/target/debug/deps/libserde-1cc32d3b538ffcdd.rlib --extern serde_json=/opt/rustwide/target/debug/deps/libserde_json-ad608ba788eca3d3.rlib --extern smartsheet_rs=/opt/rustwide/target/debug/deps/libsmartsheet_rs-05ce1a3070c5fe87.rlib --extern tabled=/opt/rustwide/target/debug/deps/libtabled-139bd30701dc1d2b.rlib --extern tokio=/opt/rustwide/target/debug/deps/libtokio-ff19f9beb4b2d786.rlib --extern version_sync=/opt/rustwide/target/debug/deps/libversion_sync-b9da8d4f4af8b19e.rlib --cap-lints=warn -L native=/opt/rustwide/target/debug/build/ring-8e0695998d44f704/out` (signal: 9, SIGKILL: kill)
[INFO] [stderr] warning: build failed, waiting for other jobs to finish...
[INFO] [stderr] error: could not compile `smartsheet-rs`
[INFO] [stderr] 
[INFO] [stderr] Caused by:
[INFO] [stderr]   process didn't exit successfully: `rustc --crate-name sheets_with_params --edition=2021 examples/sheets_with_params.rs --error-format=json --json=diagnostic-rendered-ansi,artifacts,future-incompat --crate-type bin --emit=dep-info,link -C embed-bitcode=no -C debuginfo=2 --cfg 'feature="default"' --cfg 'feature="hyper-rustls"' --cfg 'feature="log"' --cfg 'feature="logging"' --cfg 'feature="rust-tls"' --cfg 'feature="rustls"' --cfg 'feature="serde-std"' -C metadata=24265aa0f86ea569 -C extra-filename=-24265aa0f86ea569 --out-dir /opt/rustwide/target/debug/examples -L dependency=/opt/rustwide/target/debug/deps --extern criterion=/opt/rustwide/target/debug/deps/libcriterion-b7f805d0ee693d14.rlib --extern hyper=/opt/rustwide/target/debug/deps/libhyper-9d15aa5d9631385d.rlib --extern hyper_rustls=/opt/rustwide/target/debug/deps/libhyper_rustls-78e0232170aea796.rlib --extern indoc=/opt/rustwide/target/debug/deps/libindoc-ca6a139cc9d7a02f.so --extern log=/opt/rustwide/target/debug/deps/liblog-e4acea3c8ca43b70.rlib --extern rustls=/opt/rustwide/target/debug/deps/librustls-e94a9e7628ef8205.rlib --extern sensible_env_logger=/opt/rustwide/target/debug/deps/libsensible_env_logger-ed7c1577f4c57ce8.rlib --extern serde=/opt/rustwide/target/debug/deps/libserde-1cc32d3b538ffcdd.rlib --extern serde_json=/opt/rustwide/target/debug/deps/libserde_json-ad608ba788eca3d3.rlib --extern smartsheet_rs=/opt/rustwide/target/debug/deps/libsmartsheet_rs-05ce1a3070c5fe87.rlib --extern tabled=/opt/rustwide/target/debug/deps/libtabled-139bd30701dc1d2b.rlib --extern tokio=/opt/rustwide/target/debug/deps/libtokio-ff19f9beb4b2d786.rlib --extern version_sync=/opt/rustwide/target/debug/deps/libversion_sync-b9da8d4f4af8b19e.rlib --cap-lints=warn -L native=/opt/rustwide/target/debug/build/ring-8e0695998d44f704/out` (signal: 9, SIGKILL: kill)
[INFO] [stderr] error: could not compile `smartsheet-rs`
[INFO] [stderr] 
[INFO] [stderr] Caused by:
[INFO] [stderr]   process didn't exit successfully: `rustc --crate-name row_with_params --edition=2021 examples/row_with_params.rs --error-format=json --json=diagnostic-rendered-ansi,artifacts,future-incompat --crate-type bin --emit=dep-info,link -C embed-bitcode=no -C debuginfo=2 --cfg 'feature="default"' --cfg 'feature="hyper-rustls"' --cfg 'feature="log"' --cfg 'feature="logging"' --cfg 'feature="rust-tls"' --cfg 'feature="rustls"' --cfg 'feature="serde-std"' -C metadata=aaa9cdcf60ffb667 -C extra-filename=-aaa9cdcf60ffb667 --out-dir /opt/rustwide/target/debug/examples -L dependency=/opt/rustwide/target/debug/deps --extern criterion=/opt/rustwide/target/debug/deps/libcriterion-b7f805d0ee693d14.rlib --extern hyper=/opt/rustwide/target/debug/deps/libhyper-9d15aa5d9631385d.rlib --extern hyper_rustls=/opt/rustwide/target/debug/deps/libhyper_rustls-78e0232170aea796.rlib --extern indoc=/opt/rustwide/target/debug/deps/libindoc-ca6a139cc9d7a02f.so --extern log=/opt/rustwide/target/debug/deps/liblog-e4acea3c8ca43b70.rlib --extern rustls=/opt/rustwide/target/debug/deps/librustls-e94a9e7628ef8205.rlib --extern sensible_env_logger=/opt/rustwide/target/debug/deps/libsensible_env_logger-ed7c1577f4c57ce8.rlib --extern serde=/opt/rustwide/target/debug/deps/libserde-1cc32d3b538ffcdd.rlib --extern serde_json=/opt/rustwide/target/debug/deps/libserde_json-ad608ba788eca3d3.rlib --extern smartsheet_rs=/opt/rustwide/target/debug/deps/libsmartsheet_rs-05ce1a3070c5fe87.rlib --extern tabled=/opt/rustwide/target/debug/deps/libtabled-139bd30701dc1d2b.rlib --extern tokio=/opt/rustwide/target/debug/deps/libtokio-ff19f9beb4b2d786.rlib --extern version_sync=/opt/rustwide/target/debug/deps/libversion_sync-b9da8d4f4af8b19e.rlib --cap-lints=warn -L native=/opt/rustwide/target/debug/build/ring-8e0695998d44f704/out` (signal: 9, SIGKILL: kill)
[INFO] [stderr] error: could not compile `smartsheet-rs`
[INFO] [stderr] 
[INFO] [stderr] Caused by:
[INFO] [stderr]   process didn't exit successfully: `rustc --crate-name columns --edition=2021 examples/columns.rs --error-format=json --json=diagnostic-rendered-ansi,artifacts,future-incompat --crate-type bin --emit=dep-info,link -C embed-bitcode=no -C debuginfo=2 --cfg 'feature="default"' --cfg 'feature="hyper-rustls"' --cfg 'feature="log"' --cfg 'feature="logging"' --cfg 'feature="rust-tls"' --cfg 'feature="rustls"' --cfg 'feature="serde-std"' -C metadata=6264d2fc3ea2f89d -C extra-filename=-6264d2fc3ea2f89d --out-dir /opt/rustwide/target/debug/examples -L dependency=/opt/rustwide/target/debug/deps --extern criterion=/opt/rustwide/target/debug/deps/libcriterion-b7f805d0ee693d14.rlib --extern hyper=/opt/rustwide/target/debug/deps/libhyper-9d15aa5d9631385d.rlib --extern hyper_rustls=/opt/rustwide/target/debug/deps/libhyper_rustls-78e0232170aea796.rlib --extern indoc=/opt/rustwide/target/debug/deps/libindoc-ca6a139cc9d7a02f.so --extern log=/opt/rustwide/target/debug/deps/liblog-e4acea3c8ca43b70.rlib --extern rustls=/opt/rustwide/target/debug/deps/librustls-e94a9e7628ef8205.rlib --extern sensible_env_logger=/opt/rustwide/target/debug/deps/libsensible_env_logger-ed7c1577f4c57ce8.rlib --extern serde=/opt/rustwide/target/debug/deps/libserde-1cc32d3b538ffcdd.rlib --extern serde_json=/opt/rustwide/target/debug/deps/libserde_json-ad608ba788eca3d3.rlib --extern smartsheet_rs=/opt/rustwide/target/debug/deps/libsmartsheet_rs-05ce1a3070c5fe87.rlib --extern tabled=/opt/rustwide/target/debug/deps/libtabled-139bd30701dc1d2b.rlib --extern tokio=/opt/rustwide/target/debug/deps/libtokio-ff19f9beb4b2d786.rlib --extern version_sync=/opt/rustwide/target/debug/deps/libversion_sync-b9da8d4f4af8b19e.rlib --cap-lints=warn -L native=/opt/rustwide/target/debug/build/ring-8e0695998d44f704/out` (signal: 9, SIGKILL: kill)
[INFO] [stderr] error: could not compile `smartsheet-rs`
[INFO] [stderr] 
[INFO] [stderr] Caused by:
[INFO] [stderr]   process didn't exit successfully: `rustc --crate-name rows_find --edition=2021 examples/rows_find.rs --error-format=json --json=diagnostic-rendered-ansi,artifacts,future-incompat --crate-type bin --emit=dep-info,link -C embed-bitcode=no -C debuginfo=2 --cfg 'feature="default"' --cfg 'feature="hyper-rustls"' --cfg 'feature="log"' --cfg 'feature="logging"' --cfg 'feature="rust-tls"' --cfg 'feature="rustls"' --cfg 'feature="serde-std"' -C metadata=913564ad0b270775 -C extra-filename=-913564ad0b270775 --out-dir /opt/rustwide/target/debug/examples -L dependency=/opt/rustwide/target/debug/deps --extern criterion=/opt/rustwide/target/debug/deps/libcriterion-b7f805d0ee693d14.rlib --extern hyper=/opt/rustwide/target/debug/deps/libhyper-9d15aa5d9631385d.rlib --extern hyper_rustls=/opt/rustwide/target/debug/deps/libhyper_rustls-78e0232170aea796.rlib --extern indoc=/opt/rustwide/target/debug/deps/libindoc-ca6a139cc9d7a02f.so --extern log=/opt/rustwide/target/debug/deps/liblog-e4acea3c8ca43b70.rlib --extern rustls=/opt/rustwide/target/debug/deps/librustls-e94a9e7628ef8205.rlib --extern sensible_env_logger=/opt/rustwide/target/debug/deps/libsensible_env_logger-ed7c1577f4c57ce8.rlib --extern serde=/opt/rustwide/target/debug/deps/libserde-1cc32d3b538ffcdd.rlib --extern serde_json=/opt/rustwide/target/debug/deps/libserde_json-ad608ba788eca3d3.rlib --extern smartsheet_rs=/opt/rustwide/target/debug/deps/libsmartsheet_rs-05ce1a3070c5fe87.rlib --extern tabled=/opt/rustwide/target/debug/deps/libtabled-139bd30701dc1d2b.rlib --extern tokio=/opt/rustwide/target/debug/deps/libtokio-ff19f9beb4b2d786.rlib --extern version_sync=/opt/rustwide/target/debug/deps/libversion_sync-b9da8d4f4af8b19e.rlib --cap-lints=warn -L native=/opt/rustwide/target/debug/build/ring-8e0695998d44f704/out` (signal: 9, SIGKILL: kill)
[INFO] [stderr] error: could not compile `smartsheet-rs`
[INFO] [stderr] 
[INFO] [stderr] Caused by:
[INFO] [stderr]   process didn't exit successfully: `rustc --crate-name sheet_with_params --edition=2021 examples/sheet_with_params.rs --error-format=json --json=diagnostic-rendered-ansi,artifacts,future-incompat --crate-type bin --emit=dep-info,link -C embed-bitcode=no -C debuginfo=2 --cfg 'feature="default"' --cfg 'feature="hyper-rustls"' --cfg 'feature="log"' --cfg 'feature="logging"' --cfg 'feature="rust-tls"' --cfg 'feature="rustls"' --cfg 'feature="serde-std"' -C metadata=330da8ea397d3589 -C extra-filename=-330da8ea397d3589 --out-dir /opt/rustwide/target/debug/examples -L dependency=/opt/rustwide/target/debug/deps --extern criterion=/opt/rustwide/target/debug/deps/libcriterion-b7f805d0ee693d14.rlib --extern hyper=/opt/rustwide/target/debug/deps/libhyper-9d15aa5d9631385d.rlib --extern hyper_rustls=/opt/rustwide/target/debug/deps/libhyper_rustls-78e0232170aea796.rlib --extern indoc=/opt/rustwide/target/debug/deps/libindoc-ca6a139cc9d7a02f.so --extern log=/opt/rustwide/target/debug/deps/liblog-e4acea3c8ca43b70.rlib --extern rustls=/opt/rustwide/target/debug/deps/librustls-e94a9e7628ef8205.rlib --extern sensible_env_logger=/opt/rustwide/target/debug/deps/libsensible_env_logger-ed7c1577f4c57ce8.rlib --extern serde=/opt/rustwide/target/debug/deps/libserde-1cc32d3b538ffcdd.rlib --extern serde_json=/opt/rustwide/target/debug/deps/libserde_json-ad608ba788eca3d3.rlib --extern smartsheet_rs=/opt/rustwide/target/debug/deps/libsmartsheet_rs-05ce1a3070c5fe87.rlib --extern tabled=/opt/rustwide/target/debug/deps/libtabled-139bd30701dc1d2b.rlib --extern tokio=/opt/rustwide/target/debug/deps/libtokio-ff19f9beb4b2d786.rlib --extern version_sync=/opt/rustwide/target/debug/deps/libversion_sync-b9da8d4f4af8b19e.rlib --cap-lints=warn -L native=/opt/rustwide/target/debug/build/ring-8e0695998d44f704/out` (signal: 9, SIGKILL: kill)
[INFO] [stderr] error: could not compile `smartsheet-rs`
[INFO] [stderr] 
[INFO] [stderr] Caused by:
[INFO] [stderr]   process didn't exit successfully: `rustc --crate-name sheet_with_attachments --edition=2021 examples/sheet_with_attachments.rs --error-format=json --json=diagnostic-rendered-ansi,artifacts,future-incompat --crate-type bin --emit=dep-info,link -C embed-bitcode=no -C debuginfo=2 --cfg 'feature="default"' --cfg 'feature="hyper-rustls"' --cfg 'feature="log"' --cfg 'feature="logging"' --cfg 'feature="rust-tls"' --cfg 'feature="rustls"' --cfg 'feature="serde-std"' -C metadata=fa0b28614e5d69d3 -C extra-filename=-fa0b28614e5d69d3 --out-dir /opt/rustwide/target/debug/examples -L dependency=/opt/rustwide/target/debug/deps --extern criterion=/opt/rustwide/target/debug/deps/libcriterion-b7f805d0ee693d14.rlib --extern hyper=/opt/rustwide/target/debug/deps/libhyper-9d15aa5d9631385d.rlib --extern hyper_rustls=/opt/rustwide/target/debug/deps/libhyper_rustls-78e0232170aea796.rlib --extern indoc=/opt/rustwide/target/debug/deps/libindoc-ca6a139cc9d7a02f.so --extern log=/opt/rustwide/target/debug/deps/liblog-e4acea3c8ca43b70.rlib --extern rustls=/opt/rustwide/target/debug/deps/librustls-e94a9e7628ef8205.rlib --extern sensible_env_logger=/opt/rustwide/target/debug/deps/libsensible_env_logger-ed7c1577f4c57ce8.rlib --extern serde=/opt/rustwide/target/debug/deps/libserde-1cc32d3b538ffcdd.rlib --extern serde_json=/opt/rustwide/target/debug/deps/libserde_json-ad608ba788eca3d3.rlib --extern smartsheet_rs=/opt/rustwide/target/debug/deps/libsmartsheet_rs-05ce1a3070c5fe87.rlib --extern tabled=/opt/rustwide/target/debug/deps/libtabled-139bd30701dc1d2b.rlib --extern tokio=/opt/rustwide/target/debug/deps/libtokio-ff19f9beb4b2d786.rlib --extern version_sync=/opt/rustwide/target/debug/deps/libversion_sync-b9da8d4f4af8b19e.rlib --cap-lints=warn -L native=/opt/rustwide/target/debug/build/ring-8e0695998d44f704/out` (signal: 9, SIGKILL: kill)
[INFO] [stdout] error: linking with `cc` failed: exit status: 1
[INFO] [stdout]   |
[INFO] [stdout]   = note: LC_ALL="C" PATH="/opt/rustwide/rustup-home/toolchains/1.69.0-x86_64-unknown-linux-gnu/lib/rustlib/x86_64-unknown-linux-gnu/bin:/opt/rustwide/cargo-home/bin:/usr/local/sbin:/usr/local/bin:/usr/sbin:/usr/bin:/sbin:/bin" VSLANG="1033" "cc" "-m64" "/tmp/rustcAhhMuw/symbols.o" "/opt/rustwide/target/debug/examples/column_by_title-2e6f1bf2e14ef5b3.column_by_title.61fcf051-cgu.0.rcgu.o" "/opt/rustwide/target/debug/examples/column_by_title-2e6f1bf2e14ef5b3.column_by_title.61fcf051-cgu.1.rcgu.o" "/opt/rustwide/target/debug/examples/column_by_title-2e6f1bf2e14ef5b3.column_by_title.61fcf051-cgu.10.rcgu.o" "/opt/rustwide/target/debug/examples/column_by_title-2e6f1bf2e14ef5b3.column_by_title.61fcf051-cgu.11.rcgu.o" "/opt/rustwide/target/debug/examples/column_by_title-2e6f1bf2e14ef5b3.column_by_title.61fcf051-cgu.12.rcgu.o" "/opt/rustwide/target/debug/examples/column_by_title-2e6f1bf2e14ef5b3.column_by_title.61fcf051-cgu.13.rcgu.o" "/opt/rustwide/target/debug/examples/column_by_title-2e6f1bf2e14ef5b3.column_by_title.61fcf051-cgu.14.rcgu.o" "/opt/rustwide/target/debug/examples/column_by_title-2e6f1bf2e14ef5b3.column_by_title.61fcf051-cgu.15.rcgu.o" "/opt/rustwide/target/debug/examples/column_by_title-2e6f1bf2e14ef5b3.column_by_title.61fcf051-cgu.2.rcgu.o" "/opt/rustwide/target/debug/examples/column_by_title-2e6f1bf2e14ef5b3.column_by_title.61fcf051-cgu.3.rcgu.o" "/opt/rustwide/target/debug/examples/column_by_title-2e6f1bf2e14ef5b3.column_by_title.61fcf051-cgu.4.rcgu.o" "/opt/rustwide/target/debug/examples/column_by_title-2e6f1bf2e14ef5b3.column_by_title.61fcf051-cgu.5.rcgu.o" "/opt/rustwide/target/debug/examples/column_by_title-2e6f1bf2e14ef5b3.column_by_title.61fcf051-cgu.6.rcgu.o" "/opt/rustwide/target/debug/examples/column_by_title-2e6f1bf2e14ef5b3.column_by_title.61fcf051-cgu.7.rcgu.o" "/opt/rustwide/target/debug/examples/column_by_title-2e6f1bf2e14ef5b3.column_by_title.61fcf051-cgu.8.rcgu.o" "/opt/rustwide/target/debug/examples/column_by_title-2e6f1bf2e14ef5b3.column_by_title.61fcf051-cgu.9.rcgu.o" "/opt/rustwide/target/debug/examples/column_by_title-2e6f1bf2e14ef5b3.4197y5fvlysduk44.rcgu.o" "-Wl,--as-needed" "-L" "/opt/rustwide/target/debug/deps" "-L" "/opt/rustwide/target/debug/build/ring-8e0695998d44f704/out" "-L" "/opt/rustwide/rustup-home/toolchains/1.69.0-x86_64-unknown-linux-gnu/lib/rustlib/x86_64-unknown-linux-gnu/lib" "-Wl,-Bstatic" "/opt/rustwide/target/debug/deps/libsensible_env_logger-ed7c1577f4c57ce8.rlib" "/opt/rustwide/target/debug/deps/libpretty_env_logger-200dc91ea82ce219.rlib" "/opt/rustwide/target/debug/deps/libenv_logger-75829b0cdbc018d1.rlib" "/opt/rustwide/target/debug/deps/libtermcolor-687878defa5df84c.rlib" "/opt/rustwide/target/debug/deps/libatty-37c2da9517ddaf1e.rlib" "/opt/rustwide/target/debug/deps/libhumantime-9b59f1f565657894.rlib" "/opt/rustwide/target/debug/deps/libquick_error-a76b5db56d6ef271.rlib" "/opt/rustwide/target/debug/deps/libregex-cd54e1f618628eec.rlib" "/opt/rustwide/target/debug/deps/libaho_corasick-70403096eb3b3026.rlib" "/opt/rustwide/target/debug/deps/libregex_syntax-4fe5184ebc0b68f9.rlib" "/opt/rustwide/target/debug/deps/libsmartsheet_rs-05ce1a3070c5fe87.rlib" "/opt/rustwide/target/debug/deps/libhyper_rustls-78e0232170aea796.rlib" "/opt/rustwide/target/debug/deps/librustls_native_certs-6384a5dfc9993015.rlib" "/opt/rustwide/target/debug/deps/librustls_pemfile-c8bcf3c1e4c32a92.rlib" "/opt/rustwide/target/debug/deps/libbase64-007e7c1fbda2b30a.rlib" "/opt/rustwide/target/debug/deps/libopenssl_probe-2d1cd15c290ad1de.rlib" "/opt/rustwide/target/debug/deps/libtokio_rustls-71a4e62c8d5793f8.rlib" "/opt/rustwide/target/debug/deps/librustls-e94a9e7628ef8205.rlib" "/opt/rustwide/target/debug/deps/libsct-9087e7f76d9e5710.rlib" "/opt/rustwide/target/debug/deps/libwebpki-f92b228896d006d8.rlib" "/opt/rustwide/target/debug/deps/libring-78b365431fa91859.rlib" "/opt/rustwide/target/debug/deps/libspin-ba7f384cfb4b159f.rlib" "/opt/rustwide/target/debug/deps/libuntrusted-ec41ab00ed225515.rlib" "/opt/rustwide/target/debug/deps/libserde_json-ad608ba788eca3d3.rlib" "/opt/rustwide/target/debug/deps/libryu-88ed33e27302889f.rlib" "/opt/rustwide/target/debug/deps/libserde-1cc32d3b538ffcdd.rlib" "/opt/rustwide/target/debug/deps/libhyper-9d15aa5d9631385d.rlib" "/opt/rustwide/target/debug/deps/libwant-39e2e15258c9e251.rlib" "/opt/rustwide/target/debug/deps/libtry_lock-372cab8856e9ce9d.rlib" "/opt/rustwide/target/debug/deps/libhttparse-ccf81f7f581c40b8.rlib" "/opt/rustwide/target/debug/deps/libh2-51c41aaade564588.rlib" "/opt/rustwide/target/debug/deps/libindexmap-ca426f148cb16a73.rlib" "/opt/rustwide/target/debug/deps/libhashbrown-f669da50cece7aa5.rlib" "/opt/rustwide/target/debug/deps/libslab-adc206ca6c0d0a92.rlib" "/opt/rustwide/target/debug/deps/libtokio_util-4885c8fd320a238c.rlib" "/opt/rustwide/target/debug/deps/libfutures_sink-4aec2d803aa18c12.rlib" "/opt/rustwide/target/debug/deps/libtower_service-a82a463fea06a00e.rlib" "/opt/rustwide/target/debug/deps/libtracing-375ebc3438a7b37e.rlib" "/opt/rustwide/target/debug/deps/libtracing_core-d77f287471e659f5.rlib" "/opt/rustwide/target/debug/deps/libonce_cell-d1197491957c0c17.rlib" "/opt/rustwide/target/debug/deps/libfutures_channel-294427afe0d2b4d3.rlib" "/opt/rustwide/target/debug/deps/libhttp_body-85f8e16db2812707.rlib" "/opt/rustwide/target/debug/deps/libfutures_util-db3c7751e1777e96.rlib" "/opt/rustwide/target/debug/deps/libfutures_task-c9a7f605ba65d146.rlib" "/opt/rustwide/target/debug/deps/libpin_utils-0d8eaf4ac0fcb221.rlib" "/opt/rustwide/target/debug/deps/libfutures_core-64eaaeb4b64b7eca.rlib" "/opt/rustwide/target/debug/deps/libtokio-ff19f9beb4b2d786.rlib" "/opt/rustwide/target/debug/deps/libnum_cpus-4f548f0232752589.rlib" "/opt/rustwide/target/debug/deps/libsocket2-b65b4dc1d8157ca1.rlib" "/opt/rustwide/target/debug/deps/libmemchr-b18e4aa3c7a38625.rlib" "/opt/rustwide/target/debug/deps/libpin_project_lite-e66e1bab7310d569.rlib" "/opt/rustwide/target/debug/deps/libmio-88313ad60b701fc7.rlib" "/opt/rustwide/target/debug/deps/liblibc-9f1da8af3ea59e17.rlib" "/opt/rustwide/target/debug/deps/libhttp-0128c146bb77aa97.rlib" "/opt/rustwide/target/debug/deps/libitoa-d3fb77795e408776.rlib" "/opt/rustwide/target/debug/deps/libbytes-159062f54026df47.rlib" "/opt/rustwide/target/debug/deps/libfnv-41a559218f992797.rlib" "/opt/rustwide/target/debug/deps/liblog-e4acea3c8ca43b70.rlib" "/opt/rustwide/target/debug/deps/libcfg_if-e5e118dd7d121aaa.rlib" "/opt/rustwide/rustup-home/toolchains/1.69.0-x86_64-unknown-linux-gnu/lib/rustlib/x86_64-unknown-linux-gnu/lib/libstd-89bc084783fdc439.rlib" "/opt/rustwide/rustup-home/toolchains/1.69.0-x86_64-unknown-linux-gnu/lib/rustlib/x86_64-unknown-linux-gnu/lib/libpanic_unwind-8bee4b287d4367c1.rlib" "/opt/rustwide/rustup-home/toolchains/1.69.0-x86_64-unknown-linux-gnu/lib/rustlib/x86_64-unknown-linux-gnu/lib/libobject-d61707aed80694c0.rlib" "/opt/rustwide/rustup-home/toolchains/1.69.0-x86_64-unknown-linux-gnu/lib/rustlib/x86_64-unknown-linux-gnu/lib/libmemchr-d85366256f22345b.rlib" "/opt/rustwide/rustup-home/toolchains/1.69.0-x86_64-unknown-linux-gnu/lib/rustlib/x86_64-unknown-linux-gnu/lib/libaddr2line-96069b86b8a8cae9.rlib" "/opt/rustwide/rustup-home/toolchains/1.69.0-x86_64-unknown-linux-gnu/lib/rustlib/x86_64-unknown-linux-gnu/lib/libgimli-d19d53abf68dfa6c.rlib" "/opt/rustwide/rustup-home/toolchains/1.69.0-x86_64-unknown-linux-gnu/lib/rustlib/x86_64-unknown-linux-gnu/lib/librustc_demangle-787cbccd19d64ac6.rlib" "/opt/rustwide/rustup-home/toolchains/1.69.0-x86_64-unknown-linux-gnu/lib/rustlib/x86_64-unknown-linux-gnu/lib/libstd_detect-b3837a36b830e0d0.rlib" "/opt/rustwide/rustup-home/toolchains/1.69.0-x86_64-unknown-linux-gnu/lib/rustlib/x86_64-unknown-linux-gnu/lib/libhashbrown-e3deb0e7e3f04966.rlib" "/opt/rustwide/rustup-home/toolchains/1.69.0-x86_64-unknown-linux-gnu/lib/rustlib/x86_64-unknown-linux-gnu/lib/libminiz_oxide-dabbb79c9815def4.rlib" "/opt/rustwide/rustup-home/toolchains/1.69.0-x86_64-unknown-linux-gnu/lib/rustlib/x86_64-unknown-linux-gnu/lib/libadler-305b01f34c9409f2.rlib" "/opt/rustwide/rustup-home/toolchains/1.69.0-x86_64-unknown-linux-gnu/lib/rustlib/x86_64-unknown-linux-gnu/lib/librustc_std_workspace_alloc-f833521df6074e73.rlib" "/opt/rustwide/rustup-home/toolchains/1.69.0-x86_64-unknown-linux-gnu/lib/rustlib/x86_64-unknown-linux-gnu/lib/libunwind-9ac333113350d171.rlib" "/opt/rustwide/rustup-home/toolchains/1.69.0-x86_64-unknown-linux-gnu/lib/rustlib/x86_64-unknown-linux-gnu/lib/libcfg_if-1c126114322d0eee.rlib" "/opt/rustwide/rustup-home/toolchains/1.69.0-x86_64-unknown-linux-gnu/lib/rustlib/x86_64-unknown-linux-gnu/lib/liblibc-bad9164fdeeecf92.rlib" "/opt/rustwide/rustup-home/toolchains/1.69.0-x86_64-unknown-linux-gnu/lib/rustlib/x86_64-unknown-linux-gnu/lib/liballoc-f9374b1e480fa681.rlib" "/opt/rustwide/rustup-home/toolchains/1.69.0-x86_64-unknown-linux-gnu/lib/rustlib/x86_64-unknown-linux-gnu/lib/librustc_std_workspace_core-207f06e41d9603af.rlib" "/opt/rustwide/rustup-home/toolchains/1.69.0-x86_64-unknown-linux-gnu/lib/rustlib/x86_64-unknown-linux-gnu/lib/libcore-7e2768e66e984e85.rlib" "/opt/rustwide/rustup-home/toolchains/1.69.0-x86_64-unknown-linux-gnu/lib/rustlib/x86_64-unknown-linux-gnu/lib/libcompiler_builtins-957b4aff41f8cd46.rlib" "-Wl,-Bdynamic" "-lgcc_s" "-lutil" "-lrt" "-lpthread" "-lm" "-ldl" "-lc" "-Wl,--eh-frame-hdr" "-Wl,-z,noexecstack" "-L" "/opt/rustwide/rustup-home/toolchains/1.69.0-x86_64-unknown-linux-gnu/lib/rustlib/x86_64-unknown-linux-gnu/lib" "-o" "/opt/rustwide/target/debug/examples/column_by_title-2e6f1bf2e14ef5b3" "-Wl,--gc-sections" "-pie" "-Wl,-z,relro,-z,now" "-nodefaultlibs"
[INFO] [stdout]   = note: collect2: fatal error: ld terminated with signal 9 [Killed]
[INFO] [stdout]           compilation terminated.
[INFO] [stdout]           
[INFO] [stdout] 
[INFO] [stdout] 
[INFO] [stdout] error: aborting due to previous error
[INFO] [stdout] 
[INFO] [stdout] 
[INFO] [stderr] error: could not compile `smartsheet-rs` due to 2 previous errors
[INFO] [stdout] error: linking with `cc` failed: exit status: 1
[INFO] [stdout]   |
[INFO] [stdout]   = note: LC_ALL="C" PATH="/opt/rustwide/rustup-home/toolchains/1.69.0-x86_64-unknown-linux-gnu/lib/rustlib/x86_64-unknown-linux-gnu/bin:/opt/rustwide/cargo-home/bin:/usr/local/sbin:/usr/local/bin:/usr/sbin:/usr/bin:/sbin:/bin" VSLANG="1033" "cc" "-m64" "/tmp/rustcJHCnJf/symbols.o" "/opt/rustwide/target/debug/examples/columns_with_params-12634967c961fcab.columns_with_params.a094549a-cgu.0.rcgu.o" "/opt/rustwide/target/debug/examples/columns_with_params-12634967c961fcab.columns_with_params.a094549a-cgu.1.rcgu.o" "/opt/rustwide/target/debug/examples/columns_with_params-12634967c961fcab.columns_with_params.a094549a-cgu.10.rcgu.o" "/opt/rustwide/target/debug/examples/columns_with_params-12634967c961fcab.columns_with_params.a094549a-cgu.11.rcgu.o" "/opt/rustwide/target/debug/examples/columns_with_params-12634967c961fcab.columns_with_params.a094549a-cgu.12.rcgu.o" "/opt/rustwide/target/debug/examples/columns_with_params-12634967c961fcab.columns_with_params.a094549a-cgu.13.rcgu.o" "/opt/rustwide/target/debug/examples/columns_with_params-12634967c961fcab.columns_with_params.a094549a-cgu.14.rcgu.o" "/opt/rustwide/target/debug/examples/columns_with_params-12634967c961fcab.columns_with_params.a094549a-cgu.15.rcgu.o" "/opt/rustwide/target/debug/examples/columns_with_params-12634967c961fcab.columns_with_params.a094549a-cgu.2.rcgu.o" "/opt/rustwide/target/debug/examples/columns_with_params-12634967c961fcab.columns_with_params.a094549a-cgu.3.rcgu.o" "/opt/rustwide/target/debug/examples/columns_with_params-12634967c961fcab.columns_with_params.a094549a-cgu.4.rcgu.o" "/opt/rustwide/target/debug/examples/columns_with_params-12634967c961fcab.columns_with_params.a094549a-cgu.5.rcgu.o" "/opt/rustwide/target/debug/examples/columns_with_params-12634967c961fcab.columns_with_params.a094549a-cgu.6.rcgu.o" "/opt/rustwide/target/debug/examples/columns_with_params-12634967c961fcab.columns_with_params.a094549a-cgu.7.rcgu.o" "/opt/rustwide/target/debug/examples/columns_with_params-12634967c961fcab.columns_with_params.a094549a-cgu.8.rcgu.o" "/opt/rustwide/target/debug/examples/columns_with_params-12634967c961fcab.columns_with_params.a094549a-cgu.9.rcgu.o" "/opt/rustwide/target/debug/examples/columns_with_params-12634967c961fcab.6nha5v4cvopsgao.rcgu.o" "-Wl,--as-needed" "-L" "/opt/rustwide/target/debug/deps" "-L" "/opt/rustwide/target/debug/build/ring-8e0695998d44f704/out" "-L" "/opt/rustwide/rustup-home/toolchains/1.69.0-x86_64-unknown-linux-gnu/lib/rustlib/x86_64-unknown-linux-gnu/lib" "-Wl,-Bstatic" "/opt/rustwide/target/debug/deps/libsensible_env_logger-ed7c1577f4c57ce8.rlib" "/opt/rustwide/target/debug/deps/libpretty_env_logger-200dc91ea82ce219.rlib" "/opt/rustwide/target/debug/deps/libenv_logger-75829b0cdbc018d1.rlib" "/opt/rustwide/target/debug/deps/libtermcolor-687878defa5df84c.rlib" "/opt/rustwide/target/debug/deps/libatty-37c2da9517ddaf1e.rlib" "/opt/rustwide/target/debug/deps/libhumantime-9b59f1f565657894.rlib" "/opt/rustwide/target/debug/deps/libquick_error-a76b5db56d6ef271.rlib" "/opt/rustwide/target/debug/deps/libregex-cd54e1f618628eec.rlib" "/opt/rustwide/target/debug/deps/libaho_corasick-70403096eb3b3026.rlib" "/opt/rustwide/target/debug/deps/libregex_syntax-4fe5184ebc0b68f9.rlib" "/opt/rustwide/target/debug/deps/libtabled-139bd30701dc1d2b.rlib" "/opt/rustwide/target/debug/deps/libpapergrid-f4671bb952a81c71.rlib" "/opt/rustwide/target/debug/deps/libunicode_width-16834311f9e77946.rlib" "/opt/rustwide/target/debug/deps/libsmartsheet_rs-05ce1a3070c5fe87.rlib" "/opt/rustwide/target/debug/deps/libhyper_rustls-78e0232170aea796.rlib" "/opt/rustwide/target/debug/deps/librustls_native_certs-6384a5dfc9993015.rlib" "/opt/rustwide/target/debug/deps/librustls_pemfile-c8bcf3c1e4c32a92.rlib" "/opt/rustwide/target/debug/deps/libbase64-007e7c1fbda2b30a.rlib" "/opt/rustwide/target/debug/deps/libopenssl_probe-2d1cd15c290ad1de.rlib" "/opt/rustwide/target/debug/deps/libtokio_rustls-71a4e62c8d5793f8.rlib" "/opt/rustwide/target/debug/deps/librustls-e94a9e7628ef8205.rlib" "/opt/rustwide/target/debug/deps/libsct-9087e7f76d9e5710.rlib" "/opt/rustwide/target/debug/deps/libwebpki-f92b228896d006d8.rlib" "/opt/rustwide/target/debug/deps/libring-78b365431fa91859.rlib" "/opt/rustwide/target/debug/deps/libspin-ba7f384cfb4b159f.rlib" "/opt/rustwide/target/debug/deps/libuntrusted-ec41ab00ed225515.rlib" "/opt/rustwide/target/debug/deps/libserde_json-ad608ba788eca3d3.rlib" "/opt/rustwide/target/debug/deps/libryu-88ed33e27302889f.rlib" "/opt/rustwide/target/debug/deps/libserde-1cc32d3b538ffcdd.rlib" "/opt/rustwide/target/debug/deps/libhyper-9d15aa5d9631385d.rlib" "/opt/rustwide/target/debug/deps/libwant-39e2e15258c9e251.rlib" "/opt/rustwide/target/debug/deps/libtry_lock-372cab8856e9ce9d.rlib" "/opt/rustwide/target/debug/deps/libhttparse-ccf81f7f581c40b8.rlib" "/opt/rustwide/target/debug/deps/libh2-51c41aaade564588.rlib" "/opt/rustwide/target/debug/deps/libindexmap-ca426f148cb16a73.rlib" "/opt/rustwide/target/debug/deps/libhashbrown-f669da50cece7aa5.rlib" "/opt/rustwide/target/debug/deps/libslab-adc206ca6c0d0a92.rlib" "/opt/rustwide/target/debug/deps/libtokio_util-4885c8fd320a238c.rlib" "/opt/rustwide/target/debug/deps/libfutures_sink-4aec2d803aa18c12.rlib" "/opt/rustwide/target/debug/deps/libtower_service-a82a463fea06a00e.rlib" "/opt/rustwide/target/debug/deps/libtracing-375ebc3438a7b37e.rlib" "/opt/rustwide/target/debug/deps/libtracing_core-d77f287471e659f5.rlib" "/opt/rustwide/target/debug/deps/libonce_cell-d1197491957c0c17.rlib" "/opt/rustwide/target/debug/deps/libfutures_channel-294427afe0d2b4d3.rlib" "/opt/rustwide/target/debug/deps/libhttp_body-85f8e16db2812707.rlib" "/opt/rustwide/target/debug/deps/libfutures_util-db3c7751e1777e96.rlib" "/opt/rustwide/target/debug/deps/libfutures_task-c9a7f605ba65d146.rlib" "/opt/rustwide/target/debug/deps/libpin_utils-0d8eaf4ac0fcb221.rlib" "/opt/rustwide/target/debug/deps/libfutures_core-64eaaeb4b64b7eca.rlib" "/opt/rustwide/target/debug/deps/libtokio-ff19f9beb4b2d786.rlib" "/opt/rustwide/target/debug/deps/libnum_cpus-4f548f0232752589.rlib" "/opt/rustwide/target/debug/deps/libsocket2-b65b4dc1d8157ca1.rlib" "/opt/rustwide/target/debug/deps/libmemchr-b18e4aa3c7a38625.rlib" "/opt/rustwide/target/debug/deps/libpin_project_lite-e66e1bab7310d569.rlib" "/opt/rustwide/target/debug/deps/libmio-88313ad60b701fc7.rlib" "/opt/rustwide/target/debug/deps/liblibc-9f1da8af3ea59e17.rlib" "/opt/rustwide/target/debug/deps/libhttp-0128c146bb77aa97.rlib" "/opt/rustwide/target/debug/deps/libitoa-d3fb77795e408776.rlib" "/opt/rustwide/target/debug/deps/libbytes-159062f54026df47.rlib" "/opt/rustwide/target/debug/deps/libfnv-41a559218f992797.rlib" "/opt/rustwide/target/debug/deps/liblog-e4acea3c8ca43b70.rlib" "/opt/rustwide/target/debug/deps/libcfg_if-e5e118dd7d121aaa.rlib" "/opt/rustwide/rustup-home/toolchains/1.69.0-x86_64-unknown-linux-gnu/lib/rustlib/x86_64-unknown-linux-gnu/lib/libstd-89bc084783fdc439.rlib" "/opt/rustwide/rustup-home/toolchains/1.69.0-x86_64-unknown-linux-gnu/lib/rustlib/x86_64-unknown-linux-gnu/lib/libpanic_unwind-8bee4b287d4367c1.rlib" "/opt/rustwide/rustup-home/toolchains/1.69.0-x86_64-unknown-linux-gnu/lib/rustlib/x86_64-unknown-linux-gnu/lib/libobject-d61707aed80694c0.rlib" "/opt/rustwide/rustup-home/toolchains/1.69.0-x86_64-unknown-linux-gnu/lib/rustlib/x86_64-unknown-linux-gnu/lib/libmemchr-d85366256f22345b.rlib" "/opt/rustwide/rustup-home/toolchains/1.69.0-x86_64-unknown-linux-gnu/lib/rustlib/x86_64-unknown-linux-gnu/lib/libaddr2line-96069b86b8a8cae9.rlib" "/opt/rustwide/rustup-home/toolchains/1.69.0-x86_64-unknown-linux-gnu/lib/rustlib/x86_64-unknown-linux-gnu/lib/libgimli-d19d53abf68dfa6c.rlib" "/opt/rustwide/rustup-home/toolchains/1.69.0-x86_64-unknown-linux-gnu/lib/rustlib/x86_64-unknown-linux-gnu/lib/librustc_demangle-787cbccd19d64ac6.rlib" "/opt/rustwide/rustup-home/toolchains/1.69.0-x86_64-unknown-linux-gnu/lib/rustlib/x86_64-unknown-linux-gnu/lib/libstd_detect-b3837a36b830e0d0.rlib" "/opt/rustwide/rustup-home/toolchains/1.69.0-x86_64-unknown-linux-gnu/lib/rustlib/x86_64-unknown-linux-gnu/lib/libhashbrown-e3deb0e7e3f04966.rlib" "/opt/rustwide/rustup-home/toolchains/1.69.0-x86_64-unknown-linux-gnu/lib/rustlib/x86_64-unknown-linux-gnu/lib/libminiz_oxide-dabbb79c9815def4.rlib" "/opt/rustwide/rustup-home/toolchains/1.69.0-x86_64-unknown-linux-gnu/lib/rustlib/x86_64-unknown-linux-gnu/lib/libadler-305b01f34c9409f2.rlib" "/opt/rustwide/rustup-home/toolchains/1.69.0-x86_64-unknown-linux-gnu/lib/rustlib/x86_64-unknown-linux-gnu/lib/librustc_std_workspace_alloc-f833521df6074e73.rlib" "/opt/rustwide/rustup-home/toolchains/1.69.0-x86_64-unknown-linux-gnu/lib/rustlib/x86_64-unknown-linux-gnu/lib/libunwind-9ac333113350d171.rlib" "/opt/rustwide/rustup-home/toolchains/1.69.0-x86_64-unknown-linux-gnu/lib/rustlib/x86_64-unknown-linux-gnu/lib/libcfg_if-1c126114322d0eee.rlib" "/opt/rustwide/rustup-home/toolchains/1.69.0-x86_64-unknown-linux-gnu/lib/rustlib/x86_64-unknown-linux-gnu/lib/liblibc-bad9164fdeeecf92.rlib" "/opt/rustwide/rustup-home/toolchains/1.69.0-x86_64-unknown-linux-gnu/lib/rustlib/x86_64-unknown-linux-gnu/lib/liballoc-f9374b1e480fa681.rlib" "/opt/rustwide/rustup-home/toolchains/1.69.0-x86_64-unknown-linux-gnu/lib/rustlib/x86_64-unknown-linux-gnu/lib/librustc_std_workspace_core-207f06e41d9603af.rlib" "/opt/rustwide/rustup-home/toolchains/1.69.0-x86_64-unknown-linux-gnu/lib/rustlib/x86_64-unknown-linux-gnu/lib/libcore-7e2768e66e984e85.rlib" "/opt/rustwide/rustup-home/toolchains/1.69.0-x86_64-unknown-linux-gnu/lib/rustlib/x86_64-unknown-linux-gnu/lib/libcompiler_builtins-957b4aff41f8cd46.rlib" "-Wl,-Bdynamic" "-lgcc_s" "-lutil" "-lrt" "-lpthread" "-lm" "-ldl" "-lc" "-Wl,--eh-frame-hdr" "-Wl,-z,noexecstack" "-L" "/opt/rustwide/rustup-home/toolchains/1.69.0-x86_64-unknown-linux-gnu/lib/rustlib/x86_64-unknown-linux-gnu/lib" "-o" "/opt/rustwide/target/debug/examples/columns_with_params-12634967c961fcab" "-Wl,--gc-sections" "-pie" "-Wl,-z,relro,-z,now" "-nodefaultlibs"
[INFO] [stdout]   = note: collect2: fatal error: ld terminated with signal 9 [Killed]
[INFO] [stdout]           compilation terminated.
[INFO] [stdout]           
[INFO] [stdout] 
[INFO] [stdout] 
[INFO] [stdout] error: aborting due to previous error
[INFO] [stdout] 
[INFO] [stdout] 
[INFO] [stderr] error: could not compile `smartsheet-rs` due to 2 previous errors
[INFO] [stdout] error: linking with `cc` failed: exit status: 1
[INFO] [stdout]   |
[INFO] [stdout]   = note: LC_ALL="C" PATH="/opt/rustwide/rustup-home/toolchains/1.69.0-x86_64-unknown-linux-gnu/lib/rustlib/x86_64-unknown-linux-gnu/bin:/opt/rustwide/cargo-home/bin:/usr/local/sbin:/usr/local/bin:/usr/sbin:/usr/bin:/sbin:/bin" VSLANG="1033" "cc" "-m64" "/tmp/rustcfG7h9R/symbols.o" "/opt/rustwide/target/debug/examples/sheets-d3e8c03e1fadfede.sheets.33b97f23-cgu.0.rcgu.o" "/opt/rustwide/target/debug/examples/sheets-d3e8c03e1fadfede.sheets.33b97f23-cgu.1.rcgu.o" "/opt/rustwide/target/debug/examples/sheets-d3e8c03e1fadfede.sheets.33b97f23-cgu.10.rcgu.o" "/opt/rustwide/target/debug/examples/sheets-d3e8c03e1fadfede.sheets.33b97f23-cgu.11.rcgu.o" "/opt/rustwide/target/debug/examples/sheets-d3e8c03e1fadfede.sheets.33b97f23-cgu.12.rcgu.o" "/opt/rustwide/target/debug/examples/sheets-d3e8c03e1fadfede.sheets.33b97f23-cgu.13.rcgu.o" "/opt/rustwide/target/debug/examples/sheets-d3e8c03e1fadfede.sheets.33b97f23-cgu.14.rcgu.o" "/opt/rustwide/target/debug/examples/sheets-d3e8c03e1fadfede.sheets.33b97f23-cgu.15.rcgu.o" "/opt/rustwide/target/debug/examples/sheets-d3e8c03e1fadfede.sheets.33b97f23-cgu.2.rcgu.o" "/opt/rustwide/target/debug/examples/sheets-d3e8c03e1fadfede.sheets.33b97f23-cgu.3.rcgu.o" "/opt/rustwide/target/debug/examples/sheets-d3e8c03e1fadfede.sheets.33b97f23-cgu.4.rcgu.o" "/opt/rustwide/target/debug/examples/sheets-d3e8c03e1fadfede.sheets.33b97f23-cgu.5.rcgu.o" "/opt/rustwide/target/debug/examples/sheets-d3e8c03e1fadfede.sheets.33b97f23-cgu.6.rcgu.o" "/opt/rustwide/target/debug/examples/sheets-d3e8c03e1fadfede.sheets.33b97f23-cgu.7.rcgu.o" "/opt/rustwide/target/debug/examples/sheets-d3e8c03e1fadfede.sheets.33b97f23-cgu.8.rcgu.o" "/opt/rustwide/target/debug/examples/sheets-d3e8c03e1fadfede.sheets.33b97f23-cgu.9.rcgu.o" "/opt/rustwide/target/debug/examples/sheets-d3e8c03e1fadfede.4kb5tkq1t55zgq47.rcgu.o" "-Wl,--as-needed" "-L" "/opt/rustwide/target/debug/deps" "-L" "/opt/rustwide/target/debug/build/ring-8e0695998d44f704/out" "-L" "/opt/rustwide/rustup-home/toolchains/1.69.0-x86_64-unknown-linux-gnu/lib/rustlib/x86_64-unknown-linux-gnu/lib" "-Wl,-Bstatic" "/opt/rustwide/target/debug/deps/libsensible_env_logger-ed7c1577f4c57ce8.rlib" "/opt/rustwide/target/debug/deps/libpretty_env_logger-200dc91ea82ce219.rlib" "/opt/rustwide/target/debug/deps/libenv_logger-75829b0cdbc018d1.rlib" "/opt/rustwide/target/debug/deps/libtermcolor-687878defa5df84c.rlib" "/opt/rustwide/target/debug/deps/libatty-37c2da9517ddaf1e.rlib" "/opt/rustwide/target/debug/deps/libhumantime-9b59f1f565657894.rlib" "/opt/rustwide/target/debug/deps/libquick_error-a76b5db56d6ef271.rlib" "/opt/rustwide/target/debug/deps/libregex-cd54e1f618628eec.rlib" "/opt/rustwide/target/debug/deps/libaho_corasick-70403096eb3b3026.rlib" "/opt/rustwide/target/debug/deps/libregex_syntax-4fe5184ebc0b68f9.rlib" "/opt/rustwide/target/debug/deps/libtabled-139bd30701dc1d2b.rlib" "/opt/rustwide/target/debug/deps/libpapergrid-f4671bb952a81c71.rlib" "/opt/rustwide/target/debug/deps/libunicode_width-16834311f9e77946.rlib" "/opt/rustwide/target/debug/deps/libsmartsheet_rs-05ce1a3070c5fe87.rlib" "/opt/rustwide/target/debug/deps/libhyper_rustls-78e0232170aea796.rlib" "/opt/rustwide/target/debug/deps/librustls_native_certs-6384a5dfc9993015.rlib" "/opt/rustwide/target/debug/deps/librustls_pemfile-c8bcf3c1e4c32a92.rlib" "/opt/rustwide/target/debug/deps/libbase64-007e7c1fbda2b30a.rlib" "/opt/rustwide/target/debug/deps/libopenssl_probe-2d1cd15c290ad1de.rlib" "/opt/rustwide/target/debug/deps/libtokio_rustls-71a4e62c8d5793f8.rlib" "/opt/rustwide/target/debug/deps/librustls-e94a9e7628ef8205.rlib" "/opt/rustwide/target/debug/deps/libsct-9087e7f76d9e5710.rlib" "/opt/rustwide/target/debug/deps/libwebpki-f92b228896d006d8.rlib" "/opt/rustwide/target/debug/deps/libring-78b365431fa91859.rlib" "/opt/rustwide/target/debug/deps/libspin-ba7f384cfb4b159f.rlib" "/opt/rustwide/target/debug/deps/libuntrusted-ec41ab00ed225515.rlib" "/opt/rustwide/target/debug/deps/libserde_json-ad608ba788eca3d3.rlib" "/opt/rustwide/target/debug/deps/libryu-88ed33e27302889f.rlib" "/opt/rustwide/target/debug/deps/libserde-1cc32d3b538ffcdd.rlib" "/opt/rustwide/target/debug/deps/libhyper-9d15aa5d9631385d.rlib" "/opt/rustwide/target/debug/deps/libwant-39e2e15258c9e251.rlib" "/opt/rustwide/target/debug/deps/libtry_lock-372cab8856e9ce9d.rlib" "/opt/rustwide/target/debug/deps/libhttparse-ccf81f7f581c40b8.rlib" "/opt/rustwide/target/debug/deps/libh2-51c41aaade564588.rlib" "/opt/rustwide/target/debug/deps/libindexmap-ca426f148cb16a73.rlib" "/opt/rustwide/target/debug/deps/libhashbrown-f669da50cece7aa5.rlib" "/opt/rustwide/target/debug/deps/libslab-adc206ca6c0d0a92.rlib" "/opt/rustwide/target/debug/deps/libtokio_util-4885c8fd320a238c.rlib" "/opt/rustwide/target/debug/deps/libfutures_sink-4aec2d803aa18c12.rlib" "/opt/rustwide/target/debug/deps/libtower_service-a82a463fea06a00e.rlib" "/opt/rustwide/target/debug/deps/libtracing-375ebc3438a7b37e.rlib" "/opt/rustwide/target/debug/deps/libtracing_core-d77f287471e659f5.rlib" "/opt/rustwide/target/debug/deps/libonce_cell-d1197491957c0c17.rlib" "/opt/rustwide/target/debug/deps/libfutures_channel-294427afe0d2b4d3.rlib" "/opt/rustwide/target/debug/deps/libhttp_body-85f8e16db2812707.rlib" "/opt/rustwide/target/debug/deps/libfutures_util-db3c7751e1777e96.rlib" "/opt/rustwide/target/debug/deps/libfutures_task-c9a7f605ba65d146.rlib" "/opt/rustwide/target/debug/deps/libpin_utils-0d8eaf4ac0fcb221.rlib" "/opt/rustwide/target/debug/deps/libfutures_core-64eaaeb4b64b7eca.rlib" "/opt/rustwide/target/debug/deps/libtokio-ff19f9beb4b2d786.rlib" "/opt/rustwide/target/debug/deps/libnum_cpus-4f548f0232752589.rlib" "/opt/rustwide/target/debug/deps/libsocket2-b65b4dc1d8157ca1.rlib" "/opt/rustwide/target/debug/deps/libmemchr-b18e4aa3c7a38625.rlib" "/opt/rustwide/target/debug/deps/libpin_project_lite-e66e1bab7310d569.rlib" "/opt/rustwide/target/debug/deps/libmio-88313ad60b701fc7.rlib" "/opt/rustwide/target/debug/deps/liblibc-9f1da8af3ea59e17.rlib" "/opt/rustwide/target/debug/deps/libhttp-0128c146bb77aa97.rlib" "/opt/rustwide/target/debug/deps/libitoa-d3fb77795e408776.rlib" "/opt/rustwide/target/debug/deps/libbytes-159062f54026df47.rlib" "/opt/rustwide/target/debug/deps/libfnv-41a559218f992797.rlib" "/opt/rustwide/target/debug/deps/liblog-e4acea3c8ca43b70.rlib" "/opt/rustwide/target/debug/deps/libcfg_if-e5e118dd7d121aaa.rlib" "/opt/rustwide/rustup-home/toolchains/1.69.0-x86_64-unknown-linux-gnu/lib/rustlib/x86_64-unknown-linux-gnu/lib/libstd-89bc084783fdc439.rlib" "/opt/rustwide/rustup-home/toolchains/1.69.0-x86_64-unknown-linux-gnu/lib/rustlib/x86_64-unknown-linux-gnu/lib/libpanic_unwind-8bee4b287d4367c1.rlib" "/opt/rustwide/rustup-home/toolchains/1.69.0-x86_64-unknown-linux-gnu/lib/rustlib/x86_64-unknown-linux-gnu/lib/libobject-d61707aed80694c0.rlib" "/opt/rustwide/rustup-home/toolchains/1.69.0-x86_64-unknown-linux-gnu/lib/rustlib/x86_64-unknown-linux-gnu/lib/libmemchr-d85366256f22345b.rlib" "/opt/rustwide/rustup-home/toolchains/1.69.0-x86_64-unknown-linux-gnu/lib/rustlib/x86_64-unknown-linux-gnu/lib/libaddr2line-96069b86b8a8cae9.rlib" "/opt/rustwide/rustup-home/toolchains/1.69.0-x86_64-unknown-linux-gnu/lib/rustlib/x86_64-unknown-linux-gnu/lib/libgimli-d19d53abf68dfa6c.rlib" "/opt/rustwide/rustup-home/toolchains/1.69.0-x86_64-unknown-linux-gnu/lib/rustlib/x86_64-unknown-linux-gnu/lib/librustc_demangle-787cbccd19d64ac6.rlib" "/opt/rustwide/rustup-home/toolchains/1.69.0-x86_64-unknown-linux-gnu/lib/rustlib/x86_64-unknown-linux-gnu/lib/libstd_detect-b3837a36b830e0d0.rlib" "/opt/rustwide/rustup-home/toolchains/1.69.0-x86_64-unknown-linux-gnu/lib/rustlib/x86_64-unknown-linux-gnu/lib/libhashbrown-e3deb0e7e3f04966.rlib" "/opt/rustwide/rustup-home/toolchains/1.69.0-x86_64-unknown-linux-gnu/lib/rustlib/x86_64-unknown-linux-gnu/lib/libminiz_oxide-dabbb79c9815def4.rlib" "/opt/rustwide/rustup-home/toolchains/1.69.0-x86_64-unknown-linux-gnu/lib/rustlib/x86_64-unknown-linux-gnu/lib/libadler-305b01f34c9409f2.rlib" "/opt/rustwide/rustup-home/toolchains/1.69.0-x86_64-unknown-linux-gnu/lib/rustlib/x86_64-unknown-linux-gnu/lib/librustc_std_workspace_alloc-f833521df6074e73.rlib" "/opt/rustwide/rustup-home/toolchains/1.69.0-x86_64-unknown-linux-gnu/lib/rustlib/x86_64-unknown-linux-gnu/lib/libunwind-9ac333113350d171.rlib" "/opt/rustwide/rustup-home/toolchains/1.69.0-x86_64-unknown-linux-gnu/lib/rustlib/x86_64-unknown-linux-gnu/lib/libcfg_if-1c126114322d0eee.rlib" "/opt/rustwide/rustup-home/toolchains/1.69.0-x86_64-unknown-linux-gnu/lib/rustlib/x86_64-unknown-linux-gnu/lib/liblibc-bad9164fdeeecf92.rlib" "/opt/rustwide/rustup-home/toolchains/1.69.0-x86_64-unknown-linux-gnu/lib/rustlib/x86_64-unknown-linux-gnu/lib/liballoc-f9374b1e480fa681.rlib" "/opt/rustwide/rustup-home/toolchains/1.69.0-x86_64-unknown-linux-gnu/lib/rustlib/x86_64-unknown-linux-gnu/lib/librustc_std_workspace_core-207f06e41d9603af.rlib" "/opt/rustwide/rustup-home/toolchains/1.69.0-x86_64-unknown-linux-gnu/lib/rustlib/x86_64-unknown-linux-gnu/lib/libcore-7e2768e66e984e85.rlib" "/opt/rustwide/rustup-home/toolchains/1.69.0-x86_64-unknown-linux-gnu/lib/rustlib/x86_64-unknown-linux-gnu/lib/libcompiler_builtins-957b4aff41f8cd46.rlib" "-Wl,-Bdynamic" "-lgcc_s" "-lutil" "-lrt" "-lpthread" "-lm" "-ldl" "-lc" "-Wl,--eh-frame-hdr" "-Wl,-z,noexecstack" "-L" "/opt/rustwide/rustup-home/toolchains/1.69.0-x86_64-unknown-linux-gnu/lib/rustlib/x86_64-unknown-linux-gnu/lib" "-o" "/opt/rustwide/target/debug/examples/sheets-d3e8c03e1fadfede" "-Wl,--gc-sections" "-pie" "-Wl,-z,relro,-z,now" "-nodefaultlibs"
[INFO] [stdout]   = note: collect2: fatal error: ld terminated with signal 9 [Killed]
[INFO] [stdout]           compilation terminated.
[INFO] [stdout]           
[INFO] [stdout] 
[INFO] [stdout] 
[INFO] [stdout] error: aborting due to previous error
[INFO] [stdout] 
[INFO] [stdout] 
[INFO] [stderr] error: could not compile `smartsheet-rs` due to 2 previous errors
[INFO] [stdout] error: linking with `cc` failed: exit status: 1
[INFO] [stdout]   |
[INFO] [stdout]   = note: LC_ALL="C" PATH="/opt/rustwide/rustup-home/toolchains/1.69.0-x86_64-unknown-linux-gnu/lib/rustlib/x86_64-unknown-linux-gnu/bin:/opt/rustwide/cargo-home/bin:/usr/local/sbin:/usr/local/bin:/usr/sbin:/usr/bin:/sbin:/bin" VSLANG="1033" "cc" "-m64" "/tmp/rustcvkOgB0/symbols.o" "/opt/rustwide/target/debug/examples/rows_add-fd0df4d2b0039b2e.rows_add.8cfb976f-cgu.0.rcgu.o" "/opt/rustwide/target/debug/examples/rows_add-fd0df4d2b0039b2e.rows_add.8cfb976f-cgu.1.rcgu.o" "/opt/rustwide/target/debug/examples/rows_add-fd0df4d2b0039b2e.rows_add.8cfb976f-cgu.10.rcgu.o" "/opt/rustwide/target/debug/examples/rows_add-fd0df4d2b0039b2e.rows_add.8cfb976f-cgu.11.rcgu.o" "/opt/rustwide/target/debug/examples/rows_add-fd0df4d2b0039b2e.rows_add.8cfb976f-cgu.12.rcgu.o" "/opt/rustwide/target/debug/examples/rows_add-fd0df4d2b0039b2e.rows_add.8cfb976f-cgu.13.rcgu.o" "/opt/rustwide/target/debug/examples/rows_add-fd0df4d2b0039b2e.rows_add.8cfb976f-cgu.14.rcgu.o" "/opt/rustwide/target/debug/examples/rows_add-fd0df4d2b0039b2e.rows_add.8cfb976f-cgu.15.rcgu.o" "/opt/rustwide/target/debug/examples/rows_add-fd0df4d2b0039b2e.rows_add.8cfb976f-cgu.2.rcgu.o" "/opt/rustwide/target/debug/examples/rows_add-fd0df4d2b0039b2e.rows_add.8cfb976f-cgu.3.rcgu.o" "/opt/rustwide/target/debug/examples/rows_add-fd0df4d2b0039b2e.rows_add.8cfb976f-cgu.4.rcgu.o" "/opt/rustwide/target/debug/examples/rows_add-fd0df4d2b0039b2e.rows_add.8cfb976f-cgu.5.rcgu.o" "/opt/rustwide/target/debug/examples/rows_add-fd0df4d2b0039b2e.rows_add.8cfb976f-cgu.6.rcgu.o" "/opt/rustwide/target/debug/examples/rows_add-fd0df4d2b0039b2e.rows_add.8cfb976f-cgu.7.rcgu.o" "/opt/rustwide/target/debug/examples/rows_add-fd0df4d2b0039b2e.rows_add.8cfb976f-cgu.8.rcgu.o" "/opt/rustwide/target/debug/examples/rows_add-fd0df4d2b0039b2e.rows_add.8cfb976f-cgu.9.rcgu.o" "/opt/rustwide/target/debug/examples/rows_add-fd0df4d2b0039b2e.4l5hs6lgtcf61b32.rcgu.o" "-Wl,--as-needed" "-L" "/opt/rustwide/target/debug/deps" "-L" "/opt/rustwide/target/debug/build/ring-8e0695998d44f704/out" "-L" "/opt/rustwide/rustup-home/toolchains/1.69.0-x86_64-unknown-linux-gnu/lib/rustlib/x86_64-unknown-linux-gnu/lib" "-Wl,-Bstatic" "/opt/rustwide/target/debug/deps/libsensible_env_logger-ed7c1577f4c57ce8.rlib" "/opt/rustwide/target/debug/deps/libpretty_env_logger-200dc91ea82ce219.rlib" "/opt/rustwide/target/debug/deps/libenv_logger-75829b0cdbc018d1.rlib" "/opt/rustwide/target/debug/deps/libtermcolor-687878defa5df84c.rlib" "/opt/rustwide/target/debug/deps/libatty-37c2da9517ddaf1e.rlib" "/opt/rustwide/target/debug/deps/libhumantime-9b59f1f565657894.rlib" "/opt/rustwide/target/debug/deps/libquick_error-a76b5db56d6ef271.rlib" "/opt/rustwide/target/debug/deps/libregex-cd54e1f618628eec.rlib" "/opt/rustwide/target/debug/deps/libaho_corasick-70403096eb3b3026.rlib" "/opt/rustwide/target/debug/deps/libregex_syntax-4fe5184ebc0b68f9.rlib" "/opt/rustwide/target/debug/deps/libsmartsheet_rs-05ce1a3070c5fe87.rlib" "/opt/rustwide/target/debug/deps/libhyper_rustls-78e0232170aea796.rlib" "/opt/rustwide/target/debug/deps/librustls_native_certs-6384a5dfc9993015.rlib" "/opt/rustwide/target/debug/deps/librustls_pemfile-c8bcf3c1e4c32a92.rlib" "/opt/rustwide/target/debug/deps/libbase64-007e7c1fbda2b30a.rlib" "/opt/rustwide/target/debug/deps/libopenssl_probe-2d1cd15c290ad1de.rlib" "/opt/rustwide/target/debug/deps/libtokio_rustls-71a4e62c8d5793f8.rlib" "/opt/rustwide/target/debug/deps/librustls-e94a9e7628ef8205.rlib" "/opt/rustwide/target/debug/deps/libsct-9087e7f76d9e5710.rlib" "/opt/rustwide/target/debug/deps/libwebpki-f92b228896d006d8.rlib" "/opt/rustwide/target/debug/deps/libring-78b365431fa91859.rlib" "/opt/rustwide/target/debug/deps/libspin-ba7f384cfb4b159f.rlib" "/opt/rustwide/target/debug/deps/libuntrusted-ec41ab00ed225515.rlib" "/opt/rustwide/target/debug/deps/libserde_json-ad608ba788eca3d3.rlib" "/opt/rustwide/target/debug/deps/libryu-88ed33e27302889f.rlib" "/opt/rustwide/target/debug/deps/libserde-1cc32d3b538ffcdd.rlib" "/opt/rustwide/target/debug/deps/libhyper-9d15aa5d9631385d.rlib" "/opt/rustwide/target/debug/deps/libwant-39e2e15258c9e251.rlib" "/opt/rustwide/target/debug/deps/libtry_lock-372cab8856e9ce9d.rlib" "/opt/rustwide/target/debug/deps/libhttparse-ccf81f7f581c40b8.rlib" "/opt/rustwide/target/debug/deps/libh2-51c41aaade564588.rlib" "/opt/rustwide/target/debug/deps/libindexmap-ca426f148cb16a73.rlib" "/opt/rustwide/target/debug/deps/libhashbrown-f669da50cece7aa5.rlib" "/opt/rustwide/target/debug/deps/libslab-adc206ca6c0d0a92.rlib" "/opt/rustwide/target/debug/deps/libtokio_util-4885c8fd320a238c.rlib" "/opt/rustwide/target/debug/deps/libfutures_sink-4aec2d803aa18c12.rlib" "/opt/rustwide/target/debug/deps/libtower_service-a82a463fea06a00e.rlib" "/opt/rustwide/target/debug/deps/libtracing-375ebc3438a7b37e.rlib" "/opt/rustwide/target/debug/deps/libtracing_core-d77f287471e659f5.rlib" "/opt/rustwide/target/debug/deps/libonce_cell-d1197491957c0c17.rlib" "/opt/rustwide/target/debug/deps/libfutures_channel-294427afe0d2b4d3.rlib" "/opt/rustwide/target/debug/deps/libhttp_body-85f8e16db2812707.rlib" "/opt/rustwide/target/debug/deps/libfutures_util-db3c7751e1777e96.rlib" "/opt/rustwide/target/debug/deps/libfutures_task-c9a7f605ba65d146.rlib" "/opt/rustwide/target/debug/deps/libpin_utils-0d8eaf4ac0fcb221.rlib" "/opt/rustwide/target/debug/deps/libfutures_core-64eaaeb4b64b7eca.rlib" "/opt/rustwide/target/debug/deps/libtokio-ff19f9beb4b2d786.rlib" "/opt/rustwide/target/debug/deps/libnum_cpus-4f548f0232752589.rlib" "/opt/rustwide/target/debug/deps/libsocket2-b65b4dc1d8157ca1.rlib" "/opt/rustwide/target/debug/deps/libmemchr-b18e4aa3c7a38625.rlib" "/opt/rustwide/target/debug/deps/libpin_project_lite-e66e1bab7310d569.rlib" "/opt/rustwide/target/debug/deps/libmio-88313ad60b701fc7.rlib" "/opt/rustwide/target/debug/deps/liblibc-9f1da8af3ea59e17.rlib" "/opt/rustwide/target/debug/deps/libhttp-0128c146bb77aa97.rlib" "/opt/rustwide/target/debug/deps/libitoa-d3fb77795e408776.rlib" "/opt/rustwide/target/debug/deps/libbytes-159062f54026df47.rlib" "/opt/rustwide/target/debug/deps/libfnv-41a559218f992797.rlib" "/opt/rustwide/target/debug/deps/liblog-e4acea3c8ca43b70.rlib" "/opt/rustwide/target/debug/deps/libcfg_if-e5e118dd7d121aaa.rlib" "/opt/rustwide/rustup-home/toolchains/1.69.0-x86_64-unknown-linux-gnu/lib/rustlib/x86_64-unknown-linux-gnu/lib/libstd-89bc084783fdc439.rlib" "/opt/rustwide/rustup-home/toolchains/1.69.0-x86_64-unknown-linux-gnu/lib/rustlib/x86_64-unknown-linux-gnu/lib/libpanic_unwind-8bee4b287d4367c1.rlib" "/opt/rustwide/rustup-home/toolchains/1.69.0-x86_64-unknown-linux-gnu/lib/rustlib/x86_64-unknown-linux-gnu/lib/libobject-d61707aed80694c0.rlib" "/opt/rustwide/rustup-home/toolchains/1.69.0-x86_64-unknown-linux-gnu/lib/rustlib/x86_64-unknown-linux-gnu/lib/libmemchr-d85366256f22345b.rlib" "/opt/rustwide/rustup-home/toolchains/1.69.0-x86_64-unknown-linux-gnu/lib/rustlib/x86_64-unknown-linux-gnu/lib/libaddr2line-96069b86b8a8cae9.rlib" "/opt/rustwide/rustup-home/toolchains/1.69.0-x86_64-unknown-linux-gnu/lib/rustlib/x86_64-unknown-linux-gnu/lib/libgimli-d19d53abf68dfa6c.rlib" "/opt/rustwide/rustup-home/toolchains/1.69.0-x86_64-unknown-linux-gnu/lib/rustlib/x86_64-unknown-linux-gnu/lib/librustc_demangle-787cbccd19d64ac6.rlib" "/opt/rustwide/rustup-home/toolchains/1.69.0-x86_64-unknown-linux-gnu/lib/rustlib/x86_64-unknown-linux-gnu/lib/libstd_detect-b3837a36b830e0d0.rlib" "/opt/rustwide/rustup-home/toolchains/1.69.0-x86_64-unknown-linux-gnu/lib/rustlib/x86_64-unknown-linux-gnu/lib/libhashbrown-e3deb0e7e3f04966.rlib" "/opt/rustwide/rustup-home/toolchains/1.69.0-x86_64-unknown-linux-gnu/lib/rustlib/x86_64-unknown-linux-gnu/lib/libminiz_oxide-dabbb79c9815def4.rlib" "/opt/rustwide/rustup-home/toolchains/1.69.0-x86_64-unknown-linux-gnu/lib/rustlib/x86_64-unknown-linux-gnu/lib/libadler-305b01f34c9409f2.rlib" "/opt/rustwide/rustup-home/toolchains/1.69.0-x86_64-unknown-linux-gnu/lib/rustlib/x86_64-unknown-linux-gnu/lib/librustc_std_workspace_alloc-f833521df6074e73.rlib" "/opt/rustwide/rustup-home/toolchains/1.69.0-x86_64-unknown-linux-gnu/lib/rustlib/x86_64-unknown-linux-gnu/lib/libunwind-9ac333113350d171.rlib" "/opt/rustwide/rustup-home/toolchains/1.69.0-x86_64-unknown-linux-gnu/lib/rustlib/x86_64-unknown-linux-gnu/lib/libcfg_if-1c126114322d0eee.rlib" "/opt/rustwide/rustup-home/toolchains/1.69.0-x86_64-unknown-linux-gnu/lib/rustlib/x86_64-unknown-linux-gnu/lib/liblibc-bad9164fdeeecf92.rlib" "/opt/rustwide/rustup-home/toolchains/1.69.0-x86_64-unknown-linux-gnu/lib/rustlib/x86_64-unknown-linux-gnu/lib/liballoc-f9374b1e480fa681.rlib" "/opt/rustwide/rustup-home/toolchains/1.69.0-x86_64-unknown-linux-gnu/lib/rustlib/x86_64-unknown-linux-gnu/lib/librustc_std_workspace_core-207f06e41d9603af.rlib" "/opt/rustwide/rustup-home/toolchains/1.69.0-x86_64-unknown-linux-gnu/lib/rustlib/x86_64-unknown-linux-gnu/lib/libcore-7e2768e66e984e85.rlib" "/opt/rustwide/rustup-home/toolchains/1.69.0-x86_64-unknown-linux-gnu/lib/rustlib/x86_64-unknown-linux-gnu/lib/libcompiler_builtins-957b4aff41f8cd46.rlib" "-Wl,-Bdynamic" "-lgcc_s" "-lutil" "-lrt" "-lpthread" "-lm" "-ldl" "-lc" "-Wl,--eh-frame-hdr" "-Wl,-z,noexecstack" "-L" "/opt/rustwide/rustup-home/toolchains/1.69.0-x86_64-unknown-linux-gnu/lib/rustlib/x86_64-unknown-linux-gnu/lib" "-o" "/opt/rustwide/target/debug/examples/rows_add-fd0df4d2b0039b2e" "-Wl,--gc-sections" "-pie" "-Wl,-z,relro,-z,now" "-nodefaultlibs"
[INFO] [stdout]   = note: collect2: fatal error: ld terminated with signal 9 [Killed]
[INFO] [stdout]           compilation terminated.
[INFO] [stdout]           
[INFO] [stdout] 
[INFO] [stdout] 
[INFO] [stdout] error: aborting due to previous error
[INFO] [stdout] 
[INFO] [stdout] 
[INFO] [stderr] error: could not compile `smartsheet-rs` due to 2 previous errors
[INFO] running `Command { std: "docker" "inspect" "ed2cd9de25e65f1e8037f34f31b0d881f201b92142d4bfd75313373621f90736", kill_on_drop: false }`
[INFO] running `Command { std: "docker" "rm" "-f" "ed2cd9de25e65f1e8037f34f31b0d881f201b92142d4bfd75313373621f90736", kill_on_drop: false }`
[INFO] [stdout] ed2cd9de25e65f1e8037f34f31b0d881f201b92142d4bfd75313373621f90736
