[INFO] fetching crate simple 0.3.0...
[INFO] testing simple-0.3.0 against beta-2023-04-20 for beta-1.70-1
[INFO] extracting crate simple 0.3.0 into /workspace/builds/worker-6-tc2/source
[INFO] validating manifest of crates.io crate simple 0.3.0 on toolchain beta-2023-04-20
[INFO] running `Command { std: CARGO_HOME="/workspace/cargo-home" RUSTUP_HOME="/workspace/rustup-home" "/workspace/cargo-home/bin/cargo" "+beta-2023-04-20" "metadata" "--manifest-path" "Cargo.toml" "--no-deps", kill_on_drop: false }`
[INFO] started tweaking crates.io crate simple 0.3.0
[INFO] finished tweaking crates.io crate simple 0.3.0
[INFO] tweaked toml for crates.io crate simple 0.3.0 written to /workspace/builds/worker-6-tc2/source/Cargo.toml
[INFO] running `Command { std: CARGO_HOME="/workspace/cargo-home" RUSTUP_HOME="/workspace/rustup-home" __CARGO_TEST_CHANNEL_OVERRIDE_DO_NOT_USE_THIS="nightly" "/workspace/cargo-home/bin/cargo" "+beta-2023-04-20" "generate-lockfile" "--manifest-path" "Cargo.toml" "-Zno-index-update", kill_on_drop: false }`
[INFO] running `Command { std: CARGO_HOME="/workspace/cargo-home" RUSTUP_HOME="/workspace/rustup-home" "/workspace/cargo-home/bin/cargo" "+beta-2023-04-20" "fetch" "--manifest-path" "Cargo.toml", kill_on_drop: false }`
[INFO] [stderr]  Downloading crates ...
[INFO] [stderr]   Downloaded num-complex v0.1.43
[INFO] [stderr]   Downloaded num-bigint v0.1.44
[INFO] [stderr]   Downloaded num-rational v0.1.42
[INFO] running `Command { std: "docker" "create" "-v" "/var/lib/crater-agent-workspace/builds/worker-6-tc2/target:/opt/rustwide/target:rw,Z" "-v" "/var/lib/crater-agent-workspace/builds/worker-6-tc2/source:/opt/rustwide/workdir:ro,Z" "-v" "/var/lib/crater-agent-workspace/cargo-home:/opt/rustwide/cargo-home:ro,Z" "-v" "/var/lib/crater-agent-workspace/rustup-home:/opt/rustwide/rustup-home:ro,Z" "-e" "SOURCE_DIR=/opt/rustwide/workdir" "-e" "CARGO_TARGET_DIR=/opt/rustwide/target" "-e" "CARGO_HOME=/opt/rustwide/cargo-home" "-e" "RUSTUP_HOME=/opt/rustwide/rustup-home" "-w" "/opt/rustwide/workdir" "-m" "1610612736" "--user" "0:0" "--network" "none" "ghcr.io/rust-lang/crates-build-env/linux@sha256:5ff2268d62e97bff2cde7d5815dd6ed5b47097566f13b8d0ca110b04b60e07ed" "/opt/rustwide/cargo-home/bin/cargo" "+beta-2023-04-20" "metadata" "--no-deps" "--format-version=1", kill_on_drop: false }`
[INFO] [stdout] 15ea8bc7d9a8c2dc6fe1a0564d90bb5427a6cf09828ed78d80d297e43490b526
[INFO] running `Command { std: "docker" "start" "-a" "15ea8bc7d9a8c2dc6fe1a0564d90bb5427a6cf09828ed78d80d297e43490b526", kill_on_drop: false }`
[INFO] running `Command { std: "docker" "inspect" "15ea8bc7d9a8c2dc6fe1a0564d90bb5427a6cf09828ed78d80d297e43490b526", kill_on_drop: false }`
[INFO] running `Command { std: "docker" "rm" "-f" "15ea8bc7d9a8c2dc6fe1a0564d90bb5427a6cf09828ed78d80d297e43490b526", kill_on_drop: false }`
[INFO] [stdout] 15ea8bc7d9a8c2dc6fe1a0564d90bb5427a6cf09828ed78d80d297e43490b526
[INFO] running `Command { std: "docker" "create" "-v" "/var/lib/crater-agent-workspace/builds/worker-6-tc2/target:/opt/rustwide/target:rw,Z" "-v" "/var/lib/crater-agent-workspace/builds/worker-6-tc2/source:/opt/rustwide/workdir:ro,Z" "-v" "/var/lib/crater-agent-workspace/cargo-home:/opt/rustwide/cargo-home:ro,Z" "-v" "/var/lib/crater-agent-workspace/rustup-home:/opt/rustwide/rustup-home:ro,Z" "-e" "SOURCE_DIR=/opt/rustwide/workdir" "-e" "CARGO_TARGET_DIR=/opt/rustwide/target" "-e" "CARGO_INCREMENTAL=0" "-e" "RUST_BACKTRACE=full" "-e" "RUSTFLAGS=--cap-lints=warn" "-e" "RUSTDOCFLAGS=--cap-lints=warn" "-e" "CARGO_HOME=/opt/rustwide/cargo-home" "-e" "RUSTUP_HOME=/opt/rustwide/rustup-home" "-w" "/opt/rustwide/workdir" "-m" "1610612736" "--user" "0:0" "--network" "none" "ghcr.io/rust-lang/crates-build-env/linux@sha256:5ff2268d62e97bff2cde7d5815dd6ed5b47097566f13b8d0ca110b04b60e07ed" "/opt/rustwide/cargo-home/bin/cargo" "+beta-2023-04-20" "build" "--frozen" "--message-format=json", kill_on_drop: false }`
[INFO] [stdout] 59497a896c572ec4f668d69529004d4a32a0662842b1cc77972395693b1d3c32
[INFO] running `Command { std: "docker" "start" "-a" "59497a896c572ec4f668d69529004d4a32a0662842b1cc77972395693b1d3c32", kill_on_drop: false }`
[INFO] [stderr]    Compiling libc v0.2.142
[INFO] [stderr]    Compiling autocfg v0.1.8
[INFO] [stderr]    Compiling rand_core v0.4.2
[INFO] [stderr]    Compiling num-traits v0.2.15
[INFO] [stderr]    Compiling num-integer v0.1.45
[INFO] [stderr]    Compiling cfg-if v0.1.10
[INFO] [stderr]    Compiling rustc-serialize v0.3.24
[INFO] [stderr]    Compiling num-iter v0.1.43
[INFO] [stderr]    Compiling sdl2 v0.32.2
[INFO] [stderr]    Compiling libc v0.1.12
[INFO] [stderr]    Compiling sdl2-sys v0.32.6
[INFO] [stderr]    Compiling rand_pcg v0.1.2
[INFO] [stderr]    Compiling rand_chacha v0.1.1
[INFO] [stderr]    Compiling rand v0.6.5
[INFO] [stderr]    Compiling rand_core v0.3.1
[INFO] [stderr]    Compiling rand_jitter v0.1.4
[INFO] [stderr]    Compiling rand_hc v0.1.0
[INFO] [stderr]    Compiling rand_xorshift v0.1.1
[INFO] [stderr]    Compiling rand_isaac v0.1.1
[INFO] [stderr]    Compiling rand v0.4.6
[INFO] [stderr]    Compiling rand_os v0.1.3
[INFO] [stderr]    Compiling num-complex v0.1.43
[INFO] [stderr]    Compiling num-bigint v0.1.44
[INFO] [stderr]    Compiling rand v0.3.23
[INFO] [stderr]    Compiling num-rational v0.1.42
[INFO] [stderr]    Compiling num v0.1.42
[INFO] [stderr]    Compiling simple v0.3.0 (/opt/rustwide/workdir)
[INFO] [stdout] warning: unnecessary parentheses around match arm expression
[INFO] [stdout]    --> src/window.rs:130:32
[INFO] [stdout]     |
[INFO] [stdout] 130 |                     Some(e) => (self.event_queue.push(e)),
[INFO] [stdout]     |                                ^                        ^
[INFO] [stdout]     |
[INFO] [stdout]     = note: `#[warn(unused_parens)]` on by default
[INFO] [stdout] help: remove these parentheses
[INFO] [stdout]     |
[INFO] [stdout] 130 -                     Some(e) => (self.event_queue.push(e)),
[INFO] [stdout] 130 +                     Some(e) => self.event_queue.push(e),
[INFO] [stdout]     |
[INFO] [stdout] 
[INFO] [stdout] 
[INFO] [stdout] warning: use of deprecated macro `try`: use the `?` operator instead
[INFO] [stdout]    --> src/window.rs:360:27
[INFO] [stdout]     |
[INFO] [stdout] 360 |         let mut texture = try!(self.canvas.texture_creator().load_texture(&filename));
[INFO] [stdout]     |                           ^^^
[INFO] [stdout]     |
[INFO] [stdout]     = note: `#[warn(deprecated)]` on by default
[INFO] [stdout] 
[INFO] [stdout] 
[INFO] [stdout] warning: use of deprecated macro `try`: use the `?` operator instead
[INFO] [stdout]    --> src/window.rs:373:21
[INFO] [stdout]     |
[INFO] [stdout] 373 |         let rwops = try!(rwops::RWops::from_bytes(data));
[INFO] [stdout]     |                     ^^^
[INFO] [stdout] 
[INFO] [stdout] 
[INFO] [stdout] warning: use of deprecated macro `try`: use the `?` operator instead
[INFO] [stdout]    --> src/window.rs:374:38
[INFO] [stdout]     |
[INFO] [stdout] 374 |         let surf: surface::Surface = try!(rwops.load());
[INFO] [stdout]     |                                      ^^^
[INFO] [stdout] 
[INFO] [stdout] 
[INFO] [stdout] warning: use of deprecated macro `try`: use the `?` operator instead
[INFO] [stdout]    --> src/window.rs:464:38
[INFO] [stdout]     |
[INFO] [stdout] 464 |         let surf: surface::Surface = try!(LoadSurface::from_file(filename));
[INFO] [stdout]     |                                      ^^^
[INFO] [stdout] 
[INFO] [stdout] 
[INFO] [stdout] warning: use of deprecated macro `try`: use the `?` operator instead
[INFO] [stdout]    --> src/window.rs:472:21
[INFO] [stdout]     |
[INFO] [stdout] 472 |         let rwops = try!(rwops::RWops::from_bytes(data));
[INFO] [stdout]     |                     ^^^
[INFO] [stdout] 
[INFO] [stdout] 
[INFO] [stdout] warning: use of deprecated macro `try`: use the `?` operator instead
[INFO] [stdout]    --> src/window.rs:473:38
[INFO] [stdout]     |
[INFO] [stdout] 473 |         let surf: surface::Surface = try!(rwops.load());
[INFO] [stdout]     |                                      ^^^
[INFO] [stdout] 
[INFO] [stdout] 
[INFO] [stdout] warning: 7 warnings emitted
[INFO] [stdout] 
[INFO] [stdout] 
[INFO] [stderr]     Finished dev [unoptimized + debuginfo] target(s) in 5.00s
[INFO] [stderr] warning: the following packages contain code that will be rejected by a future version of Rust: rustc-serialize v0.3.24
[INFO] [stderr] note: to see what the problems were, use the option `--future-incompat-report`, or run `cargo report future-incompatibilities --id 1`
[INFO] running `Command { std: "docker" "inspect" "59497a896c572ec4f668d69529004d4a32a0662842b1cc77972395693b1d3c32", kill_on_drop: false }`
[INFO] running `Command { std: "docker" "rm" "-f" "59497a896c572ec4f668d69529004d4a32a0662842b1cc77972395693b1d3c32", kill_on_drop: false }`
[INFO] [stdout] 59497a896c572ec4f668d69529004d4a32a0662842b1cc77972395693b1d3c32
[INFO] running `Command { std: "docker" "create" "-v" "/var/lib/crater-agent-workspace/builds/worker-6-tc2/target:/opt/rustwide/target:rw,Z" "-v" "/var/lib/crater-agent-workspace/builds/worker-6-tc2/source:/opt/rustwide/workdir:ro,Z" "-v" "/var/lib/crater-agent-workspace/cargo-home:/opt/rustwide/cargo-home:ro,Z" "-v" "/var/lib/crater-agent-workspace/rustup-home:/opt/rustwide/rustup-home:ro,Z" "-e" "SOURCE_DIR=/opt/rustwide/workdir" "-e" "CARGO_TARGET_DIR=/opt/rustwide/target" "-e" "CARGO_INCREMENTAL=0" "-e" "RUST_BACKTRACE=full" "-e" "RUSTFLAGS=--cap-lints=warn" "-e" "RUSTDOCFLAGS=--cap-lints=warn" "-e" "CARGO_HOME=/opt/rustwide/cargo-home" "-e" "RUSTUP_HOME=/opt/rustwide/rustup-home" "-w" "/opt/rustwide/workdir" "-m" "1610612736" "--user" "0:0" "--network" "none" "ghcr.io/rust-lang/crates-build-env/linux@sha256:5ff2268d62e97bff2cde7d5815dd6ed5b47097566f13b8d0ca110b04b60e07ed" "/opt/rustwide/cargo-home/bin/cargo" "+beta-2023-04-20" "test" "--frozen" "--no-run" "--message-format=json", kill_on_drop: false }`
[INFO] [stdout] de9298702a7e59f7a6319cb64df47864b31e4130a28fa965bfa3dfece880aa3c
[INFO] running `Command { std: "docker" "start" "-a" "de9298702a7e59f7a6319cb64df47864b31e4130a28fa965bfa3dfece880aa3c", kill_on_drop: false }`
[INFO] [stdout] warning: unnecessary parentheses around match arm expression
[INFO] [stdout]    --> src/window.rs:130:32
[INFO] [stdout]     |
[INFO] [stdout] 130 |                     Some(e) => (self.event_queue.push(e)),
[INFO] [stdout]     |                                ^                        ^
[INFO] [stdout]     |
[INFO] [stdout]     = note: `#[warn(unused_parens)]` on by default
[INFO] [stdout] help: remove these parentheses
[INFO] [stdout]     |
[INFO] [stdout] 130 -                     Some(e) => (self.event_queue.push(e)),
[INFO] [stdout] 130 +                     Some(e) => self.event_queue.push(e),
[INFO] [stdout]     |
[INFO] [stdout] 
[INFO] [stdout] 
[INFO] [stdout] warning: use of deprecated macro `try`: use the `?` operator instead
[INFO] [stdout]    --> src/window.rs:360:27
[INFO] [stdout]     |
[INFO] [stdout] 360 |         let mut texture = try!(self.canvas.texture_creator().load_texture(&filename));
[INFO] [stdout]     |                           ^^^
[INFO] [stdout]     |
[INFO] [stdout]     = note: `#[warn(deprecated)]` on by default
[INFO] [stdout] 
[INFO] [stdout] 
[INFO] [stdout] warning: use of deprecated macro `try`: use the `?` operator instead
[INFO] [stdout]    --> src/window.rs:373:21
[INFO] [stdout]     |
[INFO] [stdout] 373 |         let rwops = try!(rwops::RWops::from_bytes(data));
[INFO] [stdout]     |                     ^^^
[INFO] [stdout] 
[INFO] [stdout] 
[INFO] [stdout] warning: use of deprecated macro `try`: use the `?` operator instead
[INFO] [stdout]    --> src/window.rs:374:38
[INFO] [stdout]     |
[INFO] [stdout] 374 |         let surf: surface::Surface = try!(rwops.load());
[INFO] [stdout]     |                                      ^^^
[INFO] [stdout] 
[INFO] [stdout] 
[INFO] [stdout] warning: use of deprecated macro `try`: use the `?` operator instead
[INFO] [stdout]    --> src/window.rs:464:38
[INFO] [stdout]     |
[INFO] [stdout] 464 |         let surf: surface::Surface = try!(LoadSurface::from_file(filename));
[INFO] [stdout]     |                                      ^^^
[INFO] [stdout] 
[INFO] [stdout] 
[INFO] [stdout] warning: use of deprecated macro `try`: use the `?` operator instead
[INFO] [stdout]    --> src/window.rs:472:21
[INFO] [stdout]     |
[INFO] [stdout] 472 |         let rwops = try!(rwops::RWops::from_bytes(data));
[INFO] [stdout]     |                     ^^^
[INFO] [stdout] 
[INFO] [stdout] 
[INFO] [stdout] warning: use of deprecated macro `try`: use the `?` operator instead
[INFO] [stdout]    --> src/window.rs:473:38
[INFO] [stdout]     |
[INFO] [stdout] 473 |         let surf: surface::Surface = try!(rwops.load());
[INFO] [stdout]     |                                      ^^^
[INFO] [stdout] 
[INFO] [stdout] 
[INFO] [stdout] warning: 7 warnings emitted
[INFO] [stdout] 
[INFO] [stdout] 
[INFO] [stderr]    Compiling simple v0.3.0 (/opt/rustwide/workdir)
[INFO] [stdout] warning: unnecessary parentheses around match arm expression
[INFO] [stdout]    --> src/window.rs:130:32
[INFO] [stdout]     |
[INFO] [stdout] 130 |                     Some(e) => (self.event_queue.push(e)),
[INFO] [stdout]     |                                ^                        ^
[INFO] [stdout]     |
[INFO] [stdout]     = note: `#[warn(unused_parens)]` on by default
[INFO] [stdout] help: remove these parentheses
[INFO] [stdout]     |
[INFO] [stdout] 130 -                     Some(e) => (self.event_queue.push(e)),
[INFO] [stdout] 130 +                     Some(e) => self.event_queue.push(e),
[INFO] [stdout]     |
[INFO] [stdout] 
[INFO] [stdout] 
[INFO] [stdout] warning: use of deprecated macro `try`: use the `?` operator instead
[INFO] [stdout]    --> src/window.rs:360:27
[INFO] [stdout]     |
[INFO] [stdout] 360 |         let mut texture = try!(self.canvas.texture_creator().load_texture(&filename));
[INFO] [stdout]     |                           ^^^
[INFO] [stdout]     |
[INFO] [stdout]     = note: `#[warn(deprecated)]` on by default
[INFO] [stdout] 
[INFO] [stdout] 
[INFO] [stdout] warning: use of deprecated macro `try`: use the `?` operator instead
[INFO] [stdout]    --> src/window.rs:373:21
[INFO] [stdout]     |
[INFO] [stdout] 373 |         let rwops = try!(rwops::RWops::from_bytes(data));
[INFO] [stdout]     |                     ^^^
[INFO] [stdout] 
[INFO] [stdout] 
[INFO] [stdout] warning: use of deprecated macro `try`: use the `?` operator instead
[INFO] [stdout]    --> src/window.rs:374:38
[INFO] [stdout]     |
[INFO] [stdout] 374 |         let surf: surface::Surface = try!(rwops.load());
[INFO] [stdout]     |                                      ^^^
[INFO] [stdout] 
[INFO] [stdout] 
[INFO] [stdout] warning: use of deprecated macro `try`: use the `?` operator instead
[INFO] [stdout]    --> src/window.rs:464:38
[INFO] [stdout]     |
[INFO] [stdout] 464 |         let surf: surface::Surface = try!(LoadSurface::from_file(filename));
[INFO] [stdout]     |                                      ^^^
[INFO] [stdout] 
[INFO] [stdout] 
[INFO] [stdout] warning: use of deprecated macro `try`: use the `?` operator instead
[INFO] [stdout]    --> src/window.rs:472:21
[INFO] [stdout]     |
[INFO] [stdout] 472 |         let rwops = try!(rwops::RWops::from_bytes(data));
[INFO] [stdout]     |                     ^^^
[INFO] [stdout] 
[INFO] [stdout] 
[INFO] [stdout] warning: use of deprecated macro `try`: use the `?` operator instead
[INFO] [stdout]    --> src/window.rs:473:38
[INFO] [stdout]     |
[INFO] [stdout] 473 |         let surf: surface::Surface = try!(rwops.load());
[INFO] [stdout]     |                                      ^^^
[INFO] [stdout] 
[INFO] [stdout] 
[INFO] [stdout] error: linking with `cc` failed: exit status: 1
[INFO] [stdout]   |
[INFO] [stdout]   = note: LC_ALL="C" PATH="/opt/rustwide/rustup-home/toolchains/beta-2023-04-20-x86_64-unknown-linux-gnu/lib/rustlib/x86_64-unknown-linux-gnu/bin:/opt/rustwide/cargo-home/bin:/usr/local/sbin:/usr/local/bin:/usr/sbin:/usr/bin:/sbin:/bin" VSLANG="1033" "cc" "-m64" "/tmp/rustcUpx2IU/symbols.o" "/opt/rustwide/target/debug/examples/font-4be39f7318bd6418.font.87c8a727-cgu.0.rcgu.o" "/opt/rustwide/target/debug/examples/font-4be39f7318bd6418.font.87c8a727-cgu.1.rcgu.o" "/opt/rustwide/target/debug/examples/font-4be39f7318bd6418.font.87c8a727-cgu.2.rcgu.o" "/opt/rustwide/target/debug/examples/font-4be39f7318bd6418.font.87c8a727-cgu.3.rcgu.o" "/opt/rustwide/target/debug/examples/font-4be39f7318bd6418.font.87c8a727-cgu.4.rcgu.o" "/opt/rustwide/target/debug/examples/font-4be39f7318bd6418.yidz7fb1g7uby5m.rcgu.o" "-Wl,--as-needed" "-L" "/opt/rustwide/target/debug/deps" "-L" "/opt/rustwide/rustup-home/toolchains/beta-2023-04-20-x86_64-unknown-linux-gnu/lib/rustlib/x86_64-unknown-linux-gnu/lib" "-Wl,-Bstatic" "/opt/rustwide/target/debug/deps/libsimple-f8e2f8a3021b5d00.rlib" "/opt/rustwide/target/debug/deps/libsdl2-cfbd6d0a1b4a232f.rlib" "/opt/rustwide/target/debug/deps/librand-b705d8889c2b5269.rlib" "/opt/rustwide/target/debug/deps/librand_xorshift-06e217ad92df2bfc.rlib" "/opt/rustwide/target/debug/deps/librand_pcg-f44fa84a403467c2.rlib" "/opt/rustwide/target/debug/deps/librand_hc-714c82d8096c6ceb.rlib" "/opt/rustwide/target/debug/deps/librand_chacha-3fae41d619b36547.rlib" "/opt/rustwide/target/debug/deps/librand_isaac-39c5c607c4a69ce5.rlib" "/opt/rustwide/target/debug/deps/librand_core-c0666ae413bc23d2.rlib" "/opt/rustwide/target/debug/deps/librand_os-363c7ad13566f18e.rlib" "/opt/rustwide/target/debug/deps/librand_jitter-a6ffbd6e57632e30.rlib" "/opt/rustwide/target/debug/deps/librand_core-8951c9ba3b1758eb.rlib" "/opt/rustwide/target/debug/deps/libsdl2_sys-f921a4b4e3e43c32.rlib" "/opt/rustwide/target/debug/deps/libbitflags-610a73087f46ba3b.rlib" "/opt/rustwide/target/debug/deps/liblazy_static-86422d76b8bd90ed.rlib" "/opt/rustwide/target/debug/deps/libnum-45dfd6b4453e9d9d.rlib" "/opt/rustwide/target/debug/deps/libnum_rational-292ecb5e473ffe52.rlib" "/opt/rustwide/target/debug/deps/libnum_bigint-3ef2119ad820a01a.rlib" "/opt/rustwide/target/debug/deps/libnum_complex-0c93bd7f6fef7dcb.rlib" "/opt/rustwide/target/debug/deps/librustc_serialize-bdf045fabfc65aef.rlib" "/opt/rustwide/target/debug/deps/libnum_iter-c7702e5e8e1b2d7d.rlib" "/opt/rustwide/target/debug/deps/libnum_integer-ddb4729518a41a41.rlib" "/opt/rustwide/target/debug/deps/libnum_traits-20b15c62e5e0e397.rlib" "/opt/rustwide/target/debug/deps/librand-9ba073ffcb28519e.rlib" "/opt/rustwide/target/debug/deps/librand-bb3783eb89f0576f.rlib" "/opt/rustwide/target/debug/deps/liblibc-437468c9c78eaf61.rlib" "/opt/rustwide/rustup-home/toolchains/beta-2023-04-20-x86_64-unknown-linux-gnu/lib/rustlib/x86_64-unknown-linux-gnu/lib/libstd-0e29cc23c5e02021.rlib" "/opt/rustwide/rustup-home/toolchains/beta-2023-04-20-x86_64-unknown-linux-gnu/lib/rustlib/x86_64-unknown-linux-gnu/lib/libpanic_unwind-d903621768a861d9.rlib" "/opt/rustwide/rustup-home/toolchains/beta-2023-04-20-x86_64-unknown-linux-gnu/lib/rustlib/x86_64-unknown-linux-gnu/lib/libobject-6d0225e655f31c13.rlib" "/opt/rustwide/rustup-home/toolchains/beta-2023-04-20-x86_64-unknown-linux-gnu/lib/rustlib/x86_64-unknown-linux-gnu/lib/libmemchr-9dbaf4eac7eaa079.rlib" "/opt/rustwide/rustup-home/toolchains/beta-2023-04-20-x86_64-unknown-linux-gnu/lib/rustlib/x86_64-unknown-linux-gnu/lib/libaddr2line-27f05b3d42a66dd0.rlib" "/opt/rustwide/rustup-home/toolchains/beta-2023-04-20-x86_64-unknown-linux-gnu/lib/rustlib/x86_64-unknown-linux-gnu/lib/libgimli-4d73f1030321c9a2.rlib" "/opt/rustwide/rustup-home/toolchains/beta-2023-04-20-x86_64-unknown-linux-gnu/lib/rustlib/x86_64-unknown-linux-gnu/lib/librustc_demangle-2846c9e58abd0acb.rlib" "/opt/rustwide/rustup-home/toolchains/beta-2023-04-20-x86_64-unknown-linux-gnu/lib/rustlib/x86_64-unknown-linux-gnu/lib/libstd_detect-a53d0f50415947be.rlib" "/opt/rustwide/rustup-home/toolchains/beta-2023-04-20-x86_64-unknown-linux-gnu/lib/rustlib/x86_64-unknown-linux-gnu/lib/libhashbrown-d48e4b6abc25b9dc.rlib" "/opt/rustwide/rustup-home/toolchains/beta-2023-04-20-x86_64-unknown-linux-gnu/lib/rustlib/x86_64-unknown-linux-gnu/lib/libminiz_oxide-2991859439ef1207.rlib" "/opt/rustwide/rustup-home/toolchains/beta-2023-04-20-x86_64-unknown-linux-gnu/lib/rustlib/x86_64-unknown-linux-gnu/lib/libadler-8a687517e4221bae.rlib" "/opt/rustwide/rustup-home/toolchains/beta-2023-04-20-x86_64-unknown-linux-gnu/lib/rustlib/x86_64-unknown-linux-gnu/lib/librustc_std_workspace_alloc-e07b554f6a67f5b3.rlib" "/opt/rustwide/rustup-home/toolchains/beta-2023-04-20-x86_64-unknown-linux-gnu/lib/rustlib/x86_64-unknown-linux-gnu/lib/libunwind-b68238b7c3c619dd.rlib" "/opt/rustwide/rustup-home/toolchains/beta-2023-04-20-x86_64-unknown-linux-gnu/lib/rustlib/x86_64-unknown-linux-gnu/lib/libcfg_if-d5e213e896c017e4.rlib" "/opt/rustwide/rustup-home/toolchains/beta-2023-04-20-x86_64-unknown-linux-gnu/lib/rustlib/x86_64-unknown-linux-gnu/lib/liblibc-0211a3b2e61d8689.rlib" "/opt/rustwide/rustup-home/toolchains/beta-2023-04-20-x86_64-unknown-linux-gnu/lib/rustlib/x86_64-unknown-linux-gnu/lib/liballoc-b371f055239ba51f.rlib" "/opt/rustwide/rustup-home/toolchains/beta-2023-04-20-x86_64-unknown-linux-gnu/lib/rustlib/x86_64-unknown-linux-gnu/lib/librustc_std_workspace_core-e60518d2760eb01e.rlib" "/opt/rustwide/rustup-home/toolchains/beta-2023-04-20-x86_64-unknown-linux-gnu/lib/rustlib/x86_64-unknown-linux-gnu/lib/libcore-1ad943f92a4b1081.rlib" "/opt/rustwide/rustup-home/toolchains/beta-2023-04-20-x86_64-unknown-linux-gnu/lib/rustlib/x86_64-unknown-linux-gnu/lib/libcompiler_builtins-f0d6e4d0fc1e80b4.rlib" "-Wl,-Bdynamic" "-lSDL2" "-lSDL2_image" "-lgcc_s" "-lutil" "-lrt" "-lpthread" "-lm" "-ldl" "-lc" "-Wl,--eh-frame-hdr" "-Wl,-z,noexecstack" "-L" "/opt/rustwide/rustup-home/toolchains/beta-2023-04-20-x86_64-unknown-linux-gnu/lib/rustlib/x86_64-unknown-linux-gnu/lib" "-o" "/opt/rustwide/target/debug/examples/font-4be39f7318bd6418" "-Wl,--gc-sections" "-pie" "-Wl,-z,relro,-z,now" "-nodefaultlibs"
[INFO] [stdout]   = note: /usr/bin/ld: cannot find -lSDL2_image: No such file or directory
[INFO] [stdout]           collect2: error: ld returned 1 exit status
[INFO] [stdout]           
[INFO] [stdout] 
[INFO] [stdout] 
[INFO] [stdout] error: linking with `cc` failed: exit status: 1
[INFO] [stdout]   |
[INFO] [stdout]   = note: LC_ALL="C" PATH="/opt/rustwide/rustup-home/toolchains/beta-2023-04-20-x86_64-unknown-linux-gnu/lib/rustlib/x86_64-unknown-linux-gnu/bin:/opt/rustwide/cargo-home/bin:/usr/local/sbin:/usr/local/bin:/usr/sbin:/usr/bin:/sbin:/bin" VSLANG="1033" "cc" "-m64" "/tmp/rustcBjGEFK/symbols.o" "/opt/rustwide/target/debug/examples/city-fd9b94393d9a8380.city.870de057-cgu.0.rcgu.o" "/opt/rustwide/target/debug/examples/city-fd9b94393d9a8380.city.870de057-cgu.1.rcgu.o" "/opt/rustwide/target/debug/examples/city-fd9b94393d9a8380.city.870de057-cgu.2.rcgu.o" "/opt/rustwide/target/debug/examples/city-fd9b94393d9a8380.city.870de057-cgu.3.rcgu.o" "/opt/rustwide/target/debug/examples/city-fd9b94393d9a8380.city.870de057-cgu.4.rcgu.o" "/opt/rustwide/target/debug/examples/city-fd9b94393d9a8380.city.870de057-cgu.5.rcgu.o" "/opt/rustwide/target/debug/examples/city-fd9b94393d9a8380.city.870de057-cgu.6.rcgu.o" "/opt/rustwide/target/debug/examples/city-fd9b94393d9a8380.city.870de057-cgu.7.rcgu.o" "/opt/rustwide/target/debug/examples/city-fd9b94393d9a8380.113lq28jorjdi8fr.rcgu.o" "-Wl,--as-needed" "-L" "/opt/rustwide/target/debug/deps" "-L" "/opt/rustwide/rustup-home/toolchains/beta-2023-04-20-x86_64-unknown-linux-gnu/lib/rustlib/x86_64-unknown-linux-gnu/lib" "-Wl,-Bstatic" "/opt/rustwide/target/debug/deps/libsimple-f8e2f8a3021b5d00.rlib" "/opt/rustwide/target/debug/deps/libsdl2-cfbd6d0a1b4a232f.rlib" "/opt/rustwide/target/debug/deps/librand-b705d8889c2b5269.rlib" "/opt/rustwide/target/debug/deps/librand_xorshift-06e217ad92df2bfc.rlib" "/opt/rustwide/target/debug/deps/librand_pcg-f44fa84a403467c2.rlib" "/opt/rustwide/target/debug/deps/librand_hc-714c82d8096c6ceb.rlib" "/opt/rustwide/target/debug/deps/librand_chacha-3fae41d619b36547.rlib" "/opt/rustwide/target/debug/deps/librand_isaac-39c5c607c4a69ce5.rlib" "/opt/rustwide/target/debug/deps/librand_core-c0666ae413bc23d2.rlib" "/opt/rustwide/target/debug/deps/librand_os-363c7ad13566f18e.rlib" "/opt/rustwide/target/debug/deps/librand_jitter-a6ffbd6e57632e30.rlib" "/opt/rustwide/target/debug/deps/librand_core-8951c9ba3b1758eb.rlib" "/opt/rustwide/target/debug/deps/libsdl2_sys-f921a4b4e3e43c32.rlib" "/opt/rustwide/target/debug/deps/libbitflags-610a73087f46ba3b.rlib" "/opt/rustwide/target/debug/deps/liblazy_static-86422d76b8bd90ed.rlib" "/opt/rustwide/target/debug/deps/libnum-45dfd6b4453e9d9d.rlib" "/opt/rustwide/target/debug/deps/libnum_rational-292ecb5e473ffe52.rlib" "/opt/rustwide/target/debug/deps/libnum_bigint-3ef2119ad820a01a.rlib" "/opt/rustwide/target/debug/deps/libnum_complex-0c93bd7f6fef7dcb.rlib" "/opt/rustwide/target/debug/deps/librustc_serialize-bdf045fabfc65aef.rlib" "/opt/rustwide/target/debug/deps/libnum_iter-c7702e5e8e1b2d7d.rlib" "/opt/rustwide/target/debug/deps/libnum_integer-ddb4729518a41a41.rlib" "/opt/rustwide/target/debug/deps/libnum_traits-20b15c62e5e0e397.rlib" "/opt/rustwide/target/debug/deps/librand-9ba073ffcb28519e.rlib" "/opt/rustwide/target/debug/deps/librand-bb3783eb89f0576f.rlib" "/opt/rustwide/target/debug/deps/liblibc-437468c9c78eaf61.rlib" "/opt/rustwide/rustup-home/toolchains/beta-2023-04-20-x86_64-unknown-linux-gnu/lib/rustlib/x86_64-unknown-linux-gnu/lib/libstd-0e29cc23c5e02021.rlib" "/opt/rustwide/rustup-home/toolchains/beta-2023-04-20-x86_64-unknown-linux-gnu/lib/rustlib/x86_64-unknown-linux-gnu/lib/libpanic_unwind-d903621768a861d9.rlib" "/opt/rustwide/rustup-home/toolchains/beta-2023-04-20-x86_64-unknown-linux-gnu/lib/rustlib/x86_64-unknown-linux-gnu/lib/libobject-6d0225e655f31c13.rlib" "/opt/rustwide/rustup-home/toolchains/beta-2023-04-20-x86_64-unknown-linux-gnu/lib/rustlib/x86_64-unknown-linux-gnu/lib/libmemchr-9dbaf4eac7eaa079.rlib" "/opt/rustwide/rustup-home/toolchains/beta-2023-04-20-x86_64-unknown-linux-gnu/lib/rustlib/x86_64-unknown-linux-gnu/lib/libaddr2line-27f05b3d42a66dd0.rlib" "/opt/rustwide/rustup-home/toolchains/beta-2023-04-20-x86_64-unknown-linux-gnu/lib/rustlib/x86_64-unknown-linux-gnu/lib/libgimli-4d73f1030321c9a2.rlib" "/opt/rustwide/rustup-home/toolchains/beta-2023-04-20-x86_64-unknown-linux-gnu/lib/rustlib/x86_64-unknown-linux-gnu/lib/librustc_demangle-2846c9e58abd0acb.rlib" "/opt/rustwide/rustup-home/toolchains/beta-2023-04-20-x86_64-unknown-linux-gnu/lib/rustlib/x86_64-unknown-linux-gnu/lib/libstd_detect-a53d0f50415947be.rlib" "/opt/rustwide/rustup-home/toolchains/beta-2023-04-20-x86_64-unknown-linux-gnu/lib/rustlib/x86_64-unknown-linux-gnu/lib/libhashbrown-d48e4b6abc25b9dc.rlib" "/opt/rustwide/rustup-home/toolchains/beta-2023-04-20-x86_64-unknown-linux-gnu/lib/rustlib/x86_64-unknown-linux-gnu/lib/libminiz_oxide-2991859439ef1207.rlib" "/opt/rustwide/rustup-home/toolchains/beta-2023-04-20-x86_64-unknown-linux-gnu/lib/rustlib/x86_64-unknown-linux-gnu/lib/libadler-8a687517e4221bae.rlib" "/opt/rustwide/rustup-home/toolchains/beta-2023-04-20-x86_64-unknown-linux-gnu/lib/rustlib/x86_64-unknown-linux-gnu/lib/librustc_std_workspace_alloc-e07b554f6a67f5b3.rlib" "/opt/rustwide/rustup-home/toolchains/beta-2023-04-20-x86_64-unknown-linux-gnu/lib/rustlib/x86_64-unknown-linux-gnu/lib/libunwind-b68238b7c3c619dd.rlib" "/opt/rustwide/rustup-home/toolchains/beta-2023-04-20-x86_64-unknown-linux-gnu/lib/rustlib/x86_64-unknown-linux-gnu/lib/libcfg_if-d5e213e896c017e4.rlib" "/opt/rustwide/rustup-home/toolchains/beta-2023-04-20-x86_64-unknown-linux-gnu/lib/rustlib/x86_64-unknown-linux-gnu/lib/liblibc-0211a3b2e61d8689.rlib" "/opt/rustwide/rustup-home/toolchains/beta-2023-04-20-x86_64-unknown-linux-gnu/lib/rustlib/x86_64-unknown-linux-gnu/lib/liballoc-b371f055239ba51f.rlib" "/opt/rustwide/rustup-home/toolchains/beta-2023-04-20-x86_64-unknown-linux-gnu/lib/rustlib/x86_64-unknown-linux-gnu/lib/librustc_std_workspace_core-e60518d2760eb01e.rlib" "/opt/rustwide/rustup-home/toolchains/beta-2023-04-20-x86_64-unknown-linux-gnu/lib/rustlib/x86_64-unknown-linux-gnu/lib/libcore-1ad943f92a4b1081.rlib" "/opt/rustwide/rustup-home/toolchains/beta-2023-04-20-x86_64-unknown-linux-gnu/lib/rustlib/x86_64-unknown-linux-gnu/lib/libcompiler_builtins-f0d6e4d0fc1e80b4.rlib" "-Wl,-Bdynamic" "-lSDL2" "-lSDL2_image" "-lgcc_s" "-lutil" "-lrt" "-lpthread" "-lm" "-ldl" "-lc" "-Wl,--eh-frame-hdr" "-Wl,-z,noexecstack" "-L" "/opt/rustwide/rustup-home/toolchains/beta-2023-04-20-x86_64-unknown-linux-gnu/lib/rustlib/x86_64-unknown-linux-gnu/lib" "-o" "/opt/rustwide/target/debug/examples/city-fd9b94393d9a8380" "-Wl,--gc-sections" "-pie" "-Wl,-z,relro,-z,now" "-nodefaultlibs"
[INFO] [stdout]   = note: /usr/bin/ld: cannot find -lSDL2_image: No such file or directory
[INFO] [stdout]           collect2: error: ld returned 1 exit status
[INFO] [stdout]           
[INFO] [stdout] 
[INFO] [stdout] 
[INFO] [stdout] error: aborting due to previous error
[INFO] [stdout] 
[INFO] [stdout] 
[INFO] [stdout] error: aborting due to previous error
[INFO] [stdout] 
[INFO] [stdout] 
[INFO] [stderr] error: could not compile `simple` (example "city") due to 2 previous errors
[INFO] [stderr] warning: build failed, waiting for other jobs to finish...
[INFO] [stderr] error: could not compile `simple` (example "font") due to 2 previous errors
[INFO] [stdout] error: linking with `cc` failed: exit status: 1
[INFO] [stdout]   |
[INFO] [stdout]   = note: LC_ALL="C" PATH="/opt/rustwide/rustup-home/toolchains/beta-2023-04-20-x86_64-unknown-linux-gnu/lib/rustlib/x86_64-unknown-linux-gnu/bin:/opt/rustwide/cargo-home/bin:/usr/local/sbin:/usr/local/bin:/usr/sbin:/usr/bin:/sbin:/bin" VSLANG="1033" "cc" "-m64" "/tmp/rustcz3bThE/symbols.o" "/opt/rustwide/target/debug/examples/squares-43d3874d36295565.squares.ece5661a-cgu.0.rcgu.o" "/opt/rustwide/target/debug/examples/squares-43d3874d36295565.squares.ece5661a-cgu.1.rcgu.o" "/opt/rustwide/target/debug/examples/squares-43d3874d36295565.squares.ece5661a-cgu.10.rcgu.o" "/opt/rustwide/target/debug/examples/squares-43d3874d36295565.squares.ece5661a-cgu.11.rcgu.o" "/opt/rustwide/target/debug/examples/squares-43d3874d36295565.squares.ece5661a-cgu.12.rcgu.o" "/opt/rustwide/target/debug/examples/squares-43d3874d36295565.squares.ece5661a-cgu.13.rcgu.o" "/opt/rustwide/target/debug/examples/squares-43d3874d36295565.squares.ece5661a-cgu.14.rcgu.o" "/opt/rustwide/target/debug/examples/squares-43d3874d36295565.squares.ece5661a-cgu.15.rcgu.o" "/opt/rustwide/target/debug/examples/squares-43d3874d36295565.squares.ece5661a-cgu.2.rcgu.o" "/opt/rustwide/target/debug/examples/squares-43d3874d36295565.squares.ece5661a-cgu.3.rcgu.o" "/opt/rustwide/target/debug/examples/squares-43d3874d36295565.squares.ece5661a-cgu.4.rcgu.o" "/opt/rustwide/target/debug/examples/squares-43d3874d36295565.squares.ece5661a-cgu.5.rcgu.o" "/opt/rustwide/target/debug/examples/squares-43d3874d36295565.squares.ece5661a-cgu.6.rcgu.o" "/opt/rustwide/target/debug/examples/squares-43d3874d36295565.squares.ece5661a-cgu.7.rcgu.o" "/opt/rustwide/target/debug/examples/squares-43d3874d36295565.squares.ece5661a-cgu.8.rcgu.o" "/opt/rustwide/target/debug/examples/squares-43d3874d36295565.squares.ece5661a-cgu.9.rcgu.o" "/opt/rustwide/target/debug/examples/squares-43d3874d36295565.3ztd6hb72sa7w5l4.rcgu.o" "-Wl,--as-needed" "-L" "/opt/rustwide/target/debug/deps" "-L" "/opt/rustwide/rustup-home/toolchains/beta-2023-04-20-x86_64-unknown-linux-gnu/lib/rustlib/x86_64-unknown-linux-gnu/lib" "-Wl,-Bstatic" "/opt/rustwide/target/debug/deps/libsimple-f8e2f8a3021b5d00.rlib" "/opt/rustwide/target/debug/deps/libsdl2-cfbd6d0a1b4a232f.rlib" "/opt/rustwide/target/debug/deps/librand-b705d8889c2b5269.rlib" "/opt/rustwide/target/debug/deps/librand_xorshift-06e217ad92df2bfc.rlib" "/opt/rustwide/target/debug/deps/librand_pcg-f44fa84a403467c2.rlib" "/opt/rustwide/target/debug/deps/librand_hc-714c82d8096c6ceb.rlib" "/opt/rustwide/target/debug/deps/librand_chacha-3fae41d619b36547.rlib" "/opt/rustwide/target/debug/deps/librand_isaac-39c5c607c4a69ce5.rlib" "/opt/rustwide/target/debug/deps/librand_core-c0666ae413bc23d2.rlib" "/opt/rustwide/target/debug/deps/librand_os-363c7ad13566f18e.rlib" "/opt/rustwide/target/debug/deps/librand_jitter-a6ffbd6e57632e30.rlib" "/opt/rustwide/target/debug/deps/librand_core-8951c9ba3b1758eb.rlib" "/opt/rustwide/target/debug/deps/libsdl2_sys-f921a4b4e3e43c32.rlib" "/opt/rustwide/target/debug/deps/libbitflags-610a73087f46ba3b.rlib" "/opt/rustwide/target/debug/deps/liblazy_static-86422d76b8bd90ed.rlib" "/opt/rustwide/target/debug/deps/libnum-45dfd6b4453e9d9d.rlib" "/opt/rustwide/target/debug/deps/libnum_rational-292ecb5e473ffe52.rlib" "/opt/rustwide/target/debug/deps/libnum_bigint-3ef2119ad820a01a.rlib" "/opt/rustwide/target/debug/deps/libnum_complex-0c93bd7f6fef7dcb.rlib" "/opt/rustwide/target/debug/deps/librustc_serialize-bdf045fabfc65aef.rlib" "/opt/rustwide/target/debug/deps/libnum_iter-c7702e5e8e1b2d7d.rlib" "/opt/rustwide/target/debug/deps/libnum_integer-ddb4729518a41a41.rlib" "/opt/rustwide/target/debug/deps/libnum_traits-20b15c62e5e0e397.rlib" "/opt/rustwide/target/debug/deps/librand-9ba073ffcb28519e.rlib" "/opt/rustwide/target/debug/deps/librand-bb3783eb89f0576f.rlib" "/opt/rustwide/target/debug/deps/liblibc-437468c9c78eaf61.rlib" "/opt/rustwide/rustup-home/toolchains/beta-2023-04-20-x86_64-unknown-linux-gnu/lib/rustlib/x86_64-unknown-linux-gnu/lib/libstd-0e29cc23c5e02021.rlib" "/opt/rustwide/rustup-home/toolchains/beta-2023-04-20-x86_64-unknown-linux-gnu/lib/rustlib/x86_64-unknown-linux-gnu/lib/libpanic_unwind-d903621768a861d9.rlib" "/opt/rustwide/rustup-home/toolchains/beta-2023-04-20-x86_64-unknown-linux-gnu/lib/rustlib/x86_64-unknown-linux-gnu/lib/libobject-6d0225e655f31c13.rlib" "/opt/rustwide/rustup-home/toolchains/beta-2023-04-20-x86_64-unknown-linux-gnu/lib/rustlib/x86_64-unknown-linux-gnu/lib/libmemchr-9dbaf4eac7eaa079.rlib" "/opt/rustwide/rustup-home/toolchains/beta-2023-04-20-x86_64-unknown-linux-gnu/lib/rustlib/x86_64-unknown-linux-gnu/lib/libaddr2line-27f05b3d42a66dd0.rlib" "/opt/rustwide/rustup-home/toolchains/beta-2023-04-20-x86_64-unknown-linux-gnu/lib/rustlib/x86_64-unknown-linux-gnu/lib/libgimli-4d73f1030321c9a2.rlib" "/opt/rustwide/rustup-home/toolchains/beta-2023-04-20-x86_64-unknown-linux-gnu/lib/rustlib/x86_64-unknown-linux-gnu/lib/librustc_demangle-2846c9e58abd0acb.rlib" "/opt/rustwide/rustup-home/toolchains/beta-2023-04-20-x86_64-unknown-linux-gnu/lib/rustlib/x86_64-unknown-linux-gnu/lib/libstd_detect-a53d0f50415947be.rlib" "/opt/rustwide/rustup-home/toolchains/beta-2023-04-20-x86_64-unknown-linux-gnu/lib/rustlib/x86_64-unknown-linux-gnu/lib/libhashbrown-d48e4b6abc25b9dc.rlib" "/opt/rustwide/rustup-home/toolchains/beta-2023-04-20-x86_64-unknown-linux-gnu/lib/rustlib/x86_64-unknown-linux-gnu/lib/libminiz_oxide-2991859439ef1207.rlib" "/opt/rustwide/rustup-home/toolchains/beta-2023-04-20-x86_64-unknown-linux-gnu/lib/rustlib/x86_64-unknown-linux-gnu/lib/libadler-8a687517e4221bae.rlib" "/opt/rustwide/rustup-home/toolchains/beta-2023-04-20-x86_64-unknown-linux-gnu/lib/rustlib/x86_64-unknown-linux-gnu/lib/librustc_std_workspace_alloc-e07b554f6a67f5b3.rlib" "/opt/rustwide/rustup-home/toolchains/beta-2023-04-20-x86_64-unknown-linux-gnu/lib/rustlib/x86_64-unknown-linux-gnu/lib/libunwind-b68238b7c3c619dd.rlib" "/opt/rustwide/rustup-home/toolchains/beta-2023-04-20-x86_64-unknown-linux-gnu/lib/rustlib/x86_64-unknown-linux-gnu/lib/libcfg_if-d5e213e896c017e4.rlib" "/opt/rustwide/rustup-home/toolchains/beta-2023-04-20-x86_64-unknown-linux-gnu/lib/rustlib/x86_64-unknown-linux-gnu/lib/liblibc-0211a3b2e61d8689.rlib" "/opt/rustwide/rustup-home/toolchains/beta-2023-04-20-x86_64-unknown-linux-gnu/lib/rustlib/x86_64-unknown-linux-gnu/lib/liballoc-b371f055239ba51f.rlib" "/opt/rustwide/rustup-home/toolchains/beta-2023-04-20-x86_64-unknown-linux-gnu/lib/rustlib/x86_64-unknown-linux-gnu/lib/librustc_std_workspace_core-e60518d2760eb01e.rlib" "/opt/rustwide/rustup-home/toolchains/beta-2023-04-20-x86_64-unknown-linux-gnu/lib/rustlib/x86_64-unknown-linux-gnu/lib/libcore-1ad943f92a4b1081.rlib" "/opt/rustwide/rustup-home/toolchains/beta-2023-04-20-x86_64-unknown-linux-gnu/lib/rustlib/x86_64-unknown-linux-gnu/lib/libcompiler_builtins-f0d6e4d0fc1e80b4.rlib" "-Wl,-Bdynamic" "-lSDL2" "-lSDL2_image" "-lgcc_s" "-lutil" "-lrt" "-lpthread" "-lm" "-ldl" "-lc" "-Wl,--eh-frame-hdr" "-Wl,-z,noexecstack" "-L" "/opt/rustwide/rustup-home/toolchains/beta-2023-04-20-x86_64-unknown-linux-gnu/lib/rustlib/x86_64-unknown-linux-gnu/lib" "-o" "/opt/rustwide/target/debug/examples/squares-43d3874d36295565" "-Wl,--gc-sections" "-pie" "-Wl,-z,relro,-z,now" "-nodefaultlibs"
[INFO] [stdout]   = note: /usr/bin/ld: cannot find -lSDL2_image: No such file or directory
[INFO] [stdout]           collect2: error: ld returned 1 exit status
[INFO] [stdout]           
[INFO] [stdout] 
[INFO] [stdout] 
[INFO] [stdout] error: aborting due to previous error
[INFO] [stdout] 
[INFO] [stdout] 
[INFO] [stderr] error: could not compile `simple` (example "squares") due to 2 previous errors
[INFO] [stdout] error: linking with `cc` failed: exit status: 1
[INFO] [stdout]   |
[INFO] [stdout]   = note: LC_ALL="C" PATH="/opt/rustwide/rustup-home/toolchains/beta-2023-04-20-x86_64-unknown-linux-gnu/lib/rustlib/x86_64-unknown-linux-gnu/bin:/opt/rustwide/cargo-home/bin:/usr/local/sbin:/usr/local/bin:/usr/sbin:/usr/bin:/sbin:/bin" VSLANG="1033" "cc" "-m64" "/tmp/rustc8kcwLz/symbols.o" "/opt/rustwide/target/debug/deps/simple-7199172319b9b3dd.simple.206ee134-cgu.0.rcgu.o" "/opt/rustwide/target/debug/deps/simple-7199172319b9b3dd.simple.206ee134-cgu.1.rcgu.o" "/opt/rustwide/target/debug/deps/simple-7199172319b9b3dd.simple.206ee134-cgu.10.rcgu.o" "/opt/rustwide/target/debug/deps/simple-7199172319b9b3dd.simple.206ee134-cgu.11.rcgu.o" "/opt/rustwide/target/debug/deps/simple-7199172319b9b3dd.simple.206ee134-cgu.12.rcgu.o" "/opt/rustwide/target/debug/deps/simple-7199172319b9b3dd.simple.206ee134-cgu.13.rcgu.o" "/opt/rustwide/target/debug/deps/simple-7199172319b9b3dd.simple.206ee134-cgu.14.rcgu.o" "/opt/rustwide/target/debug/deps/simple-7199172319b9b3dd.simple.206ee134-cgu.15.rcgu.o" "/opt/rustwide/target/debug/deps/simple-7199172319b9b3dd.simple.206ee134-cgu.2.rcgu.o" "/opt/rustwide/target/debug/deps/simple-7199172319b9b3dd.simple.206ee134-cgu.3.rcgu.o" "/opt/rustwide/target/debug/deps/simple-7199172319b9b3dd.simple.206ee134-cgu.4.rcgu.o" "/opt/rustwide/target/debug/deps/simple-7199172319b9b3dd.simple.206ee134-cgu.5.rcgu.o" "/opt/rustwide/target/debug/deps/simple-7199172319b9b3dd.simple.206ee134-cgu.6.rcgu.o" "/opt/rustwide/target/debug/deps/simple-7199172319b9b3dd.simple.206ee134-cgu.7.rcgu.o" "/opt/rustwide/target/debug/deps/simple-7199172319b9b3dd.simple.206ee134-cgu.8.rcgu.o" "/opt/rustwide/target/debug/deps/simple-7199172319b9b3dd.simple.206ee134-cgu.9.rcgu.o" "/opt/rustwide/target/debug/deps/simple-7199172319b9b3dd.406yajumnskgbqb2.rcgu.o" "-Wl,--as-needed" "-L" "/opt/rustwide/target/debug/deps" "-L" "/opt/rustwide/rustup-home/toolchains/beta-2023-04-20-x86_64-unknown-linux-gnu/lib/rustlib/x86_64-unknown-linux-gnu/lib" "-Wl,-Bstatic" "/opt/rustwide/rustup-home/toolchains/beta-2023-04-20-x86_64-unknown-linux-gnu/lib/rustlib/x86_64-unknown-linux-gnu/lib/libtest-2bcc87e061734fce.rlib" "/opt/rustwide/rustup-home/toolchains/beta-2023-04-20-x86_64-unknown-linux-gnu/lib/rustlib/x86_64-unknown-linux-gnu/lib/libgetopts-4c2368e8367904c3.rlib" "/opt/rustwide/rustup-home/toolchains/beta-2023-04-20-x86_64-unknown-linux-gnu/lib/rustlib/x86_64-unknown-linux-gnu/lib/libunicode_width-06b9dcb8e6d4191c.rlib" "/opt/rustwide/rustup-home/toolchains/beta-2023-04-20-x86_64-unknown-linux-gnu/lib/rustlib/x86_64-unknown-linux-gnu/lib/librustc_std_workspace_std-23a78788aee51060.rlib" "/opt/rustwide/target/debug/deps/libsdl2-cfbd6d0a1b4a232f.rlib" "/opt/rustwide/target/debug/deps/librand-b705d8889c2b5269.rlib" "/opt/rustwide/target/debug/deps/librand_xorshift-06e217ad92df2bfc.rlib" "/opt/rustwide/target/debug/deps/librand_pcg-f44fa84a403467c2.rlib" "/opt/rustwide/target/debug/deps/librand_hc-714c82d8096c6ceb.rlib" "/opt/rustwide/target/debug/deps/librand_chacha-3fae41d619b36547.rlib" "/opt/rustwide/target/debug/deps/librand_isaac-39c5c607c4a69ce5.rlib" "/opt/rustwide/target/debug/deps/librand_core-c0666ae413bc23d2.rlib" "/opt/rustwide/target/debug/deps/librand_os-363c7ad13566f18e.rlib" "/opt/rustwide/target/debug/deps/librand_jitter-a6ffbd6e57632e30.rlib" "/opt/rustwide/target/debug/deps/librand_core-8951c9ba3b1758eb.rlib" "/opt/rustwide/target/debug/deps/libsdl2_sys-f921a4b4e3e43c32.rlib" "/opt/rustwide/target/debug/deps/libbitflags-610a73087f46ba3b.rlib" "/opt/rustwide/target/debug/deps/liblazy_static-86422d76b8bd90ed.rlib" "/opt/rustwide/target/debug/deps/libnum-45dfd6b4453e9d9d.rlib" "/opt/rustwide/target/debug/deps/libnum_rational-292ecb5e473ffe52.rlib" "/opt/rustwide/target/debug/deps/libnum_bigint-3ef2119ad820a01a.rlib" "/opt/rustwide/target/debug/deps/libnum_complex-0c93bd7f6fef7dcb.rlib" "/opt/rustwide/target/debug/deps/librustc_serialize-bdf045fabfc65aef.rlib" "/opt/rustwide/target/debug/deps/libnum_iter-c7702e5e8e1b2d7d.rlib" "/opt/rustwide/target/debug/deps/libnum_integer-ddb4729518a41a41.rlib" "/opt/rustwide/target/debug/deps/libnum_traits-20b15c62e5e0e397.rlib" "/opt/rustwide/target/debug/deps/librand-9ba073ffcb28519e.rlib" "/opt/rustwide/target/debug/deps/librand-bb3783eb89f0576f.rlib" "/opt/rustwide/target/debug/deps/liblibc-437468c9c78eaf61.rlib" "/opt/rustwide/rustup-home/toolchains/beta-2023-04-20-x86_64-unknown-linux-gnu/lib/rustlib/x86_64-unknown-linux-gnu/lib/libstd-0e29cc23c5e02021.rlib" "/opt/rustwide/rustup-home/toolchains/beta-2023-04-20-x86_64-unknown-linux-gnu/lib/rustlib/x86_64-unknown-linux-gnu/lib/libpanic_unwind-d903621768a861d9.rlib" "/opt/rustwide/rustup-home/toolchains/beta-2023-04-20-x86_64-unknown-linux-gnu/lib/rustlib/x86_64-unknown-linux-gnu/lib/libobject-6d0225e655f31c13.rlib" "/opt/rustwide/rustup-home/toolchains/beta-2023-04-20-x86_64-unknown-linux-gnu/lib/rustlib/x86_64-unknown-linux-gnu/lib/libmemchr-9dbaf4eac7eaa079.rlib" "/opt/rustwide/rustup-home/toolchains/beta-2023-04-20-x86_64-unknown-linux-gnu/lib/rustlib/x86_64-unknown-linux-gnu/lib/libaddr2line-27f05b3d42a66dd0.rlib" "/opt/rustwide/rustup-home/toolchains/beta-2023-04-20-x86_64-unknown-linux-gnu/lib/rustlib/x86_64-unknown-linux-gnu/lib/libgimli-4d73f1030321c9a2.rlib" "/opt/rustwide/rustup-home/toolchains/beta-2023-04-20-x86_64-unknown-linux-gnu/lib/rustlib/x86_64-unknown-linux-gnu/lib/librustc_demangle-2846c9e58abd0acb.rlib" "/opt/rustwide/rustup-home/toolchains/beta-2023-04-20-x86_64-unknown-linux-gnu/lib/rustlib/x86_64-unknown-linux-gnu/lib/libstd_detect-a53d0f50415947be.rlib" "/opt/rustwide/rustup-home/toolchains/beta-2023-04-20-x86_64-unknown-linux-gnu/lib/rustlib/x86_64-unknown-linux-gnu/lib/libhashbrown-d48e4b6abc25b9dc.rlib" "/opt/rustwide/rustup-home/toolchains/beta-2023-04-20-x86_64-unknown-linux-gnu/lib/rustlib/x86_64-unknown-linux-gnu/lib/libminiz_oxide-2991859439ef1207.rlib" "/opt/rustwide/rustup-home/toolchains/beta-2023-04-20-x86_64-unknown-linux-gnu/lib/rustlib/x86_64-unknown-linux-gnu/lib/libadler-8a687517e4221bae.rlib" "/opt/rustwide/rustup-home/toolchains/beta-2023-04-20-x86_64-unknown-linux-gnu/lib/rustlib/x86_64-unknown-linux-gnu/lib/librustc_std_workspace_alloc-e07b554f6a67f5b3.rlib" "/opt/rustwide/rustup-home/toolchains/beta-2023-04-20-x86_64-unknown-linux-gnu/lib/rustlib/x86_64-unknown-linux-gnu/lib/libunwind-b68238b7c3c619dd.rlib" "/opt/rustwide/rustup-home/toolchains/beta-2023-04-20-x86_64-unknown-linux-gnu/lib/rustlib/x86_64-unknown-linux-gnu/lib/libcfg_if-d5e213e896c017e4.rlib" "/opt/rustwide/rustup-home/toolchains/beta-2023-04-20-x86_64-unknown-linux-gnu/lib/rustlib/x86_64-unknown-linux-gnu/lib/liblibc-0211a3b2e61d8689.rlib" "/opt/rustwide/rustup-home/toolchains/beta-2023-04-20-x86_64-unknown-linux-gnu/lib/rustlib/x86_64-unknown-linux-gnu/lib/liballoc-b371f055239ba51f.rlib" "/opt/rustwide/rustup-home/toolchains/beta-2023-04-20-x86_64-unknown-linux-gnu/lib/rustlib/x86_64-unknown-linux-gnu/lib/librustc_std_workspace_core-e60518d2760eb01e.rlib" "/opt/rustwide/rustup-home/toolchains/beta-2023-04-20-x86_64-unknown-linux-gnu/lib/rustlib/x86_64-unknown-linux-gnu/lib/libcore-1ad943f92a4b1081.rlib" "/opt/rustwide/rustup-home/toolchains/beta-2023-04-20-x86_64-unknown-linux-gnu/lib/rustlib/x86_64-unknown-linux-gnu/lib/libcompiler_builtins-f0d6e4d0fc1e80b4.rlib" "-Wl,-Bdynamic" "-lSDL2" "-lSDL2_image" "-lgcc_s" "-lutil" "-lrt" "-lpthread" "-lm" "-ldl" "-lc" "-Wl,--eh-frame-hdr" "-Wl,-z,noexecstack" "-L" "/opt/rustwide/rustup-home/toolchains/beta-2023-04-20-x86_64-unknown-linux-gnu/lib/rustlib/x86_64-unknown-linux-gnu/lib" "-o" "/opt/rustwide/target/debug/deps/simple-7199172319b9b3dd" "-Wl,--gc-sections" "-pie" "-Wl,-z,relro,-z,now" "-nodefaultlibs"
[INFO] [stdout]   = note: /usr/bin/ld: cannot find -lSDL2_image: No such file or directory
[INFO] [stdout]           collect2: error: ld returned 1 exit status
[INFO] [stdout]           
[INFO] [stdout] 
[INFO] [stdout] 
[INFO] [stdout] error: aborting due to previous error; 7 warnings emitted
[INFO] [stdout] 
[INFO] [stdout] 
[INFO] [stderr] error: could not compile `simple` (lib test) due to 2 previous errors; 7 warnings emitted
[INFO] running `Command { std: "docker" "inspect" "de9298702a7e59f7a6319cb64df47864b31e4130a28fa965bfa3dfece880aa3c", kill_on_drop: false }`
[INFO] running `Command { std: "docker" "rm" "-f" "de9298702a7e59f7a6319cb64df47864b31e4130a28fa965bfa3dfece880aa3c", kill_on_drop: false }`
[INFO] [stdout] de9298702a7e59f7a6319cb64df47864b31e4130a28fa965bfa3dfece880aa3c
