[INFO] fetching crate sevseg_3642bs 0.3.4...
[INFO] testing sevseg_3642bs-0.3.4 against 1.69.0 for beta-1.70-1
[INFO] extracting crate sevseg_3642bs 0.3.4 into /workspace/builds/worker-7-tc1/source
[INFO] validating manifest of crates.io crate sevseg_3642bs 0.3.4 on toolchain 1.69.0
[INFO] running `Command { std: CARGO_HOME="/workspace/cargo-home" RUSTUP_HOME="/workspace/rustup-home" "/workspace/cargo-home/bin/cargo" "+1.69.0" "metadata" "--manifest-path" "Cargo.toml" "--no-deps", kill_on_drop: false }`
[INFO] started tweaking crates.io crate sevseg_3642bs 0.3.4
[INFO] finished tweaking crates.io crate sevseg_3642bs 0.3.4
[INFO] tweaked toml for crates.io crate sevseg_3642bs 0.3.4 written to /workspace/builds/worker-7-tc1/source/Cargo.toml
[INFO] crate crates.io crate sevseg_3642bs 0.3.4 already has a lockfile, it will not be regenerated
[INFO] running `Command { std: CARGO_HOME="/workspace/cargo-home" RUSTUP_HOME="/workspace/rustup-home" "/workspace/cargo-home/bin/cargo" "+1.69.0" "fetch" "--manifest-path" "Cargo.toml", kill_on_drop: false }`
[INFO] running `Command { std: "docker" "create" "-v" "/var/lib/crater-agent-workspace/builds/worker-7-tc1/target:/opt/rustwide/target:rw,Z" "-v" "/var/lib/crater-agent-workspace/builds/worker-7-tc1/source:/opt/rustwide/workdir:ro,Z" "-v" "/var/lib/crater-agent-workspace/cargo-home:/opt/rustwide/cargo-home:ro,Z" "-v" "/var/lib/crater-agent-workspace/rustup-home:/opt/rustwide/rustup-home:ro,Z" "-e" "SOURCE_DIR=/opt/rustwide/workdir" "-e" "CARGO_TARGET_DIR=/opt/rustwide/target" "-e" "CARGO_HOME=/opt/rustwide/cargo-home" "-e" "RUSTUP_HOME=/opt/rustwide/rustup-home" "-w" "/opt/rustwide/workdir" "-m" "1610612736" "--user" "0:0" "--network" "none" "ghcr.io/rust-lang/crates-build-env/linux@sha256:5ff2268d62e97bff2cde7d5815dd6ed5b47097566f13b8d0ca110b04b60e07ed" "/opt/rustwide/cargo-home/bin/cargo" "+1.69.0" "metadata" "--no-deps" "--format-version=1", kill_on_drop: false }`
[INFO] [stdout] 382978db1a38dd2299d30273d625fac5eb68d6c3b1e3f04a59a940d930b06fda
[INFO] running `Command { std: "docker" "start" "-a" "382978db1a38dd2299d30273d625fac5eb68d6c3b1e3f04a59a940d930b06fda", kill_on_drop: false }`
[INFO] running `Command { std: "docker" "inspect" "382978db1a38dd2299d30273d625fac5eb68d6c3b1e3f04a59a940d930b06fda", kill_on_drop: false }`
[INFO] running `Command { std: "docker" "rm" "-f" "382978db1a38dd2299d30273d625fac5eb68d6c3b1e3f04a59a940d930b06fda", kill_on_drop: false }`
[INFO] [stdout] 382978db1a38dd2299d30273d625fac5eb68d6c3b1e3f04a59a940d930b06fda
[INFO] running `Command { std: "docker" "create" "-v" "/var/lib/crater-agent-workspace/builds/worker-7-tc1/target:/opt/rustwide/target:rw,Z" "-v" "/var/lib/crater-agent-workspace/builds/worker-7-tc1/source:/opt/rustwide/workdir:ro,Z" "-v" "/var/lib/crater-agent-workspace/cargo-home:/opt/rustwide/cargo-home:ro,Z" "-v" "/var/lib/crater-agent-workspace/rustup-home:/opt/rustwide/rustup-home:ro,Z" "-e" "SOURCE_DIR=/opt/rustwide/workdir" "-e" "CARGO_TARGET_DIR=/opt/rustwide/target" "-e" "CARGO_INCREMENTAL=0" "-e" "RUST_BACKTRACE=full" "-e" "RUSTFLAGS=--cap-lints=warn" "-e" "RUSTDOCFLAGS=--cap-lints=warn" "-e" "CARGO_HOME=/opt/rustwide/cargo-home" "-e" "RUSTUP_HOME=/opt/rustwide/rustup-home" "-w" "/opt/rustwide/workdir" "-m" "1610612736" "--user" "0:0" "--network" "none" "ghcr.io/rust-lang/crates-build-env/linux@sha256:5ff2268d62e97bff2cde7d5815dd6ed5b47097566f13b8d0ca110b04b60e07ed" "/opt/rustwide/cargo-home/bin/cargo" "+1.69.0" "build" "--frozen" "--message-format=json", kill_on_drop: false }`
[INFO] [stdout] a9c94598ce83b5f7e0ba274f28164dce29c47f36324e7933e7a0b554cdb08f8a
[INFO] running `Command { std: "docker" "start" "-a" "a9c94598ce83b5f7e0ba274f28164dce29c47f36324e7933e7a0b554cdb08f8a", kill_on_drop: false }`
[INFO] [stderr]    Compiling nb v1.0.0
[INFO] [stderr]    Compiling void v1.0.2
[INFO] [stderr]    Compiling nb v0.1.3
[INFO] [stderr]    Compiling embedded-hal v0.2.7
[INFO] [stderr]    Compiling sevseg_3642bs v0.3.4 (/opt/rustwide/workdir)
[INFO] [stderr]     Finished dev [unoptimized + debuginfo] target(s) in 0.89s
[INFO] running `Command { std: "docker" "inspect" "a9c94598ce83b5f7e0ba274f28164dce29c47f36324e7933e7a0b554cdb08f8a", kill_on_drop: false }`
[INFO] running `Command { std: "docker" "rm" "-f" "a9c94598ce83b5f7e0ba274f28164dce29c47f36324e7933e7a0b554cdb08f8a", kill_on_drop: false }`
[INFO] [stdout] a9c94598ce83b5f7e0ba274f28164dce29c47f36324e7933e7a0b554cdb08f8a
[INFO] running `Command { std: "docker" "create" "-v" "/var/lib/crater-agent-workspace/builds/worker-7-tc1/target:/opt/rustwide/target:rw,Z" "-v" "/var/lib/crater-agent-workspace/builds/worker-7-tc1/source:/opt/rustwide/workdir:ro,Z" "-v" "/var/lib/crater-agent-workspace/cargo-home:/opt/rustwide/cargo-home:ro,Z" "-v" "/var/lib/crater-agent-workspace/rustup-home:/opt/rustwide/rustup-home:ro,Z" "-e" "SOURCE_DIR=/opt/rustwide/workdir" "-e" "CARGO_TARGET_DIR=/opt/rustwide/target" "-e" "CARGO_INCREMENTAL=0" "-e" "RUST_BACKTRACE=full" "-e" "RUSTFLAGS=--cap-lints=warn" "-e" "RUSTDOCFLAGS=--cap-lints=warn" "-e" "CARGO_HOME=/opt/rustwide/cargo-home" "-e" "RUSTUP_HOME=/opt/rustwide/rustup-home" "-w" "/opt/rustwide/workdir" "-m" "1610612736" "--user" "0:0" "--network" "none" "ghcr.io/rust-lang/crates-build-env/linux@sha256:5ff2268d62e97bff2cde7d5815dd6ed5b47097566f13b8d0ca110b04b60e07ed" "/opt/rustwide/cargo-home/bin/cargo" "+1.69.0" "test" "--frozen" "--no-run" "--message-format=json", kill_on_drop: false }`
[INFO] [stdout] cb4ca37f80f7d46184f2781f3138fbc8166c6e730fad1e15fa95ad1bf5576a64
[INFO] running `Command { std: "docker" "start" "-a" "cb4ca37f80f7d46184f2781f3138fbc8166c6e730fad1e15fa95ad1bf5576a64", kill_on_drop: false }`
[INFO] [stderr]    Compiling sevseg_3642bs v0.3.4 (/opt/rustwide/workdir)
[INFO] [stdout] error[E0432]: unresolved import `embassy_executor`
[INFO] [stdout]   --> examples/embassy_rtc.rs:10:5
[INFO] [stdout]    |
[INFO] [stdout] 10 | use embassy_executor::Spawner;
[INFO] [stdout]    |     ^^^^^^^^^^^^^^^^ use of undeclared crate or module `embassy_executor`
[INFO] [stdout] 
[INFO] [stdout] 
[INFO] [stdout] error[E0432]: unresolved import `embassy_time`
[INFO] [stdout]   --> examples/embassy_rtc.rs:11:5
[INFO] [stdout]    |
[INFO] [stdout] 11 | use embassy_time::Delay;
[INFO] [stdout]    |     ^^^^^^^^^^^^ use of undeclared crate or module `embassy_time`
[INFO] [stdout] 
[INFO] [stdout] 
[INFO] [stdout] error[E0433]: failed to resolve: use of undeclared crate or module `embassy_rp`
[INFO] [stdout]   --> examples/embassy_rtc.rs:15:5
[INFO] [stdout]    |
[INFO] [stdout] 15 | use embassy_rp::{
[INFO] [stdout]    |     ^^^^^^^^^^ use of undeclared crate or module `embassy_rp`
[INFO] [stdout] 
[INFO] [stdout] 
[INFO] [stdout] error[E0432]: unresolved imports `defmt_rtt`, `panic_probe`
[INFO] [stdout]   --> examples/embassy_rtc.rs:12:6
[INFO] [stdout]    |
[INFO] [stdout] 12 | use {defmt_rtt as _, panic_probe as _};
[INFO] [stdout]    |      ^^^^^^^^^^^^^^  ^^^^^^^^^^^^^^^^ no external crate `panic_probe`
[INFO] [stdout]    |      |
[INFO] [stdout]    |      no external crate `defmt_rtt`
[INFO] [stdout] 
[INFO] [stdout] 
[INFO] [stdout] error[E0433]: failed to resolve: use of undeclared crate or module `embassy_executor`
[INFO] [stdout]   --> examples/embassy_rtc.rs:22:3
[INFO] [stdout]    |
[INFO] [stdout] 22 | #[embassy_executor::main]
[INFO] [stdout]    |   ^^^^^^^^^^^^^^^^ use of undeclared crate or module `embassy_executor`
[INFO] [stdout] 
[INFO] [stdout] 
[INFO] [stdout] error[E0554]: `#![feature]` may not be used on the stable release channel
[INFO] [stdout]  --> examples/embassy_rtc.rs:8:1
[INFO] [stdout]   |
[INFO] [stdout] 8 | #![feature(type_alias_impl_trait)]
[INFO] [stdout]   | ^^^^^^^^^^^^^^^^^^^^^^^^^^^^^^^^^^
[INFO] [stdout] 
[INFO] [stdout] 
[INFO] [stdout] error: `#[panic_handler]` function required, but not found
[INFO] [stdout] 
[INFO] [stdout] 
[INFO] [stdout] error: language item required, but not found: `eh_personality`
[INFO] [stdout]   |
[INFO] [stdout]   = note: this can occur when a binary crate with `#![no_std]` is compiled for a target where `eh_personality` is defined in the standard library
[INFO] [stdout]   = help: you may be able to compile for a target that doesn't need `eh_personality`, specify a target with `--target` or in `.cargo/config`
[INFO] [stdout] 
[INFO] [stdout] 
[INFO] [stdout] error[E0433]: failed to resolve: use of undeclared crate or module `embassy_rp`
[INFO] [stdout]   --> examples/embassy_rtc.rs:25:13
[INFO] [stdout]    |
[INFO] [stdout] 25 |     let p = embassy_rp::init(Default::default());
[INFO] [stdout]    |             ^^^^^^^^^^ use of undeclared crate or module `embassy_rp`
[INFO] [stdout] 
[INFO] [stdout] 
[INFO] [stdout] error: aborting due to 9 previous errors
[INFO] [stdout] 
[INFO] [stdout] 
[INFO] [stdout] Some errors have detailed explanations: E0432, E0433, E0554.
[INFO] [stdout] 
[INFO] [stdout] For more information about an error, try `rustc --explain E0432`.
[INFO] [stdout] 
[INFO] [stderr] error: could not compile `sevseg_3642bs` due to 10 previous errors
[INFO] [stderr] warning: build failed, waiting for other jobs to finish...
[INFO] [stdout] error[E0432]: unresolved import `bsp`
[INFO] [stdout]   --> examples/hex.rs:10:5
[INFO] [stdout]    |
[INFO] [stdout] 10 | use bsp::entry;
[INFO] [stdout]    |     ^^^ use of undeclared crate or module `bsp`
[INFO] [stdout] 
[INFO] [stdout] 
[INFO] [stdout] error[E0432]: unresolved import `defmt_rtt`
[INFO] [stdout]   --> examples/hex.rs:11:5
[INFO] [stdout]    |
[INFO] [stdout] 11 | use defmt_rtt as _;
[INFO] [stdout]    |     ^^^^^^^^^^^^^^ no external crate `defmt_rtt`
[INFO] [stdout] 
[INFO] [stdout] 
[INFO] [stdout] error[E0432]: unresolved import `panic_probe`
[INFO] [stdout]   --> examples/hex.rs:12:5
[INFO] [stdout]    |
[INFO] [stdout] 12 | use panic_probe as _;
[INFO] [stdout]    |     ^^^^^^^^^^^^^^^^ no external crate `panic_probe`
[INFO] [stdout] 
[INFO] [stdout] 
[INFO] [stdout] error[E0432]: unresolved import `rp_pico`
[INFO] [stdout]   --> examples/hex.rs:13:5
[INFO] [stdout]    |
[INFO] [stdout] 13 | use rp_pico as bsp;
[INFO] [stdout]    |     ^^^^^^^^^^^^^^ no external crate `rp_pico`
[INFO] [stdout] 
[INFO] [stdout] 
[INFO] [stdout] error[E0432]: unresolved import `fugit`
[INFO] [stdout]   --> examples/hex.rs:18:5
[INFO] [stdout]    |
[INFO] [stdout] 18 | use fugit::ExtU32;
[INFO] [stdout]    |     ^^^^^ use of undeclared crate or module `fugit`
[INFO] [stdout] 
[INFO] [stdout] 
[INFO] [stdout] error: cannot determine resolution for the attribute macro `entry`
[INFO] [stdout]   --> examples/hex.rs:22:3
[INFO] [stdout]    |
[INFO] [stdout] 22 | #[entry]
[INFO] [stdout]    |   ^^^^^
[INFO] [stdout]    |
[INFO] [stdout]    = note: import resolution is stuck, try simplifying macro imports
[INFO] [stdout] 
[INFO] [stdout] 
[INFO] [stdout] error[E0433]: failed to resolve: use of undeclared crate or module `cortex_m`
[INFO] [stdout]   --> examples/hex.rs:40:17
[INFO] [stdout]    |
[INFO] [stdout] 40 |     let delay = cortex_m::delay::Delay::new(core.SYST, XTAL_FREQ_HZ);
[INFO] [stdout]    |                 ^^^^^^^^ use of undeclared crate or module `cortex_m`
[INFO] [stdout] 
[INFO] [stdout] 
[INFO] [stdout] error: `#[panic_handler]` function required, but not found
[INFO] [stdout] 
[INFO] [stdout] 
[INFO] [stdout] error: language item required, but not found: `eh_personality`
[INFO] [stdout]   |
[INFO] [stdout]   = note: this can occur when a binary crate with `#![no_std]` is compiled for a target where `eh_personality` is defined in the standard library
[INFO] [stdout]   = help: you may be able to compile for a target that doesn't need `eh_personality`, specify a target with `--target` or in `.cargo/config`
[INFO] [stdout] 
[INFO] [stdout] 
[INFO] [stdout] error: aborting due to 9 previous errors
[INFO] [stdout] 
[INFO] [stdout] 
[INFO] [stdout] Some errors have detailed explanations: E0432, E0433.
[INFO] [stdout] 
[INFO] [stdout] For more information about an error, try `rustc --explain E0432`.
[INFO] [stdout] 
[INFO] [stderr] error: could not compile `sevseg_3642bs` due to 10 previous errors
[INFO] [stdout] error[E0432]: unresolved import `embedded_hal::digital::v2::InputPin`
[INFO] [stdout]   --> examples/multicore.rs:23:5
[INFO] [stdout]    |
[INFO] [stdout] 23 | use embedded_hal::digital::v2::InputPin;
[INFO] [stdout]    |     ^^^^^^^^^^^^^^^^^^^^^^^^^^^^^^^^^^^ no `InputPin` in `digital::v2`
[INFO] [stdout] 
[INFO] [stdout] 
[INFO] [stdout] error[E0432]: unresolved import `bsp`
[INFO] [stdout]   --> examples/multicore.rs:10:5
[INFO] [stdout]    |
[INFO] [stdout] 10 | use bsp::entry;
[INFO] [stdout]    |     ^^^ use of undeclared crate or module `bsp`
[INFO] [stdout] 
[INFO] [stdout] 
[INFO] [stdout] error[E0432]: unresolved import `defmt_rtt`
[INFO] [stdout]   --> examples/multicore.rs:11:5
[INFO] [stdout]    |
[INFO] [stdout] 11 | use defmt_rtt as _;
[INFO] [stdout]    |     ^^^^^^^^^^^^^^ no external crate `defmt_rtt`
[INFO] [stdout] 
[INFO] [stdout] 
[INFO] [stdout] error[E0432]: unresolved import `panic_probe`
[INFO] [stdout]   --> examples/multicore.rs:12:5
[INFO] [stdout]    |
[INFO] [stdout] 12 | use panic_probe as _;
[INFO] [stdout]    |     ^^^^^^^^^^^^^^^^ no external crate `panic_probe`
[INFO] [stdout] 
[INFO] [stdout] 
[INFO] [stdout] error[E0432]: unresolved import `rp_pico`
[INFO] [stdout]   --> examples/multicore.rs:13:5
[INFO] [stdout]    |
[INFO] [stdout] 13 | use rp_pico as bsp;
[INFO] [stdout]    |     ^^^^^^^^^^^^^^ no external crate `rp_pico`
[INFO] [stdout] 
[INFO] [stdout] 
[INFO] [stdout] error: cannot determine resolution for the attribute macro `entry`
[INFO] [stdout]   --> examples/multicore.rs:82:3
[INFO] [stdout]    |
[INFO] [stdout] 82 | #[entry]
[INFO] [stdout]    |   ^^^^^
[INFO] [stdout]    |
[INFO] [stdout]    = note: import resolution is stuck, try simplifying macro imports
[INFO] [stdout] 
[INFO] [stdout] 
[INFO] [stdout] error[E0433]: failed to resolve: use of undeclared crate or module `cortex_m`
[INFO] [stdout]   --> examples/multicore.rs:47:17
[INFO] [stdout]    |
[INFO] [stdout] 47 |     let delay = cortex_m::delay::Delay::new(core.SYST, XTAL_FREQ_HZ);
[INFO] [stdout]    |                 ^^^^^^^^ use of undeclared crate or module `cortex_m`
[INFO] [stdout] 
[INFO] [stdout] 
[INFO] [stdout] error: `#[panic_handler]` function required, but not found
[INFO] [stdout] 
[INFO] [stdout] 
[INFO] [stdout] error: language item required, but not found: `eh_personality`
[INFO] [stdout]   |
[INFO] [stdout]   = note: this can occur when a binary crate with `#![no_std]` is compiled for a target where `eh_personality` is defined in the standard library
[INFO] [stdout]   = help: you may be able to compile for a target that doesn't need `eh_personality`, specify a target with `--target` or in `.cargo/config`
[INFO] [stdout] 
[INFO] [stdout] 
[INFO] [stdout] error: aborting due to 9 previous errors
[INFO] [stdout] 
[INFO] [stdout] 
[INFO] [stdout] Some errors have detailed explanations: E0432, E0433.
[INFO] [stdout] 
[INFO] [stdout] For more information about an error, try `rustc --explain E0432`.
[INFO] [stdout] 
[INFO] [stderr] error: could not compile `sevseg_3642bs` due to 10 previous errors
[INFO] [stdout] error[E0432]: unresolved import `bsp`
[INFO] [stdout]   --> examples/rtc.rs:10:5
[INFO] [stdout]    |
[INFO] [stdout] 10 | use bsp::entry;
[INFO] [stdout]    |     ^^^ use of undeclared crate or module `bsp`
[INFO] [stdout] 
[INFO] [stdout] 
[INFO] [stdout] error[E0432]: unresolved import `defmt_rtt`
[INFO] [stdout]   --> examples/rtc.rs:11:5
[INFO] [stdout]    |
[INFO] [stdout] 11 | use defmt_rtt as _;
[INFO] [stdout]    |     ^^^^^^^^^^^^^^ no external crate `defmt_rtt`
[INFO] [stdout] 
[INFO] [stdout] 
[INFO] [stdout] error[E0432]: unresolved import `panic_probe`
[INFO] [stdout]   --> examples/rtc.rs:12:5
[INFO] [stdout]    |
[INFO] [stdout] 12 | use panic_probe as _;
[INFO] [stdout]    |     ^^^^^^^^^^^^^^^^ no external crate `panic_probe`
[INFO] [stdout] 
[INFO] [stdout] 
[INFO] [stdout] error[E0432]: unresolved import `rp_pico`
[INFO] [stdout]   --> examples/rtc.rs:13:5
[INFO] [stdout]    |
[INFO] [stdout] 13 | use rp_pico as bsp;
[INFO] [stdout]    |     ^^^^^^^^^^^^^^ no external crate `rp_pico`
[INFO] [stdout] 
[INFO] [stdout] 
[INFO] [stdout] error: cannot determine resolution for the attribute macro `entry`
[INFO] [stdout]   --> examples/rtc.rs:24:3
[INFO] [stdout]    |
[INFO] [stdout] 24 | #[entry]
[INFO] [stdout]    |   ^^^^^
[INFO] [stdout]    |
[INFO] [stdout]    = note: import resolution is stuck, try simplifying macro imports
[INFO] [stdout] 
[INFO] [stdout] 
[INFO] [stdout] error[E0433]: failed to resolve: use of undeclared crate or module `cortex_m`
[INFO] [stdout]   --> examples/rtc.rs:54:17
[INFO] [stdout]    |
[INFO] [stdout] 54 |     let delay = cortex_m::delay::Delay::new(core.SYST, XTAL_FREQ_HZ);
[INFO] [stdout]    |                 ^^^^^^^^ use of undeclared crate or module `cortex_m`
[INFO] [stdout] 
[INFO] [stdout] 
[INFO] [stdout] error: `#[panic_handler]` function required, but not found
[INFO] [stdout] 
[INFO] [stdout] 
[INFO] [stdout] error: language item required, but not found: `eh_personality`
[INFO] [stdout]   |
[INFO] [stdout]   = note: this can occur when a binary crate with `#![no_std]` is compiled for a target where `eh_personality` is defined in the standard library
[INFO] [stdout]   = help: you may be able to compile for a target that doesn't need `eh_personality`, specify a target with `--target` or in `.cargo/config`
[INFO] [stdout] 
[INFO] [stdout] 
[INFO] [stdout] error: aborting due to 8 previous errors
[INFO] [stdout] 
[INFO] [stdout] 
[INFO] [stdout] Some errors have detailed explanations: E0432, E0433.
[INFO] [stdout] 
[INFO] [stdout] For more information about an error, try `rustc --explain E0432`.
[INFO] [stdout] 
[INFO] [stderr] error: could not compile `sevseg_3642bs` due to 9 previous errors
[INFO] running `Command { std: "docker" "inspect" "cb4ca37f80f7d46184f2781f3138fbc8166c6e730fad1e15fa95ad1bf5576a64", kill_on_drop: false }`
[INFO] running `Command { std: "docker" "rm" "-f" "cb4ca37f80f7d46184f2781f3138fbc8166c6e730fad1e15fa95ad1bf5576a64", kill_on_drop: false }`
[INFO] [stdout] cb4ca37f80f7d46184f2781f3138fbc8166c6e730fad1e15fa95ad1bf5576a64
