[INFO] fetching crate set_slice 0.3.0...
[INFO] testing set_slice-0.3.0 against 1.69.0 for beta-1.70-1
[INFO] extracting crate set_slice 0.3.0 into /workspace/builds/worker-0-tc1/source
[INFO] validating manifest of crates.io crate set_slice 0.3.0 on toolchain 1.69.0
[INFO] running `Command { std: CARGO_HOME="/workspace/cargo-home" RUSTUP_HOME="/workspace/rustup-home" "/workspace/cargo-home/bin/cargo" "+1.69.0" "metadata" "--manifest-path" "Cargo.toml" "--no-deps", kill_on_drop: false }`
[INFO] started tweaking crates.io crate set_slice 0.3.0
[INFO] finished tweaking crates.io crate set_slice 0.3.0
[INFO] tweaked toml for crates.io crate set_slice 0.3.0 written to /workspace/builds/worker-0-tc1/source/Cargo.toml
[INFO] running `Command { std: CARGO_HOME="/workspace/cargo-home" RUSTUP_HOME="/workspace/rustup-home" __CARGO_TEST_CHANNEL_OVERRIDE_DO_NOT_USE_THIS="nightly" "/workspace/cargo-home/bin/cargo" "+1.69.0" "generate-lockfile" "--manifest-path" "Cargo.toml" "-Zno-index-update", kill_on_drop: false }`
[INFO] running `Command { std: CARGO_HOME="/workspace/cargo-home" RUSTUP_HOME="/workspace/rustup-home" "/workspace/cargo-home/bin/cargo" "+1.69.0" "fetch" "--manifest-path" "Cargo.toml", kill_on_drop: false }`
[INFO] running `Command { std: "docker" "create" "-v" "/var/lib/crater-agent-workspace/builds/worker-0-tc1/target:/opt/rustwide/target:rw,Z" "-v" "/var/lib/crater-agent-workspace/builds/worker-0-tc1/source:/opt/rustwide/workdir:ro,Z" "-v" "/var/lib/crater-agent-workspace/cargo-home:/opt/rustwide/cargo-home:ro,Z" "-v" "/var/lib/crater-agent-workspace/rustup-home:/opt/rustwide/rustup-home:ro,Z" "-e" "SOURCE_DIR=/opt/rustwide/workdir" "-e" "CARGO_TARGET_DIR=/opt/rustwide/target" "-e" "CARGO_HOME=/opt/rustwide/cargo-home" "-e" "RUSTUP_HOME=/opt/rustwide/rustup-home" "-w" "/opt/rustwide/workdir" "-m" "1610612736" "--user" "0:0" "--network" "none" "ghcr.io/rust-lang/crates-build-env/linux@sha256:5ff2268d62e97bff2cde7d5815dd6ed5b47097566f13b8d0ca110b04b60e07ed" "/opt/rustwide/cargo-home/bin/cargo" "+1.69.0" "metadata" "--no-deps" "--format-version=1", kill_on_drop: false }`
[INFO] [stdout] 41677230394a1bb381733a5dc5570d932b90897b148b2f4288a932375f3ae3f1
[INFO] running `Command { std: "docker" "start" "-a" "41677230394a1bb381733a5dc5570d932b90897b148b2f4288a932375f3ae3f1", kill_on_drop: false }`
[INFO] running `Command { std: "docker" "inspect" "41677230394a1bb381733a5dc5570d932b90897b148b2f4288a932375f3ae3f1", kill_on_drop: false }`
[INFO] running `Command { std: "docker" "rm" "-f" "41677230394a1bb381733a5dc5570d932b90897b148b2f4288a932375f3ae3f1", kill_on_drop: false }`
[INFO] [stdout] 41677230394a1bb381733a5dc5570d932b90897b148b2f4288a932375f3ae3f1
[INFO] running `Command { std: "docker" "create" "-v" "/var/lib/crater-agent-workspace/builds/worker-0-tc1/target:/opt/rustwide/target:rw,Z" "-v" "/var/lib/crater-agent-workspace/builds/worker-0-tc1/source:/opt/rustwide/workdir:ro,Z" "-v" "/var/lib/crater-agent-workspace/cargo-home:/opt/rustwide/cargo-home:ro,Z" "-v" "/var/lib/crater-agent-workspace/rustup-home:/opt/rustwide/rustup-home:ro,Z" "-e" "SOURCE_DIR=/opt/rustwide/workdir" "-e" "CARGO_TARGET_DIR=/opt/rustwide/target" "-e" "CARGO_INCREMENTAL=0" "-e" "RUST_BACKTRACE=full" "-e" "RUSTFLAGS=--cap-lints=warn" "-e" "RUSTDOCFLAGS=--cap-lints=warn" "-e" "CARGO_HOME=/opt/rustwide/cargo-home" "-e" "RUSTUP_HOME=/opt/rustwide/rustup-home" "-w" "/opt/rustwide/workdir" "-m" "1610612736" "--user" "0:0" "--network" "none" "ghcr.io/rust-lang/crates-build-env/linux@sha256:5ff2268d62e97bff2cde7d5815dd6ed5b47097566f13b8d0ca110b04b60e07ed" "/opt/rustwide/cargo-home/bin/cargo" "+1.69.0" "build" "--frozen" "--message-format=json", kill_on_drop: false }`
[INFO] [stdout] d6a5202d17dd50238b437635db7bb2c9caff009a0b91ce588ae0a7aeae5ea351
[INFO] running `Command { std: "docker" "start" "-a" "d6a5202d17dd50238b437635db7bb2c9caff009a0b91ce588ae0a7aeae5ea351", kill_on_drop: false }`
[INFO] [stderr]    Compiling set_slice v0.3.0 (/opt/rustwide/workdir)
[INFO] [stderr]     Finished dev [unoptimized + debuginfo] target(s) in 0.09s
[INFO] running `Command { std: "docker" "inspect" "d6a5202d17dd50238b437635db7bb2c9caff009a0b91ce588ae0a7aeae5ea351", kill_on_drop: false }`
[INFO] running `Command { std: "docker" "rm" "-f" "d6a5202d17dd50238b437635db7bb2c9caff009a0b91ce588ae0a7aeae5ea351", kill_on_drop: false }`
[INFO] [stdout] d6a5202d17dd50238b437635db7bb2c9caff009a0b91ce588ae0a7aeae5ea351
[INFO] running `Command { std: "docker" "create" "-v" "/var/lib/crater-agent-workspace/builds/worker-0-tc1/target:/opt/rustwide/target:rw,Z" "-v" "/var/lib/crater-agent-workspace/builds/worker-0-tc1/source:/opt/rustwide/workdir:ro,Z" "-v" "/var/lib/crater-agent-workspace/cargo-home:/opt/rustwide/cargo-home:ro,Z" "-v" "/var/lib/crater-agent-workspace/rustup-home:/opt/rustwide/rustup-home:ro,Z" "-e" "SOURCE_DIR=/opt/rustwide/workdir" "-e" "CARGO_TARGET_DIR=/opt/rustwide/target" "-e" "CARGO_INCREMENTAL=0" "-e" "RUST_BACKTRACE=full" "-e" "RUSTFLAGS=--cap-lints=warn" "-e" "RUSTDOCFLAGS=--cap-lints=warn" "-e" "CARGO_HOME=/opt/rustwide/cargo-home" "-e" "RUSTUP_HOME=/opt/rustwide/rustup-home" "-w" "/opt/rustwide/workdir" "-m" "1610612736" "--user" "0:0" "--network" "none" "ghcr.io/rust-lang/crates-build-env/linux@sha256:5ff2268d62e97bff2cde7d5815dd6ed5b47097566f13b8d0ca110b04b60e07ed" "/opt/rustwide/cargo-home/bin/cargo" "+1.69.0" "test" "--frozen" "--no-run" "--message-format=json", kill_on_drop: false }`
[INFO] [stdout] b555d5bf26cd3c35f8d9f7e325a66297b7660f31d94b1b89e3d8b471cdd286a8
[INFO] running `Command { std: "docker" "start" "-a" "b555d5bf26cd3c35f8d9f7e325a66297b7660f31d94b1b89e3d8b471cdd286a8", kill_on_drop: false }`
[INFO] [stderr]    Compiling set_slice v0.3.0 (/opt/rustwide/workdir)
[INFO] [stdout] error[E0433]: failed to resolve: maybe a missing crate `assert_eq`?
[INFO] [stdout]    --> src/lib.rs:123:13
[INFO] [stdout]     |
[INFO] [stdout] 123 |               assert_eq!(sl, vl, "line {}: value length ({}) is invalid, excepted: {}", LINE, vl, sl);
[INFO] [stdout]     |               ^^^^^^^^^ maybe a missing crate `assert_eq`?
[INFO] [stdout] ...
[INFO] [stdout] 294 | /         set_slice! {
[INFO] [stdout] 295 | |             v[0..1] = value;
[INFO] [stdout] 296 | |             v[1..3] = move array;
[INFO] [stdout] 297 | |             v[3..] = move vec;
[INFO] [stdout] 298 | |         }
[INFO] [stdout]     | |_________- in this macro invocation
[INFO] [stdout]     |
[INFO] [stdout]     = note: this error originates in the macro `__set_slice_internals` which comes from the expansion of the macro `set_slice` (in Nightly builds, run with -Z macro-backtrace for more info)
[INFO] [stdout] 
[INFO] [stdout] 
[INFO] [stdout] error[E0433]: failed to resolve: maybe a missing crate `assert_eq`?
[INFO] [stdout]    --> src/lib.rs:123:13
[INFO] [stdout]     |
[INFO] [stdout] 123 |               assert_eq!(sl, vl, "line {}: value length ({}) is invalid, excepted: {}", LINE, vl, sl);
[INFO] [stdout]     |               ^^^^^^^^^ maybe a missing crate `assert_eq`?
[INFO] [stdout] ...
[INFO] [stdout] 294 | /         set_slice! {
[INFO] [stdout] 295 | |             v[0..1] = value;
[INFO] [stdout] 296 | |             v[1..3] = move array;
[INFO] [stdout] 297 | |             v[3..] = move vec;
[INFO] [stdout] 298 | |         }
[INFO] [stdout]     | |_________- in this macro invocation
[INFO] [stdout]     |
[INFO] [stdout]     = note: this error originates in the macro `__set_slice_internals` which comes from the expansion of the macro `set_slice` (in Nightly builds, run with -Z macro-backtrace for more info)
[INFO] [stdout] 
[INFO] [stdout] 
[INFO] [stdout] error[E0433]: failed to resolve: maybe a missing crate `assert_eq`?
[INFO] [stdout]    --> src/lib.rs:123:13
[INFO] [stdout]     |
[INFO] [stdout] 123 |               assert_eq!(sl, vl, "line {}: value length ({}) is invalid, excepted: {}", LINE, vl, sl);
[INFO] [stdout]     |               ^^^^^^^^^ maybe a missing crate `assert_eq`?
[INFO] [stdout] ...
[INFO] [stdout] 294 | /         set_slice! {
[INFO] [stdout] 295 | |             v[0..1] = value;
[INFO] [stdout] 296 | |             v[1..3] = move array;
[INFO] [stdout] 297 | |             v[3..] = move vec;
[INFO] [stdout] 298 | |         }
[INFO] [stdout]     | |_________- in this macro invocation
[INFO] [stdout]     |
[INFO] [stdout]     = note: this error originates in the macro `__set_slice_internals` which comes from the expansion of the macro `set_slice` (in Nightly builds, run with -Z macro-backtrace for more info)
[INFO] [stdout] 
[INFO] [stdout] 
[INFO] [stdout] error[E0433]: failed to resolve: maybe a missing crate `assert_eq`?
[INFO] [stdout]    --> src/lib.rs:123:13
[INFO] [stdout]     |
[INFO] [stdout] 123 |               assert_eq!(sl, vl, "line {}: value length ({}) is invalid, excepted: {}", LINE, vl, sl);
[INFO] [stdout]     |               ^^^^^^^^^ maybe a missing crate `assert_eq`?
[INFO] [stdout] ...
[INFO] [stdout] 308 | /         set_slice! {
[INFO] [stdout] 309 | |             v[..] = 0, 1, 2, 3, 4, 5, 6, 7, 8, 9;
[INFO] [stdout] 310 | |         }
[INFO] [stdout]     | |_________- in this macro invocation
[INFO] [stdout]     |
[INFO] [stdout]     = note: this error originates in the macro `__set_slice_internals` which comes from the expansion of the macro `set_slice` (in Nightly builds, run with -Z macro-backtrace for more info)
[INFO] [stdout] 
[INFO] [stdout] 
[INFO] [stdout] error[E0433]: failed to resolve: maybe a missing crate `assert_eq`?
[INFO] [stdout]    --> src/lib.rs:123:13
[INFO] [stdout]     |
[INFO] [stdout] 123 |               assert_eq!(sl, vl, "line {}: value length ({}) is invalid, excepted: {}", LINE, vl, sl);
[INFO] [stdout]     |               ^^^^^^^^^ maybe a missing crate `assert_eq`?
[INFO] [stdout] ...
[INFO] [stdout] 316 | /         set_slice! {
[INFO] [stdout] 317 | |             v = 0, 1, 2, 3, 4, 5, 6, 7, 8, 9;
[INFO] [stdout] 318 | |         }
[INFO] [stdout]     | |_________- in this macro invocation
[INFO] [stdout]     |
[INFO] [stdout]     = note: this error originates in the macro `__set_slice_internals` which comes from the expansion of the macro `set_slice` (in Nightly builds, run with -Z macro-backtrace for more info)
[INFO] [stdout] 
[INFO] [stdout] 
[INFO] [stdout] error[E0433]: failed to resolve: maybe a missing crate `assert_eq`?
[INFO] [stdout]    --> src/lib.rs:136:9
[INFO] [stdout]     |
[INFO] [stdout] 136 |           assert_eq!(il, sl, "ln({}) input length invalid: {}, expected: {}", LINE, il, sl);
[INFO] [stdout]     |           ^^^^^^^^^ maybe a missing crate `assert_eq`?
[INFO] [stdout] ...
[INFO] [stdout] 330 | /         set_slice! {
[INFO] [stdout] 331 | |             v[1..=2] = copy &[5, 3];
[INFO] [stdout] 332 | |             v[3..6] = copy &values;
[INFO] [stdout] 333 | |             v[..2] = copy &array;
[INFO] [stdout] 334 | |             v[6..] = copy &deref;
[INFO] [stdout] 335 | |         }
[INFO] [stdout]     | |_________- in this macro invocation
[INFO] [stdout]     |
[INFO] [stdout]     = note: this error originates in the macro `__set_slice_internals` which comes from the expansion of the macro `set_slice` (in Nightly builds, run with -Z macro-backtrace for more info)
[INFO] [stdout] 
[INFO] [stdout] 
[INFO] [stdout] error[E0433]: failed to resolve: maybe a missing crate `assert_eq`?
[INFO] [stdout]    --> src/lib.rs:136:9
[INFO] [stdout]     |
[INFO] [stdout] 136 |           assert_eq!(il, sl, "ln({}) input length invalid: {}, expected: {}", LINE, il, sl);
[INFO] [stdout]     |           ^^^^^^^^^ maybe a missing crate `assert_eq`?
[INFO] [stdout] ...
[INFO] [stdout] 330 | /         set_slice! {
[INFO] [stdout] 331 | |             v[1..=2] = copy &[5, 3];
[INFO] [stdout] 332 | |             v[3..6] = copy &values;
[INFO] [stdout] 333 | |             v[..2] = copy &array;
[INFO] [stdout] 334 | |             v[6..] = copy &deref;
[INFO] [stdout] 335 | |         }
[INFO] [stdout]     | |_________- in this macro invocation
[INFO] [stdout]     |
[INFO] [stdout]     = note: this error originates in the macro `__set_slice_internals` which comes from the expansion of the macro `set_slice` (in Nightly builds, run with -Z macro-backtrace for more info)
[INFO] [stdout] 
[INFO] [stdout] 
[INFO] [stdout] error[E0433]: failed to resolve: maybe a missing crate `assert_eq`?
[INFO] [stdout]    --> src/lib.rs:136:9
[INFO] [stdout]     |
[INFO] [stdout] 136 |           assert_eq!(il, sl, "ln({}) input length invalid: {}, expected: {}", LINE, il, sl);
[INFO] [stdout]     |           ^^^^^^^^^ maybe a missing crate `assert_eq`?
[INFO] [stdout] ...
[INFO] [stdout] 330 | /         set_slice! {
[INFO] [stdout] 331 | |             v[1..=2] = copy &[5, 3];
[INFO] [stdout] 332 | |             v[3..6] = copy &values;
[INFO] [stdout] 333 | |             v[..2] = copy &array;
[INFO] [stdout] 334 | |             v[6..] = copy &deref;
[INFO] [stdout] 335 | |         }
[INFO] [stdout]     | |_________- in this macro invocation
[INFO] [stdout]     |
[INFO] [stdout]     = note: this error originates in the macro `__set_slice_internals` which comes from the expansion of the macro `set_slice` (in Nightly builds, run with -Z macro-backtrace for more info)
[INFO] [stdout] 
[INFO] [stdout] 
[INFO] [stdout] error[E0433]: failed to resolve: maybe a missing crate `assert_eq`?
[INFO] [stdout]    --> src/lib.rs:136:9
[INFO] [stdout]     |
[INFO] [stdout] 136 |           assert_eq!(il, sl, "ln({}) input length invalid: {}, expected: {}", LINE, il, sl);
[INFO] [stdout]     |           ^^^^^^^^^ maybe a missing crate `assert_eq`?
[INFO] [stdout] ...
[INFO] [stdout] 330 | /         set_slice! {
[INFO] [stdout] 331 | |             v[1..=2] = copy &[5, 3];
[INFO] [stdout] 332 | |             v[3..6] = copy &values;
[INFO] [stdout] 333 | |             v[..2] = copy &array;
[INFO] [stdout] 334 | |             v[6..] = copy &deref;
[INFO] [stdout] 335 | |         }
[INFO] [stdout]     | |_________- in this macro invocation
[INFO] [stdout]     |
[INFO] [stdout]     = note: this error originates in the macro `__set_slice_internals` which comes from the expansion of the macro `set_slice` (in Nightly builds, run with -Z macro-backtrace for more info)
[INFO] [stdout] 
[INFO] [stdout] 
[INFO] [stdout] error[E0433]: failed to resolve: maybe a missing crate `assert_eq`?
[INFO] [stdout]    --> src/lib.rs:147:13
[INFO] [stdout]     |
[INFO] [stdout] 147 |               assert_eq!(sl, $size, "line {}: slice length ({}) is invalid, excepted: {}", LINE, sl, $size);
[INFO] [stdout]     |               ^^^^^^^^^ maybe a missing crate `assert_eq`?
[INFO] [stdout] ...
[INFO] [stdout] 350 | /         set_slice! {
[INFO] [stdout] 351 | |             unsafe v[1..=2]: (2) = ref &[A(5), A(3)];
[INFO] [stdout] 352 | |             unsafe v[3..6]: (3) = ref &values;
[INFO] [stdout] 353 | |             unsafe v[..2]: (2) = ref &array;
[INFO] [stdout] 354 | |             unsafe v[6..]: (2) = ref &deref;
[INFO] [stdout] 355 | |         }
[INFO] [stdout]     | |_________- in this macro invocation
[INFO] [stdout]     |
[INFO] [stdout]     = note: this error originates in the macro `__set_slice_internals` which comes from the expansion of the macro `set_slice` (in Nightly builds, run with -Z macro-backtrace for more info)
[INFO] [stdout] 
[INFO] [stdout] 
[INFO] [stdout] error[E0433]: failed to resolve: maybe a missing crate `assert_eq`?
[INFO] [stdout]    --> src/lib.rs:148:13
[INFO] [stdout]     |
[INFO] [stdout] 148 |               assert_eq!(vl, $size, "line {}: value length ({}) is invalid, excepted: {}", LINE, vl, $size);
[INFO] [stdout]     |               ^^^^^^^^^ maybe a missing crate `assert_eq`?
[INFO] [stdout] ...
[INFO] [stdout] 350 | /         set_slice! {
[INFO] [stdout] 351 | |             unsafe v[1..=2]: (2) = ref &[A(5), A(3)];
[INFO] [stdout] 352 | |             unsafe v[3..6]: (3) = ref &values;
[INFO] [stdout] 353 | |             unsafe v[..2]: (2) = ref &array;
[INFO] [stdout] 354 | |             unsafe v[6..]: (2) = ref &deref;
[INFO] [stdout] 355 | |         }
[INFO] [stdout]     | |_________- in this macro invocation
[INFO] [stdout]     |
[INFO] [stdout]     = note: this error originates in the macro `__set_slice_internals` which comes from the expansion of the macro `set_slice` (in Nightly builds, run with -Z macro-backtrace for more info)
[INFO] [stdout] 
[INFO] [stdout] 
[INFO] [stdout] error[E0433]: failed to resolve: maybe a missing crate `assert_eq`?
[INFO] [stdout]    --> src/lib.rs:147:13
[INFO] [stdout]     |
[INFO] [stdout] 147 |               assert_eq!(sl, $size, "line {}: slice length ({}) is invalid, excepted: {}", LINE, sl, $size);
[INFO] [stdout]     |               ^^^^^^^^^ maybe a missing crate `assert_eq`?
[INFO] [stdout] ...
[INFO] [stdout] 350 | /         set_slice! {
[INFO] [stdout] 351 | |             unsafe v[1..=2]: (2) = ref &[A(5), A(3)];
[INFO] [stdout] 352 | |             unsafe v[3..6]: (3) = ref &values;
[INFO] [stdout] 353 | |             unsafe v[..2]: (2) = ref &array;
[INFO] [stdout] 354 | |             unsafe v[6..]: (2) = ref &deref;
[INFO] [stdout] 355 | |         }
[INFO] [stdout]     | |_________- in this macro invocation
[INFO] [stdout]     |
[INFO] [stdout]     = note: this error originates in the macro `__set_slice_internals` which comes from the expansion of the macro `set_slice` (in Nightly builds, run with -Z macro-backtrace for more info)
[INFO] [stdout] 
[INFO] [stdout] 
[INFO] [stdout] error[E0433]: failed to resolve: maybe a missing crate `assert_eq`?
[INFO] [stdout]    --> src/lib.rs:148:13
[INFO] [stdout]     |
[INFO] [stdout] 148 |               assert_eq!(vl, $size, "line {}: value length ({}) is invalid, excepted: {}", LINE, vl, $size);
[INFO] [stdout]     |               ^^^^^^^^^ maybe a missing crate `assert_eq`?
[INFO] [stdout] ...
[INFO] [stdout] 350 | /         set_slice! {
[INFO] [stdout] 351 | |             unsafe v[1..=2]: (2) = ref &[A(5), A(3)];
[INFO] [stdout] 352 | |             unsafe v[3..6]: (3) = ref &values;
[INFO] [stdout] 353 | |             unsafe v[..2]: (2) = ref &array;
[INFO] [stdout] 354 | |             unsafe v[6..]: (2) = ref &deref;
[INFO] [stdout] 355 | |         }
[INFO] [stdout]     | |_________- in this macro invocation
[INFO] [stdout]     |
[INFO] [stdout]     = note: this error originates in the macro `__set_slice_internals` which comes from the expansion of the macro `set_slice` (in Nightly builds, run with -Z macro-backtrace for more info)
[INFO] [stdout] 
[INFO] [stdout] 
[INFO] [stdout] error[E0433]: failed to resolve: maybe a missing crate `assert_eq`?
[INFO] [stdout]    --> src/lib.rs:147:13
[INFO] [stdout]     |
[INFO] [stdout] 147 |               assert_eq!(sl, $size, "line {}: slice length ({}) is invalid, excepted: {}", LINE, sl, $size);
[INFO] [stdout]     |               ^^^^^^^^^ maybe a missing crate `assert_eq`?
[INFO] [stdout] ...
[INFO] [stdout] 350 | /         set_slice! {
[INFO] [stdout] 351 | |             unsafe v[1..=2]: (2) = ref &[A(5), A(3)];
[INFO] [stdout] 352 | |             unsafe v[3..6]: (3) = ref &values;
[INFO] [stdout] 353 | |             unsafe v[..2]: (2) = ref &array;
[INFO] [stdout] 354 | |             unsafe v[6..]: (2) = ref &deref;
[INFO] [stdout] 355 | |         }
[INFO] [stdout]     | |_________- in this macro invocation
[INFO] [stdout]     |
[INFO] [stdout]     = note: this error originates in the macro `__set_slice_internals` which comes from the expansion of the macro `set_slice` (in Nightly builds, run with -Z macro-backtrace for more info)
[INFO] [stdout] 
[INFO] [stdout] 
[INFO] [stdout] error[E0433]: failed to resolve: maybe a missing crate `assert_eq`?
[INFO] [stdout]    --> src/lib.rs:148:13
[INFO] [stdout]     |
[INFO] [stdout] 148 |               assert_eq!(vl, $size, "line {}: value length ({}) is invalid, excepted: {}", LINE, vl, $size);
[INFO] [stdout]     |               ^^^^^^^^^ maybe a missing crate `assert_eq`?
[INFO] [stdout] ...
[INFO] [stdout] 350 | /         set_slice! {
[INFO] [stdout] 351 | |             unsafe v[1..=2]: (2) = ref &[A(5), A(3)];
[INFO] [stdout] 352 | |             unsafe v[3..6]: (3) = ref &values;
[INFO] [stdout] 353 | |             unsafe v[..2]: (2) = ref &array;
[INFO] [stdout] 354 | |             unsafe v[6..]: (2) = ref &deref;
[INFO] [stdout] 355 | |         }
[INFO] [stdout]     | |_________- in this macro invocation
[INFO] [stdout]     |
[INFO] [stdout]     = note: this error originates in the macro `__set_slice_internals` which comes from the expansion of the macro `set_slice` (in Nightly builds, run with -Z macro-backtrace for more info)
[INFO] [stdout] 
[INFO] [stdout] 
[INFO] [stdout] error[E0433]: failed to resolve: maybe a missing crate `assert_eq`?
[INFO] [stdout]    --> src/lib.rs:147:13
[INFO] [stdout]     |
[INFO] [stdout] 147 |               assert_eq!(sl, $size, "line {}: slice length ({}) is invalid, excepted: {}", LINE, sl, $size);
[INFO] [stdout]     |               ^^^^^^^^^ maybe a missing crate `assert_eq`?
[INFO] [stdout] ...
[INFO] [stdout] 350 | /         set_slice! {
[INFO] [stdout] 351 | |             unsafe v[1..=2]: (2) = ref &[A(5), A(3)];
[INFO] [stdout] 352 | |             unsafe v[3..6]: (3) = ref &values;
[INFO] [stdout] 353 | |             unsafe v[..2]: (2) = ref &array;
[INFO] [stdout] 354 | |             unsafe v[6..]: (2) = ref &deref;
[INFO] [stdout] 355 | |         }
[INFO] [stdout]     | |_________- in this macro invocation
[INFO] [stdout]     |
[INFO] [stdout]     = note: this error originates in the macro `__set_slice_internals` which comes from the expansion of the macro `set_slice` (in Nightly builds, run with -Z macro-backtrace for more info)
[INFO] [stdout] 
[INFO] [stdout] 
[INFO] [stdout] error[E0433]: failed to resolve: maybe a missing crate `assert_eq`?
[INFO] [stdout]    --> src/lib.rs:148:13
[INFO] [stdout]     |
[INFO] [stdout] 148 |               assert_eq!(vl, $size, "line {}: value length ({}) is invalid, excepted: {}", LINE, vl, $size);
[INFO] [stdout]     |               ^^^^^^^^^ maybe a missing crate `assert_eq`?
[INFO] [stdout] ...
[INFO] [stdout] 350 | /         set_slice! {
[INFO] [stdout] 351 | |             unsafe v[1..=2]: (2) = ref &[A(5), A(3)];
[INFO] [stdout] 352 | |             unsafe v[3..6]: (3) = ref &values;
[INFO] [stdout] 353 | |             unsafe v[..2]: (2) = ref &array;
[INFO] [stdout] 354 | |             unsafe v[6..]: (2) = ref &deref;
[INFO] [stdout] 355 | |         }
[INFO] [stdout]     | |_________- in this macro invocation
[INFO] [stdout]     |
[INFO] [stdout]     = note: this error originates in the macro `__set_slice_internals` which comes from the expansion of the macro `set_slice` (in Nightly builds, run with -Z macro-backtrace for more info)
[INFO] [stdout] 
[INFO] [stdout] 
[INFO] [stdout] error: aborting due to 17 previous errors
[INFO] [stdout] 
[INFO] [stdout] 
[INFO] [stdout] For more information about this error, try `rustc --explain E0433`.
[INFO] [stdout] 
[INFO] [stderr] error: could not compile `set_slice` due to 18 previous errors
[INFO] running `Command { std: "docker" "inspect" "b555d5bf26cd3c35f8d9f7e325a66297b7660f31d94b1b89e3d8b471cdd286a8", kill_on_drop: false }`
[INFO] running `Command { std: "docker" "rm" "-f" "b555d5bf26cd3c35f8d9f7e325a66297b7660f31d94b1b89e3d8b471cdd286a8", kill_on_drop: false }`
[INFO] [stdout] b555d5bf26cd3c35f8d9f7e325a66297b7660f31d94b1b89e3d8b471cdd286a8
