[INFO] fetching crate set-partitions 1.0.1...
[INFO] testing set-partitions-1.0.1 against 1.69.0 for beta-1.70-1
[INFO] extracting crate set-partitions 1.0.1 into /workspace/builds/worker-1-tc1/source
[INFO] validating manifest of crates.io crate set-partitions 1.0.1 on toolchain 1.69.0
[INFO] running `Command { std: CARGO_HOME="/workspace/cargo-home" RUSTUP_HOME="/workspace/rustup-home" "/workspace/cargo-home/bin/cargo" "+1.69.0" "metadata" "--manifest-path" "Cargo.toml" "--no-deps", kill_on_drop: false }`
[INFO] started tweaking crates.io crate set-partitions 1.0.1
[INFO] finished tweaking crates.io crate set-partitions 1.0.1
[INFO] tweaked toml for crates.io crate set-partitions 1.0.1 written to /workspace/builds/worker-1-tc1/source/Cargo.toml
[INFO] running `Command { std: CARGO_HOME="/workspace/cargo-home" RUSTUP_HOME="/workspace/rustup-home" __CARGO_TEST_CHANNEL_OVERRIDE_DO_NOT_USE_THIS="nightly" "/workspace/cargo-home/bin/cargo" "+1.69.0" "generate-lockfile" "--manifest-path" "Cargo.toml" "-Zno-index-update", kill_on_drop: false }`
[INFO] [stderr]     Blocking waiting for file lock on package cache
[INFO] running `Command { std: CARGO_HOME="/workspace/cargo-home" RUSTUP_HOME="/workspace/rustup-home" "/workspace/cargo-home/bin/cargo" "+1.69.0" "fetch" "--manifest-path" "Cargo.toml", kill_on_drop: false }`
[INFO] running `Command { std: "docker" "create" "-v" "/var/lib/crater-agent-workspace/builds/worker-1-tc1/target:/opt/rustwide/target:rw,Z" "-v" "/var/lib/crater-agent-workspace/builds/worker-1-tc1/source:/opt/rustwide/workdir:ro,Z" "-v" "/var/lib/crater-agent-workspace/cargo-home:/opt/rustwide/cargo-home:ro,Z" "-v" "/var/lib/crater-agent-workspace/rustup-home:/opt/rustwide/rustup-home:ro,Z" "-e" "SOURCE_DIR=/opt/rustwide/workdir" "-e" "CARGO_TARGET_DIR=/opt/rustwide/target" "-e" "CARGO_HOME=/opt/rustwide/cargo-home" "-e" "RUSTUP_HOME=/opt/rustwide/rustup-home" "-w" "/opt/rustwide/workdir" "-m" "1610612736" "--user" "0:0" "--network" "none" "ghcr.io/rust-lang/crates-build-env/linux@sha256:5ff2268d62e97bff2cde7d5815dd6ed5b47097566f13b8d0ca110b04b60e07ed" "/opt/rustwide/cargo-home/bin/cargo" "+1.69.0" "metadata" "--no-deps" "--format-version=1", kill_on_drop: false }`
[INFO] [stdout] 04b4344eda04d7e3ee4af62f6039d6c2de8e990e4ae3c56ec8c61766e127c1cc
[INFO] running `Command { std: "docker" "start" "-a" "04b4344eda04d7e3ee4af62f6039d6c2de8e990e4ae3c56ec8c61766e127c1cc", kill_on_drop: false }`
[INFO] running `Command { std: "docker" "inspect" "04b4344eda04d7e3ee4af62f6039d6c2de8e990e4ae3c56ec8c61766e127c1cc", kill_on_drop: false }`
[INFO] running `Command { std: "docker" "rm" "-f" "04b4344eda04d7e3ee4af62f6039d6c2de8e990e4ae3c56ec8c61766e127c1cc", kill_on_drop: false }`
[INFO] [stdout] 04b4344eda04d7e3ee4af62f6039d6c2de8e990e4ae3c56ec8c61766e127c1cc
[INFO] running `Command { std: "docker" "create" "-v" "/var/lib/crater-agent-workspace/builds/worker-1-tc1/target:/opt/rustwide/target:rw,Z" "-v" "/var/lib/crater-agent-workspace/builds/worker-1-tc1/source:/opt/rustwide/workdir:ro,Z" "-v" "/var/lib/crater-agent-workspace/cargo-home:/opt/rustwide/cargo-home:ro,Z" "-v" "/var/lib/crater-agent-workspace/rustup-home:/opt/rustwide/rustup-home:ro,Z" "-e" "SOURCE_DIR=/opt/rustwide/workdir" "-e" "CARGO_TARGET_DIR=/opt/rustwide/target" "-e" "CARGO_INCREMENTAL=0" "-e" "RUST_BACKTRACE=full" "-e" "RUSTFLAGS=--cap-lints=warn" "-e" "RUSTDOCFLAGS=--cap-lints=warn" "-e" "CARGO_HOME=/opt/rustwide/cargo-home" "-e" "RUSTUP_HOME=/opt/rustwide/rustup-home" "-w" "/opt/rustwide/workdir" "-m" "1610612736" "--user" "0:0" "--network" "none" "ghcr.io/rust-lang/crates-build-env/linux@sha256:5ff2268d62e97bff2cde7d5815dd6ed5b47097566f13b8d0ca110b04b60e07ed" "/opt/rustwide/cargo-home/bin/cargo" "+1.69.0" "build" "--frozen" "--message-format=json", kill_on_drop: false }`
[INFO] [stdout] bf53ed7339fb3bad7940bf60c97cee5cd8f8593898e62a69b617128aa69c5081
[INFO] running `Command { std: "docker" "start" "-a" "bf53ed7339fb3bad7940bf60c97cee5cd8f8593898e62a69b617128aa69c5081", kill_on_drop: false }`
[INFO] [stderr]    Compiling num-traits v0.2.15
[INFO] [stderr]    Compiling arrayvec v0.7.2
[INFO] [stderr]    Compiling set-partitions v1.0.1 (/opt/rustwide/workdir)
[INFO] [stderr]     Finished dev [unoptimized + debuginfo] target(s) in 5.22s
[INFO] running `Command { std: "docker" "inspect" "bf53ed7339fb3bad7940bf60c97cee5cd8f8593898e62a69b617128aa69c5081", kill_on_drop: false }`
[INFO] running `Command { std: "docker" "rm" "-f" "bf53ed7339fb3bad7940bf60c97cee5cd8f8593898e62a69b617128aa69c5081", kill_on_drop: false }`
[INFO] [stdout] bf53ed7339fb3bad7940bf60c97cee5cd8f8593898e62a69b617128aa69c5081
[INFO] running `Command { std: "docker" "create" "-v" "/var/lib/crater-agent-workspace/builds/worker-1-tc1/target:/opt/rustwide/target:rw,Z" "-v" "/var/lib/crater-agent-workspace/builds/worker-1-tc1/source:/opt/rustwide/workdir:ro,Z" "-v" "/var/lib/crater-agent-workspace/cargo-home:/opt/rustwide/cargo-home:ro,Z" "-v" "/var/lib/crater-agent-workspace/rustup-home:/opt/rustwide/rustup-home:ro,Z" "-e" "SOURCE_DIR=/opt/rustwide/workdir" "-e" "CARGO_TARGET_DIR=/opt/rustwide/target" "-e" "CARGO_INCREMENTAL=0" "-e" "RUST_BACKTRACE=full" "-e" "RUSTFLAGS=--cap-lints=warn" "-e" "RUSTDOCFLAGS=--cap-lints=warn" "-e" "CARGO_HOME=/opt/rustwide/cargo-home" "-e" "RUSTUP_HOME=/opt/rustwide/rustup-home" "-w" "/opt/rustwide/workdir" "-m" "1610612736" "--user" "0:0" "--network" "none" "ghcr.io/rust-lang/crates-build-env/linux@sha256:5ff2268d62e97bff2cde7d5815dd6ed5b47097566f13b8d0ca110b04b60e07ed" "/opt/rustwide/cargo-home/bin/cargo" "+1.69.0" "test" "--frozen" "--no-run" "--message-format=json", kill_on_drop: false }`
[INFO] [stdout] cd3b037d2a2b1b0e02e2e8f7da76ececd06a601001863752839ee9ec5848b8f2
[INFO] running `Command { std: "docker" "start" "-a" "cd3b037d2a2b1b0e02e2e8f7da76ececd06a601001863752839ee9ec5848b8f2", kill_on_drop: false }`
[INFO] [stderr]    Compiling set-partitions v1.0.1 (/opt/rustwide/workdir)
[INFO] [stdout] error[E0107]: struct takes 3 generic arguments but 2 generic arguments were supplied
[INFO] [stdout]     --> src/lib.rs:1616:46
[INFO] [stdout]      |
[INFO] [stdout] 1616 |             fn new_small(n: usize) -> crate::ArrayVecSetPartition<[$E; 16], $S> {
[INFO] [stdout]      |                                              ^^^^^^^^^^^^^^^^^^^^ --------
[INFO] [stdout]      |                                              |
[INFO] [stdout]      |                                              expected 3 generic arguments
[INFO] [stdout] ...
[INFO] [stdout] 1644 |         test_subsets!((), u16);
[INFO] [stdout]      |         ----------------------
[INFO] [stdout]      |         |             |
[INFO] [stdout]      |         |             supplied 2 generic arguments
[INFO] [stdout]      |         in this macro invocation
[INFO] [stdout]      |
[INFO] [stdout] note: struct defined here, with 3 generic parameters: `T`, `H`, `N`
[INFO] [stdout]     --> src/lib.rs:1087:12
[INFO] [stdout]      |
[INFO] [stdout] 1087 | pub struct ArrayVecSetPartition<T, H: Subsets<T>, const N: usize>
[INFO] [stdout]      |            ^^^^^^^^^^^^^^^^^^^^ -  -              --------------
[INFO] [stdout]      = note: this error originates in the macro `test_subsets` (in Nightly builds, run with -Z macro-backtrace for more info)
[INFO] [stdout] help: add missing generic argument
[INFO] [stdout]      |
[INFO] [stdout] 1644 |         test_subsets!((), N, u16);
[INFO] [stdout]      |                         +++
[INFO] [stdout] 
[INFO] [stdout] 
[INFO] [stdout] error[E0107]: struct takes 3 generic arguments but 2 generic arguments were supplied
[INFO] [stdout]     --> src/lib.rs:1624:47
[INFO] [stdout]      |
[INFO] [stdout] 1624 |             mod avecsp {test_var_size!(crate::ArrayVecSetPartition<[$E; 16], $S>, super::new_small);}
[INFO] [stdout]      |                                               ^^^^^^^^^^^^^^^^^^^^ --------
[INFO] [stdout]      |                                               |
[INFO] [stdout]      |                                               expected 3 generic arguments
[INFO] [stdout] ...
[INFO] [stdout] 1644 |         test_subsets!((), u16);
[INFO] [stdout]      |         ----------------------
[INFO] [stdout]      |         |             |
[INFO] [stdout]      |         |             supplied 2 generic arguments
[INFO] [stdout]      |         in this macro invocation
[INFO] [stdout]      |
[INFO] [stdout] note: struct defined here, with 3 generic parameters: `T`, `H`, `N`
[INFO] [stdout]     --> src/lib.rs:1087:12
[INFO] [stdout]      |
[INFO] [stdout] 1087 | pub struct ArrayVecSetPartition<T, H: Subsets<T>, const N: usize>
[INFO] [stdout]      |            ^^^^^^^^^^^^^^^^^^^^ -  -              --------------
[INFO] [stdout]      = note: this error originates in the macro `test_subsets` (in Nightly builds, run with -Z macro-backtrace for more info)
[INFO] [stdout] help: add missing generic argument
[INFO] [stdout]      |
[INFO] [stdout] 1644 |         test_subsets!((), N, u16);
[INFO] [stdout]      |                         +++
[INFO] [stdout] 
[INFO] [stdout] 
[INFO] [stdout] error[E0107]: struct takes 3 generic arguments but 2 generic arguments were supplied
[INFO] [stdout]     --> src/lib.rs:1616:46
[INFO] [stdout]      |
[INFO] [stdout] 1616 |             fn new_small(n: usize) -> crate::ArrayVecSetPartition<[$E; 16], $S> {
[INFO] [stdout]      |                                              ^^^^^^^^^^^^^^^^^^^^ --------
[INFO] [stdout]      |                                              |
[INFO] [stdout]      |                                              expected 3 generic arguments
[INFO] [stdout] ...
[INFO] [stdout] 1674 |         test_subsets!(crate::VecSubsets<u8>, u8);
[INFO] [stdout]      |         ----------------------------------------
[INFO] [stdout]      |         |             |
[INFO] [stdout]      |         |             supplied 2 generic arguments
[INFO] [stdout]      |         in this macro invocation
[INFO] [stdout]      |
[INFO] [stdout] note: struct defined here, with 3 generic parameters: `T`, `H`, `N`
[INFO] [stdout]     --> src/lib.rs:1087:12
[INFO] [stdout]      |
[INFO] [stdout] 1087 | pub struct ArrayVecSetPartition<T, H: Subsets<T>, const N: usize>
[INFO] [stdout]      |            ^^^^^^^^^^^^^^^^^^^^ -  -              --------------
[INFO] [stdout]      = note: this error originates in the macro `test_subsets` (in Nightly builds, run with -Z macro-backtrace for more info)
[INFO] [stdout] help: add missing generic argument
[INFO] [stdout]      |
[INFO] [stdout] 1674 |         test_subsets!(crate::VecSubsets<u8>, N, u8);
[INFO] [stdout]      |                                            +++
[INFO] [stdout] 
[INFO] [stdout] 
[INFO] [stdout] error[E0107]: struct takes 3 generic arguments but 2 generic arguments were supplied
[INFO] [stdout]     --> src/lib.rs:1624:47
[INFO] [stdout]      |
[INFO] [stdout] 1624 |             mod avecsp {test_var_size!(crate::ArrayVecSetPartition<[$E; 16], $S>, super::new_small);}
[INFO] [stdout]      |                                               ^^^^^^^^^^^^^^^^^^^^ --------
[INFO] [stdout]      |                                               |
[INFO] [stdout]      |                                               expected 3 generic arguments
[INFO] [stdout] ...
[INFO] [stdout] 1674 |         test_subsets!(crate::VecSubsets<u8>, u8);
[INFO] [stdout]      |         ----------------------------------------
[INFO] [stdout]      |         |             |
[INFO] [stdout]      |         |             supplied 2 generic arguments
[INFO] [stdout]      |         in this macro invocation
[INFO] [stdout]      |
[INFO] [stdout] note: struct defined here, with 3 generic parameters: `T`, `H`, `N`
[INFO] [stdout]     --> src/lib.rs:1087:12
[INFO] [stdout]      |
[INFO] [stdout] 1087 | pub struct ArrayVecSetPartition<T, H: Subsets<T>, const N: usize>
[INFO] [stdout]      |            ^^^^^^^^^^^^^^^^^^^^ -  -              --------------
[INFO] [stdout]      = note: this error originates in the macro `test_subsets` (in Nightly builds, run with -Z macro-backtrace for more info)
[INFO] [stdout] help: add missing generic argument
[INFO] [stdout]      |
[INFO] [stdout] 1674 |         test_subsets!(crate::VecSubsets<u8>, N, u8);
[INFO] [stdout]      |                                            +++
[INFO] [stdout] 
[INFO] [stdout] 
[INFO] [stdout] error[E0107]: struct takes 2 generic arguments but 1 generic argument was supplied
[INFO] [stdout]     --> src/lib.rs:1679:65
[INFO] [stdout]      |
[INFO] [stdout] 1679 |         fn check_subsets(s: &[u8], ss: &crate::ArrayVecSubsets<[ArrayVec<[u8; 16]>; 16], [u8; 16]>) {
[INFO] [stdout]      |                                                                 ^^^^^^^^ -------- supplied 1 generic argument
[INFO] [stdout]      |                                                                 |
[INFO] [stdout]      |                                                                 expected 2 generic arguments
[INFO] [stdout]      |
[INFO] [stdout] note: struct defined here, with 2 generic parameters: `T`, `CAP`
[INFO] [stdout]     --> /opt/rustwide/cargo-home/registry/src/github.com-1ecc6299db9ec823/arrayvec-0.7.2/src/arrayvec.rs:42:12
[INFO] [stdout]      |
[INFO] [stdout] 42   | pub struct ArrayVec<T, const CAP: usize> {
[INFO] [stdout]      |            ^^^^^^^^ -  ----------------
[INFO] [stdout] help: add missing generic argument
[INFO] [stdout]      |
[INFO] [stdout] 1679 |         fn check_subsets(s: &[u8], ss: &crate::ArrayVecSubsets<[ArrayVec<[u8; 16], CAP>; 16], [u8; 16]>) {
[INFO] [stdout]      |                                                                                  +++++
[INFO] [stdout] 
[INFO] [stdout] 
[INFO] [stdout] error[E0747]: type provided when a constant was expected
[INFO] [stdout]     --> src/lib.rs:1679:90
[INFO] [stdout]      |
[INFO] [stdout] 1679 |         fn check_subsets(s: &[u8], ss: &crate::ArrayVecSubsets<[ArrayVec<[u8; 16]>; 16], [u8; 16]>) {
[INFO] [stdout]      |                                                                                          ^^^^^^^^ help: array type provided where a `usize` was expected, try: `{ 16 }`
[INFO] [stdout] 
[INFO] [stdout] 
[INFO] [stdout] error[E0107]: struct takes 3 generic arguments but 2 generic arguments were supplied
[INFO] [stdout]     --> src/lib.rs:1616:46
[INFO] [stdout]      |
[INFO] [stdout] 1616 |             fn new_small(n: usize) -> crate::ArrayVecSetPartition<[$E; 16], $S> {
[INFO] [stdout]      |                                              ^^^^^^^^^^^^^^^^^^^^ --------
[INFO] [stdout]      |                                              |
[INFO] [stdout]      |                                              expected 3 generic arguments
[INFO] [stdout] ...
[INFO] [stdout] 1685 |         test_subsets!(crate::ArrayVecSubsets<[::arrayvec::ArrayVec<[u8; 16]>; 16], [u8; 16]>, u8);
[INFO] [stdout]      |         -----------------------------------------------------------------------------------------
[INFO] [stdout]      |         |             |
[INFO] [stdout]      |         |             supplied 2 generic arguments
[INFO] [stdout]      |         in this macro invocation
[INFO] [stdout]      |
[INFO] [stdout] note: struct defined here, with 3 generic parameters: `T`, `H`, `N`
[INFO] [stdout]     --> src/lib.rs:1087:12
[INFO] [stdout]      |
[INFO] [stdout] 1087 | pub struct ArrayVecSetPartition<T, H: Subsets<T>, const N: usize>
[INFO] [stdout]      |            ^^^^^^^^^^^^^^^^^^^^ -  -              --------------
[INFO] [stdout]      = note: this error originates in the macro `test_subsets` (in Nightly builds, run with -Z macro-backtrace for more info)
[INFO] [stdout] help: add missing generic argument
[INFO] [stdout]      |
[INFO] [stdout] 1685 |         test_subsets!(crate::ArrayVecSubsets<[::arrayvec::ArrayVec<[u8; 16]>; 16], [u8; 16]>, N, u8);
[INFO] [stdout]      |                                                                                             +++
[INFO] [stdout] 
[INFO] [stdout] 
[INFO] [stdout] error[E0107]: struct takes 2 generic arguments but 1 generic argument was supplied
[INFO] [stdout]     --> src/lib.rs:1685:59
[INFO] [stdout]      |
[INFO] [stdout] 1685 |         test_subsets!(crate::ArrayVecSubsets<[::arrayvec::ArrayVec<[u8; 16]>; 16], [u8; 16]>, u8);
[INFO] [stdout]      |                                                           ^^^^^^^^ -------- supplied 1 generic argument
[INFO] [stdout]      |                                                           |
[INFO] [stdout]      |                                                           expected 2 generic arguments
[INFO] [stdout]      |
[INFO] [stdout] note: struct defined here, with 2 generic parameters: `T`, `CAP`
[INFO] [stdout]     --> /opt/rustwide/cargo-home/registry/src/github.com-1ecc6299db9ec823/arrayvec-0.7.2/src/arrayvec.rs:42:12
[INFO] [stdout]      |
[INFO] [stdout] 42   | pub struct ArrayVec<T, const CAP: usize> {
[INFO] [stdout]      |            ^^^^^^^^ -  ----------------
[INFO] [stdout] help: add missing generic argument
[INFO] [stdout]      |
[INFO] [stdout] 1685 |         test_subsets!(crate::ArrayVecSubsets<[::arrayvec::ArrayVec<[u8; 16], CAP>; 16], [u8; 16]>, u8);
[INFO] [stdout]      |                                                                            +++++
[INFO] [stdout] 
[INFO] [stdout] 
[INFO] [stdout] error[E0747]: type provided when a constant was expected
[INFO] [stdout]     --> src/lib.rs:1685:84
[INFO] [stdout]      |
[INFO] [stdout] 1685 |         test_subsets!(crate::ArrayVecSubsets<[::arrayvec::ArrayVec<[u8; 16]>; 16], [u8; 16]>, u8);
[INFO] [stdout]      |                                                                                    ^^^^^^^^ help: array type provided where a `usize` was expected, try: `{ 16 }`
[INFO] [stdout] 
[INFO] [stdout] 
[INFO] [stdout] error[E0107]: struct takes 3 generic arguments but 2 generic arguments were supplied
[INFO] [stdout]     --> src/lib.rs:1624:47
[INFO] [stdout]      |
[INFO] [stdout] 1624 |             mod avecsp {test_var_size!(crate::ArrayVecSetPartition<[$E; 16], $S>, super::new_small);}
[INFO] [stdout]      |                                               ^^^^^^^^^^^^^^^^^^^^ --------
[INFO] [stdout]      |                                               |
[INFO] [stdout]      |                                               expected 3 generic arguments
[INFO] [stdout] ...
[INFO] [stdout] 1685 |         test_subsets!(crate::ArrayVecSubsets<[::arrayvec::ArrayVec<[u8; 16]>; 16], [u8; 16]>, u8);
[INFO] [stdout]      |         -----------------------------------------------------------------------------------------
[INFO] [stdout]      |         |             |
[INFO] [stdout]      |         |             supplied 2 generic arguments
[INFO] [stdout]      |         in this macro invocation
[INFO] [stdout]      |
[INFO] [stdout] note: struct defined here, with 3 generic parameters: `T`, `H`, `N`
[INFO] [stdout]     --> src/lib.rs:1087:12
[INFO] [stdout]      |
[INFO] [stdout] 1087 | pub struct ArrayVecSetPartition<T, H: Subsets<T>, const N: usize>
[INFO] [stdout]      |            ^^^^^^^^^^^^^^^^^^^^ -  -              --------------
[INFO] [stdout]      = note: this error originates in the macro `test_subsets` (in Nightly builds, run with -Z macro-backtrace for more info)
[INFO] [stdout] help: add missing generic argument
[INFO] [stdout]      |
[INFO] [stdout] 1685 |         test_subsets!(crate::ArrayVecSubsets<[::arrayvec::ArrayVec<[u8; 16]>; 16], [u8; 16]>, N, u8);
[INFO] [stdout]      |                                                                                             +++
[INFO] [stdout] 
[INFO] [stdout] 
[INFO] [stdout] error[E0107]: struct takes 3 generic arguments but 2 generic arguments were supplied
[INFO] [stdout]     --> src/lib.rs:1616:46
[INFO] [stdout]      |
[INFO] [stdout] 1616 |             fn new_small(n: usize) -> crate::ArrayVecSetPartition<[$E; 16], $S> {
[INFO] [stdout]      |                                              ^^^^^^^^^^^^^^^^^^^^ --------
[INFO] [stdout]      |                                              |
[INFO] [stdout]      |                                              expected 3 generic arguments
[INFO] [stdout] ...
[INFO] [stdout] 1696 |         test_subsets!(crate::HashSubsets<u8>, u8);
[INFO] [stdout]      |         -----------------------------------------
[INFO] [stdout]      |         |             |
[INFO] [stdout]      |         |             supplied 2 generic arguments
[INFO] [stdout]      |         in this macro invocation
[INFO] [stdout]      |
[INFO] [stdout] note: struct defined here, with 3 generic parameters: `T`, `H`, `N`
[INFO] [stdout]     --> src/lib.rs:1087:12
[INFO] [stdout]      |
[INFO] [stdout] 1087 | pub struct ArrayVecSetPartition<T, H: Subsets<T>, const N: usize>
[INFO] [stdout]      |            ^^^^^^^^^^^^^^^^^^^^ -  -              --------------
[INFO] [stdout]      = note: this error originates in the macro `test_subsets` (in Nightly builds, run with -Z macro-backtrace for more info)
[INFO] [stdout] help: add missing generic argument
[INFO] [stdout]      |
[INFO] [stdout] 1696 |         test_subsets!(crate::HashSubsets<u8>, N, u8);
[INFO] [stdout]      |                                             +++
[INFO] [stdout] 
[INFO] [stdout] 
[INFO] [stdout] error[E0107]: struct takes 3 generic arguments but 2 generic arguments were supplied
[INFO] [stdout]     --> src/lib.rs:1624:47
[INFO] [stdout]      |
[INFO] [stdout] 1624 |             mod avecsp {test_var_size!(crate::ArrayVecSetPartition<[$E; 16], $S>, super::new_small);}
[INFO] [stdout]      |                                               ^^^^^^^^^^^^^^^^^^^^ --------
[INFO] [stdout]      |                                               |
[INFO] [stdout]      |                                               expected 3 generic arguments
[INFO] [stdout] ...
[INFO] [stdout] 1696 |         test_subsets!(crate::HashSubsets<u8>, u8);
[INFO] [stdout]      |         -----------------------------------------
[INFO] [stdout]      |         |             |
[INFO] [stdout]      |         |             supplied 2 generic arguments
[INFO] [stdout]      |         in this macro invocation
[INFO] [stdout]      |
[INFO] [stdout] note: struct defined here, with 3 generic parameters: `T`, `H`, `N`
[INFO] [stdout]     --> src/lib.rs:1087:12
[INFO] [stdout]      |
[INFO] [stdout] 1087 | pub struct ArrayVecSetPartition<T, H: Subsets<T>, const N: usize>
[INFO] [stdout]      |            ^^^^^^^^^^^^^^^^^^^^ -  -              --------------
[INFO] [stdout]      = note: this error originates in the macro `test_subsets` (in Nightly builds, run with -Z macro-backtrace for more info)
[INFO] [stdout] help: add missing generic argument
[INFO] [stdout]      |
[INFO] [stdout] 1696 |         test_subsets!(crate::HashSubsets<u8>, N, u8);
[INFO] [stdout]      |                                             +++
[INFO] [stdout] 
[INFO] [stdout] 
[INFO] [stdout] error[E0107]: struct takes 3 generic arguments but 2 generic arguments were supplied
[INFO] [stdout]     --> src/lib.rs:1616:46
[INFO] [stdout]      |
[INFO] [stdout] 1616 |             fn new_small(n: usize) -> crate::ArrayVecSetPartition<[$E; 16], $S> {
[INFO] [stdout]      |                                              ^^^^^^^^^^^^^^^^^^^^ --------
[INFO] [stdout]      |                                              |
[INFO] [stdout]      |                                              expected 3 generic arguments
[INFO] [stdout] ...
[INFO] [stdout] 1707 |         test_subsets!(crate::BTreeSubsets<u8>, u8);
[INFO] [stdout]      |         ------------------------------------------
[INFO] [stdout]      |         |             |
[INFO] [stdout]      |         |             supplied 2 generic arguments
[INFO] [stdout]      |         in this macro invocation
[INFO] [stdout]      |
[INFO] [stdout] note: struct defined here, with 3 generic parameters: `T`, `H`, `N`
[INFO] [stdout]     --> src/lib.rs:1087:12
[INFO] [stdout]      |
[INFO] [stdout] 1087 | pub struct ArrayVecSetPartition<T, H: Subsets<T>, const N: usize>
[INFO] [stdout]      |            ^^^^^^^^^^^^^^^^^^^^ -  -              --------------
[INFO] [stdout]      = note: this error originates in the macro `test_subsets` (in Nightly builds, run with -Z macro-backtrace for more info)
[INFO] [stdout] help: add missing generic argument
[INFO] [stdout]      |
[INFO] [stdout] 1707 |         test_subsets!(crate::BTreeSubsets<u8>, N, u8);
[INFO] [stdout]      |                                              +++
[INFO] [stdout] 
[INFO] [stdout] 
[INFO] [stdout] error[E0107]: struct takes 3 generic arguments but 2 generic arguments were supplied
[INFO] [stdout]     --> src/lib.rs:1624:47
[INFO] [stdout]      |
[INFO] [stdout] 1624 |             mod avecsp {test_var_size!(crate::ArrayVecSetPartition<[$E; 16], $S>, super::new_small);}
[INFO] [stdout]      |                                               ^^^^^^^^^^^^^^^^^^^^ --------
[INFO] [stdout]      |                                               |
[INFO] [stdout]      |                                               expected 3 generic arguments
[INFO] [stdout] ...
[INFO] [stdout] 1707 |         test_subsets!(crate::BTreeSubsets<u8>, u8);
[INFO] [stdout]      |         ------------------------------------------
[INFO] [stdout]      |         |             |
[INFO] [stdout]      |         |             supplied 2 generic arguments
[INFO] [stdout]      |         in this macro invocation
[INFO] [stdout]      |
[INFO] [stdout] note: struct defined here, with 3 generic parameters: `T`, `H`, `N`
[INFO] [stdout]     --> src/lib.rs:1087:12
[INFO] [stdout]      |
[INFO] [stdout] 1087 | pub struct ArrayVecSetPartition<T, H: Subsets<T>, const N: usize>
[INFO] [stdout]      |            ^^^^^^^^^^^^^^^^^^^^ -  -              --------------
[INFO] [stdout]      = note: this error originates in the macro `test_subsets` (in Nightly builds, run with -Z macro-backtrace for more info)
[INFO] [stdout] help: add missing generic argument
[INFO] [stdout]      |
[INFO] [stdout] 1707 |         test_subsets!(crate::BTreeSubsets<u8>, N, u8);
[INFO] [stdout]      |                                              +++
[INFO] [stdout] 
[INFO] [stdout] 
[INFO] [stdout] error: aborting due to 14 previous errors
[INFO] [stdout] 
[INFO] [stdout] 
[INFO] [stdout] Some errors have detailed explanations: E0107, E0747.
[INFO] [stdout] 
[INFO] [stdout] For more information about an error, try `rustc --explain E0107`.
[INFO] [stdout] 
[INFO] [stderr] error: could not compile `set-partitions` due to 15 previous errors
[INFO] running `Command { std: "docker" "inspect" "cd3b037d2a2b1b0e02e2e8f7da76ececd06a601001863752839ee9ec5848b8f2", kill_on_drop: false }`
[INFO] running `Command { std: "docker" "rm" "-f" "cd3b037d2a2b1b0e02e2e8f7da76ececd06a601001863752839ee9ec5848b8f2", kill_on_drop: false }`
[INFO] [stdout] cd3b037d2a2b1b0e02e2e8f7da76ececd06a601001863752839ee9ec5848b8f2
