[INFO] fetching crate servo-pio 0.1.0...
[INFO] testing servo-pio-0.1.0 against 1.69.0 for beta-1.70-1
[INFO] extracting crate servo-pio 0.1.0 into /workspace/builds/worker-7-tc1/source
[INFO] validating manifest of crates.io crate servo-pio 0.1.0 on toolchain 1.69.0
[INFO] running `Command { std: CARGO_HOME="/workspace/cargo-home" RUSTUP_HOME="/workspace/rustup-home" "/workspace/cargo-home/bin/cargo" "+1.69.0" "metadata" "--manifest-path" "Cargo.toml" "--no-deps", kill_on_drop: false }`
[INFO] removed /workspace/builds/worker-7-tc1/source/.cargo/config.toml
[INFO] started tweaking crates.io crate servo-pio 0.1.0
[INFO] finished tweaking crates.io crate servo-pio 0.1.0
[INFO] tweaked toml for crates.io crate servo-pio 0.1.0 written to /workspace/builds/worker-7-tc1/source/Cargo.toml
[INFO] crate crates.io crate servo-pio 0.1.0 already has a lockfile, it will not be regenerated
[INFO] running `Command { std: CARGO_HOME="/workspace/cargo-home" RUSTUP_HOME="/workspace/rustup-home" "/workspace/cargo-home/bin/cargo" "+1.69.0" "fetch" "--manifest-path" "Cargo.toml", kill_on_drop: false }`
[INFO] [stderr]  Downloading crates ...
[INFO] [stderr]   Downloaded pio-proc v0.2.1
[INFO] [stderr]   Downloaded ws2812-pio v0.6.0
[INFO] [stderr]   Downloaded pio-parser v0.2.1
[INFO] [stderr]   Downloaded defmt-rtt v0.4.0
[INFO] [stderr]   Downloaded rp2040-hal-macros v0.1.0
[INFO] [stderr]   Downloaded defmt-macros v0.3.3
[INFO] [stderr]   Downloaded panic-probe v0.3.0
[INFO] [stderr]   Downloaded gcd v2.3.0
[INFO] [stderr]   Downloaded rgb v0.8.35
[INFO] [stderr]   Downloaded rp2040-boot2 v0.2.1
[INFO] [stderr]   Downloaded pio v0.2.1
[INFO] [stderr]   Downloaded crc-any v2.4.3
[INFO] [stderr]   Downloaded rp2040-pac v0.4.0
[INFO] [stderr]   Downloaded rp2040-hal v0.8.0
[INFO] [stderr]   Downloaded pimoroni-servo2040 v0.3.0
[INFO] running `Command { std: "docker" "create" "-v" "/var/lib/crater-agent-workspace/builds/worker-7-tc1/target:/opt/rustwide/target:rw,Z" "-v" "/var/lib/crater-agent-workspace/builds/worker-7-tc1/source:/opt/rustwide/workdir:ro,Z" "-v" "/var/lib/crater-agent-workspace/cargo-home:/opt/rustwide/cargo-home:ro,Z" "-v" "/var/lib/crater-agent-workspace/rustup-home:/opt/rustwide/rustup-home:ro,Z" "-e" "SOURCE_DIR=/opt/rustwide/workdir" "-e" "CARGO_TARGET_DIR=/opt/rustwide/target" "-e" "CARGO_HOME=/opt/rustwide/cargo-home" "-e" "RUSTUP_HOME=/opt/rustwide/rustup-home" "-w" "/opt/rustwide/workdir" "-m" "1610612736" "--user" "0:0" "--network" "none" "ghcr.io/rust-lang/crates-build-env/linux@sha256:5ff2268d62e97bff2cde7d5815dd6ed5b47097566f13b8d0ca110b04b60e07ed" "/opt/rustwide/cargo-home/bin/cargo" "+1.69.0" "metadata" "--no-deps" "--format-version=1", kill_on_drop: false }`
[INFO] [stdout] e7c9c0c7066d50f78ed6730c486d926803210de5a6feea6755079b63ad23020c
[INFO] running `Command { std: "docker" "start" "-a" "e7c9c0c7066d50f78ed6730c486d926803210de5a6feea6755079b63ad23020c", kill_on_drop: false }`
[INFO] running `Command { std: "docker" "inspect" "e7c9c0c7066d50f78ed6730c486d926803210de5a6feea6755079b63ad23020c", kill_on_drop: false }`
[INFO] running `Command { std: "docker" "rm" "-f" "e7c9c0c7066d50f78ed6730c486d926803210de5a6feea6755079b63ad23020c", kill_on_drop: false }`
[INFO] [stdout] e7c9c0c7066d50f78ed6730c486d926803210de5a6feea6755079b63ad23020c
[INFO] running `Command { std: "docker" "create" "-v" "/var/lib/crater-agent-workspace/builds/worker-7-tc1/target:/opt/rustwide/target:rw,Z" "-v" "/var/lib/crater-agent-workspace/builds/worker-7-tc1/source:/opt/rustwide/workdir:ro,Z" "-v" "/var/lib/crater-agent-workspace/cargo-home:/opt/rustwide/cargo-home:ro,Z" "-v" "/var/lib/crater-agent-workspace/rustup-home:/opt/rustwide/rustup-home:ro,Z" "-e" "SOURCE_DIR=/opt/rustwide/workdir" "-e" "CARGO_TARGET_DIR=/opt/rustwide/target" "-e" "CARGO_INCREMENTAL=0" "-e" "RUST_BACKTRACE=full" "-e" "RUSTFLAGS=--cap-lints=warn" "-e" "RUSTDOCFLAGS=--cap-lints=warn" "-e" "CARGO_HOME=/opt/rustwide/cargo-home" "-e" "RUSTUP_HOME=/opt/rustwide/rustup-home" "-w" "/opt/rustwide/workdir" "-m" "1610612736" "--user" "0:0" "--network" "none" "ghcr.io/rust-lang/crates-build-env/linux@sha256:5ff2268d62e97bff2cde7d5815dd6ed5b47097566f13b8d0ca110b04b60e07ed" "/opt/rustwide/cargo-home/bin/cargo" "+1.69.0" "build" "--frozen" "--message-format=json", kill_on_drop: false }`
[INFO] [stdout] 31089a8fb77e8c0fbf22a81c2f211918dce7f39751f4943cf4d10214e448237e
[INFO] running `Command { std: "docker" "start" "-a" "31089a8fb77e8c0fbf22a81c2f211918dce7f39751f4943cf4d10214e448237e", kill_on_drop: false }`
[INFO] [stderr]    Compiling proc-macro2 v1.0.51
[INFO] [stderr]    Compiling unicode-ident v1.0.6
[INFO] [stderr]    Compiling quote v1.0.23
[INFO] [stderr]    Compiling syn v1.0.107
[INFO] [stderr]    Compiling libc v0.2.139
[INFO] [stderr]    Compiling autocfg v1.1.0
[INFO] [stderr]    Compiling cfg-if v1.0.0
[INFO] [stderr]    Compiling memchr v2.5.0
[INFO] [stderr]    Compiling parking_lot_core v0.9.7
[INFO] [stderr]    Compiling version_check v0.9.4
[INFO] [stderr]    Compiling log v0.4.17
[INFO] [stderr]    Compiling crunchy v0.2.2
[INFO] [stderr]    Compiling semver-parser v0.7.0
[INFO] [stderr]    Compiling smallvec v1.10.0
[INFO] [stderr]    Compiling scopeguard v1.1.0
[INFO] [stderr]    Compiling tiny-keccak v2.0.2
[INFO] [stderr]    Compiling hashbrown v0.12.3
[INFO] [stderr]    Compiling paste v1.0.11
[INFO] [stderr]    Compiling siphasher v0.3.10
[INFO] [stderr]    Compiling regex-syntax v0.6.28
[INFO] [stderr]    Compiling fixedbitset v0.4.2
[INFO] [stderr]    Compiling semver v0.9.0
[INFO] [stderr]    Compiling phf_shared v0.10.0
[INFO] [stderr]    Compiling proc-macro-error-attr v1.0.4
[INFO] [stderr]    Compiling bit-vec v0.6.3
[INFO] [stderr]    Compiling lock_api v0.4.9
[INFO] [stderr]    Compiling indexmap v1.9.2
[INFO] [stderr]    Compiling new_debug_unreachable v1.0.4
[INFO] [stderr]    Compiling once_cell v1.17.1
[INFO] [stderr]    Compiling precomputed-hash v0.1.1
[INFO] [stderr]    Compiling either v1.8.1
[INFO] [stderr]    Compiling cortex-m v0.7.7
[INFO] [stderr]    Compiling ena v0.14.0
[INFO] [stderr]    Compiling rustc_version v0.2.3
[INFO] [stderr]    Compiling aho-corasick v0.7.20
[INFO] [stderr]    Compiling itertools v0.10.5
[INFO] [stderr]    Compiling bit-set v0.5.3
[INFO] [stderr]    Compiling proc-macro-error v1.0.4
[INFO] [stderr]    Compiling pico-args v0.4.2
[INFO] [stderr]    Compiling nb v1.0.0
[INFO] [stderr]    Compiling diff v0.1.13
[INFO] [stderr]    Compiling bare-metal v0.2.5
[INFO] [stderr]    Compiling unicode-xid v0.2.4
[INFO] [stderr]    Compiling void v1.0.2
[INFO] [stderr]    Compiling nb v0.1.3
[INFO] [stderr]    Compiling vcell v0.1.3
[INFO] [stderr]    Compiling cortex-m-rt v0.7.3
[INFO] [stderr]    Compiling embedded-hal v0.2.7
[INFO] [stderr]    Compiling volatile-register v0.2.1
[INFO] [stderr]    Compiling defmt-macros v0.3.3
[INFO] [stderr]    Compiling defmt v0.3.2
[INFO] [stderr]    Compiling arrayvec v0.7.2
[INFO] [stderr]    Compiling rp2040-pac v0.4.0
[INFO] [stderr]    Compiling bitfield v0.13.2
[INFO] [stderr]    Compiling dirs-sys-next v0.1.2
[INFO] [stderr]    Compiling atty v0.2.14
[INFO] [stderr]    Compiling petgraph v0.6.3
[INFO] [stderr]    Compiling stable_deref_trait v1.2.0
[INFO] [stderr]    Compiling dirs-next v2.0.0
[INFO] [stderr]    Compiling termcolor v1.2.0
[INFO] [stderr]    Compiling unicode-width v0.1.10
[INFO] [stderr]    Compiling defmt-parser v0.3.1
[INFO] [stderr]    Compiling gcd v2.3.0
[INFO] [stderr]    Compiling parking_lot v0.12.1
[INFO] [stderr]    Compiling term v0.7.0
[INFO] [stderr]    Compiling embedded-dma v0.2.0
[INFO] [stderr]    Compiling fugit v0.3.6
[INFO] [stderr]    Compiling rand_core v0.6.4
[INFO] [stderr]    Compiling codespan-reporting v0.11.1
[INFO] [stderr]    Compiling critical-section v1.1.1
[INFO] [stderr]    Compiling servo-pio v0.1.0 (/opt/rustwide/workdir)
[INFO] [stderr]    Compiling usb-device v0.2.9
[INFO] [stderr]    Compiling bitflags v1.3.2
[INFO] [stderr]    Compiling string_cache v0.8.4
[INFO] [stderr]    Compiling ascii-canvas v3.0.0
[INFO] [stderr]    Compiling regex v1.7.1
[INFO] [stderr]    Compiling lalrpop-util v0.19.8
[INFO] [stderr]    Compiling lalrpop v0.19.8
[INFO] [stderr]    Compiling num_enum_derive v0.5.10
[INFO] [stderr]    Compiling cortex-m-rt-macros v0.7.0
[INFO] [stderr]    Compiling rp2040-hal-macros v0.1.0
[INFO] [stderr]    Compiling num_enum v0.5.10
[INFO] [stderr]    Compiling pio v0.2.1
[INFO] [stderr]    Compiling rp2040-hal v0.8.0
[INFO] [stderr]    Compiling pio-parser v0.2.1
[INFO] [stderr]    Compiling pio-proc v0.2.1
[INFO] [stderr]     Finished dev [optimized + debuginfo] target(s) in 46.90s
[INFO] [stderr] warning: the following packages contain code that will be rejected by a future version of Rust: lalrpop v0.19.8
[INFO] [stderr] note: to see what the problems were, use the option `--future-incompat-report`, or run `cargo report future-incompatibilities --id 2`
[INFO] running `Command { std: "docker" "inspect" "31089a8fb77e8c0fbf22a81c2f211918dce7f39751f4943cf4d10214e448237e", kill_on_drop: false }`
[INFO] running `Command { std: "docker" "rm" "-f" "31089a8fb77e8c0fbf22a81c2f211918dce7f39751f4943cf4d10214e448237e", kill_on_drop: false }`
[INFO] [stdout] 31089a8fb77e8c0fbf22a81c2f211918dce7f39751f4943cf4d10214e448237e
[INFO] running `Command { std: "docker" "create" "-v" "/var/lib/crater-agent-workspace/builds/worker-7-tc1/target:/opt/rustwide/target:rw,Z" "-v" "/var/lib/crater-agent-workspace/builds/worker-7-tc1/source:/opt/rustwide/workdir:ro,Z" "-v" "/var/lib/crater-agent-workspace/cargo-home:/opt/rustwide/cargo-home:ro,Z" "-v" "/var/lib/crater-agent-workspace/rustup-home:/opt/rustwide/rustup-home:ro,Z" "-e" "SOURCE_DIR=/opt/rustwide/workdir" "-e" "CARGO_TARGET_DIR=/opt/rustwide/target" "-e" "CARGO_INCREMENTAL=0" "-e" "RUST_BACKTRACE=full" "-e" "RUSTFLAGS=--cap-lints=warn" "-e" "RUSTDOCFLAGS=--cap-lints=warn" "-e" "CARGO_HOME=/opt/rustwide/cargo-home" "-e" "RUSTUP_HOME=/opt/rustwide/rustup-home" "-w" "/opt/rustwide/workdir" "-m" "1610612736" "--user" "0:0" "--network" "none" "ghcr.io/rust-lang/crates-build-env/linux@sha256:5ff2268d62e97bff2cde7d5815dd6ed5b47097566f13b8d0ca110b04b60e07ed" "/opt/rustwide/cargo-home/bin/cargo" "+1.69.0" "test" "--frozen" "--no-run" "--message-format=json", kill_on_drop: false }`
[INFO] [stdout] 75c6a0519f23b1e1e067fef176415cf91c93dfb5e46c16096abdaf4c0fea55a9
[INFO] running `Command { std: "docker" "start" "-a" "75c6a0519f23b1e1e067fef176415cf91c93dfb5e46c16096abdaf4c0fea55a9", kill_on_drop: false }`
[INFO] [stderr]    Compiling cortex-m-rt v0.7.3
[INFO] [stderr]    Compiling rp2040-pac v0.4.0
[INFO] [stderr]    Compiling debug-helper v0.3.13
[INFO] [stderr]    Compiling critical-section v1.1.1
[INFO] [stderr]    Compiling bytemuck v1.13.0
[INFO] [stderr]    Compiling defmt-rtt v0.4.0
[INFO] [stderr]    Compiling pimoroni-servo2040 v0.3.0
[INFO] [stderr]    Compiling panic-probe v0.3.0
[INFO] [stderr]    Compiling crc-any v2.4.3
[INFO] [stderr]    Compiling rgb v0.8.35
[INFO] [stderr]    Compiling smart-leds-trait v0.2.1
[INFO] [stderr]    Compiling rp2040-boot2 v0.2.1
[INFO] [stderr]    Compiling smart-leds v0.3.0
[INFO] [stderr]    Compiling rp2040-hal v0.8.0
[INFO] [stderr]    Compiling ws2812-pio v0.6.0
[INFO] [stderr]    Compiling servo-pio v0.1.0 (/opt/rustwide/workdir)
[INFO] [stdout] error[E0277]: the trait bound `pimoroni_servo2040::rp2040_hal::gpio::Error: Format` is not satisfied
[INFO] [stdout]    --> examples/work_in_progress.rs:188:10
[INFO] [stdout]     |
[INFO] [stdout] 188 | #[derive(Format)]
[INFO] [stdout]     |          ^^^^^^ the trait `Format` is not implemented for `pimoroni_servo2040::rp2040_hal::gpio::Error`
[INFO] [stdout]     |
[INFO] [stdout]     = help: the following other types implement trait `Format`:
[INFO] [stdout]               &T
[INFO] [stdout]               &mut T
[INFO] [stdout]               ()
[INFO] [stdout]               (T0, T1)
[INFO] [stdout]               (T0, T1, T2)
[INFO] [stdout]               (T0, T1, T2, T3)
[INFO] [stdout]               (T0, T1, T2, T3, T4)
[INFO] [stdout]               (T0, T1, T2, T3, T4, T5)
[INFO] [stdout]             and 69 others
[INFO] [stdout] note: required by a bound in `defmt::export::fmt`
[INFO] [stdout]    --> /opt/rustwide/cargo-home/registry/src/github.com-1ecc6299db9ec823/defmt-0.3.2/src/export/mod.rs:137:15
[INFO] [stdout]     |
[INFO] [stdout] 137 | pub fn fmt<T: Format + ?Sized>(f: &T) {
[INFO] [stdout]     |               ^^^^^^ required by this bound in `fmt`
[INFO] [stdout]     = note: this error originates in the derive macro `Format` (in Nightly builds, run with -Z macro-backtrace for more info)
[INFO] [stdout] 
[INFO] [stdout] 
[INFO] [stdout] error: aborting due to previous error
[INFO] [stdout] 
[INFO] [stdout] 
[INFO] [stdout] For more information about this error, try `rustc --explain E0277`.
[INFO] [stdout] 
[INFO] [stderr] error: could not compile `servo-pio` due to 2 previous errors
[INFO] [stderr] warning: build failed, waiting for other jobs to finish...
[INFO] [stdout] error[E0412]: cannot find type `MaybeUninit` in this scope
[INFO] [stdout]     --> src/pwm_cluster.rs:1129:41
[INFO] [stdout]      |
[INFO] [stdout] 1129 |         assert_eq!(core::mem::size_of::<MaybeUninit<Transition>>(), 2);
[INFO] [stdout]      |                                         ^^^^^^^^^^^ not found in this scope
[INFO] [stdout]      |
[INFO] [stdout] help: consider importing one of these items
[INFO] [stdout]      |
[INFO] [stdout] 1124 |     use core::mem::MaybeUninit;
[INFO] [stdout]      |
[INFO] [stdout] 1124 |     use crate::MaybeUninit;
[INFO] [stdout]      |
[INFO] [stdout] 
[INFO] [stdout] 
[INFO] [stdout] error: aborting due to previous error
[INFO] [stdout] 
[INFO] [stdout] 
[INFO] [stdout] For more information about this error, try `rustc --explain E0412`.
[INFO] [stdout] 
[INFO] [stderr] error: could not compile `servo-pio` due to 2 previous errors
[INFO] [stdout] error: linking with `cc` failed: exit status: 1
[INFO] [stdout]   |
[INFO] [stdout]   = note: LC_ALL="C" PATH="/opt/rustwide/rustup-home/toolchains/1.69.0-x86_64-unknown-linux-gnu/lib/rustlib/x86_64-unknown-linux-gnu/bin:/opt/rustwide/cargo-home/bin:/usr/local/sbin:/usr/local/bin:/usr/sbin:/usr/bin:/sbin:/bin" VSLANG="1033" "cc" "-m64" "/tmp/rustchuTlIQ/symbols.o" "/opt/rustwide/target/debug/examples/test_pio_code-c27c7ced535cafa0.test_pio_code.0c19e89f-cgu.0.rcgu.o" "/opt/rustwide/target/debug/examples/test_pio_code-c27c7ced535cafa0.4xomigk971b2fr83.rcgu.o" "-Wl,--as-needed" "-L" "/opt/rustwide/target/debug/deps" "-L" "/opt/rustwide/target/debug/build/servo-pio-6632b9985feb5ef5/out" "-L" "/opt/rustwide/target/debug/build/cortex-m-rt-37e614fcb34fb13f/out" "-L" "/opt/rustwide/target/debug/build/defmt-f796d28e7cf513da/out" "-L" "/opt/rustwide/target/debug/build/rp2040-pac-074c2c5f32aaf826/out" "-L" "/opt/rustwide/rustup-home/toolchains/1.69.0-x86_64-unknown-linux-gnu/lib/rustlib/x86_64-unknown-linux-gnu/lib" "-Wl,-Bstatic" "/opt/rustwide/target/debug/deps/libpimoroni_servo2040-d2e3325b56005440.rlib" "/opt/rustwide/target/debug/deps/librp2040_boot2-9e020445b619fb7d.rlib" "/opt/rustwide/target/debug/deps/librp2040_hal-8cb74524e05fb900.rlib" "/opt/rustwide/target/debug/deps/libitertools-82f126851737fd7b.rlib" "/opt/rustwide/target/debug/deps/libeither-29d77211758e2356.rlib" "/opt/rustwide/target/debug/deps/librand_core-cef67cc24725e443.rlib" "/opt/rustwide/target/debug/deps/libusb_device-d6bdb600f726c86c.rlib" "/opt/rustwide/target/debug/deps/libpio-5e4dfef642078e1b.rlib" "/opt/rustwide/target/debug/deps/libnum_enum-aa1df5723f3b8063.rlib" "/opt/rustwide/target/debug/deps/libarrayvec-e0b624173d0ebb81.rlib" "/opt/rustwide/target/debug/deps/libembedded_dma-68b47a18d75fec7b.rlib" "/opt/rustwide/target/debug/deps/libstable_deref_trait-8293567555fc7b95.rlib" "/opt/rustwide/target/debug/deps/libfugit-26102f1499929955.rlib" "/opt/rustwide/target/debug/deps/libgcd-70e5b041e6c4f254.rlib" "/opt/rustwide/target/debug/deps/librp2040_pac-bdcaa391d606cde8.rlib" "/opt/rustwide/target/debug/deps/libcortex_m_rt-622707dadb808bd9.rlib" "/opt/rustwide/target/debug/deps/libcortex_m-e2894fdb33f2ec23.rlib" "/opt/rustwide/target/debug/deps/libembedded_hal-d384781882b05338.rlib" "/opt/rustwide/target/debug/deps/libvoid-d5e1980160f3f39d.rlib" "/opt/rustwide/target/debug/deps/libnb-c2f70e8504a82e8f.rlib" "/opt/rustwide/target/debug/deps/libnb-b178207daa1d53e7.rlib" "/opt/rustwide/target/debug/deps/libvolatile_register-4f128f3eb1d0cf04.rlib" "/opt/rustwide/target/debug/deps/libvcell-3dba081bc9cd3618.rlib" "/opt/rustwide/target/debug/deps/libbare_metal-911921fd7b75c5d8.rlib" "/opt/rustwide/target/debug/deps/libpanic_probe-6a4e4b5f45a99e08.rlib" "/opt/rustwide/rustup-home/toolchains/1.69.0-x86_64-unknown-linux-gnu/lib/rustlib/x86_64-unknown-linux-gnu/lib/libstd-89bc084783fdc439.rlib" "/opt/rustwide/rustup-home/toolchains/1.69.0-x86_64-unknown-linux-gnu/lib/rustlib/x86_64-unknown-linux-gnu/lib/libpanic_unwind-8bee4b287d4367c1.rlib" "/opt/rustwide/rustup-home/toolchains/1.69.0-x86_64-unknown-linux-gnu/lib/rustlib/x86_64-unknown-linux-gnu/lib/libobject-d61707aed80694c0.rlib" "/opt/rustwide/rustup-home/toolchains/1.69.0-x86_64-unknown-linux-gnu/lib/rustlib/x86_64-unknown-linux-gnu/lib/libmemchr-d85366256f22345b.rlib" "/opt/rustwide/rustup-home/toolchains/1.69.0-x86_64-unknown-linux-gnu/lib/rustlib/x86_64-unknown-linux-gnu/lib/libaddr2line-96069b86b8a8cae9.rlib" "/opt/rustwide/rustup-home/toolchains/1.69.0-x86_64-unknown-linux-gnu/lib/rustlib/x86_64-unknown-linux-gnu/lib/libgimli-d19d53abf68dfa6c.rlib" "/opt/rustwide/rustup-home/toolchains/1.69.0-x86_64-unknown-linux-gnu/lib/rustlib/x86_64-unknown-linux-gnu/lib/librustc_demangle-787cbccd19d64ac6.rlib" "/opt/rustwide/rustup-home/toolchains/1.69.0-x86_64-unknown-linux-gnu/lib/rustlib/x86_64-unknown-linux-gnu/lib/libstd_detect-b3837a36b830e0d0.rlib" "/opt/rustwide/rustup-home/toolchains/1.69.0-x86_64-unknown-linux-gnu/lib/rustlib/x86_64-unknown-linux-gnu/lib/libhashbrown-e3deb0e7e3f04966.rlib" "/opt/rustwide/rustup-home/toolchains/1.69.0-x86_64-unknown-linux-gnu/lib/rustlib/x86_64-unknown-linux-gnu/lib/libminiz_oxide-dabbb79c9815def4.rlib" "/opt/rustwide/rustup-home/toolchains/1.69.0-x86_64-unknown-linux-gnu/lib/rustlib/x86_64-unknown-linux-gnu/lib/libadler-305b01f34c9409f2.rlib" "/opt/rustwide/rustup-home/toolchains/1.69.0-x86_64-unknown-linux-gnu/lib/rustlib/x86_64-unknown-linux-gnu/lib/librustc_std_workspace_alloc-f833521df6074e73.rlib" "/opt/rustwide/rustup-home/toolchains/1.69.0-x86_64-unknown-linux-gnu/lib/rustlib/x86_64-unknown-linux-gnu/lib/libunwind-9ac333113350d171.rlib" "/opt/rustwide/rustup-home/toolchains/1.69.0-x86_64-unknown-linux-gnu/lib/rustlib/x86_64-unknown-linux-gnu/lib/libcfg_if-1c126114322d0eee.rlib" "/opt/rustwide/rustup-home/toolchains/1.69.0-x86_64-unknown-linux-gnu/lib/rustlib/x86_64-unknown-linux-gnu/lib/liblibc-bad9164fdeeecf92.rlib" "/opt/rustwide/rustup-home/toolchains/1.69.0-x86_64-unknown-linux-gnu/lib/rustlib/x86_64-unknown-linux-gnu/lib/liballoc-f9374b1e480fa681.rlib" "/opt/rustwide/target/debug/deps/libdefmt_rtt-21468c280afe2ff5.rlib" "/opt/rustwide/target/debug/deps/libcritical_section-5718f33e18eb672d.rlib" "/opt/rustwide/target/debug/deps/libdefmt-ad57cb21329aeb90.rlib" "/opt/rustwide/target/debug/deps/libbitflags-228dcf6676448b87.rlib" "/opt/rustwide/rustup-home/toolchains/1.69.0-x86_64-unknown-linux-gnu/lib/rustlib/x86_64-unknown-linux-gnu/lib/librustc_std_workspace_core-207f06e41d9603af.rlib" "/opt/rustwide/rustup-home/toolchains/1.69.0-x86_64-unknown-linux-gnu/lib/rustlib/x86_64-unknown-linux-gnu/lib/libcore-7e2768e66e984e85.rlib" "/opt/rustwide/rustup-home/toolchains/1.69.0-x86_64-unknown-linux-gnu/lib/rustlib/x86_64-unknown-linux-gnu/lib/libcompiler_builtins-957b4aff41f8cd46.rlib" "-Wl,-Bdynamic" "-lgcc_s" "-lutil" "-lrt" "-lpthread" "-lm" "-ldl" "-lc" "-Wl,--eh-frame-hdr" "-Wl,-z,noexecstack" "-L" "/opt/rustwide/rustup-home/toolchains/1.69.0-x86_64-unknown-linux-gnu/lib/rustlib/x86_64-unknown-linux-gnu/lib" "-o" "/opt/rustwide/target/debug/examples/test_pio_code-c27c7ced535cafa0" "-Wl,--gc-sections" "-pie" "-Wl,-z,relro,-z,now" "-Wl,-O1" "-nodefaultlibs"
[INFO] [stdout]   = note: /usr/bin/ld: /opt/rustwide/target/debug/examples/test_pio_code-c27c7ced535cafa0.test_pio_code.0c19e89f-cgu.0.rcgu.o: in function `cortex_m::register::primask::read':
[INFO] [stdout]           /opt/rustwide/cargo-home/registry/src/github.com-1ecc6299db9ec823/cortex-m-0.7.7/src/call_asm.rs:19: undefined reference to `__primask_r'
[INFO] [stdout]           /usr/bin/ld: /opt/rustwide/target/debug/examples/test_pio_code-c27c7ced535cafa0.test_pio_code.0c19e89f-cgu.0.rcgu.o: in function `cortex_m::interrupt::disable':
[INFO] [stdout]           /opt/rustwide/cargo-home/registry/src/github.com-1ecc6299db9ec823/cortex-m-0.7.7/src/call_asm.rs:19: undefined reference to `__cpsid'
[INFO] [stdout]           /usr/bin/ld: /opt/rustwide/target/debug/examples/test_pio_code-c27c7ced535cafa0.test_pio_code.0c19e89f-cgu.0.rcgu.o: in function `cortex_m::interrupt::enable':
[INFO] [stdout]           /opt/rustwide/cargo-home/registry/src/github.com-1ecc6299db9ec823/cortex-m-0.7.7/src/call_asm.rs:19: undefined reference to `__cpsie'
[INFO] [stdout]           /usr/bin/ld: /opt/rustwide/target/debug/examples/test_pio_code-c27c7ced535cafa0.test_pio_code.0c19e89f-cgu.0.rcgu.o: in function `test_pio_code::__cortex_m_rt_main':
[INFO] [stdout]           /opt/rustwide/workdir/examples/test_pio_code.rs:(.text._ZN13test_pio_code18__cortex_m_rt_main17hc0cb996801507fd6E+0x663): undefined reference to `__delay'
[INFO] [stdout]           /usr/bin/ld: /opt/rustwide/target/debug/deps/librp2040_hal-8cb74524e05fb900.rlib(rp2040_hal-8cb74524e05fb900.rp2040_hal.d3347df4-cgu.0.rcgu.o): in function `cortex_m::asm::delay':
[INFO] [stdout]           /opt/rustwide/cargo-home/registry/src/github.com-1ecc6299db9ec823/cortex-m-0.7.7/src/call_asm.rs:19: undefined reference to `__delay'
[INFO] [stdout]           /usr/bin/ld: /opt/rustwide/cargo-home/registry/src/github.com-1ecc6299db9ec823/cortex-m-0.7.7/src/call_asm.rs:19: undefined reference to `__delay'
[INFO] [stdout]           /usr/bin/ld: /opt/rustwide/cargo-home/registry/src/github.com-1ecc6299db9ec823/cortex-m-0.7.7/src/call_asm.rs:19: undefined reference to `__delay'
[INFO] [stdout]           /usr/bin/ld: /opt/rustwide/cargo-home/registry/src/github.com-1ecc6299db9ec823/cortex-m-0.7.7/src/call_asm.rs:19: undefined reference to `__delay'
[INFO] [stdout]           collect2: error: ld returned 1 exit status
[INFO] [stdout]           
[INFO] [stdout]   = note: some `extern` functions couldn't be found; some native libraries may need to be installed or have their path specified
[INFO] [stdout]   = note: use the `-l` flag to specify native libraries to link
[INFO] [stdout]   = note: use the `cargo:rustc-link-lib` directive to specify the native libraries to link with Cargo (see https://doc.rust-lang.org/cargo/reference/build-scripts.html#cargorustc-link-libkindname)
[INFO] [stdout] 
[INFO] [stdout] 
[INFO] [stdout] error: aborting due to previous error
[INFO] [stdout] 
[INFO] [stdout] 
[INFO] [stderr] error: could not compile `servo-pio` due to 2 previous errors
[INFO] running `Command { std: "docker" "inspect" "75c6a0519f23b1e1e067fef176415cf91c93dfb5e46c16096abdaf4c0fea55a9", kill_on_drop: false }`
[INFO] running `Command { std: "docker" "rm" "-f" "75c6a0519f23b1e1e067fef176415cf91c93dfb5e46c16096abdaf4c0fea55a9", kill_on_drop: false }`
[INFO] [stdout] 75c6a0519f23b1e1e067fef176415cf91c93dfb5e46c16096abdaf4c0fea55a9
