[INFO] fetching crate serdo 0.1.1-beta.17...
[INFO] testing serdo-0.1.1-beta.17 against beta-2023-04-20 for beta-1.70-1
[INFO] extracting crate serdo 0.1.1-beta.17 into /workspace/builds/worker-2-tc2/source
[INFO] validating manifest of crates.io crate serdo 0.1.1-beta.17 on toolchain beta-2023-04-20
[INFO] running `Command { std: CARGO_HOME="/workspace/cargo-home" RUSTUP_HOME="/workspace/rustup-home" "/workspace/cargo-home/bin/cargo" "+beta-2023-04-20" "metadata" "--manifest-path" "Cargo.toml" "--no-deps", kill_on_drop: false }`
[INFO] started tweaking crates.io crate serdo 0.1.1-beta.17
[INFO] finished tweaking crates.io crate serdo 0.1.1-beta.17
[INFO] tweaked toml for crates.io crate serdo 0.1.1-beta.17 written to /workspace/builds/worker-2-tc2/source/Cargo.toml
[INFO] running `Command { std: CARGO_HOME="/workspace/cargo-home" RUSTUP_HOME="/workspace/rustup-home" __CARGO_TEST_CHANNEL_OVERRIDE_DO_NOT_USE_THIS="nightly" "/workspace/cargo-home/bin/cargo" "+beta-2023-04-20" "generate-lockfile" "--manifest-path" "Cargo.toml" "-Zno-index-update", kill_on_drop: false }`
[INFO] running `Command { std: CARGO_HOME="/workspace/cargo-home" RUSTUP_HOME="/workspace/rustup-home" "/workspace/cargo-home/bin/cargo" "+beta-2023-04-20" "fetch" "--manifest-path" "Cargo.toml", kill_on_drop: false }`
[INFO] [stderr]  Downloading crates ...
[INFO] [stderr]   Downloaded rusqlite v0.29.0
[INFO] [stderr]   Downloaded libsqlite3-sys v0.26.0
[INFO] running `Command { std: "docker" "create" "-v" "/var/lib/crater-agent-workspace/builds/worker-2-tc2/target:/opt/rustwide/target:rw,Z" "-v" "/var/lib/crater-agent-workspace/builds/worker-2-tc2/source:/opt/rustwide/workdir:ro,Z" "-v" "/var/lib/crater-agent-workspace/cargo-home:/opt/rustwide/cargo-home:ro,Z" "-v" "/var/lib/crater-agent-workspace/rustup-home:/opt/rustwide/rustup-home:ro,Z" "-e" "SOURCE_DIR=/opt/rustwide/workdir" "-e" "CARGO_TARGET_DIR=/opt/rustwide/target" "-e" "CARGO_HOME=/opt/rustwide/cargo-home" "-e" "RUSTUP_HOME=/opt/rustwide/rustup-home" "-w" "/opt/rustwide/workdir" "-m" "1610612736" "--user" "0:0" "--network" "none" "ghcr.io/rust-lang/crates-build-env/linux@sha256:5ff2268d62e97bff2cde7d5815dd6ed5b47097566f13b8d0ca110b04b60e07ed" "/opt/rustwide/cargo-home/bin/cargo" "+beta-2023-04-20" "metadata" "--no-deps" "--format-version=1", kill_on_drop: false }`
[INFO] [stdout] 9a4189b2e2a3a9a10bb7ac16a9185679ea11c29530e9207b9b0d3907c87a3917
[INFO] running `Command { std: "docker" "start" "-a" "9a4189b2e2a3a9a10bb7ac16a9185679ea11c29530e9207b9b0d3907c87a3917", kill_on_drop: false }`
[INFO] running `Command { std: "docker" "inspect" "9a4189b2e2a3a9a10bb7ac16a9185679ea11c29530e9207b9b0d3907c87a3917", kill_on_drop: false }`
[INFO] running `Command { std: "docker" "rm" "-f" "9a4189b2e2a3a9a10bb7ac16a9185679ea11c29530e9207b9b0d3907c87a3917", kill_on_drop: false }`
[INFO] [stdout] 9a4189b2e2a3a9a10bb7ac16a9185679ea11c29530e9207b9b0d3907c87a3917
[INFO] running `Command { std: "docker" "create" "-v" "/var/lib/crater-agent-workspace/builds/worker-2-tc2/target:/opt/rustwide/target:rw,Z" "-v" "/var/lib/crater-agent-workspace/builds/worker-2-tc2/source:/opt/rustwide/workdir:ro,Z" "-v" "/var/lib/crater-agent-workspace/cargo-home:/opt/rustwide/cargo-home:ro,Z" "-v" "/var/lib/crater-agent-workspace/rustup-home:/opt/rustwide/rustup-home:ro,Z" "-e" "SOURCE_DIR=/opt/rustwide/workdir" "-e" "CARGO_TARGET_DIR=/opt/rustwide/target" "-e" "CARGO_INCREMENTAL=0" "-e" "RUST_BACKTRACE=full" "-e" "RUSTFLAGS=--cap-lints=warn" "-e" "RUSTDOCFLAGS=--cap-lints=warn" "-e" "CARGO_HOME=/opt/rustwide/cargo-home" "-e" "RUSTUP_HOME=/opt/rustwide/rustup-home" "-w" "/opt/rustwide/workdir" "-m" "1610612736" "--user" "0:0" "--network" "none" "ghcr.io/rust-lang/crates-build-env/linux@sha256:5ff2268d62e97bff2cde7d5815dd6ed5b47097566f13b8d0ca110b04b60e07ed" "/opt/rustwide/cargo-home/bin/cargo" "+beta-2023-04-20" "build" "--frozen" "--message-format=json", kill_on_drop: false }`
[INFO] [stdout] f8bbd686e7ad977a02fcdf95d2d63134b6802710d2285874c1f9eedb12cd35e3
[INFO] running `Command { std: "docker" "start" "-a" "f8bbd686e7ad977a02fcdf95d2d63134b6802710d2285874c1f9eedb12cd35e3", kill_on_drop: false }`
[INFO] [stderr]    Compiling serdo v0.1.1-beta.17 (/opt/rustwide/workdir)
[INFO] [stdout] error[E0433]: failed to resolve: use of undeclared crate or module `serde`
[INFO] [stdout]  --> src/cmd.rs:1:5
[INFO] [stdout]   |
[INFO] [stdout] 1 | use serde::{de::DeserializeOwned, Serialize};
[INFO] [stdout]   |     ^^^^^ use of undeclared crate or module `serde`
[INFO] [stdout] 
[INFO] [stdout] 
[INFO] [stdout] error[E0432]: unresolved import `serde`
[INFO] [stdout]  --> src/cmd.rs:1:5
[INFO] [stdout]   |
[INFO] [stdout] 1 | use serde::{de::DeserializeOwned, Serialize};
[INFO] [stdout]   |     ^^^^^ use of undeclared crate or module `serde`
[INFO] [stdout] 
[INFO] [stdout] 
[INFO] [stdout] error[E0433]: failed to resolve: use of undeclared crate or module `serde`
[INFO] [stdout]  --> src/undo_store.rs:5:5
[INFO] [stdout]   |
[INFO] [stdout] 5 | use serde::{de::DeserializeOwned, Serialize};
[INFO] [stdout]   |     ^^^^^ use of undeclared crate or module `serde`
[INFO] [stdout] 
[INFO] [stdout] 
[INFO] [stdout] error[E0432]: unresolved import `rusqlite`
[INFO] [stdout]  --> src/undo_store.rs:4:5
[INFO] [stdout]   |
[INFO] [stdout] 4 | use rusqlite::{Connection, params};
[INFO] [stdout]   |     ^^^^^^^^ use of undeclared crate or module `rusqlite`
[INFO] [stdout] 
[INFO] [stdout] 
[INFO] [stdout] error[E0432]: unresolved import `serde`
[INFO] [stdout]  --> src/undo_store.rs:5:5
[INFO] [stdout]   |
[INFO] [stdout] 5 | use serde::{de::DeserializeOwned, Serialize};
[INFO] [stdout]   |     ^^^^^ use of undeclared crate or module `serde`
[INFO] [stdout] 
[INFO] [stdout] 
[INFO] [stdout] warning: unused import: `std::marker::PhantomData`
[INFO] [stdout]  --> src/undo_store.rs:1:5
[INFO] [stdout]   |
[INFO] [stdout] 1 | use std::marker::PhantomData;
[INFO] [stdout]   |     ^^^^^^^^^^^^^^^^^^^^^^^^
[INFO] [stdout]   |
[INFO] [stdout]   = note: `#[warn(unused_imports)]` on by default
[INFO] [stdout] 
[INFO] [stdout] 
[INFO] [stdout] warning: unused import: `SerializableCmd`
[INFO] [stdout]  --> src/undo_store.rs:6:23
[INFO] [stdout]   |
[INFO] [stdout] 6 | use crate::cmd::{Cmd, SerializableCmd};
[INFO] [stdout]   |                       ^^^^^^^^^^^^^^^
[INFO] [stdout] 
[INFO] [stdout] 
[INFO] [stdout] error: aborting due to 5 previous errors; 2 warnings emitted
[INFO] [stdout] 
[INFO] [stdout] 
[INFO] [stdout] Some errors have detailed explanations: E0432, E0433.
[INFO] [stdout] 
[INFO] [stdout] For more information about an error, try `rustc --explain E0432`.
[INFO] [stdout] 
[INFO] [stderr] error: could not compile `serdo` (lib) due to 6 previous errors; 2 warnings emitted
[INFO] running `Command { std: "docker" "inspect" "f8bbd686e7ad977a02fcdf95d2d63134b6802710d2285874c1f9eedb12cd35e3", kill_on_drop: false }`
[INFO] running `Command { std: "docker" "rm" "-f" "f8bbd686e7ad977a02fcdf95d2d63134b6802710d2285874c1f9eedb12cd35e3", kill_on_drop: false }`
[INFO] [stdout] f8bbd686e7ad977a02fcdf95d2d63134b6802710d2285874c1f9eedb12cd35e3
