[INFO] fetching crate serde_yaml_with_quirks 0.8.24...
[INFO] testing serde_yaml_with_quirks-0.8.24 against 1.69.0 for beta-1.70-1
[INFO] extracting crate serde_yaml_with_quirks 0.8.24 into /workspace/builds/worker-2-tc1/source
[INFO] validating manifest of crates.io crate serde_yaml_with_quirks 0.8.24 on toolchain 1.69.0
[INFO] running `Command { std: CARGO_HOME="/workspace/cargo-home" RUSTUP_HOME="/workspace/rustup-home" "/workspace/cargo-home/bin/cargo" "+1.69.0" "metadata" "--manifest-path" "Cargo.toml" "--no-deps", kill_on_drop: false }`
[INFO] started tweaking crates.io crate serde_yaml_with_quirks 0.8.24
[INFO] finished tweaking crates.io crate serde_yaml_with_quirks 0.8.24
[INFO] tweaked toml for crates.io crate serde_yaml_with_quirks 0.8.24 written to /workspace/builds/worker-2-tc1/source/Cargo.toml
[INFO] running `Command { std: CARGO_HOME="/workspace/cargo-home" RUSTUP_HOME="/workspace/rustup-home" __CARGO_TEST_CHANNEL_OVERRIDE_DO_NOT_USE_THIS="nightly" "/workspace/cargo-home/bin/cargo" "+1.69.0" "generate-lockfile" "--manifest-path" "Cargo.toml" "-Zno-index-update", kill_on_drop: false }`
[INFO] [stderr]     Blocking waiting for file lock on package cache
[INFO] running `Command { std: CARGO_HOME="/workspace/cargo-home" RUSTUP_HOME="/workspace/rustup-home" "/workspace/cargo-home/bin/cargo" "+1.69.0" "fetch" "--manifest-path" "Cargo.toml", kill_on_drop: false }`
[INFO] running `Command { std: "docker" "create" "-v" "/var/lib/crater-agent-workspace/builds/worker-2-tc1/target:/opt/rustwide/target:rw,Z" "-v" "/var/lib/crater-agent-workspace/builds/worker-2-tc1/source:/opt/rustwide/workdir:ro,Z" "-v" "/var/lib/crater-agent-workspace/cargo-home:/opt/rustwide/cargo-home:ro,Z" "-v" "/var/lib/crater-agent-workspace/rustup-home:/opt/rustwide/rustup-home:ro,Z" "-e" "SOURCE_DIR=/opt/rustwide/workdir" "-e" "CARGO_TARGET_DIR=/opt/rustwide/target" "-e" "CARGO_HOME=/opt/rustwide/cargo-home" "-e" "RUSTUP_HOME=/opt/rustwide/rustup-home" "-w" "/opt/rustwide/workdir" "-m" "1610612736" "--user" "0:0" "--network" "none" "ghcr.io/rust-lang/crates-build-env/linux@sha256:5ff2268d62e97bff2cde7d5815dd6ed5b47097566f13b8d0ca110b04b60e07ed" "/opt/rustwide/cargo-home/bin/cargo" "+1.69.0" "metadata" "--no-deps" "--format-version=1", kill_on_drop: false }`
[INFO] [stdout] beb7b04b4955fa5d8ff80f4242ef773bbecc4f5984214cbe82037a3430b78f0f
[INFO] running `Command { std: "docker" "start" "-a" "beb7b04b4955fa5d8ff80f4242ef773bbecc4f5984214cbe82037a3430b78f0f", kill_on_drop: false }`
[INFO] running `Command { std: "docker" "inspect" "beb7b04b4955fa5d8ff80f4242ef773bbecc4f5984214cbe82037a3430b78f0f", kill_on_drop: false }`
[INFO] running `Command { std: "docker" "rm" "-f" "beb7b04b4955fa5d8ff80f4242ef773bbecc4f5984214cbe82037a3430b78f0f", kill_on_drop: false }`
[INFO] [stdout] beb7b04b4955fa5d8ff80f4242ef773bbecc4f5984214cbe82037a3430b78f0f
[INFO] running `Command { std: "docker" "create" "-v" "/var/lib/crater-agent-workspace/builds/worker-2-tc1/target:/opt/rustwide/target:rw,Z" "-v" "/var/lib/crater-agent-workspace/builds/worker-2-tc1/source:/opt/rustwide/workdir:ro,Z" "-v" "/var/lib/crater-agent-workspace/cargo-home:/opt/rustwide/cargo-home:ro,Z" "-v" "/var/lib/crater-agent-workspace/rustup-home:/opt/rustwide/rustup-home:ro,Z" "-e" "SOURCE_DIR=/opt/rustwide/workdir" "-e" "CARGO_TARGET_DIR=/opt/rustwide/target" "-e" "CARGO_INCREMENTAL=0" "-e" "RUST_BACKTRACE=full" "-e" "RUSTFLAGS=--cap-lints=warn" "-e" "RUSTDOCFLAGS=--cap-lints=warn" "-e" "CARGO_HOME=/opt/rustwide/cargo-home" "-e" "RUSTUP_HOME=/opt/rustwide/rustup-home" "-w" "/opt/rustwide/workdir" "-m" "1610612736" "--user" "0:0" "--network" "none" "ghcr.io/rust-lang/crates-build-env/linux@sha256:5ff2268d62e97bff2cde7d5815dd6ed5b47097566f13b8d0ca110b04b60e07ed" "/opt/rustwide/cargo-home/bin/cargo" "+1.69.0" "build" "--frozen" "--message-format=json", kill_on_drop: false }`
[INFO] [stdout] 991ea526be9f6d20572ed51e91b8a4d97ec0ca2ab66212313624ad4fe613f25a
[INFO] running `Command { std: "docker" "start" "-a" "991ea526be9f6d20572ed51e91b8a4d97ec0ca2ab66212313624ad4fe613f25a", kill_on_drop: false }`
[INFO] [stderr]    Compiling linked-hash-map v0.5.6
[INFO] [stderr]    Compiling yaml-rust v0.4.5
[INFO] [stderr]    Compiling serde_yaml_with_quirks v0.8.24 (/opt/rustwide/workdir)
[INFO] [stderr]     Finished dev [unoptimized + debuginfo] target(s) in 3.36s
[INFO] running `Command { std: "docker" "inspect" "991ea526be9f6d20572ed51e91b8a4d97ec0ca2ab66212313624ad4fe613f25a", kill_on_drop: false }`
[INFO] running `Command { std: "docker" "rm" "-f" "991ea526be9f6d20572ed51e91b8a4d97ec0ca2ab66212313624ad4fe613f25a", kill_on_drop: false }`
[INFO] [stdout] 991ea526be9f6d20572ed51e91b8a4d97ec0ca2ab66212313624ad4fe613f25a
[INFO] running `Command { std: "docker" "create" "-v" "/var/lib/crater-agent-workspace/builds/worker-2-tc1/target:/opt/rustwide/target:rw,Z" "-v" "/var/lib/crater-agent-workspace/builds/worker-2-tc1/source:/opt/rustwide/workdir:ro,Z" "-v" "/var/lib/crater-agent-workspace/cargo-home:/opt/rustwide/cargo-home:ro,Z" "-v" "/var/lib/crater-agent-workspace/rustup-home:/opt/rustwide/rustup-home:ro,Z" "-e" "SOURCE_DIR=/opt/rustwide/workdir" "-e" "CARGO_TARGET_DIR=/opt/rustwide/target" "-e" "CARGO_INCREMENTAL=0" "-e" "RUST_BACKTRACE=full" "-e" "RUSTFLAGS=--cap-lints=warn" "-e" "RUSTDOCFLAGS=--cap-lints=warn" "-e" "CARGO_HOME=/opt/rustwide/cargo-home" "-e" "RUSTUP_HOME=/opt/rustwide/rustup-home" "-w" "/opt/rustwide/workdir" "-m" "1610612736" "--user" "0:0" "--network" "none" "ghcr.io/rust-lang/crates-build-env/linux@sha256:5ff2268d62e97bff2cde7d5815dd6ed5b47097566f13b8d0ca110b04b60e07ed" "/opt/rustwide/cargo-home/bin/cargo" "+1.69.0" "test" "--frozen" "--no-run" "--message-format=json", kill_on_drop: false }`
[INFO] [stdout] d39b349e9ab33ac192d62c3974d61db7b0fe8151bd45176edf2ad28fd348296f
[INFO] running `Command { std: "docker" "start" "-a" "d39b349e9ab33ac192d62c3974d61db7b0fe8151bd45176edf2ad28fd348296f", kill_on_drop: false }`
[INFO] [stderr]    Compiling anyhow v1.0.71
[INFO] [stderr]    Compiling serde_yaml_with_quirks v0.8.24 (/opt/rustwide/workdir)
[INFO] [stdout] error[E0432]: unresolved import `serde_yaml`
[INFO] [stdout]  --> tests/test_value.rs:6:5
[INFO] [stdout]   |
[INFO] [stdout] 6 | use serde_yaml::{Number, Value};
[INFO] [stdout]   |     ^^^^^^^^^^ use of undeclared crate or module `serde_yaml`
[INFO] [stdout] 
[INFO] [stdout] 
[INFO] [stdout] error[E0432]: unresolved import `serde_yaml`
[INFO] [stdout]   --> tests/test_serde.rs:10:5
[INFO] [stdout]    |
[INFO] [stdout] 10 | use serde_yaml::Value;
[INFO] [stdout]    |     ^^^^^^^^^^ use of undeclared crate or module `serde_yaml`
[INFO] [stdout] 
[INFO] [stdout] 
[INFO] [stdout] error[E0432]: unresolved import `serde_yaml`
[INFO] [stdout]    --> tests/test_serde.rs:373:9
[INFO] [stdout]     |
[INFO] [stdout] 373 |     use serde_yaml::{Mapping, Number};
[INFO] [stdout]     |         ^^^^^^^^^^ use of undeclared crate or module `serde_yaml`
[INFO] [stdout] 
[INFO] [stdout] 
[INFO] [stdout] error[E0432]: unresolved import `serde_yaml`
[INFO] [stdout]    --> tests/test_serde.rs:408:9
[INFO] [stdout]     |
[INFO] [stdout] 408 |     use serde_yaml::Mapping;
[INFO] [stdout]     |         ^^^^^^^^^^ use of undeclared crate or module `serde_yaml`
[INFO] [stdout] 
[INFO] [stdout] 
[INFO] [stdout] error[E0432]: unresolved import `serde_yaml`
[INFO] [stdout]  --> tests/test_de.rs:9:5
[INFO] [stdout]   |
[INFO] [stdout] 9 | use serde_yaml::Value;
[INFO] [stdout]   |     ^^^^^^^^^^ use of undeclared crate or module `serde_yaml`
[INFO] [stdout] 
[INFO] [stdout] 
[INFO] [stdout] error[E0433]: failed to resolve: use of undeclared crate or module `serde_yaml`
[INFO] [stdout]    --> tests/test_error.rs:216:30
[INFO] [stdout]     |
[INFO] [stdout] 216 |     let invalid_utf8: Result<serde_yaml::Value, serde_yaml::Error> =
[INFO] [stdout]     |                              ^^^^^^^^^^ use of undeclared crate or module `serde_yaml`
[INFO] [stdout] 
[INFO] [stdout] 
[INFO] [stdout] error[E0433]: failed to resolve: use of undeclared crate or module `serde_yaml`
[INFO] [stdout]    --> tests/test_error.rs:216:49
[INFO] [stdout]     |
[INFO] [stdout] 216 |     let invalid_utf8: Result<serde_yaml::Value, serde_yaml::Error> =
[INFO] [stdout]     |                                                 ^^^^^^^^^^ use of undeclared crate or module `serde_yaml`
[INFO] [stdout] 
[INFO] [stdout] 
[INFO] [stdout] error[E0433]: failed to resolve: use of undeclared crate or module `serde_yaml`
[INFO] [stdout]   --> tests/test_de.rs:20:28
[INFO] [stdout]    |
[INFO] [stdout] 20 |     serde_yaml::from_str::<serde_yaml::Value>(yaml).unwrap();
[INFO] [stdout]    |                            ^^^^^^^^^^ use of undeclared crate or module `serde_yaml`
[INFO] [stdout] 
[INFO] [stdout] 
[INFO] [stdout] error[E0433]: failed to resolve: use of undeclared crate or module `serde_yaml`
[INFO] [stdout]   --> tests/test_de.rs:29:27
[INFO] [stdout]    |
[INFO] [stdout] 29 |     let deserialized: T = serde_yaml::seed::from_str_seed(yaml, seed).unwrap();
[INFO] [stdout]    |                           ^^^^^^^^^^ use of undeclared crate or module `serde_yaml`
[INFO] [stdout] 
[INFO] [stdout] 
[INFO] [stdout] error[E0433]: failed to resolve: use of undeclared crate or module `serde_yaml`
[INFO] [stdout]   --> tests/test_value.rs:11:19
[INFO] [stdout]    |
[INFO] [stdout] 11 |     let pos_nan = serde_yaml::from_str::<Value>(".nan").unwrap();
[INFO] [stdout]    |                   ^^^^^^^^^^ use of undeclared crate or module `serde_yaml`
[INFO] [stdout] 
[INFO] [stdout] 
[INFO] [stdout] error[E0433]: failed to resolve: use of undeclared crate or module `serde_yaml`
[INFO] [stdout]   --> tests/test_de.rs:32:28
[INFO] [stdout]    |
[INFO] [stdout] 32 |     serde_yaml::from_str::<serde_yaml::Value>(yaml).unwrap();
[INFO] [stdout]    |                            ^^^^^^^^^^ use of undeclared crate or module `serde_yaml`
[INFO] [stdout] 
[INFO] [stdout] 
[INFO] [stdout] error[E0433]: failed to resolve: use of undeclared crate or module `serde_yaml`
[INFO] [stdout]   --> tests/test_value.rs:15:24
[INFO] [stdout]    |
[INFO] [stdout] 15 |     let neg_fake_nan = serde_yaml::from_str::<Value>("-.nan").unwrap();
[INFO] [stdout]    |                        ^^^^^^^^^^ use of undeclared crate or module `serde_yaml`
[INFO] [stdout] 
[INFO] [stdout] 
[INFO] [stdout] error[E0433]: failed to resolve: use of undeclared crate or module `serde_yaml`
[INFO] [stdout]   --> tests/test_value.rs:26:22
[INFO] [stdout]    |
[INFO] [stdout] 26 |     let num_string = serde_yaml::from_str::<Value>("01").unwrap();
[INFO] [stdout]    |                      ^^^^^^^^^^ use of undeclared crate or module `serde_yaml`
[INFO] [stdout] 
[INFO] [stdout] 
[INFO] [stdout] error[E0433]: failed to resolve: use of undeclared crate or module `serde_yaml`
[INFO] [stdout]   --> tests/test_value.rs:38:17
[INFO] [stdout]    |
[INFO] [stdout] 38 |     let value = serde_yaml::from_str::<Value>("xyz").unwrap();
[INFO] [stdout]    |                 ^^^^^^^^^^ use of undeclared crate or module `serde_yaml`
[INFO] [stdout] 
[INFO] [stdout] 
[INFO] [stdout] error[E0433]: failed to resolve: use of undeclared crate or module `serde_yaml`
[INFO] [stdout]    --> tests/test_de.rs:245:27
[INFO] [stdout]     |
[INFO] [stdout] 245 |         pub substructure: serde_yaml::Mapping,
[INFO] [stdout]     |                           ^^^^^^^^^^ use of undeclared crate or module `serde_yaml`
[INFO] [stdout] 
[INFO] [stdout] 
[INFO] [stdout] error[E0433]: failed to resolve: use of undeclared crate or module `serde_yaml`
[INFO] [stdout]   --> tests/test_value.rs:42:17
[INFO] [stdout]    |
[INFO] [stdout] 42 |     let value = serde_yaml::from_str::<Value>("- first\n- second\n- third").unwrap();
[INFO] [stdout]    |                 ^^^^^^^^^^ use of undeclared crate or module `serde_yaml`
[INFO] [stdout] 
[INFO] [stdout] 
[INFO] [stdout] error[E0433]: failed to resolve: use of undeclared crate or module `serde_yaml`
[INFO] [stdout]   --> tests/test_value.rs:46:17
[INFO] [stdout]    |
[INFO] [stdout] 46 |     let value = serde_yaml::from_str::<Value>("first: abc\nsecond: 99").unwrap();
[INFO] [stdout]    |                 ^^^^^^^^^^ use of undeclared crate or module `serde_yaml`
[INFO] [stdout] 
[INFO] [stdout] 
[INFO] [stdout] error[E0433]: failed to resolve: use of undeclared crate or module `serde_yaml`
[INFO] [stdout]    --> tests/test_de.rs:364:69
[INFO] [stdout]     |
[INFO] [stdout] 364 |     let de = serde_yaml::Deserializer::from_str_with_quirks("0777", serde_yaml::DeserializingQuirks {
[INFO] [stdout]     |                                                                     ^^^^^^^^^^ use of undeclared crate or module `serde_yaml`
[INFO] [stdout] 
[INFO] [stdout] 
[INFO] [stdout] warning: unused import: `serde::de::IntoDeserializer`
[INFO] [stdout]  --> tests/test_value.rs:3:5
[INFO] [stdout]   |
[INFO] [stdout] 3 | use serde::de::IntoDeserializer;
[INFO] [stdout]   |     ^^^^^^^^^^^^^^^^^^^^^^^^^^^
[INFO] [stdout]   |
[INFO] [stdout]   = note: `#[warn(unused_imports)]` on by default
[INFO] [stdout] 
[INFO] [stdout] 
[INFO] [stdout] error: aborting due to 7 previous errors; 1 warning emitted
[INFO] [stdout] 
[INFO] [stdout] 
[INFO] [stdout] Some errors have detailed explanations: E0432, E0433.
[INFO] [stdout] 
[INFO] [stdout] For more information about an error, try `rustc --explain E0432`.
[INFO] [stdout] 
[INFO] [stderr] error: could not compile `serde_yaml_with_quirks` due to 8 previous errors; 1 warning emitted
[INFO] [stdout] error[E0433]: failed to resolve: use of undeclared crate or module `serde_yaml`
[INFO] [stdout]    --> tests/test_de.rs:255:23
[INFO] [stdout]     |
[INFO] [stdout] 255 |         substructure: serde_yaml::Mapping::new(),
[INFO] [stdout]     |                       ^^^^^^^^^^ use of undeclared crate or module `serde_yaml`
[INFO] [stdout]     |
[INFO] [stdout] help: consider importing this struct
[INFO] [stdout]     |
[INFO] [stdout] 7   | use serde_yaml_with_quirks::Mapping;
[INFO] [stdout]     |
[INFO] [stdout] help: if you import `Mapping`, refer to it directly
[INFO] [stdout]     |
[INFO] [stdout] 255 -         substructure: serde_yaml::Mapping::new(),
[INFO] [stdout] 255 +         substructure: Mapping::new(),
[INFO] [stdout]     |
[INFO] [stdout] 
[INFO] [stdout] 
[INFO] [stderr] warning: build failed, waiting for other jobs to finish...
[INFO] [stdout] error[E0433]: failed to resolve: use of undeclared crate or module `serde_yaml`
[INFO] [stdout]    --> tests/test_de.rs:258:9
[INFO] [stdout]     |
[INFO] [stdout] 258 |         serde_yaml::Value::String("a".to_owned()),
[INFO] [stdout]     |         ^^^^^^^^^^ use of undeclared crate or module `serde_yaml`
[INFO] [stdout]     |
[INFO] [stdout] help: consider importing this enum
[INFO] [stdout]     |
[INFO] [stdout] 7   | use serde_yaml_with_quirks::Value;
[INFO] [stdout]     |
[INFO] [stdout] help: if you import `Value`, refer to it directly
[INFO] [stdout]     |
[INFO] [stdout] 258 -         serde_yaml::Value::String("a".to_owned()),
[INFO] [stdout] 258 +         Value::String("a".to_owned()),
[INFO] [stdout]     |
[INFO] [stdout] 
[INFO] [stdout] 
[INFO] [stdout] error[E0433]: failed to resolve: use of undeclared crate or module `serde_yaml`
[INFO] [stdout]    --> tests/test_de.rs:259:9
[INFO] [stdout]     |
[INFO] [stdout] 259 |         serde_yaml::Value::String("foo".to_owned()),
[INFO] [stdout]     |         ^^^^^^^^^^ use of undeclared crate or module `serde_yaml`
[INFO] [stdout]     |
[INFO] [stdout] help: consider importing this enum
[INFO] [stdout]     |
[INFO] [stdout] 7   | use serde_yaml_with_quirks::Value;
[INFO] [stdout]     |
[INFO] [stdout] help: if you import `Value`, refer to it directly
[INFO] [stdout]     |
[INFO] [stdout] 259 -         serde_yaml::Value::String("foo".to_owned()),
[INFO] [stdout] 259 +         Value::String("foo".to_owned()),
[INFO] [stdout]     |
[INFO] [stdout] 
[INFO] [stdout] 
[INFO] [stdout] error[E0433]: failed to resolve: use of undeclared crate or module `serde_yaml`
[INFO] [stdout]    --> tests/test_de.rs:262:9
[INFO] [stdout]     |
[INFO] [stdout] 262 |         serde_yaml::Value::String("b".to_owned()),
[INFO] [stdout]     |         ^^^^^^^^^^ use of undeclared crate or module `serde_yaml`
[INFO] [stdout]     |
[INFO] [stdout] help: consider importing this enum
[INFO] [stdout]     |
[INFO] [stdout] 7   | use serde_yaml_with_quirks::Value;
[INFO] [stdout]     |
[INFO] [stdout] help: if you import `Value`, refer to it directly
[INFO] [stdout]     |
[INFO] [stdout] 262 -         serde_yaml::Value::String("b".to_owned()),
[INFO] [stdout] 262 +         Value::String("b".to_owned()),
[INFO] [stdout]     |
[INFO] [stdout] 
[INFO] [stdout] 
[INFO] [stdout] error[E0433]: failed to resolve: use of undeclared crate or module `serde_yaml`
[INFO] [stdout]    --> tests/test_de.rs:263:9
[INFO] [stdout]     |
[INFO] [stdout] 263 |         serde_yaml::Value::String("bar".to_owned()),
[INFO] [stdout]     |         ^^^^^^^^^^ use of undeclared crate or module `serde_yaml`
[INFO] [stdout]     |
[INFO] [stdout] help: consider importing this enum
[INFO] [stdout]     |
[INFO] [stdout] 7   | use serde_yaml_with_quirks::Value;
[INFO] [stdout]     |
[INFO] [stdout] help: if you import `Value`, refer to it directly
[INFO] [stdout]     |
[INFO] [stdout] 263 -         serde_yaml::Value::String("bar".to_owned()),
[INFO] [stdout] 263 +         Value::String("bar".to_owned()),
[INFO] [stdout]     |
[INFO] [stdout] 
[INFO] [stdout] 
[INFO] [stdout] error[E0433]: failed to resolve: use of undeclared crate or module `serde_yaml`
[INFO] [stdout]    --> tests/test_de.rs:364:14
[INFO] [stdout]     |
[INFO] [stdout] 364 |     let de = serde_yaml::Deserializer::from_str_with_quirks("0777", serde_yaml::DeserializingQuirks {
[INFO] [stdout]     |              ^^^^^^^^^^ use of undeclared crate or module `serde_yaml`
[INFO] [stdout]     |
[INFO] [stdout] help: consider importing one of these items
[INFO] [stdout]     |
[INFO] [stdout] 7   | use serde::Deserializer;
[INFO] [stdout]     |
[INFO] [stdout] 7   | use serde_yaml_with_quirks::Deserializer;
[INFO] [stdout]     |
[INFO] [stdout] help: if you import `Deserializer`, refer to it directly
[INFO] [stdout]     |
[INFO] [stdout] 364 -     let de = serde_yaml::Deserializer::from_str_with_quirks("0777", serde_yaml::DeserializingQuirks {
[INFO] [stdout] 364 +     let de = Deserializer::from_str_with_quirks("0777", serde_yaml::DeserializingQuirks {
[INFO] [stdout]     |
[INFO] [stdout] 
[INFO] [stdout] 
[INFO] [stdout] error[E0433]: failed to resolve: use of undeclared crate or module `serde_yaml`
[INFO] [stdout]  --> tests/test_error.rs:9:18
[INFO] [stdout]   |
[INFO] [stdout] 9 |     let result = serde_yaml::from_str::<T>(yaml);
[INFO] [stdout]   |                  ^^^^^^^^^^ use of undeclared crate or module `serde_yaml`
[INFO] [stdout] 
[INFO] [stdout] 
[INFO] [stdout] error[E0433]: failed to resolve: use of undeclared crate or module `serde_yaml`
[INFO] [stdout]   --> tests/test_de.rs:17:27
[INFO] [stdout]    |
[INFO] [stdout] 17 |     let deserialized: T = serde_yaml::from_str(yaml).unwrap();
[INFO] [stdout]    |                           ^^^^^^^^^^ use of undeclared crate or module `serde_yaml`
[INFO] [stdout] 
[INFO] [stdout] 
[INFO] [stdout] error[E0433]: failed to resolve: use of undeclared crate or module `serde_yaml`
[INFO] [stdout]   --> tests/test_de.rs:20:5
[INFO] [stdout]    |
[INFO] [stdout] 20 |     serde_yaml::from_str::<serde_yaml::Value>(yaml).unwrap();
[INFO] [stdout]    |     ^^^^^^^^^^ use of undeclared crate or module `serde_yaml`
[INFO] [stdout] 
[INFO] [stdout] 
[INFO] [stdout] error[E0433]: failed to resolve: use of undeclared crate or module `serde_yaml`
[INFO] [stdout]   --> tests/test_de.rs:21:5
[INFO] [stdout]    |
[INFO] [stdout] 21 |     serde_yaml::from_str::<serde::de::IgnoredAny>(yaml).unwrap();
[INFO] [stdout]    |     ^^^^^^^^^^ use of undeclared crate or module `serde_yaml`
[INFO] [stdout] 
[INFO] [stdout] 
[INFO] [stdout] error[E0433]: failed to resolve: use of undeclared crate or module `serde_yaml`
[INFO] [stdout]   --> tests/test_de.rs:32:5
[INFO] [stdout]    |
[INFO] [stdout] 32 |     serde_yaml::from_str::<serde_yaml::Value>(yaml).unwrap();
[INFO] [stdout]    |     ^^^^^^^^^^ use of undeclared crate or module `serde_yaml`
[INFO] [stdout] 
[INFO] [stdout] 
[INFO] [stdout] error[E0433]: failed to resolve: use of undeclared crate or module `serde_yaml`
[INFO] [stdout]   --> tests/test_de.rs:33:5
[INFO] [stdout]    |
[INFO] [stdout] 33 |     serde_yaml::from_str::<serde::de::IgnoredAny>(yaml).unwrap();
[INFO] [stdout]    |     ^^^^^^^^^^ use of undeclared crate or module `serde_yaml`
[INFO] [stdout] 
[INFO] [stdout] 
[INFO] [stdout] error[E0433]: failed to resolve: use of undeclared crate or module `serde_yaml`
[INFO] [stdout]   --> tests/test_serde.rs:19:22
[INFO] [stdout]    |
[INFO] [stdout] 19 |     let serialized = serde_yaml::to_string(&thing).unwrap();
[INFO] [stdout]    |                      ^^^^^^^^^^ use of undeclared crate or module `serde_yaml`
[INFO] [stdout] 
[INFO] [stdout] 
[INFO] [stdout] error[E0433]: failed to resolve: use of undeclared crate or module `serde_yaml`
[INFO] [stdout]   --> tests/test_serde.rs:22:17
[INFO] [stdout]    |
[INFO] [stdout] 22 |     let value = serde_yaml::to_value(&thing).unwrap();
[INFO] [stdout]    |                 ^^^^^^^^^^ use of undeclared crate or module `serde_yaml`
[INFO] [stdout] 
[INFO] [stdout] 
[INFO] [stdout] error[E0433]: failed to resolve: use of undeclared crate or module `serde_yaml`
[INFO] [stdout]   --> tests/test_serde.rs:23:22
[INFO] [stdout]    |
[INFO] [stdout] 23 |     let serialized = serde_yaml::to_string(&value).unwrap();
[INFO] [stdout]    |                      ^^^^^^^^^^ use of undeclared crate or module `serde_yaml`
[INFO] [stdout] 
[INFO] [stdout] 
[INFO] [stdout] error[E0433]: failed to resolve: use of undeclared crate or module `serde_yaml`
[INFO] [stdout]   --> tests/test_serde.rs:26:27
[INFO] [stdout]    |
[INFO] [stdout] 26 |     let deserialized: T = serde_yaml::from_str(yaml).unwrap();
[INFO] [stdout]    |                           ^^^^^^^^^^ use of undeclared crate or module `serde_yaml`
[INFO] [stdout] 
[INFO] [stdout] 
[INFO] [stdout] error[E0433]: failed to resolve: use of undeclared crate or module `serde_yaml`
[INFO] [stdout]   --> tests/test_serde.rs:29:24
[INFO] [stdout]    |
[INFO] [stdout] 29 |     let value: Value = serde_yaml::from_str(yaml).unwrap();
[INFO] [stdout]    |                        ^^^^^^^^^^ use of undeclared crate or module `serde_yaml`
[INFO] [stdout] 
[INFO] [stdout] 
[INFO] [stdout] error[E0433]: failed to resolve: use of undeclared crate or module `serde_yaml`
[INFO] [stdout]   --> tests/test_serde.rs:30:27
[INFO] [stdout]    |
[INFO] [stdout] 30 |     let deserialized: T = serde_yaml::from_value(value).unwrap();
[INFO] [stdout]    |                           ^^^^^^^^^^ use of undeclared crate or module `serde_yaml`
[INFO] [stdout] 
[INFO] [stdout] 
[INFO] [stdout] error[E0433]: failed to resolve: use of undeclared crate or module `serde_yaml`
[INFO] [stdout]   --> tests/test_serde.rs:33:5
[INFO] [stdout]    |
[INFO] [stdout] 33 |     serde_yaml::from_str::<serde::de::IgnoredAny>(yaml).unwrap();
[INFO] [stdout]    |     ^^^^^^^^^^ use of undeclared crate or module `serde_yaml`
[INFO] [stdout] 
[INFO] [stdout] 
[INFO] [stdout] error[E0433]: failed to resolve: use of undeclared crate or module `serde_yaml`
[INFO] [stdout]    --> tests/test_error.rs:217:9
[INFO] [stdout]     |
[INFO] [stdout] 217 |         serde_yaml::from_slice(b"\x80\xae");
[INFO] [stdout]     |         ^^^^^^^^^^ use of undeclared crate or module `serde_yaml`
[INFO] [stdout] 
[INFO] [stdout] 
[INFO] [stdout] error[E0433]: failed to resolve: use of undeclared crate or module `serde_yaml`
[INFO] [stdout]    --> tests/test_de.rs:209:26
[INFO] [stdout]     |
[INFO] [stdout] 209 |     assert_eq!(expected, serde_yaml::from_str::<i128>(yaml).unwrap());
[INFO] [stdout]     |                          ^^^^^^^^^^ use of undeclared crate or module `serde_yaml`
[INFO] [stdout] 
[INFO] [stdout] 
[INFO] [stdout] error[E0433]: failed to resolve: use of undeclared crate or module `serde_yaml`
[INFO] [stdout]    --> tests/test_de.rs:219:26
[INFO] [stdout]     |
[INFO] [stdout] 219 |     assert_eq!(expected, serde_yaml::from_str::<u128>(yaml).unwrap());
[INFO] [stdout]     |                          ^^^^^^^^^^ use of undeclared crate or module `serde_yaml`
[INFO] [stdout] 
[INFO] [stdout] 
[INFO] [stdout] error[E0433]: failed to resolve: use of undeclared crate or module `serde_yaml`
[INFO] [stdout]    --> tests/test_de.rs:313:26
[INFO] [stdout]     |
[INFO] [stdout] 313 |     assert_eq!(expected, serde_yaml::from_str::<Data>(yaml).unwrap());
[INFO] [stdout]     |                          ^^^^^^^^^^ use of undeclared crate or module `serde_yaml`
[INFO] [stdout] 
[INFO] [stdout] 
[INFO] [stdout] error[E0433]: failed to resolve: use of undeclared crate or module `serde_yaml`
[INFO] [stdout]    --> tests/test_de.rs:343:21
[INFO] [stdout]     |
[INFO] [stdout] 343 |         let value = serde_yaml::from_str::<Value>(yaml).unwrap();
[INFO] [stdout]     |                     ^^^^^^^^^^ use of undeclared crate or module `serde_yaml`
[INFO] [stdout] 
[INFO] [stdout] 
[INFO] [stdout] error[E0433]: failed to resolve: use of undeclared crate or module `serde_yaml`
[INFO] [stdout]    --> tests/test_de.rs:353:21
[INFO] [stdout]     |
[INFO] [stdout] 353 |         let value = serde_yaml::from_str::<Value>(yaml).unwrap();
[INFO] [stdout]     |                     ^^^^^^^^^^ use of undeclared crate or module `serde_yaml`
[INFO] [stdout] 
[INFO] [stdout] 
[INFO] [stdout] error[E0433]: failed to resolve: use of undeclared crate or module `serde_yaml`
[INFO] [stdout]    --> tests/test_serde.rs:131:22
[INFO] [stdout]     |
[INFO] [stdout] 131 |     let float: f64 = serde_yaml::from_str(indoc! {"
[INFO] [stdout]     |                      ^^^^^^^^^^ use of undeclared crate or module `serde_yaml`
[INFO] [stdout] 
[INFO] [stdout] 
[INFO] [stdout] error[E0433]: failed to resolve: use of undeclared crate or module `serde_yaml`
[INFO] [stdout]    --> tests/test_serde.rs:162:29
[INFO] [stdout]     |
[INFO] [stdout] 162 |     let single_float: f32 = serde_yaml::from_str(indoc! {"
[INFO] [stdout]     |                             ^^^^^^^^^^ use of undeclared crate or module `serde_yaml`
[INFO] [stdout] 
[INFO] [stdout] 
[INFO] [stdout] error: aborting due to 22 previous errors
[INFO] [stdout] 
[INFO] [stdout] 
[INFO] [stdout] error: aborting due to 4 previous errors
[INFO] [stdout] 
[INFO] [stdout] 
[INFO] [stdout] For more information about this error, try `rustc --explain E0433`.
[INFO] [stdout] 
[INFO] [stdout] Some errors have detailed explanations: E0432, E0433.
[INFO] [stdout] 
[INFO] [stderr] error: could not compile `serde_yaml_with_quirks` due to 5 previous errors
[INFO] [stdout] For more information about an error, try `rustc --explain E0432`.
[INFO] [stdout] 
[INFO] [stderr] error: could not compile `serde_yaml_with_quirks` due to 23 previous errors
[INFO] [stdout] error: aborting due to 12 previous errors
[INFO] [stdout] 
[INFO] [stdout] 
[INFO] [stdout] Some errors have detailed explanations: E0432, E0433.
[INFO] [stdout] 
[INFO] [stdout] For more information about an error, try `rustc --explain E0432`.
[INFO] [stdout] 
[INFO] [stderr] error: could not compile `serde_yaml_with_quirks` due to 13 previous errors
[INFO] running `Command { std: "docker" "inspect" "d39b349e9ab33ac192d62c3974d61db7b0fe8151bd45176edf2ad28fd348296f", kill_on_drop: false }`
[INFO] running `Command { std: "docker" "rm" "-f" "d39b349e9ab33ac192d62c3974d61db7b0fe8151bd45176edf2ad28fd348296f", kill_on_drop: false }`
[INFO] [stdout] d39b349e9ab33ac192d62c3974d61db7b0fe8151bd45176edf2ad28fd348296f
