[INFO] fetching crate serde_header 0.2.0...
[INFO] testing serde_header-0.2.0 against beta-2023-04-20 for beta-1.70-1
[INFO] extracting crate serde_header 0.2.0 into /workspace/builds/worker-6-tc2/source
[INFO] validating manifest of crates.io crate serde_header 0.2.0 on toolchain beta-2023-04-20
[INFO] running `Command { std: CARGO_HOME="/workspace/cargo-home" RUSTUP_HOME="/workspace/rustup-home" "/workspace/cargo-home/bin/cargo" "+beta-2023-04-20" "metadata" "--manifest-path" "Cargo.toml" "--no-deps", kill_on_drop: false }`
[INFO] started tweaking crates.io crate serde_header 0.2.0
[INFO] finished tweaking crates.io crate serde_header 0.2.0
[INFO] tweaked toml for crates.io crate serde_header 0.2.0 written to /workspace/builds/worker-6-tc2/source/Cargo.toml
[INFO] running `Command { std: CARGO_HOME="/workspace/cargo-home" RUSTUP_HOME="/workspace/rustup-home" __CARGO_TEST_CHANNEL_OVERRIDE_DO_NOT_USE_THIS="nightly" "/workspace/cargo-home/bin/cargo" "+beta-2023-04-20" "generate-lockfile" "--manifest-path" "Cargo.toml" "-Zno-index-update", kill_on_drop: false }`
[INFO] running `Command { std: CARGO_HOME="/workspace/cargo-home" RUSTUP_HOME="/workspace/rustup-home" "/workspace/cargo-home/bin/cargo" "+beta-2023-04-20" "fetch" "--manifest-path" "Cargo.toml", kill_on_drop: false }`
[INFO] running `Command { std: "docker" "create" "-v" "/var/lib/crater-agent-workspace/builds/worker-6-tc2/target:/opt/rustwide/target:rw,Z" "-v" "/var/lib/crater-agent-workspace/builds/worker-6-tc2/source:/opt/rustwide/workdir:ro,Z" "-v" "/var/lib/crater-agent-workspace/cargo-home:/opt/rustwide/cargo-home:ro,Z" "-v" "/var/lib/crater-agent-workspace/rustup-home:/opt/rustwide/rustup-home:ro,Z" "-e" "SOURCE_DIR=/opt/rustwide/workdir" "-e" "CARGO_TARGET_DIR=/opt/rustwide/target" "-e" "CARGO_HOME=/opt/rustwide/cargo-home" "-e" "RUSTUP_HOME=/opt/rustwide/rustup-home" "-w" "/opt/rustwide/workdir" "-m" "1610612736" "--user" "0:0" "--network" "none" "ghcr.io/rust-lang/crates-build-env/linux@sha256:5ff2268d62e97bff2cde7d5815dd6ed5b47097566f13b8d0ca110b04b60e07ed" "/opt/rustwide/cargo-home/bin/cargo" "+beta-2023-04-20" "metadata" "--no-deps" "--format-version=1", kill_on_drop: false }`
[INFO] [stdout] 52ea4cfd59c53573ed87c106ea1480a4ce8244315d8f30bc8ab51f81b033c580
[INFO] running `Command { std: "docker" "start" "-a" "52ea4cfd59c53573ed87c106ea1480a4ce8244315d8f30bc8ab51f81b033c580", kill_on_drop: false }`
[INFO] running `Command { std: "docker" "inspect" "52ea4cfd59c53573ed87c106ea1480a4ce8244315d8f30bc8ab51f81b033c580", kill_on_drop: false }`
[INFO] running `Command { std: "docker" "rm" "-f" "52ea4cfd59c53573ed87c106ea1480a4ce8244315d8f30bc8ab51f81b033c580", kill_on_drop: false }`
[INFO] [stdout] 52ea4cfd59c53573ed87c106ea1480a4ce8244315d8f30bc8ab51f81b033c580
[INFO] running `Command { std: "docker" "create" "-v" "/var/lib/crater-agent-workspace/builds/worker-6-tc2/target:/opt/rustwide/target:rw,Z" "-v" "/var/lib/crater-agent-workspace/builds/worker-6-tc2/source:/opt/rustwide/workdir:ro,Z" "-v" "/var/lib/crater-agent-workspace/cargo-home:/opt/rustwide/cargo-home:ro,Z" "-v" "/var/lib/crater-agent-workspace/rustup-home:/opt/rustwide/rustup-home:ro,Z" "-e" "SOURCE_DIR=/opt/rustwide/workdir" "-e" "CARGO_TARGET_DIR=/opt/rustwide/target" "-e" "CARGO_INCREMENTAL=0" "-e" "RUST_BACKTRACE=full" "-e" "RUSTFLAGS=--cap-lints=warn" "-e" "RUSTDOCFLAGS=--cap-lints=warn" "-e" "CARGO_HOME=/opt/rustwide/cargo-home" "-e" "RUSTUP_HOME=/opt/rustwide/rustup-home" "-w" "/opt/rustwide/workdir" "-m" "1610612736" "--user" "0:0" "--network" "none" "ghcr.io/rust-lang/crates-build-env/linux@sha256:5ff2268d62e97bff2cde7d5815dd6ed5b47097566f13b8d0ca110b04b60e07ed" "/opt/rustwide/cargo-home/bin/cargo" "+beta-2023-04-20" "build" "--frozen" "--message-format=json", kill_on_drop: false }`
[INFO] [stdout] aaa211531534ab88ed31d94ec1e795579843c285dc30c49cbfd8b7aaccadf013
[INFO] running `Command { std: "docker" "start" "-a" "aaa211531534ab88ed31d94ec1e795579843c285dc30c49cbfd8b7aaccadf013", kill_on_drop: false }`
[INFO] [stderr]    Compiling serde v1.0.160
[INFO] [stderr]    Compiling anyhow v1.0.71
[INFO] [stderr]    Compiling thiserror v1.0.40
[INFO] [stderr]    Compiling thiserror-impl v1.0.40
[INFO] [stderr]    Compiling serde_header v0.2.0 (/opt/rustwide/workdir)
[INFO] [stdout] error[E0432]: unresolved import `super::HeaderMap`
[INFO] [stdout]  --> src/de.rs:7:28
[INFO] [stdout]   |
[INFO] [stdout] 7 | use super::{Error, Result, HeaderMap};
[INFO] [stdout]   |                            ^^^^^^^^^ no `HeaderMap` in the root
[INFO] [stdout] 
[INFO] [stdout] 
[INFO] [stdout] error[E0433]: failed to resolve: use of undeclared crate or module `http`
[INFO] [stdout]   --> src/error.rs:28:11
[INFO] [stdout]    |
[INFO] [stdout] 28 | impl From<http::header::InvalidHeaderValue> for Error {
[INFO] [stdout]    |           ^^^^ use of undeclared crate or module `http`
[INFO] [stdout] 
[INFO] [stdout] 
[INFO] [stdout] error[E0433]: failed to resolve: use of undeclared crate or module `http`
[INFO] [stdout]   --> src/error.rs:29:16
[INFO] [stdout]    |
[INFO] [stdout] 29 |     fn from(e: http::header::InvalidHeaderValue) -> Self {
[INFO] [stdout]    |                ^^^^ use of undeclared crate or module `http`
[INFO] [stdout] 
[INFO] [stdout] 
[INFO] [stdout] error[E0433]: failed to resolve: use of undeclared crate or module `http`
[INFO] [stdout]   --> src/error.rs:34:11
[INFO] [stdout]    |
[INFO] [stdout] 34 | impl From<http::header::InvalidHeaderName> for Error {
[INFO] [stdout]    |           ^^^^ use of undeclared crate or module `http`
[INFO] [stdout] 
[INFO] [stdout] 
[INFO] [stdout] error[E0433]: failed to resolve: use of undeclared crate or module `http`
[INFO] [stdout]   --> src/error.rs:35:16
[INFO] [stdout]    |
[INFO] [stdout] 35 |     fn from(e: http::header::InvalidHeaderName) -> Self {
[INFO] [stdout]    |                ^^^^ use of undeclared crate or module `http`
[INFO] [stdout] 
[INFO] [stdout] 
[INFO] [stdout] error[E0412]: cannot find type `HeaderMap` in module `super`
[INFO] [stdout]   --> src/de.rs:11:19
[INFO] [stdout]    |
[INFO] [stdout] 11 |     inner: super::HeaderMap<'de>,
[INFO] [stdout]    |                   ^^^^^^^^^ not found in `super`
[INFO] [stdout] 
[INFO] [stdout] 
[INFO] [stdout] error: aborting due to 6 previous errors
[INFO] [stdout] 
[INFO] [stdout] 
[INFO] [stdout] Some errors have detailed explanations: E0412, E0432, E0433.
[INFO] [stdout] 
[INFO] [stdout] For more information about an error, try `rustc --explain E0412`.
[INFO] [stdout] 
[INFO] [stderr] error: could not compile `serde_header` (lib) due to 7 previous errors
[INFO] running `Command { std: "docker" "inspect" "aaa211531534ab88ed31d94ec1e795579843c285dc30c49cbfd8b7aaccadf013", kill_on_drop: false }`
[INFO] running `Command { std: "docker" "rm" "-f" "aaa211531534ab88ed31d94ec1e795579843c285dc30c49cbfd8b7aaccadf013", kill_on_drop: false }`
[INFO] [stdout] aaa211531534ab88ed31d94ec1e795579843c285dc30c49cbfd8b7aaccadf013
