[INFO] fetching crate secret-service 3.0.1...
[INFO] testing secret-service-3.0.1 against 1.69.0 for beta-1.70-1
[INFO] extracting crate secret-service 3.0.1 into /workspace/builds/worker-6-tc1/source
[INFO] validating manifest of crates.io crate secret-service 3.0.1 on toolchain 1.69.0
[INFO] running `Command { std: CARGO_HOME="/workspace/cargo-home" RUSTUP_HOME="/workspace/rustup-home" "/workspace/cargo-home/bin/cargo" "+1.69.0" "metadata" "--manifest-path" "Cargo.toml" "--no-deps", kill_on_drop: false }`
[INFO] started tweaking crates.io crate secret-service 3.0.1
[INFO] finished tweaking crates.io crate secret-service 3.0.1
[INFO] tweaked toml for crates.io crate secret-service 3.0.1 written to /workspace/builds/worker-6-tc1/source/Cargo.toml
[INFO] crate crates.io crate secret-service 3.0.1 already has a lockfile, it will not be regenerated
[INFO] running `Command { std: CARGO_HOME="/workspace/cargo-home" RUSTUP_HOME="/workspace/rustup-home" "/workspace/cargo-home/bin/cargo" "+1.69.0" "fetch" "--manifest-path" "Cargo.toml", kill_on_drop: false }`
[INFO] [stderr]  Downloading crates ...
[INFO] [stderr]   Downloaded enumflags2_derive v0.7.4
[INFO] [stderr]   Downloaded enumflags2 v0.7.5
[INFO] [stderr]   Downloaded zbus_names v2.5.0
[INFO] [stderr]   Downloaded serde_repr v0.1.10
[INFO] [stderr]   Downloaded zvariant v3.10.0
[INFO] [stderr]   Downloaded async-recursion v1.0.2
[INFO] [stderr]   Downloaded async-broadcast v0.5.0
[INFO] [stderr]   Downloaded uds_windows v1.0.2
[INFO] [stderr]   Downloaded zbus_macros v3.7.0
[INFO] [stderr]   Downloaded zbus v3.7.0
[INFO] [stderr]   Downloaded ordered-stream v0.1.3
[INFO] [stderr]   Downloaded zvariant_derive v3.10.0
[INFO] [stderr]   Downloaded test-with v0.8.1
[INFO] running `Command { std: "docker" "create" "-v" "/var/lib/crater-agent-workspace/builds/worker-6-tc1/target:/opt/rustwide/target:rw,Z" "-v" "/var/lib/crater-agent-workspace/builds/worker-6-tc1/source:/opt/rustwide/workdir:ro,Z" "-v" "/var/lib/crater-agent-workspace/cargo-home:/opt/rustwide/cargo-home:ro,Z" "-v" "/var/lib/crater-agent-workspace/rustup-home:/opt/rustwide/rustup-home:ro,Z" "-e" "SOURCE_DIR=/opt/rustwide/workdir" "-e" "CARGO_TARGET_DIR=/opt/rustwide/target" "-e" "CARGO_HOME=/opt/rustwide/cargo-home" "-e" "RUSTUP_HOME=/opt/rustwide/rustup-home" "-w" "/opt/rustwide/workdir" "-m" "1610612736" "--user" "0:0" "--network" "none" "ghcr.io/rust-lang/crates-build-env/linux@sha256:5ff2268d62e97bff2cde7d5815dd6ed5b47097566f13b8d0ca110b04b60e07ed" "/opt/rustwide/cargo-home/bin/cargo" "+1.69.0" "metadata" "--no-deps" "--format-version=1", kill_on_drop: false }`
[INFO] [stdout] bd34575b0b09206321ce4c9ca52aa3cc747c5d5aea9c61a88021f14c39f25630
[INFO] running `Command { std: "docker" "start" "-a" "bd34575b0b09206321ce4c9ca52aa3cc747c5d5aea9c61a88021f14c39f25630", kill_on_drop: false }`
[INFO] running `Command { std: "docker" "inspect" "bd34575b0b09206321ce4c9ca52aa3cc747c5d5aea9c61a88021f14c39f25630", kill_on_drop: false }`
[INFO] running `Command { std: "docker" "rm" "-f" "bd34575b0b09206321ce4c9ca52aa3cc747c5d5aea9c61a88021f14c39f25630", kill_on_drop: false }`
[INFO] [stdout] bd34575b0b09206321ce4c9ca52aa3cc747c5d5aea9c61a88021f14c39f25630
[INFO] running `Command { std: "docker" "create" "-v" "/var/lib/crater-agent-workspace/builds/worker-6-tc1/target:/opt/rustwide/target:rw,Z" "-v" "/var/lib/crater-agent-workspace/builds/worker-6-tc1/source:/opt/rustwide/workdir:ro,Z" "-v" "/var/lib/crater-agent-workspace/cargo-home:/opt/rustwide/cargo-home:ro,Z" "-v" "/var/lib/crater-agent-workspace/rustup-home:/opt/rustwide/rustup-home:ro,Z" "-e" "SOURCE_DIR=/opt/rustwide/workdir" "-e" "CARGO_TARGET_DIR=/opt/rustwide/target" "-e" "CARGO_INCREMENTAL=0" "-e" "RUST_BACKTRACE=full" "-e" "RUSTFLAGS=--cap-lints=warn" "-e" "RUSTDOCFLAGS=--cap-lints=warn" "-e" "CARGO_HOME=/opt/rustwide/cargo-home" "-e" "RUSTUP_HOME=/opt/rustwide/rustup-home" "-w" "/opt/rustwide/workdir" "-m" "1610612736" "--user" "0:0" "--network" "none" "ghcr.io/rust-lang/crates-build-env/linux@sha256:5ff2268d62e97bff2cde7d5815dd6ed5b47097566f13b8d0ca110b04b60e07ed" "/opt/rustwide/cargo-home/bin/cargo" "+1.69.0" "build" "--frozen" "--message-format=json", kill_on_drop: false }`
[INFO] [stdout] 1af104342765997a8853bf87dc49cccb86da15dc7676aff74a83bf21961cc0b5
[INFO] running `Command { std: "docker" "start" "-a" "1af104342765997a8853bf87dc49cccb86da15dc7676aff74a83bf21961cc0b5", kill_on_drop: false }`
[INFO] [stderr]    Compiling proc-macro2 v1.0.50
[INFO] [stderr]    Compiling quote v1.0.23
[INFO] [stderr]    Compiling unicode-ident v1.0.6
[INFO] [stderr]    Compiling syn v1.0.107
[INFO] [stderr]    Compiling libc v0.2.139
[INFO] [stderr]    Compiling indexmap v1.9.2
[INFO] [stderr]    Compiling memchr v2.5.0
[INFO] [stderr]    Compiling num-traits v0.2.15
[INFO] [stderr]    Compiling once_cell v1.17.0
[INFO] [stderr]    Compiling hashbrown v0.12.3
[INFO] [stderr]    Compiling generic-array v0.14.6
[INFO] [stderr]    Compiling toml_datetime v0.5.1
[INFO] [stderr]    Compiling serde_derive v1.0.152
[INFO] [stderr]    Compiling nom8 v0.2.0
[INFO] [stderr]    Compiling num-integer v0.1.45
[INFO] [stderr]    Compiling futures-core v0.3.25
[INFO] [stderr]    Compiling serde v1.0.152
[INFO] [stderr]    Compiling parking_lot_core v0.9.6
[INFO] [stderr]    Compiling num-bigint v0.4.3
[INFO] [stderr]    Compiling memoffset v0.6.5
[INFO] [stderr]    Compiling futures-task v0.3.25
[INFO] [stderr]    Compiling block-buffer v0.10.3
[INFO] [stderr]    Compiling getrandom v0.2.8
[INFO] [stderr]    Compiling crypto-common v0.1.6
[INFO] [stderr]    Compiling rand_core v0.6.4
[INFO] [stderr]    Compiling aho-corasick v0.7.20
[INFO] [stderr]    Compiling num-rational v0.4.1
[INFO] [stderr]    Compiling num-iter v0.1.43
[INFO] [stderr]    Compiling static_assertions v1.1.0
[INFO] [stderr]    Compiling futures-util v0.3.25
[INFO] [stderr]    Compiling async-trait v0.1.63
[INFO] [stderr]    Compiling regex-syntax v0.6.28
[INFO] [stderr]    Compiling rand_chacha v0.3.1
[INFO] [stderr]    Compiling toml_edit v0.18.1
[INFO] [stderr]    Compiling parking_lot v0.12.1
[INFO] [stderr]    Compiling digest v0.10.6
[INFO] [stderr]    Compiling dirs-sys v0.3.7
[INFO] [stderr]    Compiling tracing-core v0.1.30
[INFO] [stderr]    Compiling futures-sink v0.3.25
[INFO] [stderr]    Compiling cpufeatures v0.2.5
[INFO] [stderr]    Compiling event-listener v2.5.3
[INFO] [stderr]    Compiling sha1 v0.10.5
[INFO] [stderr]    Compiling nix v0.25.1
[INFO] [stderr]    Compiling async-broadcast v0.5.0
[INFO] [stderr]    Compiling dirs v4.0.0
[INFO] [stderr]    Compiling proc-macro-crate v1.3.0
[INFO] [stderr]    Compiling regex v1.7.1
[INFO] [stderr]    Compiling rand v0.8.5
[INFO] [stderr]    Compiling num-complex v0.4.3
[INFO] [stderr]    Compiling ordered-stream v0.1.3
[INFO] [stderr]    Compiling num v0.4.0
[INFO] [stderr]    Compiling enumflags2_derive v0.7.4
[INFO] [stderr]    Compiling zvariant_derive v3.10.0
[INFO] [stderr]    Compiling tracing-attributes v0.1.23
[INFO] [stderr]    Compiling futures-macro v0.3.25
[INFO] [stderr]    Compiling async-recursion v1.0.2
[INFO] [stderr]    Compiling zbus_macros v3.7.0
[INFO] [stderr]    Compiling serde_repr v0.1.10
[INFO] [stderr]    Compiling derivative v2.2.0
[INFO] [stderr]    Compiling tracing v0.1.37
[INFO] [stderr]    Compiling enumflags2 v0.7.5
[INFO] [stderr]    Compiling zvariant v3.10.0
[INFO] [stderr]    Compiling zbus_names v2.5.0
[INFO] [stderr]    Compiling zbus v3.7.0
[INFO] [stdout] error: Either "async-io" (default) or "tokio" must be enabled.
[INFO] [stdout]   --> /opt/rustwide/cargo-home/registry/src/github.com-1ecc6299db9ec823/zbus-3.7.0/src/lib.rs:35:5
[INFO] [stdout]    |
[INFO] [stdout] 35 |     compile_error!("Either \"async-io\" (default) or \"tokio\" must be enabled.");
[INFO] [stdout]    |     ^^^^^^^^^^^^^^^^^^^^^^^^^^^^^^^^^^^^^^^^^^^^^^^^^^^^^^^^^^^^^^^^^^^^^^^^^^^^^
[INFO] [stdout] 
[INFO] [stdout] 
[INFO] [stdout] error[E0432]: unresolved import `async_lock`
[INFO] [stdout]  --> /opt/rustwide/cargo-home/registry/src/github.com-1ecc6299db9ec823/zbus-3.7.0/src/abstractions/async_lock.rs:2:16
[INFO] [stdout]   |
[INFO] [stdout] 2 | pub(crate) use async_lock::{Mutex, RwLock, RwLockReadGuard, RwLockWriteGuard};
[INFO] [stdout]   |                ^^^^^^^^^^ help: a similar path exists: `crate::async_lock`
[INFO] [stdout]   |
[INFO] [stdout]   = note: `use` statements changed in Rust 2018; read more at <https://doc.rust-lang.org/edition-guide/rust-2018/module-system/path-clarity.html>
[INFO] [stdout] 
[INFO] [stdout] 
[INFO] [stdout] error[E0432]: unresolved import `async_io`
[INFO] [stdout]  --> /opt/rustwide/cargo-home/registry/src/github.com-1ecc6299db9ec823/zbus-3.7.0/src/raw/socket.rs:2:5
[INFO] [stdout]   |
[INFO] [stdout] 2 | use async_io::Async;
[INFO] [stdout]   |     ^^^^^^^^ use of undeclared crate or module `async_io`
[INFO] [stdout] 
[INFO] [stdout] 
[INFO] [stdout] error[E0432]: unresolved import `async_io`
[INFO] [stdout]  --> /opt/rustwide/cargo-home/registry/src/github.com-1ecc6299db9ec823/zbus-3.7.0/src/address.rs:7:5
[INFO] [stdout]   |
[INFO] [stdout] 7 | use async_io::Async;
[INFO] [stdout]   |     ^^^^^^^^ use of undeclared crate or module `async_io`
[INFO] [stdout] 
[INFO] [stdout] 
[INFO] [stdout] error[E0432]: unresolved import `async_io`
[INFO] [stdout]  --> /opt/rustwide/cargo-home/registry/src/github.com-1ecc6299db9ec823/zbus-3.7.0/src/connection_builder.rs:2:5
[INFO] [stdout]   |
[INFO] [stdout] 2 | use async_io::Async;
[INFO] [stdout]   |     ^^^^^^^^ use of undeclared crate or module `async_io`
[INFO] [stdout] 
[INFO] [stdout] 
[INFO] [stdout] error[E0432]: unresolved import `async_executor`
[INFO] [stdout]  --> /opt/rustwide/cargo-home/registry/src/github.com-1ecc6299db9ec823/zbus-3.7.0/src/abstractions/executor.rs:2:5
[INFO] [stdout]   |
[INFO] [stdout] 2 | use async_executor::Executor as AsyncExecutor;
[INFO] [stdout]   |     ^^^^^^^^^^^^^^ use of undeclared crate or module `async_executor`
[INFO] [stdout] 
[INFO] [stdout] 
[INFO] [stdout] error[E0432]: unresolved imports `async_task`, `crate::async_lock::Mutex`, `crate::async_lock::RwLock`, `crate::async_lock::RwLock`, `crate::async_lock::RwLockReadGuard`, `crate::async_lock::RwLockWriteGuard`, `crate::async_lock::Mutex`
[INFO] [stdout]   --> /opt/rustwide/cargo-home/registry/src/github.com-1ecc6299db9ec823/zbus-3.7.0/src/connection.rs:29:5
[INFO] [stdout]    |
[INFO] [stdout] 29 |     async_lock::Mutex,
[INFO] [stdout]    |     ^^^^^^^^^^^^^^^^^
[INFO] [stdout]    |
[INFO] [stdout]   ::: /opt/rustwide/cargo-home/registry/src/github.com-1ecc6299db9ec823/zbus-3.7.0/src/abstractions/executor.rs:4:5
[INFO] [stdout]    |
[INFO] [stdout] 4  | use async_task::Task as AsyncTask;
[INFO] [stdout]    |     ^^^^^^^^^^ use of undeclared crate or module `async_task`
[INFO] [stdout]    |
[INFO] [stdout]   ::: /opt/rustwide/cargo-home/registry/src/github.com-1ecc6299db9ec823/zbus-3.7.0/src/connection_builder.rs:29:5
[INFO] [stdout]    |
[INFO] [stdout] 29 |     async_lock::RwLock,
[INFO] [stdout]    |     ^^^^^^^^^^^^^^^^^^
[INFO] [stdout]    |
[INFO] [stdout]   ::: /opt/rustwide/cargo-home/registry/src/github.com-1ecc6299db9ec823/zbus-3.7.0/src/object_server.rs:16:18
[INFO] [stdout]    |
[INFO] [stdout] 16 |     async_lock::{RwLock, RwLockReadGuard, RwLockWriteGuard},
[INFO] [stdout]    |                  ^^^^^^  ^^^^^^^^^^^^^^^  ^^^^^^^^^^^^^^^^
[INFO] [stdout]    |
[INFO] [stdout]   ::: /opt/rustwide/cargo-home/registry/src/github.com-1ecc6299db9ec823/zbus-3.7.0/src/socket_reader.rs:12:5
[INFO] [stdout]    |
[INFO] [stdout] 12 |     async_lock::Mutex, raw::Connection as RawConnection, Executor, Message, MsgBroadcaster,
[INFO] [stdout]    |     ^^^^^^^^^^^^^^^^^
[INFO] [stdout]    |
[INFO] [stdout] help: there is a crate or module with a similar name
[INFO] [stdout]   --> /opt/rustwide/cargo-home/registry/src/github.com-1ecc6299db9ec823/zbus-3.7.0/src/abstractions/executor.rs:4:5
[INFO] [stdout]    |
[INFO] [stdout] 4  | use async_trait::Task as AsyncTask;
[INFO] [stdout]    |     ~~~~~~~~~~~
[INFO] [stdout] 
[INFO] [stdout] 
[INFO] [stdout] error[E0392]: parameter `'a` is never used
[INFO] [stdout]   --> /opt/rustwide/cargo-home/registry/src/github.com-1ecc6299db9ec823/zbus-3.7.0/src/abstractions/executor.rs:26:21
[INFO] [stdout]    |
[INFO] [stdout] 26 | pub struct Executor<'a> {
[INFO] [stdout]    |                     ^^ unused parameter
[INFO] [stdout]    |
[INFO] [stdout]    = help: consider removing `'a`, referring to it in a field, or using a marker such as `PhantomData`
[INFO] [stdout] 
[INFO] [stdout] 
[INFO] [stdout] error[E0392]: parameter `T` is never used
[INFO] [stdout]    --> /opt/rustwide/cargo-home/registry/src/github.com-1ecc6299db9ec823/zbus-3.7.0/src/abstractions/executor.rs:137:17
[INFO] [stdout]     |
[INFO] [stdout] 137 | pub struct Task<T>(Option<AsyncTask<T>>);
[INFO] [stdout]     |                 ^ unused parameter
[INFO] [stdout]     |
[INFO] [stdout]     = help: consider removing `T`, referring to it in a field, or using a marker such as `PhantomData`
[INFO] [stdout]     = help: if you intended `T` to be a const parameter, use `const T: usize` instead
[INFO] [stdout] 
[INFO] [stdout] 
[INFO] [stdout] error[E0433]: failed to resolve: use of undeclared crate or module `async_io`
[INFO] [stdout]   --> /opt/rustwide/cargo-home/registry/src/github.com-1ecc6299db9ec823/zbus-3.7.0/src/utils.rs:33:5
[INFO] [stdout]    |
[INFO] [stdout] 33 |     async_io::block_on(future)
[INFO] [stdout]    |     ^^^^^^^^ use of undeclared crate or module `async_io`
[INFO] [stdout] 
[INFO] [stdout] 
[INFO] [stdout] error: aborting due to 10 previous errors
[INFO] [stdout] 
[INFO] [stdout] 
[INFO] [stdout] Some errors have detailed explanations: E0392, E0432, E0433.
[INFO] [stdout] 
[INFO] [stdout] For more information about an error, try `rustc --explain E0392`.
[INFO] [stdout] 
[INFO] [stderr] error: could not compile `zbus` due to 11 previous errors
[INFO] running `Command { std: "docker" "inspect" "1af104342765997a8853bf87dc49cccb86da15dc7676aff74a83bf21961cc0b5", kill_on_drop: false }`
[INFO] running `Command { std: "docker" "rm" "-f" "1af104342765997a8853bf87dc49cccb86da15dc7676aff74a83bf21961cc0b5", kill_on_drop: false }`
[INFO] [stdout] 1af104342765997a8853bf87dc49cccb86da15dc7676aff74a83bf21961cc0b5
