[INFO] fetching crate sd2405al 0.1.0...
[INFO] testing sd2405al-0.1.0 against 1.69.0 for beta-1.70-1
[INFO] extracting crate sd2405al 0.1.0 into /workspace/builds/worker-0-tc1/source
[INFO] validating manifest of crates.io crate sd2405al 0.1.0 on toolchain 1.69.0
[INFO] running `Command { std: CARGO_HOME="/workspace/cargo-home" RUSTUP_HOME="/workspace/rustup-home" "/workspace/cargo-home/bin/cargo" "+1.69.0" "metadata" "--manifest-path" "Cargo.toml" "--no-deps", kill_on_drop: false }`
[INFO] started tweaking crates.io crate sd2405al 0.1.0
[INFO] finished tweaking crates.io crate sd2405al 0.1.0
[INFO] tweaked toml for crates.io crate sd2405al 0.1.0 written to /workspace/builds/worker-0-tc1/source/Cargo.toml
[INFO] crate crates.io crate sd2405al 0.1.0 already has a lockfile, it will not be regenerated
[INFO] running `Command { std: CARGO_HOME="/workspace/cargo-home" RUSTUP_HOME="/workspace/rustup-home" "/workspace/cargo-home/bin/cargo" "+1.69.0" "fetch" "--manifest-path" "Cargo.toml", kill_on_drop: false }`
[INFO] [stderr]  Downloading crates ...
[INFO] [stderr]   Downloaded spidev v0.4.1
[INFO] [stderr]   Downloaded rtcc v0.2.0
[INFO] [stderr]   Downloaded embedded-hal v0.2.4
[INFO] [stderr]   Downloaded linux-embedded-hal v0.3.0
[INFO] [stderr]   Downloaded libc v0.2.91
[INFO] running `Command { std: "docker" "create" "-v" "/var/lib/crater-agent-workspace/builds/worker-0-tc1/target:/opt/rustwide/target:rw,Z" "-v" "/var/lib/crater-agent-workspace/builds/worker-0-tc1/source:/opt/rustwide/workdir:ro,Z" "-v" "/var/lib/crater-agent-workspace/cargo-home:/opt/rustwide/cargo-home:ro,Z" "-v" "/var/lib/crater-agent-workspace/rustup-home:/opt/rustwide/rustup-home:ro,Z" "-e" "SOURCE_DIR=/opt/rustwide/workdir" "-e" "CARGO_TARGET_DIR=/opt/rustwide/target" "-e" "CARGO_HOME=/opt/rustwide/cargo-home" "-e" "RUSTUP_HOME=/opt/rustwide/rustup-home" "-w" "/opt/rustwide/workdir" "-m" "1610612736" "--user" "0:0" "--network" "none" "ghcr.io/rust-lang/crates-build-env/linux@sha256:5ff2268d62e97bff2cde7d5815dd6ed5b47097566f13b8d0ca110b04b60e07ed" "/opt/rustwide/cargo-home/bin/cargo" "+1.69.0" "metadata" "--no-deps" "--format-version=1", kill_on_drop: false }`
[INFO] [stdout] 877e40765fd7a45aedd8eb7028e1a8fba5d5e559060d4f6e4976c3331771226d
[INFO] running `Command { std: "docker" "start" "-a" "877e40765fd7a45aedd8eb7028e1a8fba5d5e559060d4f6e4976c3331771226d", kill_on_drop: false }`
[INFO] running `Command { std: "docker" "inspect" "877e40765fd7a45aedd8eb7028e1a8fba5d5e559060d4f6e4976c3331771226d", kill_on_drop: false }`
[INFO] running `Command { std: "docker" "rm" "-f" "877e40765fd7a45aedd8eb7028e1a8fba5d5e559060d4f6e4976c3331771226d", kill_on_drop: false }`
[INFO] [stdout] 877e40765fd7a45aedd8eb7028e1a8fba5d5e559060d4f6e4976c3331771226d
[INFO] running `Command { std: "docker" "create" "-v" "/var/lib/crater-agent-workspace/builds/worker-0-tc1/target:/opt/rustwide/target:rw,Z" "-v" "/var/lib/crater-agent-workspace/builds/worker-0-tc1/source:/opt/rustwide/workdir:ro,Z" "-v" "/var/lib/crater-agent-workspace/cargo-home:/opt/rustwide/cargo-home:ro,Z" "-v" "/var/lib/crater-agent-workspace/rustup-home:/opt/rustwide/rustup-home:ro,Z" "-e" "SOURCE_DIR=/opt/rustwide/workdir" "-e" "CARGO_TARGET_DIR=/opt/rustwide/target" "-e" "CARGO_INCREMENTAL=0" "-e" "RUST_BACKTRACE=full" "-e" "RUSTFLAGS=--cap-lints=warn" "-e" "RUSTDOCFLAGS=--cap-lints=warn" "-e" "CARGO_HOME=/opt/rustwide/cargo-home" "-e" "RUSTUP_HOME=/opt/rustwide/rustup-home" "-w" "/opt/rustwide/workdir" "-m" "1610612736" "--user" "0:0" "--network" "none" "ghcr.io/rust-lang/crates-build-env/linux@sha256:5ff2268d62e97bff2cde7d5815dd6ed5b47097566f13b8d0ca110b04b60e07ed" "/opt/rustwide/cargo-home/bin/cargo" "+1.69.0" "build" "--frozen" "--message-format=json", kill_on_drop: false }`
[INFO] [stdout] d39b8d4418be79c87b06bc3765e231f60cfa22275db26f97a6537b6b570dab8b
[INFO] running `Command { std: "docker" "start" "-a" "d39b8d4418be79c87b06bc3765e231f60cfa22275db26f97a6537b6b570dab8b", kill_on_drop: false }`
[INFO] [stderr]    Compiling libc v0.2.91
[INFO] [stderr]    Compiling void v1.0.2
[INFO] [stderr]    Compiling semver-parser v0.7.0
[INFO] [stderr]    Compiling nix v0.14.1
[INFO] [stderr]    Compiling nb v1.0.0
[INFO] [stderr]    Compiling num-traits v0.2.14
[INFO] [stderr]    Compiling num-integer v0.1.44
[INFO] [stderr]    Compiling nb v0.1.3
[INFO] [stderr]    Compiling embedded-hal v0.2.4
[INFO] [stderr]    Compiling semver v0.9.0
[INFO] [stderr]    Compiling rustc_version v0.2.3
[INFO] [stderr]    Compiling cast v0.2.3
[INFO] [stderr]    Compiling ioctl-rs v0.1.6
[INFO] [stderr]    Compiling termios v0.2.2
[INFO] [stderr]    Compiling serial-core v0.4.0
[INFO] [stderr]    Compiling serial-unix v0.4.0
[INFO] [stderr]    Compiling chrono v0.4.19
[INFO] [stderr]    Compiling rtcc v0.2.0
[INFO] [stderr]    Compiling i2cdev v0.4.4
[INFO] [stderr]    Compiling spidev v0.4.1
[INFO] [stderr]    Compiling sysfs_gpio v0.5.4
[INFO] [stderr]    Compiling linux-embedded-hal v0.3.0
[INFO] [stderr]    Compiling sd2405al v0.1.0 (/opt/rustwide/workdir)
[INFO] [stderr]     Finished dev [unoptimized + debuginfo] target(s) in 4.64s
[INFO] running `Command { std: "docker" "inspect" "d39b8d4418be79c87b06bc3765e231f60cfa22275db26f97a6537b6b570dab8b", kill_on_drop: false }`
[INFO] running `Command { std: "docker" "rm" "-f" "d39b8d4418be79c87b06bc3765e231f60cfa22275db26f97a6537b6b570dab8b", kill_on_drop: false }`
[INFO] [stdout] d39b8d4418be79c87b06bc3765e231f60cfa22275db26f97a6537b6b570dab8b
[INFO] running `Command { std: "docker" "create" "-v" "/var/lib/crater-agent-workspace/builds/worker-0-tc1/target:/opt/rustwide/target:rw,Z" "-v" "/var/lib/crater-agent-workspace/builds/worker-0-tc1/source:/opt/rustwide/workdir:ro,Z" "-v" "/var/lib/crater-agent-workspace/cargo-home:/opt/rustwide/cargo-home:ro,Z" "-v" "/var/lib/crater-agent-workspace/rustup-home:/opt/rustwide/rustup-home:ro,Z" "-e" "SOURCE_DIR=/opt/rustwide/workdir" "-e" "CARGO_TARGET_DIR=/opt/rustwide/target" "-e" "CARGO_INCREMENTAL=0" "-e" "RUST_BACKTRACE=full" "-e" "RUSTFLAGS=--cap-lints=warn" "-e" "RUSTDOCFLAGS=--cap-lints=warn" "-e" "CARGO_HOME=/opt/rustwide/cargo-home" "-e" "RUSTUP_HOME=/opt/rustwide/rustup-home" "-w" "/opt/rustwide/workdir" "-m" "1610612736" "--user" "0:0" "--network" "none" "ghcr.io/rust-lang/crates-build-env/linux@sha256:5ff2268d62e97bff2cde7d5815dd6ed5b47097566f13b8d0ca110b04b60e07ed" "/opt/rustwide/cargo-home/bin/cargo" "+1.69.0" "test" "--frozen" "--no-run" "--message-format=json", kill_on_drop: false }`
[INFO] [stdout] 00488b3da92d82ef39cda3344799d23a891277565bffbb881c884245e6229af0
[INFO] running `Command { std: "docker" "start" "-a" "00488b3da92d82ef39cda3344799d23a891277565bffbb881c884245e6229af0", kill_on_drop: false }`
[INFO] [stderr]    Compiling embedded-hal-mock v0.7.2
[INFO] [stderr]    Compiling sd2405al v0.1.0 (/opt/rustwide/workdir)
[INFO] [stdout] error[E0432]: unresolved imports `sd2405al::Datelike`, `sd2405al::NaiveDate`, `sd2405al::NaiveDateTime`, `sd2405al::NaiveTime`, `sd2405al::Rtcc`, `sd2405al::Timelike`
[INFO] [stdout]   --> examples/simple.rs:16:16
[INFO] [stdout]    |
[INFO] [stdout] 16 | use sd2405al::{Datelike, NaiveDate, NaiveDateTime, NaiveTime, Rtcc, Sd2405al, Timelike};
[INFO] [stdout]    |                ^^^^^^^^  ^^^^^^^^^  ^^^^^^^^^^^^^  ^^^^^^^^^  ^^^^            ^^^^^^^^ no `Timelike` in the root
[INFO] [stdout]    |                |         |          |              |          |
[INFO] [stdout]    |                |         |          |              |          no `Rtcc` in the root
[INFO] [stdout]    |                |         |          |              no `NaiveTime` in the root
[INFO] [stdout]    |                |         |          no `NaiveDateTime` in the root
[INFO] [stdout]    |                |         no `NaiveDate` in the root
[INFO] [stdout]    |                no `Datelike` in the root
[INFO] [stdout]    |
[INFO] [stdout]    = help: consider importing one of these items instead:
[INFO] [stdout]            rtcc::Datelike
[INFO] [stdout]            sd2405al::prelude::Datelike
[INFO] [stdout]    = help: consider importing one of these items instead:
[INFO] [stdout]            rtcc::NaiveDate
[INFO] [stdout]            sd2405al::prelude::NaiveDate
[INFO] [stdout]    = help: consider importing one of these items instead:
[INFO] [stdout]            rtcc::NaiveDateTime
[INFO] [stdout]            sd2405al::prelude::NaiveDateTime
[INFO] [stdout]    = help: consider importing one of these items instead:
[INFO] [stdout]            rtcc::NaiveTime
[INFO] [stdout]            sd2405al::prelude::NaiveTime
[INFO] [stdout]    = help: consider importing one of these items instead:
[INFO] [stdout]            rtcc::Rtcc
[INFO] [stdout]            sd2405al::prelude::Rtcc
[INFO] [stdout]    = help: consider importing one of these items instead:
[INFO] [stdout]            rtcc::Timelike
[INFO] [stdout]            sd2405al::prelude::Timelike
[INFO] [stdout] 
[INFO] [stdout] 
[INFO] [stdout] error[E0599]: no method named `set_datetime` found for struct `Sd2405al` in the current scope
[INFO] [stdout]   --> examples/simple.rs:30:11
[INFO] [stdout]    |
[INFO] [stdout] 30 |     clock.set_datetime(&now).unwrap();
[INFO] [stdout]    |           ^^^^^^^^^^^^ method not found in `Sd2405al<I2cdev>`
[INFO] [stdout]    |
[INFO] [stdout]   ::: /opt/rustwide/cargo-home/registry/src/github.com-1ecc6299db9ec823/rtcc-0.2.0/src/lib.rs:88:8
[INFO] [stdout]    |
[INFO] [stdout] 88 |     fn set_datetime(&mut self, datetime: &NaiveDateTime) -> Result<(), Self::Error>;
[INFO] [stdout]    |        ------------ the method is available for `Sd2405al<I2cdev>` here
[INFO] [stdout]    |
[INFO] [stdout]    = help: items from traits can only be used if the trait is in scope
[INFO] [stdout] help: the following trait is implemented but not in scope; perhaps add a `use` for it:
[INFO] [stdout]    |
[INFO] [stdout] 6  | use sd2405al::prelude::Rtcc;
[INFO] [stdout]    |
[INFO] [stdout] 
[INFO] [stdout] 
[INFO] [stdout] error[E0599]: no method named `get_datetime` found for struct `Sd2405al` in the current scope
[INFO] [stdout]   --> examples/simple.rs:33:23
[INFO] [stdout]    |
[INFO] [stdout] 33 |     let later = clock.get_datetime().unwrap();
[INFO] [stdout]    |                       ^^^^^^^^^^^^ method not found in `Sd2405al<I2cdev>`
[INFO] [stdout]    |
[INFO] [stdout]   ::: /opt/rustwide/cargo-home/registry/src/github.com-1ecc6299db9ec823/rtcc-0.2.0/src/lib.rs:53:8
[INFO] [stdout]    |
[INFO] [stdout] 53 |     fn get_datetime(&mut self) -> Result<NaiveDateTime, Self::Error>;
[INFO] [stdout]    |        ------------ the method is available for `Sd2405al<I2cdev>` here
[INFO] [stdout]    |
[INFO] [stdout]    = help: items from traits can only be used if the trait is in scope
[INFO] [stdout] help: the following trait is implemented but not in scope; perhaps add a `use` for it:
[INFO] [stdout]    |
[INFO] [stdout] 6  | use sd2405al::prelude::Rtcc;
[INFO] [stdout]    |
[INFO] [stdout] 
[INFO] [stdout] 
[INFO] [stdout] error: aborting due to 3 previous errors
[INFO] [stdout] 
[INFO] [stdout] 
[INFO] [stdout] Some errors have detailed explanations: E0432, E0599.
[INFO] [stdout] 
[INFO] [stdout] For more information about an error, try `rustc --explain E0432`.
[INFO] [stdout] 
[INFO] [stderr] error: could not compile `sd2405al` due to 4 previous errors
[INFO] [stderr] warning: build failed, waiting for other jobs to finish...
[INFO] running `Command { std: "docker" "inspect" "00488b3da92d82ef39cda3344799d23a891277565bffbb881c884245e6229af0", kill_on_drop: false }`
[INFO] running `Command { std: "docker" "rm" "-f" "00488b3da92d82ef39cda3344799d23a891277565bffbb881c884245e6229af0", kill_on_drop: false }`
[INFO] [stdout] 00488b3da92d82ef39cda3344799d23a891277565bffbb881c884245e6229af0
