[INFO] fetching crate sapio-bitcoin 0.28.1...
[INFO] testing sapio-bitcoin-0.28.1 against beta-2023-04-20 for beta-1.70-1
[INFO] extracting crate sapio-bitcoin 0.28.1 into /workspace/builds/worker-3-tc2/source
[INFO] validating manifest of crates.io crate sapio-bitcoin 0.28.1 on toolchain beta-2023-04-20
[INFO] running `Command { std: CARGO_HOME="/workspace/cargo-home" RUSTUP_HOME="/workspace/rustup-home" "/workspace/cargo-home/bin/cargo" "+beta-2023-04-20" "metadata" "--manifest-path" "Cargo.toml" "--no-deps", kill_on_drop: false }`
[INFO] started tweaking crates.io crate sapio-bitcoin 0.28.1
[INFO] removed 0 missing examples
[INFO] finished tweaking crates.io crate sapio-bitcoin 0.28.1
[INFO] tweaked toml for crates.io crate sapio-bitcoin 0.28.1 written to /workspace/builds/worker-3-tc2/source/Cargo.toml
[INFO] crate crates.io crate sapio-bitcoin 0.28.1 already has a lockfile, it will not be regenerated
[INFO] running `Command { std: CARGO_HOME="/workspace/cargo-home" RUSTUP_HOME="/workspace/rustup-home" "/workspace/cargo-home/bin/cargo" "+beta-2023-04-20" "fetch" "--manifest-path" "Cargo.toml", kill_on_drop: false }`
[INFO] [stderr]     Blocking waiting for file lock on package cache
[INFO] [stderr]     Updating crates.io index
[INFO] [stderr]     Blocking waiting for file lock on package cache
[INFO] [stderr]  Downloading crates ...
[INFO] [stderr]   Downloaded iri-string v0.1.1
[INFO] [stderr]   Downloaded serde_derive v1.0.98
[INFO] [stderr]   Downloaded schemars_derive v0.8.10
[INFO] [stderr]   Downloaded quote v0.5.2
[INFO] [stderr]   Downloaded syn v0.13.11
[INFO] [stderr]   Downloaded opaque_typedef v0.0.3
[INFO] [stderr]   Downloaded json-pointer v0.3.2
[INFO] [stderr]   Downloaded core2 v0.3.3
[INFO] [stderr]   Downloaded dyn-clone v1.0.5
[INFO] [stderr]   Downloaded serde_test v1.0.137
[INFO] [stderr]   Downloaded jsonschema-valid v0.2.0
[INFO] [stderr]   Downloaded sapio-secp256k1 v0.22.4
[INFO] [stderr]   Downloaded serde v1.0.102
[INFO] [stderr]   Downloaded schemars v0.8.10
[INFO] [stderr]   Downloaded strum v0.9.0
[INFO] [stderr]   Downloaded strum_macros v0.9.1
[INFO] [stderr]   Downloaded sapio-secp256k1-sys v0.5.3
[INFO] [stderr]   Downloaded proc-macro2 v0.3.8
[INFO] [stderr]   Downloaded opaque_typedef_macros v0.0.3
[INFO] [stderr]   Downloaded bitcoinconsensus v0.19.0-3
[INFO] running `Command { std: "docker" "create" "-v" "/var/lib/crater-agent-workspace/builds/worker-3-tc2/target:/opt/rustwide/target:rw,Z" "-v" "/var/lib/crater-agent-workspace/builds/worker-3-tc2/source:/opt/rustwide/workdir:ro,Z" "-v" "/var/lib/crater-agent-workspace/cargo-home:/opt/rustwide/cargo-home:ro,Z" "-v" "/var/lib/crater-agent-workspace/rustup-home:/opt/rustwide/rustup-home:ro,Z" "-e" "SOURCE_DIR=/opt/rustwide/workdir" "-e" "CARGO_TARGET_DIR=/opt/rustwide/target" "-e" "CARGO_HOME=/opt/rustwide/cargo-home" "-e" "RUSTUP_HOME=/opt/rustwide/rustup-home" "-w" "/opt/rustwide/workdir" "-m" "1610612736" "--user" "0:0" "--network" "none" "ghcr.io/rust-lang/crates-build-env/linux@sha256:5ff2268d62e97bff2cde7d5815dd6ed5b47097566f13b8d0ca110b04b60e07ed" "/opt/rustwide/cargo-home/bin/cargo" "+beta-2023-04-20" "metadata" "--no-deps" "--format-version=1", kill_on_drop: false }`
[INFO] [stdout] 778be74a9f735f0642288dbc149c5a7409773df6ed5f50e4598c8a522475adea
[INFO] running `Command { std: "docker" "start" "-a" "778be74a9f735f0642288dbc149c5a7409773df6ed5f50e4598c8a522475adea", kill_on_drop: false }`
[INFO] running `Command { std: "docker" "inspect" "778be74a9f735f0642288dbc149c5a7409773df6ed5f50e4598c8a522475adea", kill_on_drop: false }`
[INFO] running `Command { std: "docker" "rm" "-f" "778be74a9f735f0642288dbc149c5a7409773df6ed5f50e4598c8a522475adea", kill_on_drop: false }`
[INFO] [stdout] 778be74a9f735f0642288dbc149c5a7409773df6ed5f50e4598c8a522475adea
[INFO] running `Command { std: "docker" "create" "-v" "/var/lib/crater-agent-workspace/builds/worker-3-tc2/target:/opt/rustwide/target:rw,Z" "-v" "/var/lib/crater-agent-workspace/builds/worker-3-tc2/source:/opt/rustwide/workdir:ro,Z" "-v" "/var/lib/crater-agent-workspace/cargo-home:/opt/rustwide/cargo-home:ro,Z" "-v" "/var/lib/crater-agent-workspace/rustup-home:/opt/rustwide/rustup-home:ro,Z" "-e" "SOURCE_DIR=/opt/rustwide/workdir" "-e" "CARGO_TARGET_DIR=/opt/rustwide/target" "-e" "CARGO_INCREMENTAL=0" "-e" "RUST_BACKTRACE=full" "-e" "RUSTFLAGS=--cap-lints=warn" "-e" "RUSTDOCFLAGS=--cap-lints=warn" "-e" "CARGO_HOME=/opt/rustwide/cargo-home" "-e" "RUSTUP_HOME=/opt/rustwide/rustup-home" "-w" "/opt/rustwide/workdir" "-m" "1610612736" "--user" "0:0" "--network" "none" "ghcr.io/rust-lang/crates-build-env/linux@sha256:5ff2268d62e97bff2cde7d5815dd6ed5b47097566f13b8d0ca110b04b60e07ed" "/opt/rustwide/cargo-home/bin/cargo" "+beta-2023-04-20" "build" "--frozen" "--message-format=json", kill_on_drop: false }`
[INFO] [stdout] 4f215b3bd05cf2b4aa74b42182dbd103821cce2535f3635c1bfed80730e67a72
[INFO] running `Command { std: "docker" "start" "-a" "4f215b3bd05cf2b4aa74b42182dbd103821cce2535f3635c1bfed80730e67a72", kill_on_drop: false }`
[INFO] [stderr]    Compiling autocfg v0.1.8
[INFO] [stderr]    Compiling libc v0.2.126
[INFO] [stderr]    Compiling cc v1.0.73
[INFO] [stderr]    Compiling bitcoin_hashes v0.10.0
[INFO] [stderr]    Compiling bech32 v0.8.1
[INFO] [stderr]    Compiling rand_jitter v0.1.4
[INFO] [stderr]    Compiling rand_isaac v0.1.1
[INFO] [stderr]    Compiling rand_xorshift v0.1.1
[INFO] [stderr]    Compiling rand_hc v0.1.0
[INFO] [stderr]    Compiling rand_pcg v0.1.2
[INFO] [stderr]    Compiling rand_chacha v0.1.1
[INFO] [stderr]    Compiling rand v0.6.5
[INFO] [stderr]    Compiling sapio-secp256k1-sys v0.5.3
[INFO] [stderr]    Compiling rand_os v0.1.3
[INFO] [stderr]    Compiling sapio-secp256k1 v0.22.4
[INFO] [stderr]    Compiling sapio-bitcoin v0.28.1 (/opt/rustwide/workdir)
[INFO] [stderr]     Finished dev [unoptimized + debuginfo] target(s) in 8.34s
[INFO] running `Command { std: "docker" "inspect" "4f215b3bd05cf2b4aa74b42182dbd103821cce2535f3635c1bfed80730e67a72", kill_on_drop: false }`
[INFO] running `Command { std: "docker" "rm" "-f" "4f215b3bd05cf2b4aa74b42182dbd103821cce2535f3635c1bfed80730e67a72", kill_on_drop: false }`
[INFO] [stdout] 4f215b3bd05cf2b4aa74b42182dbd103821cce2535f3635c1bfed80730e67a72
[INFO] running `Command { std: "docker" "create" "-v" "/var/lib/crater-agent-workspace/builds/worker-3-tc2/target:/opt/rustwide/target:rw,Z" "-v" "/var/lib/crater-agent-workspace/builds/worker-3-tc2/source:/opt/rustwide/workdir:ro,Z" "-v" "/var/lib/crater-agent-workspace/cargo-home:/opt/rustwide/cargo-home:ro,Z" "-v" "/var/lib/crater-agent-workspace/rustup-home:/opt/rustwide/rustup-home:ro,Z" "-e" "SOURCE_DIR=/opt/rustwide/workdir" "-e" "CARGO_TARGET_DIR=/opt/rustwide/target" "-e" "CARGO_INCREMENTAL=0" "-e" "RUST_BACKTRACE=full" "-e" "RUSTFLAGS=--cap-lints=warn" "-e" "RUSTDOCFLAGS=--cap-lints=warn" "-e" "CARGO_HOME=/opt/rustwide/cargo-home" "-e" "RUSTUP_HOME=/opt/rustwide/rustup-home" "-w" "/opt/rustwide/workdir" "-m" "1610612736" "--user" "0:0" "--network" "none" "ghcr.io/rust-lang/crates-build-env/linux@sha256:5ff2268d62e97bff2cde7d5815dd6ed5b47097566f13b8d0ca110b04b60e07ed" "/opt/rustwide/cargo-home/bin/cargo" "+beta-2023-04-20" "test" "--frozen" "--no-run" "--message-format=json", kill_on_drop: false }`
[INFO] [stdout] 7ef53653767893c8fe0f93ed9770108680a3209f113c41f995d16326415a305a
[INFO] running `Command { std: "docker" "start" "-a" "7ef53653767893c8fe0f93ed9770108680a3209f113c41f995d16326415a305a", kill_on_drop: false }`
[INFO] [stderr]    Compiling syn v0.15.44
[INFO] [stderr]    Compiling serde v1.0.102
[INFO] [stderr]    Compiling tinyvec_macros v0.1.0
[INFO] [stderr]    Compiling num-traits v0.2.15
[INFO] [stderr]    Compiling ryu v1.0.4
[INFO] [stderr]    Compiling memchr v2.5.0
[INFO] [stderr]    Compiling num-integer v0.1.45
[INFO] [stderr]    Compiling matches v0.1.9
[INFO] [stderr]    Compiling unicode-bidi v0.3.8
[INFO] [stderr]    Compiling proc-macro2 v0.3.8
[INFO] [stderr]    Compiling quote v0.6.13
[INFO] [stderr]    Compiling strum v0.9.0
[INFO] [stderr]    Compiling itoa v0.4.8
[INFO] [stderr]    Compiling time v0.1.44
[INFO] [stderr]    Compiling opaque_typedef v0.0.3
[INFO] [stderr]    Compiling either v1.6.1
[INFO] [stderr]    Compiling regex-syntax v0.6.26
[INFO] [stderr]    Compiling tinyvec v1.6.0
[INFO] [stderr]    Compiling serde_test v1.0.137
[INFO] [stderr]    Compiling itertools v0.8.2
[INFO] [stderr]    Compiling syn v0.14.9
[INFO] [stderr]    Compiling quote v0.5.2
[INFO] [stderr]    Compiling syn v0.13.11
[INFO] [stderr]    Compiling aho-corasick v0.7.18
[INFO] [stderr]    Compiling unicode-normalization v0.1.19
[INFO] [stderr]    Compiling chrono v0.4.19
[INFO] [stderr]    Compiling idna v0.1.5
[INFO] [stderr]    Compiling strum_macros v0.9.1
[INFO] [stderr]    Compiling regex v1.5.6
[INFO] [stderr]    Compiling serde_derive v1.0.98
[INFO] [stderr]    Compiling url v1.7.2
[INFO] [stderr]    Compiling opaque_typedef_macros v0.0.3
[INFO] [stderr]    Compiling serde_json v1.0.44
[INFO] [stderr]    Compiling iri-string v0.1.1
[INFO] [stderr]    Compiling bincode v1.3.3
[INFO] [stderr]    Compiling json-pointer v0.3.2
[INFO] [stderr]    Compiling jsonschema-valid v0.2.0
[INFO] [stderr]    Compiling sapio-bitcoin v0.28.1 (/opt/rustwide/workdir)
[INFO] [stdout] error[E0308]: mismatched types
[INFO] [stdout]     --> src/util/sighash.rs:1106:70
[INFO] [stdout]      |
[INFO] [stdout] 1106 |             let keypair = secp256k1::KeyPair::from_secret_key(&secp, internal_priv_key);
[INFO] [stdout]      |                           -----------------------------------        ^^^^^^^^^^^^^^^^^
[INFO] [stdout]      |                           |                                          |
[INFO] [stdout]      |                           |                                          expected `&SecretKey`, found `SecretKey`
[INFO] [stdout]      |                           |                                          help: consider borrowing here: `&internal_priv_key`
[INFO] [stdout]      |                           arguments to this function are incorrect
[INFO] [stdout]      |
[INFO] [stdout] note: associated function defined here
[INFO] [stdout]     --> /opt/rustwide/cargo-home/registry/src/index.crates.io-6f17d22bba15001f/sapio-secp256k1-0.22.4/src/key.rs:767:12
[INFO] [stdout]      |
[INFO] [stdout] 767  |     pub fn from_secret_key<C: Signing>(
[INFO] [stdout]      |            ^^^^^^^^^^^^^^^
[INFO] [stdout] 
[INFO] [stdout] 
[INFO] [stdout] error[E0308]: mismatched types
[INFO] [stdout]     --> src/util/sighash.rs:1108:58
[INFO] [stdout]      |
[INFO] [stdout] 1108 |             let tweak = TapTweakHash::from_key_and_tweak(internal_key, merkle_root);
[INFO] [stdout]      |                         -------------------------------- ^^^^^^^^^^^^ expected `XOnlyPublicKey`, found `(XOnlyPublicKey, Parity)`
[INFO] [stdout]      |                         |
[INFO] [stdout]      |                         arguments to this function are incorrect
[INFO] [stdout]      |
[INFO] [stdout]      = note: expected struct `secp256k1::XOnlyPublicKey`
[INFO] [stdout]                  found tuple `(secp256k1::XOnlyPublicKey, Parity)`
[INFO] [stdout] note: associated function defined here
[INFO] [stdout]     --> src/util/taproot.rs:104:12
[INFO] [stdout]      |
[INFO] [stdout] 104  |     pub fn from_key_and_tweak(
[INFO] [stdout]      |            ^^^^^^^^^^^^^^^^^^
[INFO] [stdout] 105  |         internal_key: UntweakedPublicKey,
[INFO] [stdout]      |         --------------------------------
[INFO] [stdout] 
[INFO] [stdout] 
[INFO] [stdout] error[E0308]: mismatched types
[INFO] [stdout]     --> src/util/sighash.rs:1131:13
[INFO] [stdout]      |
[INFO] [stdout] 1131 |             assert_eq!(expected_internal_pk, internal_key);
[INFO] [stdout]      |             ^^^^^^^^^^^^^^^^^^^^^^^^^^^^^^^^^^^^^^^^^^^^^^
[INFO] [stdout]      |             |
[INFO] [stdout]      |             expected `XOnlyPublicKey`, found `(XOnlyPublicKey, Parity)`
[INFO] [stdout]      |             expected because this is `secp256k1::XOnlyPublicKey`
[INFO] [stdout]      |
[INFO] [stdout]      = note: expected struct `secp256k1::XOnlyPublicKey`
[INFO] [stdout]                  found tuple `(secp256k1::XOnlyPublicKey, Parity)`
[INFO] [stdout]      = note: this error originates in the macro `assert_eq` (in Nightly builds, run with -Z macro-backtrace for more info)
[INFO] [stdout] 
[INFO] [stdout] 
[INFO] [stdout] error: aborting due to 3 previous errors
[INFO] [stdout] 
[INFO] [stdout] 
[INFO] [stdout] For more information about this error, try `rustc --explain E0308`.
[INFO] [stdout] 
[INFO] [stderr] error: could not compile `sapio-bitcoin` (lib test) due to 4 previous errors
[INFO] running `Command { std: "docker" "inspect" "7ef53653767893c8fe0f93ed9770108680a3209f113c41f995d16326415a305a", kill_on_drop: false }`
[INFO] running `Command { std: "docker" "rm" "-f" "7ef53653767893c8fe0f93ed9770108680a3209f113c41f995d16326415a305a", kill_on_drop: false }`
[INFO] [stdout] 7ef53653767893c8fe0f93ed9770108680a3209f113c41f995d16326415a305a
