[INFO] fetching crate safe_app 0.18.1...
[INFO] testing safe_app-0.18.1 against 1.69.0 for beta-1.70-1
[INFO] extracting crate safe_app 0.18.1 into /workspace/builds/worker-6-tc1/source
[INFO] validating manifest of crates.io crate safe_app 0.18.1 on toolchain 1.69.0
[INFO] running `Command { std: CARGO_HOME="/workspace/cargo-home" RUSTUP_HOME="/workspace/rustup-home" "/workspace/cargo-home/bin/cargo" "+1.69.0" "metadata" "--manifest-path" "Cargo.toml" "--no-deps", kill_on_drop: false }`
[INFO] started tweaking crates.io crate safe_app 0.18.1
[INFO] removed 0 missing examples
[INFO] finished tweaking crates.io crate safe_app 0.18.1
[INFO] tweaked toml for crates.io crate safe_app 0.18.1 written to /workspace/builds/worker-6-tc1/source/Cargo.toml
[INFO] crate crates.io crate safe_app 0.18.1 already has a lockfile, it will not be regenerated
[INFO] running `Command { std: CARGO_HOME="/workspace/cargo-home" RUSTUP_HOME="/workspace/rustup-home" "/workspace/cargo-home/bin/cargo" "+1.69.0" "fetch" "--manifest-path" "Cargo.toml", kill_on_drop: false }`
[INFO] [stderr]  Downloading crates ...
[INFO] [stderr]   Downloaded ff v0.6.0
[INFO] [stderr]   Downloaded ff_derive v0.6.0
[INFO] [stderr]   Downloaded group v0.6.0
[INFO] [stderr]   Downloaded pairing v0.16.0
[INFO] [stderr]   Downloaded pem v0.6.1
[INFO] [stderr]   Downloaded quinn-proto v0.6.1
[INFO] [stderr]   Downloaded hashbrown v0.6.3
[INFO] [stderr]   Downloaded strings v0.1.1
[INFO] [stderr]   Downloaded syntex_errors v0.59.1
[INFO] [stderr]   Downloaded ed25519 v1.0.3
[INFO] [stderr]   Downloaded data-encoding v2.3.1
[INFO] [stderr]   Downloaded ws v0.9.1
[INFO] [stderr]   Downloaded alloc-no-stdlib v2.0.1
[INFO] [stderr]   Downloaded lru v0.5.3
[INFO] [stderr]   Downloaded ucd-util v0.1.8
[INFO] [stderr]   Downloaded yasna v0.3.2
[INFO] [stderr]   Downloaded safe_bindgen v0.13.3
[INFO] [stderr]   Downloaded quic-p2p v0.7.1
[INFO] [stderr]   Downloaded threshold_crypto v0.4.0
[INFO] [stderr]   Downloaded curve25519-dalek v3.0.0
[INFO] [stderr]   Downloaded syntex_syntax v0.59.1
[INFO] [stderr]   Downloaded const-random v0.1.13
[INFO] [stderr]   Downloaded brotli v3.3.0
[INFO] [stderr]   Downloaded const-random-macro v0.1.13
[INFO] [stderr]   Downloaded crdts v4.3.0
[INFO] [stderr]   Downloaded ring v0.16.19
[INFO] [stderr]   Downloaded jni v0.12.3
[INFO] [stderr]   Downloaded ffi_utils v0.17.0
[INFO] [stderr]   Downloaded zeroize v0.5.2
[INFO] [stderr]   Downloaded xor_name v1.1.4
[INFO] [stderr]   Downloaded safe_authenticator v0.18.1
[INFO] [stderr]   Downloaded miscreant v0.4.2
[INFO] [stderr]   Downloaded safe-nd v0.11.7
[INFO] [stderr]   Downloaded safe_core v0.43.1
[INFO] [stderr]   Downloaded self_encryption v0.19.5
[INFO] [stderr]   Downloaded pmac v0.2.0
[INFO] [stderr]   Downloaded ahash v0.2.19
[INFO] [stderr]   Downloaded zeroize_derive v1.0.1
[INFO] [stderr]   Downloaded brotli-decompressor v2.3.1
[INFO] [stderr]   Downloaded unwrap v1.2.1
[INFO] [stderr]   Downloaded extprim v1.7.1
[INFO] [stderr]   Downloaded syntex_pos v0.59.1
[INFO] [stderr]   Downloaded rustfmt v0.10.0
[INFO] [stderr]   Downloaded dirs-sys v0.3.5
[INFO] [stderr]   Downloaded cmac v0.2.0
[INFO] [stderr]   Downloaded ctr v0.3.2
[INFO] [stderr]   Downloaded dbl v0.2.1
[INFO] [stderr]   Downloaded stream-cipher v0.3.2
[INFO] [stderr]   Downloaded derive_more v0.99.11
[INFO] [stderr]   Downloaded directories v1.0.2
[INFO] [stderr]   Downloaded quinn v0.6.1
[INFO] [stderr]   Downloaded rcgen v0.7.0
[INFO] [stderr]   Downloaded data-encoding-macro-internal v0.1.9
[INFO] [stderr]   Downloaded data-encoding-macro v0.1.10
[INFO] [stderr]   Downloaded block-modes v0.3.3
[INFO] running `Command { std: "docker" "create" "-v" "/var/lib/crater-agent-workspace/builds/worker-6-tc1/target:/opt/rustwide/target:rw,Z" "-v" "/var/lib/crater-agent-workspace/builds/worker-6-tc1/source:/opt/rustwide/workdir:ro,Z" "-v" "/var/lib/crater-agent-workspace/cargo-home:/opt/rustwide/cargo-home:ro,Z" "-v" "/var/lib/crater-agent-workspace/rustup-home:/opt/rustwide/rustup-home:ro,Z" "-e" "SOURCE_DIR=/opt/rustwide/workdir" "-e" "CARGO_TARGET_DIR=/opt/rustwide/target" "-e" "CARGO_HOME=/opt/rustwide/cargo-home" "-e" "RUSTUP_HOME=/opt/rustwide/rustup-home" "-w" "/opt/rustwide/workdir" "-m" "1610612736" "--user" "0:0" "--network" "none" "ghcr.io/rust-lang/crates-build-env/linux@sha256:5ff2268d62e97bff2cde7d5815dd6ed5b47097566f13b8d0ca110b04b60e07ed" "/opt/rustwide/cargo-home/bin/cargo" "+1.69.0" "metadata" "--no-deps" "--format-version=1", kill_on_drop: false }`
[INFO] [stdout] 5b5bb54527de6b15216d9f327584cc2f745102bb023e13e7521e4242801dd0d6
[INFO] running `Command { std: "docker" "start" "-a" "5b5bb54527de6b15216d9f327584cc2f745102bb023e13e7521e4242801dd0d6", kill_on_drop: false }`
[INFO] running `Command { std: "docker" "inspect" "5b5bb54527de6b15216d9f327584cc2f745102bb023e13e7521e4242801dd0d6", kill_on_drop: false }`
[INFO] running `Command { std: "docker" "rm" "-f" "5b5bb54527de6b15216d9f327584cc2f745102bb023e13e7521e4242801dd0d6", kill_on_drop: false }`
[INFO] [stdout] 5b5bb54527de6b15216d9f327584cc2f745102bb023e13e7521e4242801dd0d6
[INFO] running `Command { std: "docker" "create" "-v" "/var/lib/crater-agent-workspace/builds/worker-6-tc1/target:/opt/rustwide/target:rw,Z" "-v" "/var/lib/crater-agent-workspace/builds/worker-6-tc1/source:/opt/rustwide/workdir:ro,Z" "-v" "/var/lib/crater-agent-workspace/cargo-home:/opt/rustwide/cargo-home:ro,Z" "-v" "/var/lib/crater-agent-workspace/rustup-home:/opt/rustwide/rustup-home:ro,Z" "-e" "SOURCE_DIR=/opt/rustwide/workdir" "-e" "CARGO_TARGET_DIR=/opt/rustwide/target" "-e" "CARGO_INCREMENTAL=0" "-e" "RUST_BACKTRACE=full" "-e" "RUSTFLAGS=--cap-lints=warn" "-e" "RUSTDOCFLAGS=--cap-lints=warn" "-e" "CARGO_HOME=/opt/rustwide/cargo-home" "-e" "RUSTUP_HOME=/opt/rustwide/rustup-home" "-w" "/opt/rustwide/workdir" "-m" "1610612736" "--user" "0:0" "--network" "none" "ghcr.io/rust-lang/crates-build-env/linux@sha256:5ff2268d62e97bff2cde7d5815dd6ed5b47097566f13b8d0ca110b04b60e07ed" "/opt/rustwide/cargo-home/bin/cargo" "+1.69.0" "build" "--frozen" "--message-format=json", kill_on_drop: false }`
[INFO] [stdout] b754a2de07311c1bbb613fd0c3eae5c57cb07c2a8d4d72eb1ae3039405036f53
[INFO] running `Command { std: "docker" "start" "-a" "b754a2de07311c1bbb613fd0c3eae5c57cb07c2a8d4d72eb1ae3039405036f53", kill_on_drop: false }`
[INFO] [stderr]    Compiling proc-macro2 v1.0.24
[INFO] [stderr]    Compiling unicode-xid v0.2.1
[INFO] [stderr]    Compiling syn v1.0.53
[INFO] [stderr]    Compiling libc v0.2.81
[INFO] [stderr]    Compiling autocfg v1.0.1
[INFO] [stderr]    Compiling serde_derive v1.0.118
[INFO] [stderr]    Compiling serde v1.0.118
[INFO] [stderr]    Compiling typenum v1.12.0
[INFO] [stderr]    Compiling byteorder v1.3.4
[INFO] [stderr]    Compiling getrandom v0.1.15
[INFO] [stderr]    Compiling version_check v0.9.2
[INFO] [stderr]    Compiling memchr v2.3.4
[INFO] [stderr]    Compiling log v0.4.11
[INFO] [stderr]    Compiling num-traits v0.2.14
[INFO] [stderr]    Compiling num-integer v0.1.44
[INFO] [stderr]    Compiling ppv-lite86 v0.2.10
[INFO] [stderr]    Compiling quote v1.0.7
[INFO] [stderr]    Compiling rand_core v0.5.1
[INFO] [stderr]    Compiling generic-array v0.12.3
[INFO] [stderr]    Compiling proc-macro-hack v0.5.19
[INFO] [stderr]    Compiling once_cell v1.5.2
[INFO] [stderr]    Compiling rand_chacha v0.2.2
[INFO] [stderr]    Compiling crunchy v0.2.2
[INFO] [stderr]    Compiling miniz_oxide v0.4.3
[INFO] [stderr]    Compiling cc v1.0.66
[INFO] [stderr]    Compiling adler v0.2.3
[INFO] [stderr]    Compiling rand v0.7.3
[INFO] [stderr]    Compiling aho-corasick v0.7.15
[INFO] [stderr]    Compiling num-bigint v0.2.6
[INFO] [stderr]    Compiling tiny-keccak v2.0.2
[INFO] [stderr]    Compiling regex-syntax v0.6.21
[INFO] [stderr]    Compiling rustversion v1.0.4
[INFO] [stderr]    Compiling ring v0.16.19
[INFO] [stderr]    Compiling block-cipher-trait v0.6.2
[INFO] [stderr]    Compiling iovec v0.1.4
[INFO] [stderr]    Compiling proc-macro-error-attr v1.0.4
[INFO] [stderr]    Compiling generic-array v0.14.4
[INFO] [stderr]    Compiling proc-macro-nested v0.1.6
[INFO] [stderr]    Compiling spin v0.5.2
[INFO] [stderr]    Compiling gimli v0.23.0
[INFO] [stderr]    Compiling byte-tools v0.3.1
[INFO] [stderr]    Compiling opaque-debug v0.2.3
[INFO] [stderr]    Compiling failure_derive v0.1.8
[INFO] [stderr]    Compiling futures-core v0.3.8
[INFO] [stderr]    Compiling untrusted v0.7.1
[INFO] [stderr]    Compiling block-padding v0.1.5
[INFO] [stderr]    Compiling net2 v0.2.36
[INFO] [stderr]    Compiling proc-macro-error v1.0.4
[INFO] [stderr]    Compiling proc-macro2 v0.4.30
[INFO] [stderr]    Compiling rustc-demangle v0.1.18
[INFO] [stderr]    Compiling object v0.22.0
[INFO] [stderr]    Compiling futures-sink v0.3.8
[INFO] [stderr]    Compiling getrandom v0.2.0
[INFO] [stderr]    Compiling regex v1.4.2
[INFO] [stderr]    Compiling futures-channel v0.3.8
[INFO] [stderr]    Compiling synstructure v0.12.4
[INFO] [stderr]    Compiling addr2line v0.14.0
[INFO] [stderr]    Compiling err-derive v0.2.4
[INFO] [stderr]    Compiling futures-task v0.3.8
[INFO] [stderr]    Compiling futures-io v0.3.8
[INFO] [stderr]    Compiling backtrace v0.3.55
[INFO] [stderr]    Compiling subtle v1.0.0
[INFO] [stderr]    Compiling pin-utils v0.1.0
[INFO] [stderr]    Compiling unicode-xid v0.1.0
[INFO] [stderr]    Compiling crypto-mac v0.7.0
[INFO] [stderr]    Compiling digest v0.8.1
[INFO] [stderr]    Compiling time v0.1.44
[INFO] [stderr]    Compiling fnv v1.0.7
[INFO] [stderr]    Compiling ryu v1.0.5
[INFO] [stderr]    Compiling syn v0.15.44
[INFO] [stderr]    Compiling tinyvec_macros v0.1.0
[INFO] [stderr]    Compiling matches v0.1.8
[INFO] [stderr]    Compiling tinyvec v1.1.0
[INFO] [stderr]    Compiling const-random-macro v0.1.13
[INFO] [stderr]    Compiling quote v0.6.13
[INFO] [stderr]    Compiling digest v0.9.0
[INFO] [stderr]    Compiling sct v0.6.0
[INFO] [stderr]    Compiling webpki v0.21.4
[INFO] [stderr]    Compiling block-buffer v0.7.3
[INFO] [stderr]    Compiling rand_xorshift v0.2.0
[INFO] [stderr]    Compiling pin-project-internal v1.0.2
[INFO] [stderr]    Compiling futures-macro v0.3.8
[INFO] [stderr]    Compiling zeroize_derive v1.0.1
[INFO] [stderr]    Compiling ff_derive v0.6.0
[INFO] [stderr]    Compiling tokio-macros v0.2.6
[INFO] [stderr]    Compiling tracing-attributes v0.1.11
[INFO] [stderr]    Compiling zeroize v1.1.1
[INFO] [stderr]    Compiling failure v0.1.8
[INFO] [stderr]    Compiling atty v0.2.14
[INFO] [stderr]    Compiling crossbeam-utils v0.7.2
[INFO] [stderr]    Compiling tracing-core v0.1.17
[INFO] [stderr]    Compiling crc32fast v1.2.1
[INFO] [stderr]    Compiling subtle v2.3.0
[INFO] [stderr]    Compiling autocfg v0.1.7
[INFO] [stderr]    Compiling pin-project-lite v0.1.11
[INFO] [stderr]    Compiling base64 v0.11.0
[INFO] [stderr]    Compiling maybe-uninit v2.0.0
[INFO] [stderr]    Compiling serde_json v1.0.60
[INFO] [stderr]    Compiling pin-project v1.0.2
[INFO] [stderr]    Compiling linked-hash-map v0.5.3
[INFO] [stderr]    Compiling pin-project-lite v0.2.0
[INFO] [stderr]    Compiling futures-util v0.3.8
[INFO] [stderr]    Compiling ff v0.6.0
[INFO] [stderr]    Compiling unicode-segmentation v1.7.1
[INFO] [stderr]    Compiling data-encoding v2.3.1
[INFO] [stderr]    Compiling alloc-no-stdlib v2.0.1
[INFO] [stderr]    Compiling unicode-width v0.1.8
[INFO] [stderr]    Compiling textwrap v0.11.0
[INFO] [stderr]    Compiling alloc-stdlib v0.2.1
[INFO] [stderr]    Compiling group v0.6.0
[INFO] [stderr]    Compiling tracing v0.1.22
[INFO] [stderr]    Compiling heck v0.3.1
[INFO] [stderr]    Compiling hashbrown v0.6.3
[INFO] [stderr]    Compiling unicode-normalization v0.1.16
[INFO] [stderr]    Compiling const-random v0.1.13
[INFO] [stderr]    Compiling unicode-bidi v0.3.4
[INFO] [stderr]    Compiling block-buffer v0.9.0
[INFO] [stderr]    Compiling aes-soft v0.3.3
[INFO] [stderr]    Compiling dbl v0.2.1
[INFO] [stderr]    Compiling base64 v0.10.1
[INFO] [stderr]    Compiling itoa v0.4.6
[INFO] [stderr]    Compiling data-encoding-macro-internal v0.1.9
[INFO] [stderr]    Compiling cpuid-bool v0.1.2
[INFO] [stderr]    Compiling opaque-debug v0.3.0
[INFO] [stderr]    Compiling ansi_term v0.11.0
[INFO] [stderr]    Compiling percent-encoding v2.1.0
[INFO] [stderr]    Compiling unwrap v1.2.1
[INFO] [stderr]    Compiling httparse v1.3.4
[INFO] [stderr]    Compiling radium v0.3.0
[INFO] [stderr]    Compiling regex v0.2.11
[INFO] [stderr]    Compiling traitobject v0.1.0
[INFO] [stderr]    Compiling signature v1.2.2
[INFO] [stderr]    Compiling ucd-util v0.1.8
[INFO] [stderr]    Compiling either v1.6.1
[INFO] [stderr]    Compiling regex-syntax v0.5.6
[INFO] [stderr]    Compiling bitvec v0.17.4
[INFO] [stderr]    Compiling clap v2.33.3
[INFO] [stderr]    Compiling unsafe-any v0.4.2
[INFO] [stderr]    Compiling data-encoding-macro v0.1.10
[INFO] [stderr]    Compiling form_urlencoded v1.0.0
[INFO] [stderr]    Compiling sha2 v0.9.2
[INFO] [stderr]    Compiling pem v0.6.1
[INFO] [stderr]    Compiling aes v0.3.2
[INFO] [stderr]    Compiling idna v0.2.0
[INFO] [stderr]    Compiling futures-executor v0.3.8
[INFO] [stderr]    Compiling structopt-derive v0.2.18
[INFO] [stderr]    Compiling futures v0.3.8
[INFO] [stderr]    Compiling ahash v0.2.19
[INFO] [stderr]    Compiling pairing v0.16.0
[INFO] [stderr]    Compiling brotli-decompressor v2.3.1
[INFO] [stderr]    Compiling yaml-rust v0.4.4
[INFO] [stderr]    Compiling curve25519-dalek v3.0.0
[INFO] [stderr]    Compiling ordered-float v1.1.1
[INFO] [stderr]    Compiling tiny-keccak v1.5.0
[INFO] [stderr]    Compiling stream-cipher v0.3.2
[INFO] [stderr]    Compiling aho-corasick v0.6.10
[INFO] [stderr]    Compiling thread_local v0.3.6
[INFO] [stderr]    Compiling keccak v0.1.0
[INFO] [stderr]    Compiling safemem v0.3.3
[INFO] [stderr]    Compiling fake-simd v0.1.2
[INFO] [stderr]    Compiling hex_fmt v0.3.0
[INFO] [stderr]    Compiling lazycell v1.3.0
[INFO] [stderr]    Compiling base-x v0.2.8
[INFO] [stderr]    Compiling dtoa v0.4.6
[INFO] [stderr]    Compiling same-file v1.0.6
[INFO] [stderr]    Compiling utf8-ranges v1.0.4
[INFO] [stderr]    Compiling multibase v0.8.0
[INFO] [stderr]    Compiling walkdir v2.3.1
[INFO] [stderr]    Compiling sha-1 v0.8.2
[INFO] [stderr]    Compiling base64 v0.9.3
[INFO] [stderr]    Compiling sha3 v0.8.2
[INFO] [stderr]    Compiling ctr v0.3.2
[INFO] [stderr]    Compiling brotli v3.3.0
[INFO] [stderr]    Compiling structopt v0.2.18
[INFO] [stderr]    Compiling crossbeam-channel v0.4.4
[INFO] [stderr]    Compiling flate2 v1.0.19
[INFO] [stderr]    Compiling url v2.2.0
[INFO] [stderr]    Compiling typemap v0.3.3
[INFO] [stderr]    Compiling bytes v0.5.6
[INFO] [stderr]    Compiling chrono v0.4.19
[INFO] [stderr]    Compiling bincode v1.3.1
[INFO] [stderr]    Compiling mio v0.6.23
[INFO] [stderr]    Compiling env_logger v0.7.1
[INFO] [stderr]    Compiling rustls v0.17.0
[INFO] [stderr]    Compiling tokio v0.2.23
[INFO] [stderr]    Compiling yasna v0.3.2
[INFO] [stderr]    Compiling quickcheck v0.9.2
[INFO] [stderr]    Compiling serde_bytes v0.11.5
[INFO] [stderr]    Compiling ed25519 v1.0.3
[INFO] [stderr]    Compiling ed25519-dalek v1.0.1
[INFO] [stderr]    Compiling crdts v4.3.0
[INFO] [stderr]    Compiling rcgen v0.7.0
[INFO] [stderr]    Compiling quinn-proto v0.6.1
[INFO] [stderr]    Compiling mio-extras v2.0.6
[INFO] [stderr]    Compiling threshold_crypto v0.4.0
[INFO] [stderr]    Compiling toml v0.5.7
[INFO] [stderr]    Compiling serde-value v0.5.3
[INFO] [stderr]    Compiling xor_name v1.1.4
[INFO] [stderr]    Compiling serde_yaml v0.8.14
[INFO] [stderr]    Compiling quinn v0.6.1
[INFO] [stderr]    Compiling cmac v0.2.0
[INFO] [stderr]    Compiling pmac v0.2.0
[INFO] [stderr]    Compiling async-trait v0.1.42
[INFO] [stderr]    Compiling derive_more v0.99.11
[INFO] [stderr]    Compiling block-modes v0.3.3
[INFO] [stderr]    Compiling bytes v0.4.12
[INFO] [stderr]    Compiling thread-id v3.3.0
[INFO] [stderr]    Compiling directories v1.0.2
[INFO] [stderr]    Compiling dirs-sys v0.3.5
[INFO] [stderr]    Compiling antidote v1.0.0
[INFO] [stderr]    Compiling log-mdc v0.1.0
[INFO] [stderr]    Compiling termcolor v1.1.2
[INFO] [stderr]    Compiling arc-swap v0.3.11
[INFO] [stderr]    Compiling zeroize v0.5.2
[INFO] [stderr]    Compiling self_encryption v0.19.5
[INFO] [stderr]    Compiling miscreant v0.4.2
[INFO] [stderr]    Compiling directories v2.0.2
[INFO] [stderr]    Compiling log4rs v0.8.3
[INFO] [stderr]    Compiling env_logger v0.6.2
[INFO] [stderr]    Compiling ws v0.9.1
[INFO] [stderr]    Compiling safe-nd v0.11.7
[INFO] [stderr]    Compiling ffi_utils v0.17.0
[INFO] [stderr]    Compiling lru v0.5.3
[INFO] [stderr]    Compiling hmac v0.7.1
[INFO] [stderr]    Compiling pbkdf2 v0.3.0
[INFO] [stderr]    Compiling fs2 v0.4.3
[INFO] [stderr]    Compiling lru-cache v0.1.2
[INFO] [stderr]    Compiling quic-p2p v0.7.1
[INFO] [stderr]    Compiling safe_core v0.43.1
[INFO] [stdout] error[E0432]: unresolved import `safe_nd::MDataKind`
[INFO] [stdout]   --> /opt/rustwide/cargo-home/registry/src/github.com-1ecc6299db9ec823/safe_core-0.43.1/src/client/account.rs:20:29
[INFO] [stdout]    |
[INFO] [stdout] 20 | use safe_nd::{ClientFullId, MDataKind, PublicKey};
[INFO] [stdout]    |                             ^^^^^^^^^
[INFO] [stdout]    |                             |
[INFO] [stdout]    |                             no `MDataKind` in the root
[INFO] [stdout]    |                             help: a similar name exists in the module: `MapKind`
[INFO] [stdout] 
[INFO] [stdout] 
[INFO] [stdout] error[E0432]: unresolved imports `safe_nd::Coins`, `safe_nd::CoinsRequest`, `safe_nd::LoginPacket`, `safe_nd::LoginPacketRequest`, `safe_nd::Request`, `safe_nd::Response`
[INFO] [stdout]   --> /opt/rustwide/cargo-home/registry/src/github.com-1ecc6299db9ec823/safe_core-0.43.1/src/client/core_client.rs:27:19
[INFO] [stdout]    |
[INFO] [stdout] 27 |     ClientFullId, Coins, CoinsRequest, LoginPacket, LoginPacketRequest, PublicKey, Request,
[INFO] [stdout]    |                   ^^^^^  ^^^^^^^^^^^^  ^^^^^^^^^^^  ^^^^^^^^^^^^^^^^^^             ^^^^^^^ no `Request` in the root
[INFO] [stdout]    |                   |      |             |            |
[INFO] [stdout]    |                   |      |             |            no `LoginPacketRequest` in the root
[INFO] [stdout]    |                   |      |             no `LoginPacket` in the root
[INFO] [stdout]    |                   |      no `CoinsRequest` in the root
[INFO] [stdout]    |                   no `Coins` in the root
[INFO] [stdout] 28 |     Response,
[INFO] [stdout]    |     ^^^^^^^^ no `Response` in the root
[INFO] [stdout]    |
[INFO] [stdout]    = help: consider importing this struct instead:
[INFO] [stdout]            ws::Request
[INFO] [stdout]    = help: consider importing one of these items instead:
[INFO] [stdout]            log4rs::filter::Response
[INFO] [stdout]            safe_nd::TryFromError::Response
[INFO] [stdout]            ws::Response
[INFO] [stdout] 
[INFO] [stdout] 
[INFO] [stdout] error[E0432]: unresolved imports `safe_nd::MDataAddress`, `safe_nd::MDataKind`, `safe_nd::MDataSeqEntries`, `safe_nd::MDataSeqEntryAction`, `safe_nd::MDataSeqValue`
[INFO] [stdout]   --> /opt/rustwide/cargo-home/registry/src/github.com-1ecc6299db9ec823/safe_core-0.43.1/src/client/mdata_info.rs:20:15
[INFO] [stdout]    |
[INFO] [stdout] 20 | use safe_nd::{MDataAddress, MDataKind, MDataSeqEntries, MDataSeqEntryAction, MDataSeqValue};
[INFO] [stdout]    |               ^^^^^^^^^^^^  ^^^^^^^^^  ^^^^^^^^^^^^^^^  ^^^^^^^^^^^^^^^^^^^  ^^^^^^^^^^^^^ no `MDataSeqValue` in the root
[INFO] [stdout]    |               |             |          |                |
[INFO] [stdout]    |               |             |          |                no `MDataSeqEntryAction` in the root
[INFO] [stdout]    |               |             |          no `MDataSeqEntries` in the root
[INFO] [stdout]    |               |             no `MDataKind` in the root
[INFO] [stdout]    |               no `MDataAddress` in the root
[INFO] [stdout]    |
[INFO] [stdout] help: a similar name exists in the module
[INFO] [stdout]    |
[INFO] [stdout] 20 | use safe_nd::{MapAddress, MDataKind, MDataSeqEntries, MDataSeqEntryAction, MDataSeqValue};
[INFO] [stdout]    |               ~~~~~~~~~~
[INFO] [stdout] help: a similar name exists in the module
[INFO] [stdout]    |
[INFO] [stdout] 20 | use safe_nd::{MDataAddress, MapKind, MDataSeqEntries, MDataSeqEntryAction, MDataSeqValue};
[INFO] [stdout]    |                             ~~~~~~~
[INFO] [stdout] help: a similar name exists in the module
[INFO] [stdout]    |
[INFO] [stdout] 20 | use safe_nd::{MDataAddress, MDataKind, MapSeqEntries, MDataSeqEntryAction, MDataSeqValue};
[INFO] [stdout]    |                                        ~~~~~~~~~~~~~
[INFO] [stdout] help: a similar name exists in the module
[INFO] [stdout]    |
[INFO] [stdout] 20 | use safe_nd::{MDataAddress, MDataKind, MDataSeqEntries, MapSeqEntryAction, MDataSeqValue};
[INFO] [stdout]    |                                                         ~~~~~~~~~~~~~~~~~
[INFO] [stdout] help: a similar name exists in the module
[INFO] [stdout]    |
[INFO] [stdout] 20 | use safe_nd::{MDataAddress, MDataKind, MDataSeqEntries, MDataSeqEntryAction, MapSeqValue};
[INFO] [stdout]    |                                                                              ~~~~~~~~~~~
[INFO] [stdout] 
[INFO] [stdout] 
[INFO] [stdout] error[E0432]: unresolved imports `safe_nd::MDataAction`, `safe_nd::MDataAddress`, `safe_nd::MDataPermissionSet`, `safe_nd::MDataSeqEntries`, `safe_nd::MDataSeqEntryAction`, `safe_nd::MDataSeqEntryActions`, `safe_nd::MDataSeqValue`, `safe_nd::SeqMutableData`
[INFO] [stdout]   --> /opt/rustwide/cargo-home/registry/src/github.com-1ecc6299db9ec823/safe_core-0.43.1/src/client/recoverable_apis.rs:13:52
[INFO] [stdout]    |
[INFO] [stdout] 13 |     AppPermissions, EntryError, Error as SndError, MDataAction, MDataAddress, MDataPermissionSet,
[INFO] [stdout]    |                                                    ^^^^^^^^^^^  ^^^^^^^^^^^^  ^^^^^^^^^^^^^^^^^^ no `MDataPermissionSet` in the root
[INFO] [stdout]    |                                                    |            |
[INFO] [stdout]    |                                                    |            no `MDataAddress` in the root
[INFO] [stdout]    |                                                    no `MDataAction` in the root
[INFO] [stdout] 14 |     MDataSeqEntries, MDataSeqEntryAction, MDataSeqEntryActions, MDataSeqValue, PublicKey,
[INFO] [stdout]    |     ^^^^^^^^^^^^^^^  ^^^^^^^^^^^^^^^^^^^  ^^^^^^^^^^^^^^^^^^^^  ^^^^^^^^^^^^^ no `MDataSeqValue` in the root
[INFO] [stdout]    |     |                |                    |
[INFO] [stdout]    |     |                |                    no `MDataSeqEntryActions` in the root
[INFO] [stdout]    |     |                no `MDataSeqEntryAction` in the root
[INFO] [stdout]    |     no `MDataSeqEntries` in the root
[INFO] [stdout] 15 |     SeqMutableData,
[INFO] [stdout]    |     ^^^^^^^^^^^^^^ no `SeqMutableData` in the root
[INFO] [stdout]    |
[INFO] [stdout] help: a similar name exists in the module
[INFO] [stdout]    |
[INFO] [stdout] 13 |     AppPermissions, EntryError, Error as SndError, MapAction, MDataAddress, MDataPermissionSet,
[INFO] [stdout]    |                                                    ~~~~~~~~~
[INFO] [stdout] help: a similar name exists in the module
[INFO] [stdout]    |
[INFO] [stdout] 13 |     AppPermissions, EntryError, Error as SndError, MDataAction, MapAddress, MDataPermissionSet,
[INFO] [stdout]    |                                                                 ~~~~~~~~~~
[INFO] [stdout] help: a similar name exists in the module
[INFO] [stdout]    |
[INFO] [stdout] 13 |     AppPermissions, EntryError, Error as SndError, MDataAction, MDataAddress, MapPermissionSet,
[INFO] [stdout]    |                                                                               ~~~~~~~~~~~~~~~~
[INFO] [stdout] help: a similar name exists in the module
[INFO] [stdout]    |
[INFO] [stdout] 14 |     MapSeqEntries, MDataSeqEntryAction, MDataSeqEntryActions, MDataSeqValue, PublicKey,
[INFO] [stdout]    |     ~~~~~~~~~~~~~
[INFO] [stdout] help: a similar name exists in the module
[INFO] [stdout]    |
[INFO] [stdout] 14 |     MDataSeqEntries, MapSeqEntryAction, MDataSeqEntryActions, MDataSeqValue, PublicKey,
[INFO] [stdout]    |                      ~~~~~~~~~~~~~~~~~
[INFO] [stdout] help: a similar name exists in the module
[INFO] [stdout]    |
[INFO] [stdout] 14 |     MDataSeqEntries, MDataSeqEntryAction, MapSeqEntryActions, MDataSeqValue, PublicKey,
[INFO] [stdout]    |                                           ~~~~~~~~~~~~~~~~~~
[INFO] [stdout] help: a similar name exists in the module
[INFO] [stdout]    |
[INFO] [stdout] 14 |     MDataSeqEntries, MDataSeqEntryAction, MDataSeqEntryActions, MapSeqValue, PublicKey,
[INFO] [stdout]    |                                                                 ~~~~~~~~~~~
[INFO] [stdout] 
[INFO] [stdout] 
[INFO] [stdout] error[E0432]: unresolved import `safe_nd::AppFullId`
[INFO] [stdout]  --> /opt/rustwide/cargo-home/registry/src/github.com-1ecc6299db9ec823/safe_core-0.43.1/src/client/id.rs:9:15
[INFO] [stdout]   |
[INFO] [stdout] 9 | use safe_nd::{AppFullId, ClientFullId, PublicId, PublicKey, Signature};
[INFO] [stdout]   |               ^^^^^^^^^ no `AppFullId` in the root
[INFO] [stdout] 
[INFO] [stdout] 
[INFO] [stdout] error[E0432]: unresolved imports `safe_nd::ClientRequest`, `safe_nd::Coins`, `safe_nd::CoinsRequest`, `safe_nd::IData`, `safe_nd::IDataAddress`, `safe_nd::IDataRequest`, `safe_nd::LoginPacket`, `safe_nd::LoginPacketRequest`, `safe_nd::MData`, `safe_nd::MDataAddress`, `safe_nd::MDataEntries`, `safe_nd::MDataEntryActions`, `safe_nd::MDataPermissionSet`, `safe_nd::MDataRequest`, `safe_nd::MDataSeqEntries`, `safe_nd::MDataSeqEntryActions`, `safe_nd::MDataSeqValue`, `safe_nd::MDataUnseqEntryActions`, `safe_nd::MDataValue`, `safe_nd::MDataValues`, `safe_nd::Request`, `safe_nd::RequestType`, `safe_nd::Response`, `safe_nd::SData`, `safe_nd::SDataAction`, `safe_nd::SDataAddress`, `safe_nd::SDataEntries`, `safe_nd::SDataEntry`, `safe_nd::SDataIndex`, `safe_nd::SDataOwner`, `safe_nd::SDataPrivPermissions`, `safe_nd::SDataPrivUserPermissions`, `safe_nd::SDataPubPermissions`, `safe_nd::SDataPubUserPermissions`, `safe_nd::SDataRequest`, `safe_nd::SDataUser`, `safe_nd::SDataUserPermissions`, `safe_nd::SeqMutableData`, `safe_nd::Transaction`, `safe_nd::UnseqMutableData`
[INFO] [stdout]   --> /opt/rustwide/cargo-home/registry/src/github.com-1ecc6299db9ec823/safe_core-0.43.1/src/client/mod.rs:47:35
[INFO] [stdout]    |
[INFO] [stdout] 47 |     AppPermissions, ClientFullId, ClientRequest, Coins, CoinsRequest, IData, IDataAddress,
[INFO] [stdout]    |                                   ^^^^^^^^^^^^^  ^^^^^  ^^^^^^^^^^^^  ^^^^^  ^^^^^^^^^^^^ no `IDataAddress` in the root
[INFO] [stdout]    |                                   |              |      |             |
[INFO] [stdout]    |                                   |              |      |             no `IData` in the root
[INFO] [stdout]    |                                   |              |      no `CoinsRequest` in the root
[INFO] [stdout]    |                                   |              no `Coins` in the root
[INFO] [stdout]    |                                   no `ClientRequest` in the root
[INFO] [stdout] 48 |     IDataRequest, LoginPacket, LoginPacketRequest, MData, MDataAddress, MDataEntries,
[INFO] [stdout]    |     ^^^^^^^^^^^^  ^^^^^^^^^^^  ^^^^^^^^^^^^^^^^^^  ^^^^^  ^^^^^^^^^^^^  ^^^^^^^^^^^^
[INFO] [stdout]    |     |             |            |                   |      |
[INFO] [stdout]    |     |             |            |                   |      no `MDataAddress` in the root
[INFO] [stdout]    |     |             |            |                   no `MData` in the root
[INFO] [stdout]    |     |             |            no `LoginPacketRequest` in the root
[INFO] [stdout]    |     |             no `LoginPacket` in the root
[INFO] [stdout]    |     no `IDataRequest` in the root
[INFO] [stdout] 49 |     MDataEntryActions, MDataPermissionSet, MDataRequest, MDataSeqEntries, MDataSeqEntryActions,
[INFO] [stdout]    |     ^^^^^^^^^^^^^^^^^  ^^^^^^^^^^^^^^^^^^  ^^^^^^^^^^^^  ^^^^^^^^^^^^^^^  ^^^^^^^^^^^^^^^^^^^^
[INFO] [stdout] 50 |     MDataSeqValue, MDataUnseqEntryActions, MDataValue, MDataValues, Message, MessageId, PublicId,
[INFO] [stdout]    |     ^^^^^^^^^^^^^  ^^^^^^^^^^^^^^^^^^^^^^  ^^^^^^^^^^  ^^^^^^^^^^^
[INFO] [stdout] 51 |     PublicKey, Request, RequestType, Response, SData, SDataAction, SDataAddress, SDataEntries,
[INFO] [stdout]    |                ^^^^^^^  ^^^^^^^^^^^  ^^^^^^^^  ^^^^^  ^^^^^^^^^^^  ^^^^^^^^^^^^  ^^^^^^^^^^^^
[INFO] [stdout] 52 |     SDataEntry, SDataIndex, SDataOwner, SDataPrivPermissions, SDataPrivUserPermissions,
[INFO] [stdout]    |     ^^^^^^^^^^  ^^^^^^^^^^  ^^^^^^^^^^  ^^^^^^^^^^^^^^^^^^^^  ^^^^^^^^^^^^^^^^^^^^^^^^
[INFO] [stdout] 53 |     SDataPubPermissions, SDataPubUserPermissions, SDataRequest, SDataUser, SDataUserPermissions,
[INFO] [stdout]    |     ^^^^^^^^^^^^^^^^^^^  ^^^^^^^^^^^^^^^^^^^^^^^  ^^^^^^^^^^^^  ^^^^^^^^^  ^^^^^^^^^^^^^^^^^^^^
[INFO] [stdout] 54 |     SeqMutableData, Transaction, UnseqMutableData,
[INFO] [stdout]    |     ^^^^^^^^^^^^^^  ^^^^^^^^^^^  ^^^^^^^^^^^^^^^^
[INFO] [stdout]    |
[INFO] [stdout] help: a similar name exists in the module
[INFO] [stdout]    |
[INFO] [stdout] 47 |     AppPermissions, ClientFullId, ClientRequest, Coins, CoinsRequest, Data, IDataAddress,
[INFO] [stdout]    |                                                                       ~~~~
[INFO] [stdout] help: a similar name exists in the module
[INFO] [stdout]    |
[INFO] [stdout] 47 |     AppPermissions, ClientFullId, ClientRequest, Coins, CoinsRequest, IData, MapAddress,
[INFO] [stdout]    |                                                                              ~~~~~~~~~~
[INFO] [stdout] help: a similar name exists in the module
[INFO] [stdout]    |
[INFO] [stdout] 48 |     IDataRequest, LoginPacket, LoginPacketRequest, Data, MDataAddress, MDataEntries,
[INFO] [stdout]    |                                                    ~~~~
[INFO] [stdout] help: a similar name exists in the module
[INFO] [stdout]    |
[INFO] [stdout] 48 |     IDataRequest, LoginPacket, LoginPacketRequest, MData, MapAddress, MDataEntries,
[INFO] [stdout]    |                                                           ~~~~~~~~~~
[INFO] [stdout] 
[INFO] [stdout] 
[INFO] [stdout] error[E0432]: unresolved imports `safe_nd::AppFullId`, `safe_nd::MDataAddress`, `safe_nd::MDataPermissionSet`, `safe_nd::MDataSeqValue`
[INFO] [stdout]   --> /opt/rustwide/cargo-home/registry/src/github.com-1ecc6299db9ec823/safe_core-0.43.1/src/core_structs.rs:27:5
[INFO] [stdout]    |
[INFO] [stdout] 27 |     AppFullId, ClientPublicId, MDataAddress, MDataPermissionSet, MDataSeqValue, PublicKey,
[INFO] [stdout]    |     ^^^^^^^^^                  ^^^^^^^^^^^^  ^^^^^^^^^^^^^^^^^^  ^^^^^^^^^^^^^ no `MDataSeqValue` in the root
[INFO] [stdout]    |     |                          |             |
[INFO] [stdout]    |     |                          |             no `MDataPermissionSet` in the root
[INFO] [stdout]    |     |                          no `MDataAddress` in the root
[INFO] [stdout]    |     no `AppFullId` in the root
[INFO] [stdout]    |
[INFO] [stdout] help: a similar name exists in the module
[INFO] [stdout]    |
[INFO] [stdout] 27 |     AppFullId, ClientPublicId, MapAddress, MDataPermissionSet, MDataSeqValue, PublicKey,
[INFO] [stdout]    |                                ~~~~~~~~~~
[INFO] [stdout] help: a similar name exists in the module
[INFO] [stdout]    |
[INFO] [stdout] 27 |     AppFullId, ClientPublicId, MDataAddress, MapPermissionSet, MDataSeqValue, PublicKey,
[INFO] [stdout]    |                                              ~~~~~~~~~~~~~~~~
[INFO] [stdout] help: a similar name exists in the module
[INFO] [stdout]    |
[INFO] [stdout] 27 |     AppFullId, ClientPublicId, MDataAddress, MDataPermissionSet, MapSeqValue, PublicKey,
[INFO] [stdout]    |                                                                  ~~~~~~~~~~~
[INFO] [stdout] 
[INFO] [stdout] 
[INFO] [stdout] error[E0432]: unresolved import `safe_nd::MDataPermissionSet`
[INFO] [stdout]   --> /opt/rustwide/cargo-home/registry/src/github.com-1ecc6299db9ec823/safe_core-0.43.1/src/ffi/ipc/req.rs:13:5
[INFO] [stdout]    |
[INFO] [stdout] 13 | use safe_nd::MDataPermissionSet;
[INFO] [stdout]    |     ^^^^^^^^^------------------
[INFO] [stdout]    |     |        |
[INFO] [stdout]    |     |        help: a similar name exists in the module: `MapPermissionSet`
[INFO] [stdout]    |     no `MDataPermissionSet` in the root
[INFO] [stdout] 
[INFO] [stdout] 
[INFO] [stdout] error[E0432]: unresolved import `safe_nd::MDataKind`
[INFO] [stdout]   --> /opt/rustwide/cargo-home/registry/src/github.com-1ecc6299db9ec823/safe_core-0.43.1/src/ffi/mod.rs:20:5
[INFO] [stdout]    |
[INFO] [stdout] 20 | use safe_nd::MDataKind as NativeMDataKind;
[INFO] [stdout]    |     ^^^^^^^^^---------^^^^^^^^^^^^^^^^^^^
[INFO] [stdout]    |     |        |
[INFO] [stdout]    |     |        help: a similar name exists in the module: `MapKind`
[INFO] [stdout]    |     no `MDataKind` in the root
[INFO] [stdout] 
[INFO] [stdout] 
[INFO] [stdout] error[E0432]: unresolved imports `safe_nd::IData`, `safe_nd::IDataAddress`, `safe_nd::PubImmutableData`, `safe_nd::UnpubImmutableData`
[INFO] [stdout]   --> /opt/rustwide/cargo-home/registry/src/github.com-1ecc6299db9ec823/safe_core-0.43.1/src/immutable_data.rs:21:15
[INFO] [stdout]    |
[INFO] [stdout] 21 | use safe_nd::{IData, IDataAddress, PubImmutableData, UnpubImmutableData};
[INFO] [stdout]    |               ^^^^^  ^^^^^^^^^^^^  ^^^^^^^^^^^^^^^^  ^^^^^^^^^^^^^^^^^^ no `UnpubImmutableData` in the root
[INFO] [stdout]    |               |      |             |
[INFO] [stdout]    |               |      |             no `PubImmutableData` in the root
[INFO] [stdout]    |               |      no `IDataAddress` in the root
[INFO] [stdout]    |               no `IData` in the root
[INFO] [stdout]    |
[INFO] [stdout] help: a similar name exists in the module
[INFO] [stdout]    |
[INFO] [stdout] 21 | use safe_nd::{Data, IDataAddress, PubImmutableData, UnpubImmutableData};
[INFO] [stdout]    |               ~~~~
[INFO] [stdout] help: a similar name exists in the module
[INFO] [stdout]    |
[INFO] [stdout] 21 | use safe_nd::{IData, MapAddress, PubImmutableData, UnpubImmutableData};
[INFO] [stdout]    |                      ~~~~~~~~~~
[INFO] [stdout] 
[INFO] [stdout] 
[INFO] [stdout] error[E0432]: unresolved import `safe_nd::MDataPermissionSet`
[INFO] [stdout]   --> /opt/rustwide/cargo-home/registry/src/github.com-1ecc6299db9ec823/safe_core-0.43.1/src/ipc/req/share_mdata.rs:13:5
[INFO] [stdout]    |
[INFO] [stdout] 13 | use safe_nd::MDataPermissionSet;
[INFO] [stdout]    |     ^^^^^^^^^------------------
[INFO] [stdout]    |     |        |
[INFO] [stdout]    |     |        help: a similar name exists in the module: `MapPermissionSet`
[INFO] [stdout]    |     no `MDataPermissionSet` in the root
[INFO] [stdout] 
[INFO] [stdout] 
[INFO] [stdout] error[E0432]: unresolved imports `safe_nd::MDataAction`, `safe_nd::MDataPermissionSet`
[INFO] [stdout]   --> /opt/rustwide/cargo-home/registry/src/github.com-1ecc6299db9ec823/safe_core-0.43.1/src/ipc/req/mod.rs:25:15
[INFO] [stdout]    |
[INFO] [stdout] 25 | use safe_nd::{MDataAction, MDataPermissionSet};
[INFO] [stdout]    |               ^^^^^^^^^^^  ^^^^^^^^^^^^^^^^^^ no `MDataPermissionSet` in the root
[INFO] [stdout]    |               |
[INFO] [stdout]    |               no `MDataAction` in the root
[INFO] [stdout]    |
[INFO] [stdout] help: a similar name exists in the module
[INFO] [stdout]    |
[INFO] [stdout] 25 | use safe_nd::{MapAction, MDataPermissionSet};
[INFO] [stdout]    |               ~~~~~~~~~
[INFO] [stdout] help: a similar name exists in the module
[INFO] [stdout]    |
[INFO] [stdout] 25 | use safe_nd::{MDataAction, MapPermissionSet};
[INFO] [stdout]    |                            ~~~~~~~~~~~~~~~~
[INFO] [stdout] 
[INFO] [stdout] 
[INFO] [stdout] error[E0432]: unresolved import `safe_nd::MDataSeqEntryActions`
[INFO] [stdout]   --> /opt/rustwide/cargo-home/registry/src/github.com-1ecc6299db9ec823/safe_core-0.43.1/src/nfs/file_helper.rs:16:34
[INFO] [stdout]    |
[INFO] [stdout] 16 | use safe_nd::{Error as SndError, MDataSeqEntryActions};
[INFO] [stdout]    |                                  ^^^^^^^^^^^^^^^^^^^^
[INFO] [stdout]    |                                  |
[INFO] [stdout]    |                                  no `MDataSeqEntryActions` in the root
[INFO] [stdout]    |                                  help: a similar name exists in the module: `MapSeqEntryActions`
[INFO] [stdout] 
[INFO] [stdout] 
[INFO] [stdout] error[E0432]: unresolved import `safe_nd::IDataAddress`
[INFO] [stdout]   --> /opt/rustwide/cargo-home/registry/src/github.com-1ecc6299db9ec823/safe_core-0.43.1/src/nfs/data_map.rs:16:5
[INFO] [stdout]    |
[INFO] [stdout] 16 | use safe_nd::IDataAddress;
[INFO] [stdout]    |     ^^^^^^^^^------------
[INFO] [stdout]    |     |        |
[INFO] [stdout]    |     |        help: a similar name exists in the module: `MapAddress`
[INFO] [stdout]    |     no `IDataAddress` in the root
[INFO] [stdout] 
[INFO] [stdout] 
[INFO] [stdout] error[E0432]: unresolved imports `safe_nd::MDataPermissionSet`, `safe_nd::MDataSeqEntries`, `safe_nd::SeqMutableData`
[INFO] [stdout]   --> /opt/rustwide/cargo-home/registry/src/github.com-1ecc6299db9ec823/safe_core-0.43.1/src/nfs/dir.rs:13:34
[INFO] [stdout]    |
[INFO] [stdout] 13 | use safe_nd::{Error as SndError, MDataPermissionSet, MDataSeqEntries, PublicKey, SeqMutableData};
[INFO] [stdout]    |                                  ^^^^^^^^^^^^^^^^^^  ^^^^^^^^^^^^^^^             ^^^^^^^^^^^^^^ no `SeqMutableData` in the root
[INFO] [stdout]    |                                  |                   |
[INFO] [stdout]    |                                  |                   no `MDataSeqEntries` in the root
[INFO] [stdout]    |                                  no `MDataPermissionSet` in the root
[INFO] [stdout]    |
[INFO] [stdout] help: a similar name exists in the module
[INFO] [stdout]    |
[INFO] [stdout] 13 | use safe_nd::{Error as SndError, MapPermissionSet, MDataSeqEntries, PublicKey, SeqMutableData};
[INFO] [stdout]    |                                  ~~~~~~~~~~~~~~~~
[INFO] [stdout] help: a similar name exists in the module
[INFO] [stdout]    |
[INFO] [stdout] 13 | use safe_nd::{Error as SndError, MDataPermissionSet, MapSeqEntries, PublicKey, SeqMutableData};
[INFO] [stdout]    |                                                      ~~~~~~~~~~~~~
[INFO] [stdout] 
[INFO] [stdout] 
[INFO] [stdout] error[E0432]: unresolved imports `safe_nd::IDataAddress`, `safe_nd::IDataKind`
[INFO] [stdout]   --> /opt/rustwide/cargo-home/registry/src/github.com-1ecc6299db9ec823/safe_core-0.43.1/src/nfs/file.rs:13:15
[INFO] [stdout]    |
[INFO] [stdout] 13 | use safe_nd::{IDataAddress, IDataKind};
[INFO] [stdout]    |               ^^^^^^^^^^^^  ^^^^^^^^^ no `IDataKind` in the root
[INFO] [stdout]    |               |
[INFO] [stdout]    |               no `IDataAddress` in the root
[INFO] [stdout]    |               help: a similar name exists in the module: `MapAddress`
[INFO] [stdout] 
[INFO] [stdout] 
[INFO] [stdout] error[E0432]: unresolved imports `safe_nd::IData`, `safe_nd::IDataAddress`, `safe_nd::PubImmutableData`, `safe_nd::UnpubImmutableData`
[INFO] [stdout]   --> /opt/rustwide/cargo-home/registry/src/github.com-1ecc6299db9ec823/safe_core-0.43.1/src/self_encryption_storage.rs:12:15
[INFO] [stdout]    |
[INFO] [stdout] 12 | use safe_nd::{IData, IDataAddress, PubImmutableData, UnpubImmutableData};
[INFO] [stdout]    |               ^^^^^  ^^^^^^^^^^^^  ^^^^^^^^^^^^^^^^  ^^^^^^^^^^^^^^^^^^ no `UnpubImmutableData` in the root
[INFO] [stdout]    |               |      |             |
[INFO] [stdout]    |               |      |             no `PubImmutableData` in the root
[INFO] [stdout]    |               |      no `IDataAddress` in the root
[INFO] [stdout]    |               no `IData` in the root
[INFO] [stdout]    |
[INFO] [stdout] help: a similar name exists in the module
[INFO] [stdout]    |
[INFO] [stdout] 12 | use safe_nd::{Data, IDataAddress, PubImmutableData, UnpubImmutableData};
[INFO] [stdout]    |               ~~~~
[INFO] [stdout] help: a similar name exists in the module
[INFO] [stdout]    |
[INFO] [stdout] 12 | use safe_nd::{IData, MapAddress, PubImmutableData, UnpubImmutableData};
[INFO] [stdout]    |                      ~~~~~~~~~~
[INFO] [stdout] 
[INFO] [stdout] 
[INFO] [stdout] error[E0432]: unresolved import `self_encryption::StorageError`
[INFO] [stdout]   --> /opt/rustwide/cargo-home/registry/src/github.com-1ecc6299db9ec823/safe_core-0.43.1/src/self_encryption_storage.rs:13:32
[INFO] [stdout]    |
[INFO] [stdout] 13 | use self_encryption::{Storage, StorageError};
[INFO] [stdout]    |                                ^^^^^^^^^^^^ no `StorageError` in the root
[INFO] [stdout] 
[INFO] [stdout] 
[INFO] [stdout] error[E0432]: unresolved imports `safe_nd::AppFullId`, `safe_nd::Coins`
[INFO] [stdout]   --> /opt/rustwide/cargo-home/registry/src/github.com-1ecc6299db9ec823/safe_core-0.43.1/src/utils/test_utils/mod.rs:22:15
[INFO] [stdout]    |
[INFO] [stdout] 22 | use safe_nd::{AppFullId, ClientFullId, ClientPublicId, Coins, Keypair};
[INFO] [stdout]    |               ^^^^^^^^^ no `AppFullId` in the root     ^^^^^ no `Coins` in the root
[INFO] [stdout] 
[INFO] [stdout] 
[INFO] [stdout] error[E0432]: unresolved imports `safe_nd::Request`, `safe_nd::RequestType`, `safe_nd::Response`
[INFO] [stdout]   --> /opt/rustwide/cargo-home/registry/src/github.com-1ecc6299db9ec823/safe_core-0.43.1/src/connection_manager/connection_group.rs:25:86
[INFO] [stdout]    |
[INFO] [stdout] 25 |     HandshakeRequest, HandshakeResponse, Message, MessageId, NodePublicId, PublicId, Request,
[INFO] [stdout]    |                                                                                      ^^^^^^^ no `Request` in the root
[INFO] [stdout] 26 |     RequestType, Response,
[INFO] [stdout]    |     ^^^^^^^^^^^  ^^^^^^^^ no `Response` in the root
[INFO] [stdout]    |     |
[INFO] [stdout]    |     no `RequestType` in the root
[INFO] [stdout]    |
[INFO] [stdout]    = help: consider importing this struct instead:
[INFO] [stdout]            ws::Request
[INFO] [stdout]    = help: consider importing one of these items instead:
[INFO] [stdout]            log4rs::filter::Response
[INFO] [stdout]            safe_nd::TryFromError::Response
[INFO] [stdout]            ws::Response
[INFO] [stdout] 
[INFO] [stdout] 
[INFO] [stdout] error[E0432]: unresolved import `safe_nd::Response`
[INFO] [stdout]   --> /opt/rustwide/cargo-home/registry/src/github.com-1ecc6299db9ec823/safe_core-0.43.1/src/connection_manager/response_manager.rs:11:26
[INFO] [stdout]    |
[INFO] [stdout] 11 | use safe_nd::{MessageId, Response};
[INFO] [stdout]    |                          ^^^^^^^^ no `Response` in the root
[INFO] [stdout]    |
[INFO] [stdout]    = help: consider importing one of these items instead:
[INFO] [stdout]            log4rs::filter::Response
[INFO] [stdout]            safe_nd::TryFromError::Response
[INFO] [stdout]            ws::Response
[INFO] [stdout] 
[INFO] [stdout] 
[INFO] [stdout] error[E0432]: unresolved import `safe_nd::Response`
[INFO] [stdout]   --> /opt/rustwide/cargo-home/registry/src/github.com-1ecc6299db9ec823/safe_core-0.43.1/src/connection_manager/mod.rs:18:34
[INFO] [stdout]    |
[INFO] [stdout] 18 | use safe_nd::{Message, PublicId, Response};
[INFO] [stdout]    |                                  ^^^^^^^^ no `Response` in the root
[INFO] [stdout]    |
[INFO] [stdout]    = help: consider importing one of these items instead:
[INFO] [stdout]            log4rs::filter::Response
[INFO] [stdout]            safe_nd::TryFromError::Response
[INFO] [stdout]            ws::Response
[INFO] [stdout] 
[INFO] [stdout] 
[INFO] [stdout] error[E0437]: type `Error` is not a member of trait `Storage`
[INFO] [stdout]   --> /opt/rustwide/cargo-home/registry/src/github.com-1ecc6299db9ec823/safe_core-0.43.1/src/self_encryption_storage.rs:35:5
[INFO] [stdout]    |
[INFO] [stdout] 35 |     type Error = SEStorageError;
[INFO] [stdout]    |     ^^^^^^^^^^^^^^^^^^^^^^^^^^^^ not a member of trait `Storage`
[INFO] [stdout] 
[INFO] [stdout] 
[INFO] [stdout] error[E0437]: type `Error` is not a member of trait `Storage`
[INFO] [stdout]    --> /opt/rustwide/cargo-home/registry/src/github.com-1ecc6299db9ec823/safe_core-0.43.1/src/self_encryption_storage.rs:128:5
[INFO] [stdout]     |
[INFO] [stdout] 128 |     type Error = SEStorageError;
[INFO] [stdout]     |     ^^^^^^^^^^^^^^^^^^^^^^^^^^^^ not a member of trait `Storage`
[INFO] [stdout] 
[INFO] [stdout] 
[INFO] [stdout] error[E0576]: cannot find associated type `Error` in trait `Storage`
[INFO] [stdout]   --> /opt/rustwide/cargo-home/registry/src/github.com-1ecc6299db9ec823/safe_core-0.43.1/src/self_encryption_storage.rs:37:63
[INFO] [stdout]    |
[INFO] [stdout] 37 |     async fn get(&self, name: &[u8]) -> Result<Vec<u8>, Self::Error> {
[INFO] [stdout]    |                                                               ^^^^^ not found in `Storage`
[INFO] [stdout] 
[INFO] [stdout] 
[INFO] [stdout] error[E0576]: cannot find associated type `Error` in trait `Storage`
[INFO] [stdout]   --> /opt/rustwide/cargo-home/registry/src/github.com-1ecc6299db9ec823/safe_core-0.43.1/src/self_encryption_storage.rs:64:76
[INFO] [stdout]    |
[INFO] [stdout] 64 |     async fn put(&mut self, _: Vec<u8>, data: Vec<u8>) -> Result<(), Self::Error> {
[INFO] [stdout]    |                                                                            ^^^^^ not found in `Storage`
[INFO] [stdout] 
[INFO] [stdout] 
[INFO] [stdout] error[E0576]: cannot find associated type `Error` in trait `Storage`
[INFO] [stdout]    --> /opt/rustwide/cargo-home/registry/src/github.com-1ecc6299db9ec823/safe_core-0.43.1/src/self_encryption_storage.rs:130:64
[INFO] [stdout]     |
[INFO] [stdout] 130 |     async fn get(&self, _name: &[u8]) -> Result<Vec<u8>, Self::Error> {
[INFO] [stdout]     |                                                                ^^^^^ not found in `Storage`
[INFO] [stdout] 
[INFO] [stdout] 
[INFO] [stdout] error[E0576]: cannot find associated type `Error` in trait `Storage`
[INFO] [stdout]    --> /opt/rustwide/cargo-home/registry/src/github.com-1ecc6299db9ec823/safe_core-0.43.1/src/self_encryption_storage.rs:137:77
[INFO] [stdout]     |
[INFO] [stdout] 137 |     async fn put(&mut self, _: Vec<u8>, _data: Vec<u8>) -> Result<(), Self::Error> {
[INFO] [stdout]     |                                                                             ^^^^^ not found in `Storage`
[INFO] [stdout] 
[INFO] [stdout] 
[INFO] [stdout] error[E0107]: enum takes 0 generic arguments but 1 generic argument was supplied
[INFO] [stdout]   --> /opt/rustwide/cargo-home/registry/src/github.com-1ecc6299db9ec823/safe_core-0.43.1/src/nfs/errors.rs:31:20
[INFO] [stdout]    |
[INFO] [stdout] 31 |     SelfEncryption(SelfEncryptionError<SEStorageError>),
[INFO] [stdout]    |                    ^^^^^^^^^^^^^^^^^^^---------------- help: remove these generics
[INFO] [stdout]    |                    |
[INFO] [stdout]    |                    expected 0 generic arguments
[INFO] [stdout]    |
[INFO] [stdout] note: enum defined here, with 0 generic parameters
[INFO] [stdout]   --> /opt/rustwide/cargo-home/registry/src/github.com-1ecc6299db9ec823/self_encryption-0.19.5/src/error.rs:17:10
[INFO] [stdout]    |
[INFO] [stdout] 17 | pub enum SelfEncryptionError {
[INFO] [stdout]    |          ^^^^^^^^^^^^^^^^^^^
[INFO] [stdout] 
[INFO] [stdout] 
[INFO] [stdout] error[E0107]: enum takes 0 generic arguments but 1 generic argument was supplied
[INFO] [stdout]   --> /opt/rustwide/cargo-home/registry/src/github.com-1ecc6299db9ec823/safe_core-0.43.1/src/errors.rs:57:20
[INFO] [stdout]    |
[INFO] [stdout] 57 |     SelfEncryption(SelfEncryptionError<SEStorageError>),
[INFO] [stdout]    |                    ^^^^^^^^^^^^^^^^^^^---------------- help: remove these generics
[INFO] [stdout]    |                    |
[INFO] [stdout]    |                    expected 0 generic arguments
[INFO] [stdout]    |
[INFO] [stdout] note: enum defined here, with 0 generic parameters
[INFO] [stdout]   --> /opt/rustwide/cargo-home/registry/src/github.com-1ecc6299db9ec823/self_encryption-0.19.5/src/error.rs:17:10
[INFO] [stdout]    |
[INFO] [stdout] 17 | pub enum SelfEncryptionError {
[INFO] [stdout]    |          ^^^^^^^^^^^^^^^^^^^
[INFO] [stdout] 
[INFO] [stdout] 
[INFO] [stdout] error[E0220]: associated type `Error` not found for `self_encryption::Storage`
[INFO] [stdout]    --> /opt/rustwide/cargo-home/registry/src/github.com-1ecc6299db9ec823/safe_core-0.43.1/src/immutable_data.rs:118:16
[INFO] [stdout]     |
[INFO] [stdout] 118 |     S: Storage<Error = SEStorageError> + Clone + Send + Sync + 'static,
[INFO] [stdout]     |                ^^^^^ associated type `Error` not found
[INFO] [stdout] 
[INFO] [stdout] 
[INFO] [stdout] error[E0220]: associated type `Error` not found for `self_encryption::Storage`
[INFO] [stdout]    --> /opt/rustwide/cargo-home/registry/src/github.com-1ecc6299db9ec823/safe_core-0.43.1/src/immutable_data.rs:144:16
[INFO] [stdout]     |
[INFO] [stdout] 144 |     S: Storage<Error = SEStorageError> + Clone + 'static + Sync + Send,
[INFO] [stdout]     |                ^^^^^ associated type `Error` not found
[INFO] [stdout] 
[INFO] [stdout] 
[INFO] [stdout] error[E0220]: associated type `Error` not found for `self_encryption::Storage`
[INFO] [stdout]    --> /opt/rustwide/cargo-home/registry/src/github.com-1ecc6299db9ec823/safe_core-0.43.1/src/immutable_data.rs:172:16
[INFO] [stdout]     |
[INFO] [stdout] 172 |     S: Storage<Error = SEStorageError> + Clone + 'static + Send + Sync,
[INFO] [stdout]     |                ^^^^^ associated type `Error` not found
[INFO] [stdout] 
[INFO] [stdout] 
[INFO] [stdout] error[E0107]: enum takes 0 generic arguments but 1 generic argument was supplied
[INFO] [stdout]   --> /opt/rustwide/cargo-home/registry/src/github.com-1ecc6299db9ec823/safe_core-0.43.1/src/nfs/errors.rs:52:11
[INFO] [stdout]    |
[INFO] [stdout] 52 | impl From<SelfEncryptionError<SEStorageError>> for NfsError {
[INFO] [stdout]    |           ^^^^^^^^^^^^^^^^^^^---------------- help: remove these generics
[INFO] [stdout]    |           |
[INFO] [stdout]    |           expected 0 generic arguments
[INFO] [stdout]    |
[INFO] [stdout] note: enum defined here, with 0 generic parameters
[INFO] [stdout]   --> /opt/rustwide/cargo-home/registry/src/github.com-1ecc6299db9ec823/self_encryption-0.19.5/src/error.rs:17:10
[INFO] [stdout]    |
[INFO] [stdout] 17 | pub enum SelfEncryptionError {
[INFO] [stdout]    |          ^^^^^^^^^^^^^^^^^^^
[INFO] [stdout] 
[INFO] [stdout] 
[INFO] [stdout] error[E0107]: enum takes 0 generic arguments but 1 generic argument was supplied
[INFO] [stdout]   --> /opt/rustwide/cargo-home/registry/src/github.com-1ecc6299db9ec823/safe_core-0.43.1/src/nfs/errors.rs:53:20
[INFO] [stdout]    |
[INFO] [stdout] 53 |     fn from(error: SelfEncryptionError<SEStorageError>) -> Self {
[INFO] [stdout]    |                    ^^^^^^^^^^^^^^^^^^^---------------- help: remove these generics
[INFO] [stdout]    |                    |
[INFO] [stdout]    |                    expected 0 generic arguments
[INFO] [stdout]    |
[INFO] [stdout] note: enum defined here, with 0 generic parameters
[INFO] [stdout]   --> /opt/rustwide/cargo-home/registry/src/github.com-1ecc6299db9ec823/self_encryption-0.19.5/src/error.rs:17:10
[INFO] [stdout]    |
[INFO] [stdout] 17 | pub enum SelfEncryptionError {
[INFO] [stdout]    |          ^^^^^^^^^^^^^^^^^^^
[INFO] [stdout] 
[INFO] [stdout] 
[INFO] [stdout] error: aborting due to 35 previous errors
[INFO] [stdout] 
[INFO] [stdout] 
[INFO] [stdout] Some errors have detailed explanations: E0107, E0220, E0432, E0437, E0576.
[INFO] [stdout] 
[INFO] [stdout] For more information about an error, try `rustc --explain E0107`.
[INFO] [stdout] 
[INFO] [stderr] error: could not compile `safe_core` due to 36 previous errors
[INFO] [stderr] warning: build failed, waiting for other jobs to finish...
[INFO] running `Command { std: "docker" "inspect" "b754a2de07311c1bbb613fd0c3eae5c57cb07c2a8d4d72eb1ae3039405036f53", kill_on_drop: false }`
[INFO] running `Command { std: "docker" "rm" "-f" "b754a2de07311c1bbb613fd0c3eae5c57cb07c2a8d4d72eb1ae3039405036f53", kill_on_drop: false }`
[INFO] [stdout] b754a2de07311c1bbb613fd0c3eae5c57cb07c2a8d4d72eb1ae3039405036f53
