[INFO] fetching crate rvv-asm 0.2.1...
[INFO] testing rvv-asm-0.2.1 against 1.69.0 for beta-1.70-1
[INFO] extracting crate rvv-asm 0.2.1 into /workspace/builds/worker-1-tc1/source
[INFO] validating manifest of crates.io crate rvv-asm 0.2.1 on toolchain 1.69.0
[INFO] running `Command { std: CARGO_HOME="/workspace/cargo-home" RUSTUP_HOME="/workspace/rustup-home" "/workspace/cargo-home/bin/cargo" "+1.69.0" "metadata" "--manifest-path" "Cargo.toml" "--no-deps", kill_on_drop: false }`
[INFO] started tweaking crates.io crate rvv-asm 0.2.1
[INFO] finished tweaking crates.io crate rvv-asm 0.2.1
[INFO] tweaked toml for crates.io crate rvv-asm 0.2.1 written to /workspace/builds/worker-1-tc1/source/Cargo.toml
[INFO] crate crates.io crate rvv-asm 0.2.1 already has a lockfile, it will not be regenerated
[INFO] running `Command { std: CARGO_HOME="/workspace/cargo-home" RUSTUP_HOME="/workspace/rustup-home" "/workspace/cargo-home/bin/cargo" "+1.69.0" "fetch" "--manifest-path" "Cargo.toml", kill_on_drop: false }`
[INFO] [stderr]  Downloading crates ...
[INFO] [stderr]   Downloaded rvv-encode v0.2.1
[INFO] running `Command { std: "docker" "create" "-v" "/var/lib/crater-agent-workspace/builds/worker-1-tc1/target:/opt/rustwide/target:rw,Z" "-v" "/var/lib/crater-agent-workspace/builds/worker-1-tc1/source:/opt/rustwide/workdir:ro,Z" "-v" "/var/lib/crater-agent-workspace/cargo-home:/opt/rustwide/cargo-home:ro,Z" "-v" "/var/lib/crater-agent-workspace/rustup-home:/opt/rustwide/rustup-home:ro,Z" "-e" "SOURCE_DIR=/opt/rustwide/workdir" "-e" "CARGO_TARGET_DIR=/opt/rustwide/target" "-e" "CARGO_HOME=/opt/rustwide/cargo-home" "-e" "RUSTUP_HOME=/opt/rustwide/rustup-home" "-w" "/opt/rustwide/workdir" "-m" "1610612736" "--user" "0:0" "--network" "none" "ghcr.io/rust-lang/crates-build-env/linux@sha256:5ff2268d62e97bff2cde7d5815dd6ed5b47097566f13b8d0ca110b04b60e07ed" "/opt/rustwide/cargo-home/bin/cargo" "+1.69.0" "metadata" "--no-deps" "--format-version=1", kill_on_drop: false }`
[INFO] [stdout] e0f42ff078a8e9847092ecad567ba577ee041bb1d0524e5eff7ab9f33fba63a2
[INFO] running `Command { std: "docker" "start" "-a" "e0f42ff078a8e9847092ecad567ba577ee041bb1d0524e5eff7ab9f33fba63a2", kill_on_drop: false }`
[INFO] running `Command { std: "docker" "inspect" "e0f42ff078a8e9847092ecad567ba577ee041bb1d0524e5eff7ab9f33fba63a2", kill_on_drop: false }`
[INFO] running `Command { std: "docker" "rm" "-f" "e0f42ff078a8e9847092ecad567ba577ee041bb1d0524e5eff7ab9f33fba63a2", kill_on_drop: false }`
[INFO] [stdout] e0f42ff078a8e9847092ecad567ba577ee041bb1d0524e5eff7ab9f33fba63a2
[INFO] running `Command { std: "docker" "create" "-v" "/var/lib/crater-agent-workspace/builds/worker-1-tc1/target:/opt/rustwide/target:rw,Z" "-v" "/var/lib/crater-agent-workspace/builds/worker-1-tc1/source:/opt/rustwide/workdir:ro,Z" "-v" "/var/lib/crater-agent-workspace/cargo-home:/opt/rustwide/cargo-home:ro,Z" "-v" "/var/lib/crater-agent-workspace/rustup-home:/opt/rustwide/rustup-home:ro,Z" "-e" "SOURCE_DIR=/opt/rustwide/workdir" "-e" "CARGO_TARGET_DIR=/opt/rustwide/target" "-e" "CARGO_INCREMENTAL=0" "-e" "RUST_BACKTRACE=full" "-e" "RUSTFLAGS=--cap-lints=warn" "-e" "RUSTDOCFLAGS=--cap-lints=warn" "-e" "CARGO_HOME=/opt/rustwide/cargo-home" "-e" "RUSTUP_HOME=/opt/rustwide/rustup-home" "-w" "/opt/rustwide/workdir" "-m" "1610612736" "--user" "0:0" "--network" "none" "ghcr.io/rust-lang/crates-build-env/linux@sha256:5ff2268d62e97bff2cde7d5815dd6ed5b47097566f13b8d0ca110b04b60e07ed" "/opt/rustwide/cargo-home/bin/cargo" "+1.69.0" "build" "--frozen" "--message-format=json", kill_on_drop: false }`
[INFO] [stdout] d16c280273a17861a77eeca25a8d9837e8ec7c3283f8455bcf997b09c0a170ed
[INFO] running `Command { std: "docker" "start" "-a" "d16c280273a17861a77eeca25a8d9837e8ec7c3283f8455bcf997b09c0a170ed", kill_on_drop: false }`
[INFO] [stderr]    Compiling proc-macro2 v1.0.42
[INFO] [stderr]    Compiling ucd-trie v0.1.4
[INFO] [stderr]    Compiling syn v1.0.98
[INFO] [stderr]    Compiling maplit v1.0.2
[INFO] [stderr]    Compiling anyhow v1.0.58
[INFO] [stderr]    Compiling pest v2.1.3
[INFO] [stderr]    Compiling pest_meta v2.1.3
[INFO] [stderr]    Compiling quote v1.0.20
[INFO] [stderr]    Compiling pest_generator v2.1.3
[INFO] [stderr]    Compiling pest_derive v2.1.0
[INFO] [stderr]    Compiling rvv-encode v0.2.1
[INFO] [stderr]    Compiling rvv-asm v0.2.1 (/opt/rustwide/workdir)
[INFO] [stderr]     Finished dev [unoptimized + debuginfo] target(s) in 6.45s
[INFO] running `Command { std: "docker" "inspect" "d16c280273a17861a77eeca25a8d9837e8ec7c3283f8455bcf997b09c0a170ed", kill_on_drop: false }`
[INFO] running `Command { std: "docker" "rm" "-f" "d16c280273a17861a77eeca25a8d9837e8ec7c3283f8455bcf997b09c0a170ed", kill_on_drop: false }`
[INFO] [stdout] d16c280273a17861a77eeca25a8d9837e8ec7c3283f8455bcf997b09c0a170ed
[INFO] running `Command { std: "docker" "create" "-v" "/var/lib/crater-agent-workspace/builds/worker-1-tc1/target:/opt/rustwide/target:rw,Z" "-v" "/var/lib/crater-agent-workspace/builds/worker-1-tc1/source:/opt/rustwide/workdir:ro,Z" "-v" "/var/lib/crater-agent-workspace/cargo-home:/opt/rustwide/cargo-home:ro,Z" "-v" "/var/lib/crater-agent-workspace/rustup-home:/opt/rustwide/rustup-home:ro,Z" "-e" "SOURCE_DIR=/opt/rustwide/workdir" "-e" "CARGO_TARGET_DIR=/opt/rustwide/target" "-e" "CARGO_INCREMENTAL=0" "-e" "RUST_BACKTRACE=full" "-e" "RUSTFLAGS=--cap-lints=warn" "-e" "RUSTDOCFLAGS=--cap-lints=warn" "-e" "CARGO_HOME=/opt/rustwide/cargo-home" "-e" "RUSTUP_HOME=/opt/rustwide/rustup-home" "-w" "/opt/rustwide/workdir" "-m" "1610612736" "--user" "0:0" "--network" "none" "ghcr.io/rust-lang/crates-build-env/linux@sha256:5ff2268d62e97bff2cde7d5815dd6ed5b47097566f13b8d0ca110b04b60e07ed" "/opt/rustwide/cargo-home/bin/cargo" "+1.69.0" "test" "--frozen" "--no-run" "--message-format=json", kill_on_drop: false }`
[INFO] [stdout] 4410e4d12d3c65c86b2a18516e44c626b53e617f217907aaed2050be1fddb9f0
[INFO] running `Command { std: "docker" "start" "-a" "4410e4d12d3c65c86b2a18516e44c626b53e617f217907aaed2050be1fddb9f0", kill_on_drop: false }`
[INFO] [stderr]    Compiling proc-macro2 v1.0.42
[INFO] [stderr]    Compiling unicode-ident v1.0.2
[INFO] [stderr]    Compiling ucd-trie v0.1.4
[INFO] [stderr]    Compiling quote v1.0.20
[INFO] [stderr]    Compiling syn v1.0.98
[INFO] [stderr]    Compiling anyhow v1.0.58
[INFO] [stderr]    Compiling pest v2.1.3
[INFO] [stderr]    Compiling pest_meta v2.1.3
[INFO] [stderr]    Compiling pest_generator v2.1.3
[INFO] [stderr]    Compiling pest_derive v2.1.0
[INFO] [stderr]    Compiling rvv-encode v0.2.1
[INFO] [stderr]    Compiling rvv-asm v0.2.1 (/opt/rustwide/workdir)
[INFO] [stdout] error: cannot find macro `asm` in this scope
[INFO] [stdout]   --> examples/simple.rs:14:9
[INFO] [stdout]    |
[INFO] [stdout] 14 | /         rvv_asm!(
[INFO] [stdout] 15 | |             "vsetvl x5, s3, t6",
[INFO] [stdout] 16 | |             "li {a}, 3",
[INFO] [stdout] 17 | |             "vle256.v v3, (a0), vm",
[INFO] [stdout] ...  |
[INFO] [stdout] 22 | |             hi = out(reg) hi,
[INFO] [stdout] 23 | |         );
[INFO] [stdout]    | |_________^
[INFO] [stdout]    |
[INFO] [stdout]    = help: consider importing one of these items:
[INFO] [stdout]            std::arch::asm
[INFO] [stdout]            core::arch::asm
[INFO] [stdout]    = note: this error originates in the macro `rvv_asm` (in Nightly builds, run with -Z macro-backtrace for more info)
[INFO] [stdout] 
[INFO] [stdout] 
[INFO] [stdout] error: cannot find macro `asm` in this scope
[INFO] [stdout]   --> examples/simple.rs:28:9
[INFO] [stdout]    |
[INFO] [stdout] 28 | /         rvv_asm!(
[INFO] [stdout] 29 | |             "vsetvl x5, s3, t6",
[INFO] [stdout] 30 | |             "1: vle256.v v3, (a0), vm",
[INFO] [stdout] 31 | |             "2:",
[INFO] [stdout] 32 | |             "li {lo}, 4",
[INFO] [stdout] 33 | |             lo = out(reg) lo,
[INFO] [stdout] 34 | |         );
[INFO] [stdout]    | |_________^
[INFO] [stdout]    |
[INFO] [stdout]    = help: consider importing one of these items:
[INFO] [stdout]            std::arch::asm
[INFO] [stdout]            core::arch::asm
[INFO] [stdout]    = note: this error originates in the macro `rvv_asm` (in Nightly builds, run with -Z macro-backtrace for more info)
[INFO] [stdout] 
[INFO] [stdout] 
[INFO] [stdout] error: cannot find macro `asm` in this scope
[INFO] [stdout]   --> examples/simple.rs:39:9
[INFO] [stdout]    |
[INFO] [stdout] 39 | /         rvv_asm!(
[INFO] [stdout] 40 | |             "vsetvl x5, s3, t6 \n li {0}, 3",
[INFO] [stdout] 41 | |             in(reg) a,
[INFO] [stdout] 42 | |         );
[INFO] [stdout]    | |_________^
[INFO] [stdout]    |
[INFO] [stdout]    = help: consider importing one of these items:
[INFO] [stdout]            std::arch::asm
[INFO] [stdout]            core::arch::asm
[INFO] [stdout]    = note: this error originates in the macro `rvv_asm` (in Nightly builds, run with -Z macro-backtrace for more info)
[INFO] [stdout] 
[INFO] [stdout] 
[INFO] [stdout] error[E0554]: `#![feature]` may not be used on the stable release channel
[INFO] [stdout]  --> examples/simple.rs:1:1
[INFO] [stdout]   |
[INFO] [stdout] 1 | #![feature(asm)]
[INFO] [stdout]   | ^^^^^^^^^^^^^^^^
[INFO] [stdout] 
[INFO] [stdout] 
[INFO] [stdout] error[E0554]: `#![feature]` may not be used on the stable release channel
[INFO] [stdout]  --> examples/simple.rs:2:1
[INFO] [stdout]   |
[INFO] [stdout] 2 | #![feature(asm_const)]
[INFO] [stdout]   | ^^^^^^^^^^^^^^^^^^^^^^
[INFO] [stdout] 
[INFO] [stdout] 
[INFO] [stdout] error[E0554]: `#![feature]` may not be used on the stable release channel
[INFO] [stdout]  --> examples/simple.rs:1:12
[INFO] [stdout]   |
[INFO] [stdout] 1 | #![feature(asm)]
[INFO] [stdout]   |            ^^^
[INFO] [stdout] 
[INFO] [stdout] 
[INFO] [stdout] warning: the feature `asm` has been stable since 1.59.0 and no longer requires an attribute to enable
[INFO] [stdout]  --> examples/simple.rs:1:12
[INFO] [stdout]   |
[INFO] [stdout] 1 | #![feature(asm)]
[INFO] [stdout]   |            ^^^
[INFO] [stdout]   |
[INFO] [stdout]   = note: `#[warn(stable_features)]` on by default
[INFO] [stdout] 
[INFO] [stdout] 
[INFO] [stdout] error: aborting due to 6 previous errors; 1 warning emitted
[INFO] [stdout] 
[INFO] [stdout] 
[INFO] [stdout] For more information about this error, try `rustc --explain E0554`.
[INFO] [stdout] 
[INFO] [stderr] error: could not compile `rvv-asm` due to 7 previous errors; 1 warning emitted
[INFO] running `Command { std: "docker" "inspect" "4410e4d12d3c65c86b2a18516e44c626b53e617f217907aaed2050be1fddb9f0", kill_on_drop: false }`
[INFO] running `Command { std: "docker" "rm" "-f" "4410e4d12d3c65c86b2a18516e44c626b53e617f217907aaed2050be1fddb9f0", kill_on_drop: false }`
[INFO] [stdout] 4410e4d12d3c65c86b2a18516e44c626b53e617f217907aaed2050be1fddb9f0
