[INFO] fetching crate rusty_spine 0.5.2...
[INFO] testing rusty_spine-0.5.2 against 1.69.0 for beta-1.70-1
[INFO] extracting crate rusty_spine 0.5.2 into /workspace/builds/worker-5-tc1/source
[INFO] validating manifest of crates.io crate rusty_spine 0.5.2 on toolchain 1.69.0
[INFO] running `Command { std: CARGO_HOME="/workspace/cargo-home" RUSTUP_HOME="/workspace/rustup-home" "/workspace/cargo-home/bin/cargo" "+1.69.0" "metadata" "--manifest-path" "Cargo.toml" "--no-deps", kill_on_drop: false }`
[INFO] started tweaking crates.io crate rusty_spine 0.5.2
[INFO] finished tweaking crates.io crate rusty_spine 0.5.2
[INFO] tweaked toml for crates.io crate rusty_spine 0.5.2 written to /workspace/builds/worker-5-tc1/source/Cargo.toml
[INFO] crate crates.io crate rusty_spine 0.5.2 already has a lockfile, it will not be regenerated
[INFO] running `Command { std: CARGO_HOME="/workspace/cargo-home" RUSTUP_HOME="/workspace/rustup-home" "/workspace/cargo-home/bin/cargo" "+1.69.0" "fetch" "--manifest-path" "Cargo.toml", kill_on_drop: false }`
[INFO] [stderr]  Downloading crates ...
[INFO] [stderr]   Downloaded fontdue v0.7.2
[INFO] running `Command { std: "docker" "create" "-v" "/var/lib/crater-agent-workspace/builds/worker-5-tc1/target:/opt/rustwide/target:rw,Z" "-v" "/var/lib/crater-agent-workspace/builds/worker-5-tc1/source:/opt/rustwide/workdir:ro,Z" "-v" "/var/lib/crater-agent-workspace/cargo-home:/opt/rustwide/cargo-home:ro,Z" "-v" "/var/lib/crater-agent-workspace/rustup-home:/opt/rustwide/rustup-home:ro,Z" "-e" "SOURCE_DIR=/opt/rustwide/workdir" "-e" "CARGO_TARGET_DIR=/opt/rustwide/target" "-e" "CARGO_HOME=/opt/rustwide/cargo-home" "-e" "RUSTUP_HOME=/opt/rustwide/rustup-home" "-w" "/opt/rustwide/workdir" "-m" "1610612736" "--user" "0:0" "--network" "none" "ghcr.io/rust-lang/crates-build-env/linux@sha256:5ff2268d62e97bff2cde7d5815dd6ed5b47097566f13b8d0ca110b04b60e07ed" "/opt/rustwide/cargo-home/bin/cargo" "+1.69.0" "metadata" "--no-deps" "--format-version=1", kill_on_drop: false }`
[INFO] [stdout] bf294b5bcc262917125f37398cc845cab402efb7b9e707ceb562c41d29705074
[INFO] running `Command { std: "docker" "start" "-a" "bf294b5bcc262917125f37398cc845cab402efb7b9e707ceb562c41d29705074", kill_on_drop: false }`
[INFO] running `Command { std: "docker" "inspect" "bf294b5bcc262917125f37398cc845cab402efb7b9e707ceb562c41d29705074", kill_on_drop: false }`
[INFO] running `Command { std: "docker" "rm" "-f" "bf294b5bcc262917125f37398cc845cab402efb7b9e707ceb562c41d29705074", kill_on_drop: false }`
[INFO] [stdout] bf294b5bcc262917125f37398cc845cab402efb7b9e707ceb562c41d29705074
[INFO] running `Command { std: "docker" "create" "-v" "/var/lib/crater-agent-workspace/builds/worker-5-tc1/target:/opt/rustwide/target:rw,Z" "-v" "/var/lib/crater-agent-workspace/builds/worker-5-tc1/source:/opt/rustwide/workdir:ro,Z" "-v" "/var/lib/crater-agent-workspace/cargo-home:/opt/rustwide/cargo-home:ro,Z" "-v" "/var/lib/crater-agent-workspace/rustup-home:/opt/rustwide/rustup-home:ro,Z" "-e" "SOURCE_DIR=/opt/rustwide/workdir" "-e" "CARGO_TARGET_DIR=/opt/rustwide/target" "-e" "CARGO_INCREMENTAL=0" "-e" "RUST_BACKTRACE=full" "-e" "RUSTFLAGS=--cap-lints=warn" "-e" "RUSTDOCFLAGS=--cap-lints=warn" "-e" "CARGO_HOME=/opt/rustwide/cargo-home" "-e" "RUSTUP_HOME=/opt/rustwide/rustup-home" "-w" "/opt/rustwide/workdir" "-m" "1610612736" "--user" "0:0" "--network" "none" "ghcr.io/rust-lang/crates-build-env/linux@sha256:5ff2268d62e97bff2cde7d5815dd6ed5b47097566f13b8d0ca110b04b60e07ed" "/opt/rustwide/cargo-home/bin/cargo" "+1.69.0" "build" "--frozen" "--message-format=json", kill_on_drop: false }`
[INFO] [stdout] cdf3aad6d580aaa7bee13d3060a63e6f7c464614443b7ff7b2d690aaa7ef3aa6
[INFO] running `Command { std: "docker" "start" "-a" "cdf3aad6d580aaa7bee13d3060a63e6f7c464614443b7ff7b2d690aaa7ef3aa6", kill_on_drop: false }`
[INFO] [stderr]    Compiling mint v0.5.9
[INFO] [stderr]    Compiling rusty_spine v0.5.2 (/opt/rustwide/workdir)
[INFO] [stderr]     Finished dev [unoptimized + debuginfo] target(s) in 3.30s
[INFO] running `Command { std: "docker" "inspect" "cdf3aad6d580aaa7bee13d3060a63e6f7c464614443b7ff7b2d690aaa7ef3aa6", kill_on_drop: false }`
[INFO] running `Command { std: "docker" "rm" "-f" "cdf3aad6d580aaa7bee13d3060a63e6f7c464614443b7ff7b2d690aaa7ef3aa6", kill_on_drop: false }`
[INFO] [stdout] cdf3aad6d580aaa7bee13d3060a63e6f7c464614443b7ff7b2d690aaa7ef3aa6
[INFO] running `Command { std: "docker" "create" "-v" "/var/lib/crater-agent-workspace/builds/worker-5-tc1/target:/opt/rustwide/target:rw,Z" "-v" "/var/lib/crater-agent-workspace/builds/worker-5-tc1/source:/opt/rustwide/workdir:ro,Z" "-v" "/var/lib/crater-agent-workspace/cargo-home:/opt/rustwide/cargo-home:ro,Z" "-v" "/var/lib/crater-agent-workspace/rustup-home:/opt/rustwide/rustup-home:ro,Z" "-e" "SOURCE_DIR=/opt/rustwide/workdir" "-e" "CARGO_TARGET_DIR=/opt/rustwide/target" "-e" "CARGO_INCREMENTAL=0" "-e" "RUST_BACKTRACE=full" "-e" "RUSTFLAGS=--cap-lints=warn" "-e" "RUSTDOCFLAGS=--cap-lints=warn" "-e" "CARGO_HOME=/opt/rustwide/cargo-home" "-e" "RUSTUP_HOME=/opt/rustwide/rustup-home" "-w" "/opt/rustwide/workdir" "-m" "1610612736" "--user" "0:0" "--network" "none" "ghcr.io/rust-lang/crates-build-env/linux@sha256:5ff2268d62e97bff2cde7d5815dd6ed5b47097566f13b8d0ca110b04b60e07ed" "/opt/rustwide/cargo-home/bin/cargo" "+1.69.0" "test" "--frozen" "--no-run" "--message-format=json", kill_on_drop: false }`
[INFO] [stdout] 162f0bde2d34df8c643a74abc7d39a67c35c51cace767ffc947c1c1a7385b3f1
[INFO] running `Command { std: "docker" "start" "-a" "162f0bde2d34df8c643a74abc7d39a67c35c51cace767ffc947c1c1a7385b3f1", kill_on_drop: false }`
[INFO] [stderr]     Blocking waiting for file lock on package cache
[INFO] [stderr]    Compiling autocfg v1.1.0
[INFO] [stderr]    Compiling cfg-if v1.0.0
[INFO] [stderr]    Compiling libc v0.2.140
[INFO] [stderr]    Compiling crc32fast v1.3.2
[INFO] [stderr]    Compiling version_check v0.9.4
[INFO] [stderr]    Compiling adler v1.0.2
[INFO] [stderr]    Compiling once_cell v1.17.1
[INFO] [stderr]    Compiling bitflags v1.3.2
[INFO] [stderr]    Compiling jpeg-decoder v0.3.0
[INFO] [stderr]    Compiling ttf-parser v0.15.2
[INFO] [stderr]    Compiling miniz_oxide v0.6.2
[INFO] [stderr]    Compiling color_quant v1.1.0
[INFO] [stderr]    Compiling flate2 v1.0.25
[INFO] [stderr]    Compiling bytemuck v1.13.1
[INFO] [stderr]    Compiling num-traits v0.2.15
[INFO] [stderr]    Compiling ahash v0.7.6
[INFO] [stderr]    Compiling num-integer v0.1.45
[INFO] [stderr]    Compiling num-rational v0.4.1
[INFO] [stderr]    Compiling getrandom v0.2.8
[INFO] [stderr]    Compiling png v0.17.7
[INFO] [stderr]    Compiling byteorder v1.4.3
[INFO] [stderr]    Compiling hashbrown v0.11.2
[INFO] [stderr]    Compiling glam v0.23.0
[INFO] [stderr]    Compiling fontdue v0.7.2
[INFO] [stderr]    Compiling image v0.24.5
[INFO] [stderr]    Compiling rusty_spine v0.5.2 (/opt/rustwide/workdir)
[INFO] [stdout] error[E0432]: unresolved import `miniquad`
[INFO] [stdout]   --> examples/miniquad.rs:48:5
[INFO] [stdout]    |
[INFO] [stdout] 48 | use miniquad::*;
[INFO] [stdout]    |     ^^^^^^^^ use of undeclared crate or module `miniquad`
[INFO] [stdout] 
[INFO] [stdout] 
[INFO] [stdout] error[E0432]: unresolved import `miniquad`
[INFO] [stdout]   --> examples/miniquad.rs:58:9
[INFO] [stdout]    |
[INFO] [stdout] 58 |     use miniquad::*;
[INFO] [stdout]    |         ^^^^^^^^ use of undeclared crate or module `miniquad`
[INFO] [stdout] 
[INFO] [stdout] 
[INFO] [stdout] error[E0432]: unresolved imports `miniquad`, `super::shader`, `super::Vertex`
[INFO] [stdout]    --> examples/miniquad.rs:694:9
[INFO] [stdout]     |
[INFO] [stdout] 694 |     use miniquad::*;
[INFO] [stdout]     |         ^^^^^^^^ use of undeclared crate or module `miniquad`
[INFO] [stdout] ...
[INFO] [stdout] 697 |     use super::{shader, Vertex};
[INFO] [stdout]     |                 ^^^^^^  ^^^^^^
[INFO] [stdout] 
[INFO] [stdout] 
[INFO] [stdout] error[E0433]: failed to resolve: use of undeclared type `UniformType`
[INFO] [stdout]    --> examples/miniquad.rs:104:47
[INFO] [stdout]     |
[INFO] [stdout] 104 |                     UniformDesc::new("world", UniformType::Mat4),
[INFO] [stdout]     |                                               ^^^^^^^^^^^ use of undeclared type `UniformType`
[INFO] [stdout] 
[INFO] [stdout] 
[INFO] [stdout] error[E0433]: failed to resolve: use of undeclared type `UniformType`
[INFO] [stdout]    --> examples/miniquad.rs:105:46
[INFO] [stdout]     |
[INFO] [stdout] 105 |                     UniformDesc::new("view", UniformType::Mat4),
[INFO] [stdout]     |                                              ^^^^^^^^^^^ use of undeclared type `UniformType`
[INFO] [stdout] 
[INFO] [stdout] 
[INFO] [stdout] error[E0433]: failed to resolve: use of undeclared type `VertexFormat`
[INFO] [stdout]    --> examples/miniquad.rs:133:46
[INFO] [stdout]     |
[INFO] [stdout] 133 |             VertexAttribute::new("position", VertexFormat::Float2),
[INFO] [stdout]     |                                              ^^^^^^^^^^^^ use of undeclared type `VertexFormat`
[INFO] [stdout] 
[INFO] [stdout] 
[INFO] [stdout] error[E0433]: failed to resolve: use of undeclared type `VertexFormat`
[INFO] [stdout]    --> examples/miniquad.rs:134:40
[INFO] [stdout]     |
[INFO] [stdout] 134 |             VertexAttribute::new("uv", VertexFormat::Float2),
[INFO] [stdout]     |                                        ^^^^^^^^^^^^ use of undeclared type `VertexFormat`
[INFO] [stdout] 
[INFO] [stdout] 
[INFO] [stdout] error[E0433]: failed to resolve: use of undeclared type `VertexFormat`
[INFO] [stdout]    --> examples/miniquad.rs:135:43
[INFO] [stdout]     |
[INFO] [stdout] 135 |             VertexAttribute::new("color", VertexFormat::Float4),
[INFO] [stdout]     |                                           ^^^^^^^^^^^^ use of undeclared type `VertexFormat`
[INFO] [stdout] 
[INFO] [stdout] 
[INFO] [stdout] error[E0433]: failed to resolve: use of undeclared type `VertexFormat`
[INFO] [stdout]    --> examples/miniquad.rs:136:48
[INFO] [stdout]     |
[INFO] [stdout] 136 |             VertexAttribute::new("dark_color", VertexFormat::Float4),
[INFO] [stdout]     |                                                ^^^^^^^^^^^^ use of undeclared type `VertexFormat`
[INFO] [stdout] 
[INFO] [stdout] 
[INFO] [stdout] error[E0433]: failed to resolve: use of undeclared type `CullFace`
[INFO] [stdout]    --> examples/miniquad.rs:250:26
[INFO] [stdout]     |
[INFO] [stdout] 250 |                 false => CullFace::Nothing,
[INFO] [stdout]     |                          ^^^^^^^^ use of undeclared type `CullFace`
[INFO] [stdout] 
[INFO] [stdout] 
[INFO] [stdout] error[E0433]: failed to resolve: use of undeclared type `CullFace`
[INFO] [stdout]    --> examples/miniquad.rs:251:25
[INFO] [stdout]     |
[INFO] [stdout] 251 |                 true => CullFace::Back,
[INFO] [stdout]     |                         ^^^^^^^^ use of undeclared type `CullFace`
[INFO] [stdout] 
[INFO] [stdout] 
[INFO] [stdout] error[E0433]: failed to resolve: use of undeclared type `Equation`
[INFO] [stdout]    --> examples/miniquad.rs:284:50
[INFO] [stdout]     |
[INFO] [stdout] 284 |                     alpha_blend: BlendState::new(Equation::Add, BlendFactor::One, BlendFactor::One),
[INFO] [stdout]     |                                                  ^^^^^^^^ use of undeclared type `Equation`
[INFO] [stdout] 
[INFO] [stdout] 
[INFO] [stdout] error[E0433]: failed to resolve: use of undeclared type `BlendFactor`
[INFO] [stdout]    --> examples/miniquad.rs:284:65
[INFO] [stdout]     |
[INFO] [stdout] 284 |                     alpha_blend: BlendState::new(Equation::Add, BlendFactor::One, BlendFactor::One),
[INFO] [stdout]     |                                                                 ^^^^^^^^^^^ use of undeclared type `BlendFactor`
[INFO] [stdout] 
[INFO] [stdout] 
[INFO] [stdout] error[E0433]: failed to resolve: use of undeclared type `BlendFactor`
[INFO] [stdout]    --> examples/miniquad.rs:284:83
[INFO] [stdout]     |
[INFO] [stdout] 284 |                     alpha_blend: BlendState::new(Equation::Add, BlendFactor::One, BlendFactor::One),
[INFO] [stdout]     |                                                                                   ^^^^^^^^^^^ use of undeclared type `BlendFactor`
[INFO] [stdout] 
[INFO] [stdout] 
[INFO] [stdout] error[E0433]: failed to resolve: use of undeclared type `Equation`
[INFO] [stdout]    --> examples/miniquad.rs:286:25
[INFO] [stdout]     |
[INFO] [stdout] 286 |                         Equation::Add,
[INFO] [stdout]     |                         ^^^^^^^^ use of undeclared type `Equation`
[INFO] [stdout] 
[INFO] [stdout] 
[INFO] [stdout] error[E0433]: failed to resolve: use of undeclared type `BlendValue`
[INFO] [stdout]    --> examples/miniquad.rs:287:44
[INFO] [stdout]     |
[INFO] [stdout] 287 |                         BlendFactor::Value(BlendValue::SourceAlpha),
[INFO] [stdout]     |                                            ^^^^^^^^^^ use of undeclared type `BlendValue`
[INFO] [stdout] 
[INFO] [stdout] 
[INFO] [stdout] error[E0433]: failed to resolve: use of undeclared type `BlendFactor`
[INFO] [stdout]    --> examples/miniquad.rs:288:25
[INFO] [stdout]     |
[INFO] [stdout] 288 |                         BlendFactor::One,
[INFO] [stdout]     |                         ^^^^^^^^^^^ use of undeclared type `BlendFactor`
[INFO] [stdout] 
[INFO] [stdout] 
[INFO] [stdout] error[E0433]: failed to resolve: use of undeclared type `Equation`
[INFO] [stdout]    --> examples/miniquad.rs:293:50
[INFO] [stdout]     |
[INFO] [stdout] 293 |                     alpha_blend: BlendState::new(Equation::Add, BlendFactor::One, BlendFactor::One),
[INFO] [stdout]     |                                                  ^^^^^^^^ use of undeclared type `Equation`
[INFO] [stdout] 
[INFO] [stdout] 
[INFO] [stdout] error[E0433]: failed to resolve: use of undeclared type `BlendFactor`
[INFO] [stdout]    --> examples/miniquad.rs:293:65
[INFO] [stdout]     |
[INFO] [stdout] 293 |                     alpha_blend: BlendState::new(Equation::Add, BlendFactor::One, BlendFactor::One),
[INFO] [stdout]     |                                                                 ^^^^^^^^^^^ use of undeclared type `BlendFactor`
[INFO] [stdout] 
[INFO] [stdout] 
[INFO] [stdout] error[E0433]: failed to resolve: use of undeclared type `BlendFactor`
[INFO] [stdout]    --> examples/miniquad.rs:293:83
[INFO] [stdout]     |
[INFO] [stdout] 293 |                     alpha_blend: BlendState::new(Equation::Add, BlendFactor::One, BlendFactor::One),
[INFO] [stdout]     |                                                                                   ^^^^^^^^^^^ use of undeclared type `BlendFactor`
[INFO] [stdout] 
[INFO] [stdout] 
[INFO] [stdout] error[E0433]: failed to resolve: use of undeclared type `Equation`
[INFO] [stdout]    --> examples/miniquad.rs:294:50
[INFO] [stdout]     |
[INFO] [stdout] 294 |                     color_blend: BlendState::new(Equation::Add, BlendFactor::One, BlendFactor::One),
[INFO] [stdout]     |                                                  ^^^^^^^^ use of undeclared type `Equation`
[INFO] [stdout] 
[INFO] [stdout] 
[INFO] [stdout] error[E0433]: failed to resolve: use of undeclared type `BlendFactor`
[INFO] [stdout]    --> examples/miniquad.rs:294:65
[INFO] [stdout]     |
[INFO] [stdout] 294 |                     color_blend: BlendState::new(Equation::Add, BlendFactor::One, BlendFactor::One),
[INFO] [stdout]     |                                                                 ^^^^^^^^^^^ use of undeclared type `BlendFactor`
[INFO] [stdout] 
[INFO] [stdout] 
[INFO] [stdout] error[E0433]: failed to resolve: use of undeclared type `BlendFactor`
[INFO] [stdout]    --> examples/miniquad.rs:294:83
[INFO] [stdout]     |
[INFO] [stdout] 294 |                     color_blend: BlendState::new(Equation::Add, BlendFactor::One, BlendFactor::One),
[INFO] [stdout]     |                                                                                   ^^^^^^^^^^^ use of undeclared type `BlendFactor`
[INFO] [stdout] 
[INFO] [stdout] 
[INFO] [stdout] error[E0433]: failed to resolve: use of undeclared type `Equation`
[INFO] [stdout]    --> examples/miniquad.rs:301:25
[INFO] [stdout]     |
[INFO] [stdout] 301 |                         Equation::Add,
[INFO] [stdout]     |                         ^^^^^^^^ use of undeclared type `Equation`
[INFO] [stdout] 
[INFO] [stdout] 
[INFO] [stdout] error[E0433]: failed to resolve: use of undeclared type `BlendValue`
[INFO] [stdout]    --> examples/miniquad.rs:302:52
[INFO] [stdout]     |
[INFO] [stdout] 302 |                         BlendFactor::OneMinusValue(BlendValue::SourceAlpha),
[INFO] [stdout]     |                                                    ^^^^^^^^^^ use of undeclared type `BlendValue`
[INFO] [stdout] 
[INFO] [stdout] 
[INFO] [stdout] error[E0433]: failed to resolve: use of undeclared type `BlendValue`
[INFO] [stdout]    --> examples/miniquad.rs:303:52
[INFO] [stdout]     |
[INFO] [stdout] 303 |                         BlendFactor::OneMinusValue(BlendValue::SourceAlpha),
[INFO] [stdout]     |                                                    ^^^^^^^^^^ use of undeclared type `BlendValue`
[INFO] [stdout] 
[INFO] [stdout] 
[INFO] [stdout] error[E0433]: failed to resolve: use of undeclared type `Equation`
[INFO] [stdout]    --> examples/miniquad.rs:306:25
[INFO] [stdout]     |
[INFO] [stdout] 306 |                         Equation::Add,
[INFO] [stdout]     |                         ^^^^^^^^ use of undeclared type `Equation`
[INFO] [stdout] 
[INFO] [stdout] 
[INFO] [stdout] error[E0433]: failed to resolve: use of undeclared type `BlendValue`
[INFO] [stdout]    --> examples/miniquad.rs:307:44
[INFO] [stdout]     |
[INFO] [stdout] 307 |                         BlendFactor::Value(BlendValue::DestinationColor),
[INFO] [stdout]     |                                            ^^^^^^^^^^ use of undeclared type `BlendValue`
[INFO] [stdout] 
[INFO] [stdout] 
[INFO] [stdout] error[E0433]: failed to resolve: use of undeclared type `BlendValue`
[INFO] [stdout]    --> examples/miniquad.rs:308:52
[INFO] [stdout]     |
[INFO] [stdout] 308 |                         BlendFactor::OneMinusValue(BlendValue::SourceAlpha),
[INFO] [stdout]     |                                                    ^^^^^^^^^^ use of undeclared type `BlendValue`
[INFO] [stdout] 
[INFO] [stdout] 
[INFO] [stdout] error[E0433]: failed to resolve: use of undeclared type `Equation`
[INFO] [stdout]    --> examples/miniquad.rs:314:25
[INFO] [stdout]     |
[INFO] [stdout] 314 |                         Equation::Add,
[INFO] [stdout]     |                         ^^^^^^^^ use of undeclared type `Equation`
[INFO] [stdout] 
[INFO] [stdout] 
[INFO] [stdout] error[E0433]: failed to resolve: use of undeclared type `BlendValue`
[INFO] [stdout]    --> examples/miniquad.rs:315:52
[INFO] [stdout]     |
[INFO] [stdout] 315 |                         BlendFactor::OneMinusValue(BlendValue::SourceAlpha),
[INFO] [stdout]     |                                                    ^^^^^^^^^^ use of undeclared type `BlendValue`
[INFO] [stdout] 
[INFO] [stdout] 
[INFO] [stdout] error[E0433]: failed to resolve: use of undeclared type `BlendValue`
[INFO] [stdout]    --> examples/miniquad.rs:316:52
[INFO] [stdout]     |
[INFO] [stdout] 316 |                         BlendFactor::OneMinusValue(BlendValue::SourceAlpha),
[INFO] [stdout]     |                                                    ^^^^^^^^^^ use of undeclared type `BlendValue`
[INFO] [stdout] 
[INFO] [stdout] 
[INFO] [stdout] error[E0433]: failed to resolve: use of undeclared type `Equation`
[INFO] [stdout]    --> examples/miniquad.rs:319:25
[INFO] [stdout]     |
[INFO] [stdout] 319 |                         Equation::Add,
[INFO] [stdout]     |                         ^^^^^^^^ use of undeclared type `Equation`
[INFO] [stdout] 
[INFO] [stdout] 
[INFO] [stdout] error[E0433]: failed to resolve: use of undeclared type `BlendValue`
[INFO] [stdout]    --> examples/miniquad.rs:320:44
[INFO] [stdout]     |
[INFO] [stdout] 320 |                         BlendFactor::Value(BlendValue::DestinationColor),
[INFO] [stdout]     |                                            ^^^^^^^^^^ use of undeclared type `BlendValue`
[INFO] [stdout] 
[INFO] [stdout] 
[INFO] [stdout] error[E0433]: failed to resolve: use of undeclared type `BlendValue`
[INFO] [stdout]    --> examples/miniquad.rs:321:52
[INFO] [stdout]     |
[INFO] [stdout] 321 |                         BlendFactor::OneMinusValue(BlendValue::SourceAlpha),
[INFO] [stdout]     |                                                    ^^^^^^^^^^ use of undeclared type `BlendValue`
[INFO] [stdout] 
[INFO] [stdout] 
[INFO] [stdout] error[E0433]: failed to resolve: use of undeclared type `Equation`
[INFO] [stdout]    --> examples/miniquad.rs:329:25
[INFO] [stdout]     |
[INFO] [stdout] 329 |                         Equation::Add,
[INFO] [stdout]     |                         ^^^^^^^^ use of undeclared type `Equation`
[INFO] [stdout] 
[INFO] [stdout] 
[INFO] [stdout] error[E0433]: failed to resolve: use of undeclared type `BlendFactor`
[INFO] [stdout]    --> examples/miniquad.rs:330:25
[INFO] [stdout]     |
[INFO] [stdout] 330 |                         BlendFactor::One,
[INFO] [stdout]     |                         ^^^^^^^^^^^ use of undeclared type `BlendFactor`
[INFO] [stdout] 
[INFO] [stdout] 
[INFO] [stdout] error[E0433]: failed to resolve: use of undeclared type `BlendValue`
[INFO] [stdout]    --> examples/miniquad.rs:331:52
[INFO] [stdout]     |
[INFO] [stdout] 331 |                         BlendFactor::OneMinusValue(BlendValue::SourceAlpha),
[INFO] [stdout]     |                                                    ^^^^^^^^^^ use of undeclared type `BlendValue`
[INFO] [stdout] 
[INFO] [stdout] 
[INFO] [stdout] error[E0433]: failed to resolve: use of undeclared type `Equation`
[INFO] [stdout]    --> examples/miniquad.rs:334:25
[INFO] [stdout]     |
[INFO] [stdout] 334 |                         Equation::Add,
[INFO] [stdout]     |                         ^^^^^^^^ use of undeclared type `Equation`
[INFO] [stdout] 
[INFO] [stdout] 
[INFO] [stdout] error[E0433]: failed to resolve: use of undeclared type `BlendValue`
[INFO] [stdout]    --> examples/miniquad.rs:335:44
[INFO] [stdout]     |
[INFO] [stdout] 335 |                         BlendFactor::Value(BlendValue::SourceAlpha),
[INFO] [stdout]     |                                            ^^^^^^^^^^ use of undeclared type `BlendValue`
[INFO] [stdout] 
[INFO] [stdout] 
[INFO] [stdout] error[E0433]: failed to resolve: use of undeclared type `BlendValue`
[INFO] [stdout]    --> examples/miniquad.rs:336:52
[INFO] [stdout]     |
[INFO] [stdout] 336 |                         BlendFactor::OneMinusValue(BlendValue::SourceAlpha),
[INFO] [stdout]     |                                                    ^^^^^^^^^^ use of undeclared type `BlendValue`
[INFO] [stdout] 
[INFO] [stdout] 
[INFO] [stdout] error[E0433]: failed to resolve: use of undeclared type `Equation`
[INFO] [stdout]    --> examples/miniquad.rs:342:25
[INFO] [stdout]     |
[INFO] [stdout] 342 |                         Equation::Add,
[INFO] [stdout]     |                         ^^^^^^^^ use of undeclared type `Equation`
[INFO] [stdout] 
[INFO] [stdout] 
[INFO] [stdout] error[E0433]: failed to resolve: use of undeclared type `BlendFactor`
[INFO] [stdout]    --> examples/miniquad.rs:343:25
[INFO] [stdout]     |
[INFO] [stdout] 343 |                         BlendFactor::One,
[INFO] [stdout]     |                         ^^^^^^^^^^^ use of undeclared type `BlendFactor`
[INFO] [stdout] 
[INFO] [stdout] 
[INFO] [stdout] error[E0433]: failed to resolve: use of undeclared type `BlendValue`
[INFO] [stdout]    --> examples/miniquad.rs:344:52
[INFO] [stdout]     |
[INFO] [stdout] 344 |                         BlendFactor::OneMinusValue(BlendValue::SourceAlpha),
[INFO] [stdout]     |                                                    ^^^^^^^^^^ use of undeclared type `BlendValue`
[INFO] [stdout] 
[INFO] [stdout] 
[INFO] [stdout] error[E0433]: failed to resolve: use of undeclared type `Equation`
[INFO] [stdout]    --> examples/miniquad.rs:347:25
[INFO] [stdout]     |
[INFO] [stdout] 347 |                         Equation::Add,
[INFO] [stdout]     |                         ^^^^^^^^ use of undeclared type `Equation`
[INFO] [stdout] 
[INFO] [stdout] 
[INFO] [stdout] error[E0433]: failed to resolve: use of undeclared type `BlendFactor`
[INFO] [stdout]    --> examples/miniquad.rs:348:25
[INFO] [stdout]     |
[INFO] [stdout] 348 |                         BlendFactor::One,
[INFO] [stdout]     |                         ^^^^^^^^^^^ use of undeclared type `BlendFactor`
[INFO] [stdout] 
[INFO] [stdout] 
[INFO] [stdout] error[E0433]: failed to resolve: use of undeclared type `BlendValue`
[INFO] [stdout]    --> examples/miniquad.rs:349:52
[INFO] [stdout]     |
[INFO] [stdout] 349 |                         BlendFactor::OneMinusValue(BlendValue::SourceAlpha),
[INFO] [stdout]     |                                                    ^^^^^^^^^^ use of undeclared type `BlendValue`
[INFO] [stdout] 
[INFO] [stdout] 
[INFO] [stdout] error[E0433]: failed to resolve: use of undeclared type `Equation`
[INFO] [stdout]    --> examples/miniquad.rs:357:25
[INFO] [stdout]     |
[INFO] [stdout] 357 |                         Equation::Add,
[INFO] [stdout]     |                         ^^^^^^^^ use of undeclared type `Equation`
[INFO] [stdout] 
[INFO] [stdout] 
[INFO] [stdout] error[E0433]: failed to resolve: use of undeclared type `BlendValue`
[INFO] [stdout]    --> examples/miniquad.rs:358:52
[INFO] [stdout]     |
[INFO] [stdout] 358 |                         BlendFactor::OneMinusValue(BlendValue::SourceColor),
[INFO] [stdout]     |                                                    ^^^^^^^^^^ use of undeclared type `BlendValue`
[INFO] [stdout] 
[INFO] [stdout] 
[INFO] [stdout] error[E0433]: failed to resolve: use of undeclared type `BlendValue`
[INFO] [stdout]    --> examples/miniquad.rs:359:52
[INFO] [stdout]     |
[INFO] [stdout] 359 |                         BlendFactor::OneMinusValue(BlendValue::SourceAlpha),
[INFO] [stdout]     |                                                    ^^^^^^^^^^ use of undeclared type `BlendValue`
[INFO] [stdout] 
[INFO] [stdout] 
[INFO] [stdout] error[E0433]: failed to resolve: use of undeclared type `Equation`
[INFO] [stdout]    --> examples/miniquad.rs:362:25
[INFO] [stdout]     |
[INFO] [stdout] 362 |                         Equation::Add,
[INFO] [stdout]     |                         ^^^^^^^^ use of undeclared type `Equation`
[INFO] [stdout] 
[INFO] [stdout] 
[INFO] [stdout] error[E0433]: failed to resolve: use of undeclared type `BlendFactor`
[INFO] [stdout]    --> examples/miniquad.rs:363:25
[INFO] [stdout]     |
[INFO] [stdout] 363 |                         BlendFactor::One,
[INFO] [stdout]     |                         ^^^^^^^^^^^ use of undeclared type `BlendFactor`
[INFO] [stdout] 
[INFO] [stdout] 
[INFO] [stdout] error[E0433]: failed to resolve: use of undeclared type `BlendValue`
[INFO] [stdout]    --> examples/miniquad.rs:364:52
[INFO] [stdout]     |
[INFO] [stdout] 364 |                         BlendFactor::OneMinusValue(BlendValue::SourceAlpha),
[INFO] [stdout]     |                                                    ^^^^^^^^^^ use of undeclared type `BlendValue`
[INFO] [stdout] 
[INFO] [stdout] 
[INFO] [stdout] error[E0433]: failed to resolve: use of undeclared type `Equation`
[INFO] [stdout]    --> examples/miniquad.rs:370:25
[INFO] [stdout]     |
[INFO] [stdout] 370 |                         Equation::Add,
[INFO] [stdout]     |                         ^^^^^^^^ use of undeclared type `Equation`
[INFO] [stdout] 
[INFO] [stdout] 
[INFO] [stdout] error[E0433]: failed to resolve: use of undeclared type `BlendValue`
[INFO] [stdout]    --> examples/miniquad.rs:371:52
[INFO] [stdout]     |
[INFO] [stdout] 371 |                         BlendFactor::OneMinusValue(BlendValue::SourceColor),
[INFO] [stdout]     |                                                    ^^^^^^^^^^ use of undeclared type `BlendValue`
[INFO] [stdout] 
[INFO] [stdout] 
[INFO] [stdout] error[E0433]: failed to resolve: use of undeclared type `BlendValue`
[INFO] [stdout]    --> examples/miniquad.rs:372:52
[INFO] [stdout]     |
[INFO] [stdout] 372 |                         BlendFactor::OneMinusValue(BlendValue::SourceAlpha),
[INFO] [stdout]     |                                                    ^^^^^^^^^^ use of undeclared type `BlendValue`
[INFO] [stdout] 
[INFO] [stdout] 
[INFO] [stdout] error[E0433]: failed to resolve: use of undeclared type `Equation`
[INFO] [stdout]    --> examples/miniquad.rs:375:25
[INFO] [stdout]     |
[INFO] [stdout] 375 |                         Equation::Add,
[INFO] [stdout]     |                         ^^^^^^^^ use of undeclared type `Equation`
[INFO] [stdout] 
[INFO] [stdout] 
[INFO] [stdout] error[E0433]: failed to resolve: use of undeclared type `BlendFactor`
[INFO] [stdout]    --> examples/miniquad.rs:376:25
[INFO] [stdout]     |
[INFO] [stdout] 376 |                         BlendFactor::One,
[INFO] [stdout]     |                         ^^^^^^^^^^^ use of undeclared type `BlendFactor`
[INFO] [stdout] 
[INFO] [stdout] 
[INFO] [stdout] error[E0433]: failed to resolve: use of undeclared type `BlendValue`
[INFO] [stdout]    --> examples/miniquad.rs:377:52
[INFO] [stdout]     |
[INFO] [stdout] 377 |                         BlendFactor::OneMinusValue(BlendValue::SourceAlpha),
[INFO] [stdout]     |                                                    ^^^^^^^^^^ use of undeclared type `BlendValue`
[INFO] [stdout] 
[INFO] [stdout] 
[INFO] [stdout] error[E0433]: failed to resolve: use of undeclared type `BufferType`
[INFO] [stdout]    --> examples/miniquad.rs:532:56
[INFO] [stdout]     |
[INFO] [stdout] 532 |             let vertex_buffer = Buffer::immutable(ctx, BufferType::VertexBuffer, &vertices);
[INFO] [stdout]     |                                                        ^^^^^^^^^^ use of undeclared type `BufferType`
[INFO] [stdout] 
[INFO] [stdout] 
[INFO] [stdout] error[E0433]: failed to resolve: use of undeclared type `BufferType`
[INFO] [stdout]    --> examples/miniquad.rs:533:55
[INFO] [stdout]     |
[INFO] [stdout] 533 |             let index_buffer = Buffer::immutable(ctx, BufferType::IndexBuffer, &renderable.indices);
[INFO] [stdout]     |                                                       ^^^^^^^^^^ use of undeclared type `BufferType`
[INFO] [stdout] 
[INFO] [stdout] 
[INFO] [stdout] error[E0433]: failed to resolve: use of undeclared type `TextureFormat`
[INFO] [stdout]    --> examples/miniquad.rs:561:25
[INFO] [stdout]     |
[INFO] [stdout] 561 |                         TextureFormat::LuminanceAlpha => Texture::from_data_and_format(
[INFO] [stdout]     |                         ^^^^^^^^^^^^^ use of undeclared type `TextureFormat`
[INFO] [stdout] 
[INFO] [stdout] 
[INFO] [stdout] error[E0433]: failed to resolve: use of undeclared type `TextureFormat`
[INFO] [stdout]    --> examples/miniquad.rs:566:25
[INFO] [stdout]     |
[INFO] [stdout] 566 |                         TextureFormat::RGB8 => Texture::from_data_and_format(
[INFO] [stdout]     |                         ^^^^^^^^^^^^^ use of undeclared type `TextureFormat`
[INFO] [stdout] 
[INFO] [stdout] 
[INFO] [stdout] error[E0433]: failed to resolve: use of undeclared type `TextureFormat`
[INFO] [stdout]    --> examples/miniquad.rs:571:25
[INFO] [stdout]     |
[INFO] [stdout] 571 |                         TextureFormat::RGBA8 => Texture::from_data_and_format(
[INFO] [stdout]     |                         ^^^^^^^^^^^^^ use of undeclared type `TextureFormat`
[INFO] [stdout] 
[INFO] [stdout] 
[INFO] [stdout] error[E0433]: failed to resolve: use of undeclared type `KeyCode`
[INFO] [stdout]    --> examples/miniquad.rs:625:34
[INFO] [stdout]     |
[INFO] [stdout] 625 |         if !repeat && keycode == KeyCode::Space {
[INFO] [stdout]     |                                  ^^^^^^^ use of undeclared type `KeyCode`
[INFO] [stdout] 
[INFO] [stdout] 
[INFO] [stdout] error[E0433]: failed to resolve: use of undeclared type `FilterMode`
[INFO] [stdout]    --> examples/miniquad.rs:636:40
[INFO] [stdout]     |
[INFO] [stdout] 636 |                 AtlasFilter::Linear => FilterMode::Linear,
[INFO] [stdout]     |                                        ^^^^^^^^^^ use of undeclared type `FilterMode`
[INFO] [stdout] 
[INFO] [stdout] 
[INFO] [stdout] error[E0433]: failed to resolve: use of undeclared type `FilterMode`
[INFO] [stdout]    --> examples/miniquad.rs:637:41
[INFO] [stdout]     |
[INFO] [stdout] 637 |                 AtlasFilter::Nearest => FilterMode::Nearest,
[INFO] [stdout]     |                                         ^^^^^^^^^^ use of undeclared type `FilterMode`
[INFO] [stdout] 
[INFO] [stdout] 
[INFO] [stdout] error[E0433]: failed to resolve: use of undeclared type `FilterMode`
[INFO] [stdout]    --> examples/miniquad.rs:640:21
[INFO] [stdout]     |
[INFO] [stdout] 640 |                     FilterMode::Linear
[INFO] [stdout]     |                     ^^^^^^^^^^ use of undeclared type `FilterMode`
[INFO] [stdout] 
[INFO] [stdout] 
[INFO] [stdout] error[E0433]: failed to resolve: use of undeclared type `TextureWrap`
[INFO] [stdout]    --> examples/miniquad.rs:646:43
[INFO] [stdout]     |
[INFO] [stdout] 646 |                 AtlasWrap::ClampToEdge => TextureWrap::Clamp,
[INFO] [stdout]     |                                           ^^^^^^^^^^^ use of undeclared type `TextureWrap`
[INFO] [stdout] 
[INFO] [stdout] 
[INFO] [stdout] error[E0433]: failed to resolve: use of undeclared type `TextureWrap`
[INFO] [stdout]    --> examples/miniquad.rs:647:46
[INFO] [stdout]     |
[INFO] [stdout] 647 |                 AtlasWrap::MirroredRepeat => TextureWrap::Mirror,
[INFO] [stdout]     |                                              ^^^^^^^^^^^ use of undeclared type `TextureWrap`
[INFO] [stdout] 
[INFO] [stdout] 
[INFO] [stdout] error[E0433]: failed to resolve: use of undeclared type `TextureWrap`
[INFO] [stdout]    --> examples/miniquad.rs:648:38
[INFO] [stdout]     |
[INFO] [stdout] 648 |                 AtlasWrap::Repeat => TextureWrap::Repeat,
[INFO] [stdout]     |                                      ^^^^^^^^^^^ use of undeclared type `TextureWrap`
[INFO] [stdout] 
[INFO] [stdout] 
[INFO] [stdout] error[E0433]: failed to resolve: use of undeclared type `TextureWrap`
[INFO] [stdout]    --> examples/miniquad.rs:651:21
[INFO] [stdout]     |
[INFO] [stdout] 651 |                     TextureWrap::Clamp
[INFO] [stdout]     |                     ^^^^^^^^^^^ use of undeclared type `TextureWrap`
[INFO] [stdout] 
[INFO] [stdout] 
[INFO] [stdout] error[E0433]: failed to resolve: use of undeclared type `TextureFormat`
[INFO] [stdout]    --> examples/miniquad.rs:657:48
[INFO] [stdout]     |
[INFO] [stdout] 657 |                 AtlasFormat::LuminanceAlpha => TextureFormat::LuminanceAlpha,
[INFO] [stdout]     |                                                ^^^^^^^^^^^^^ use of undeclared type `TextureFormat`
[INFO] [stdout] 
[INFO] [stdout] 
[INFO] [stdout] error[E0433]: failed to resolve: use of undeclared type `TextureFormat`
[INFO] [stdout]    --> examples/miniquad.rs:658:40
[INFO] [stdout]     |
[INFO] [stdout] 658 |                 AtlasFormat::RGB888 => TextureFormat::RGB8,
[INFO] [stdout]     |                                        ^^^^^^^^^^^^^ use of undeclared type `TextureFormat`
[INFO] [stdout] 
[INFO] [stdout] 
[INFO] [stdout] error[E0433]: failed to resolve: use of undeclared type `TextureFormat`
[INFO] [stdout]    --> examples/miniquad.rs:659:42
[INFO] [stdout]     |
[INFO] [stdout] 659 |                 AtlasFormat::RGBA8888 => TextureFormat::RGBA8,
[INFO] [stdout]     |                                          ^^^^^^^^^^^^^ use of undeclared type `TextureFormat`
[INFO] [stdout] 
[INFO] [stdout] 
[INFO] [stdout] error[E0433]: failed to resolve: use of undeclared type `TextureFormat`
[INFO] [stdout]    --> examples/miniquad.rs:662:21
[INFO] [stdout]     |
[INFO] [stdout] 662 |                     TextureFormat::RGBA8
[INFO] [stdout]     |                     ^^^^^^^^^^^^^ use of undeclared type `TextureFormat`
[INFO] [stdout] 
[INFO] [stdout] 
[INFO] [stdout] error[E0433]: failed to resolve: use of undeclared crate or module `conf`
[INFO] [stdout]    --> examples/miniquad.rs:680:16
[INFO] [stdout]     |
[INFO] [stdout] 680 |     let conf = conf::Conf {
[INFO] [stdout]     |                ^^^^ use of undeclared crate or module `conf`
[INFO] [stdout] 
[INFO] [stdout] 
[INFO] [stdout] error[E0433]: failed to resolve: use of undeclared type `BufferType`
[INFO] [stdout]    --> examples/miniquad.rs:759:64
[INFO] [stdout]     |
[INFO] [stdout] 759 |                     let vertex_buffer = Buffer::immutable(ctx, BufferType::VertexBuffer, &vertices);
[INFO] [stdout]     |                                                                ^^^^^^^^^^ use of undeclared type `BufferType`
[INFO] [stdout] 
[INFO] [stdout] 
[INFO] [stdout] error[E0433]: failed to resolve: use of undeclared type `BufferType`
[INFO] [stdout]    --> examples/miniquad.rs:760:63
[INFO] [stdout]     |
[INFO] [stdout] 760 |                     let index_buffer = Buffer::immutable(ctx, BufferType::IndexBuffer, &indices);
[INFO] [stdout]     |                                                               ^^^^^^^^^^ use of undeclared type `BufferType`
[INFO] [stdout] 
[INFO] [stdout] 
[INFO] [stdout] error[E0433]: failed to resolve: use of undeclared type `Equation`
[INFO] [stdout]    --> examples/miniquad.rs:774:21
[INFO] [stdout]     |
[INFO] [stdout] 774 |                     Equation::Add,
[INFO] [stdout]     |                     ^^^^^^^^ use of undeclared type `Equation`
[INFO] [stdout] 
[INFO] [stdout] 
[INFO] [stdout] error[E0433]: failed to resolve: use of undeclared type `BlendFactor`
[INFO] [stdout]    --> examples/miniquad.rs:775:21
[INFO] [stdout]     |
[INFO] [stdout] 775 |                     BlendFactor::One,
[INFO] [stdout]     |                     ^^^^^^^^^^^ use of undeclared type `BlendFactor`
[INFO] [stdout] 
[INFO] [stdout] 
[INFO] [stdout] error[E0433]: failed to resolve: use of undeclared type `BlendValue`
[INFO] [stdout]    --> examples/miniquad.rs:776:48
[INFO] [stdout]     |
[INFO] [stdout] 776 |                     BlendFactor::OneMinusValue(BlendValue::SourceAlpha),
[INFO] [stdout]     |                                                ^^^^^^^^^^ use of undeclared type `BlendValue`
[INFO] [stdout] 
[INFO] [stdout] 
[INFO] [stdout] error[E0433]: failed to resolve: use of undeclared type `Equation`
[INFO] [stdout]    --> examples/miniquad.rs:779:21
[INFO] [stdout]     |
[INFO] [stdout] 779 |                     Equation::Add,
[INFO] [stdout]     |                     ^^^^^^^^ use of undeclared type `Equation`
[INFO] [stdout] 
[INFO] [stdout] 
[INFO] [stdout] error[E0433]: failed to resolve: use of undeclared type `BlendFactor`
[INFO] [stdout]    --> examples/miniquad.rs:780:21
[INFO] [stdout]     |
[INFO] [stdout] 780 |                     BlendFactor::One,
[INFO] [stdout]     |                     ^^^^^^^^^^^ use of undeclared type `BlendFactor`
[INFO] [stdout] 
[INFO] [stdout] 
[INFO] [stdout] error[E0433]: failed to resolve: use of undeclared type `BlendValue`
[INFO] [stdout]    --> examples/miniquad.rs:781:48
[INFO] [stdout]     |
[INFO] [stdout] 781 |                     BlendFactor::OneMinusValue(BlendValue::SourceAlpha),
[INFO] [stdout]     |                                                ^^^^^^^^^^ use of undeclared type `BlendValue`
[INFO] [stdout] 
[INFO] [stdout] 
[INFO] [stdout] error[E0412]: cannot find type `ShaderMeta` in this scope
[INFO] [stdout]   --> examples/miniquad.rs:99:22
[INFO] [stdout]    |
[INFO] [stdout] 99 |     pub fn meta() -> ShaderMeta {
[INFO] [stdout]    |                      ^^^^^^^^^^ not found in this scope
[INFO] [stdout] 
[INFO] [stdout] 
[INFO] [stdout] error[E0422]: cannot find struct, variant or union type `ShaderMeta` in this scope
[INFO] [stdout]    --> examples/miniquad.rs:100:9
[INFO] [stdout]     |
[INFO] [stdout] 100 |         ShaderMeta {
[INFO] [stdout]     |         ^^^^^^^^^^ not found in this scope
[INFO] [stdout] 
[INFO] [stdout] 
[INFO] [stdout] error[E0422]: cannot find struct, variant or union type `UniformBlockLayout` in this scope
[INFO] [stdout]    --> examples/miniquad.rs:102:23
[INFO] [stdout]     |
[INFO] [stdout] 102 |             uniforms: UniformBlockLayout {
[INFO] [stdout]     |                       ^^^^^^^^^^^^^^^^^^ not found in this scope
[INFO] [stdout] 
[INFO] [stdout] 
[INFO] [stdout] error[E0412]: cannot find type `Context` in this scope
[INFO] [stdout]    --> examples/miniquad.rs:126:30
[INFO] [stdout]     |
[INFO] [stdout] 126 | fn create_pipeline(ctx: &mut Context) -> Pipeline {
[INFO] [stdout]     |                              ^^^^^^^ not found in this scope
[INFO] [stdout]     |
[INFO] [stdout] help: consider importing one of these items
[INFO] [stdout]     |
[INFO] [stdout] 45  | use core::task::Context;
[INFO] [stdout]     |
[INFO] [stdout] 45  | use std::task::Context;
[INFO] [stdout]     |
[INFO] [stdout] 
[INFO] [stdout] 
[INFO] [stdout] error[E0412]: cannot find type `Pipeline` in this scope
[INFO] [stdout]    --> examples/miniquad.rs:126:42
[INFO] [stdout]     |
[INFO] [stdout] 126 | fn create_pipeline(ctx: &mut Context) -> Pipeline {
[INFO] [stdout]     |                                          ^^^^^^^^ not found in this scope
[INFO] [stdout] 
[INFO] [stdout] 
[INFO] [stdout] error[E0412]: cannot find type `FilterMode` in this scope
[INFO] [stdout]    --> examples/miniquad.rs:155:21
[INFO] [stdout]     |
[INFO] [stdout] 155 |         min_filter: FilterMode,
[INFO] [stdout]     |                     ^^^^^^^^^^ not found in this scope
[INFO] [stdout] 
[INFO] [stdout] 
[INFO] [stdout] error[E0412]: cannot find type `FilterMode` in this scope
[INFO] [stdout]    --> examples/miniquad.rs:156:21
[INFO] [stdout]     |
[INFO] [stdout] 156 |         mag_filter: FilterMode,
[INFO] [stdout]     |                     ^^^^^^^^^^ not found in this scope
[INFO] [stdout] 
[INFO] [stdout] 
[INFO] [stdout] error[E0412]: cannot find type `TextureWrap` in this scope
[INFO] [stdout]    --> examples/miniquad.rs:157:17
[INFO] [stdout]     |
[INFO] [stdout] 157 |         x_wrap: TextureWrap,
[INFO] [stdout]     |                 ^^^^^^^^^^^ not found in this scope
[INFO] [stdout] 
[INFO] [stdout] 
[INFO] [stdout] error[E0412]: cannot find type `TextureWrap` in this scope
[INFO] [stdout]    --> examples/miniquad.rs:158:17
[INFO] [stdout]     |
[INFO] [stdout] 158 |         y_wrap: TextureWrap,
[INFO] [stdout]     |                 ^^^^^^^^^^^ not found in this scope
[INFO] [stdout] 
[INFO] [stdout] 
[INFO] [stdout] error[E0412]: cannot find type `TextureFormat` in this scope
[INFO] [stdout]    --> examples/miniquad.rs:159:17
[INFO] [stdout]     |
[INFO] [stdout] 159 |         format: TextureFormat,
[INFO] [stdout]     |                 ^^^^^^^^^^^^^ not found in this scope
[INFO] [stdout] 
[INFO] [stdout] 
[INFO] [stdout] error[E0412]: cannot find type `Texture` in this scope
[INFO] [stdout]    --> examples/miniquad.rs:161:12
[INFO] [stdout]     |
[INFO] [stdout] 161 |     Loaded(Texture),
[INFO] [stdout]     |            ^^^^^^^ not found in this scope
[INFO] [stdout] 
[INFO] [stdout] 
[INFO] [stdout] error[E0412]: cannot find type `CullFace` in this scope
[INFO] [stdout]    --> examples/miniquad.rs:186:16
[INFO] [stdout]     |
[INFO] [stdout] 186 |     cull_face: CullFace,
[INFO] [stdout]     |                ^^^^^^^^ not found in this scope
[INFO] [stdout] 
[INFO] [stdout] 
[INFO] [stdout] error[E0412]: cannot find type `BlendState` in this scope
[INFO] [stdout]    --> examples/miniquad.rs:270:18
[INFO] [stdout]     |
[INFO] [stdout] 270 |     alpha_blend: BlendState,
[INFO] [stdout]     |                  ^^^^^^^^^^ not found in this scope
[INFO] [stdout] 
[INFO] [stdout] 
[INFO] [stdout] error[E0412]: cannot find type `BlendState` in this scope
[INFO] [stdout]    --> examples/miniquad.rs:271:18
[INFO] [stdout]     |
[INFO] [stdout] 271 |     color_blend: BlendState,
[INFO] [stdout]     |                  ^^^^^^^^^^ not found in this scope
[INFO] [stdout] 
[INFO] [stdout] 
[INFO] [stdout] error[E0412]: cannot find type `Pipeline` in this scope
[INFO] [stdout]    --> examples/miniquad.rs:389:15
[INFO] [stdout]     |
[INFO] [stdout] 389 |     pipeline: Pipeline,
[INFO] [stdout]     |               ^^^^^^^^ not found in this scope
[INFO] [stdout] 
[INFO] [stdout] 
[INFO] [stdout] error[E0412]: cannot find type `Context` in this scope
[INFO] [stdout]    --> examples/miniquad.rs:396:22
[INFO] [stdout]     |
[INFO] [stdout] 396 |     fn new(ctx: &mut Context) -> Stage {
[INFO] [stdout]     |                      ^^^^^^^ not found in this scope
[INFO] [stdout]     |
[INFO] [stdout] help: consider importing one of these items
[INFO] [stdout]     |
[INFO] [stdout] 45  | use core::task::Context;
[INFO] [stdout]     |
[INFO] [stdout] 45  | use std::task::Context;
[INFO] [stdout]     |
[INFO] [stdout] 
[INFO] [stdout] 
[INFO] [stdout] error[E0405]: cannot find trait `EventHandler` in this scope
[INFO] [stdout]    --> examples/miniquad.rs:487:6
[INFO] [stdout]     |
[INFO] [stdout] 487 | impl EventHandler for Stage {
[INFO] [stdout]     |      ^^^^^^^^^^^^ not found in this scope
[INFO] [stdout] 
[INFO] [stdout] 
[INFO] [stdout] error[E0412]: cannot find type `Context` in this scope
[INFO] [stdout]    --> examples/miniquad.rs:488:37
[INFO] [stdout]     |
[INFO] [stdout] 488 |     fn update(&mut self, _ctx: &mut Context) {
[INFO] [stdout]     |                                     ^^^^^^^ not found in this scope
[INFO] [stdout]     |
[INFO] [stdout] help: consider importing one of these items
[INFO] [stdout]     |
[INFO] [stdout] 45  | use core::task::Context;
[INFO] [stdout]     |
[INFO] [stdout] 45  | use std::task::Context;
[INFO] [stdout]     |
[INFO] [stdout] 
[INFO] [stdout] 
[INFO] [stdout] error[E0412]: cannot find type `Context` in this scope
[INFO] [stdout]    --> examples/miniquad.rs:495:34
[INFO] [stdout]     |
[INFO] [stdout] 495 |     fn draw(&mut self, ctx: &mut Context) {
[INFO] [stdout]     |                                  ^^^^^^^ not found in this scope
[INFO] [stdout]     |
[INFO] [stdout] help: consider importing one of these items
[INFO] [stdout]     |
[INFO] [stdout] 45  | use core::task::Context;
[INFO] [stdout]     |
[INFO] [stdout] 45  | use std::task::Context;
[INFO] [stdout]     |
[INFO] [stdout] 
[INFO] [stdout] 
[INFO] [stdout] error[E0422]: cannot find struct, variant or union type `TextureParams` in this scope
[INFO] [stdout]    --> examples/miniquad.rs:554:42
[INFO] [stdout]     |
[INFO] [stdout] 554 |                     let texture_params = TextureParams {
[INFO] [stdout]     |                                          ^^^^^^^^^^^^^ not found in this scope
[INFO] [stdout] 
[INFO] [stdout] 
[INFO] [stdout] error[E0422]: cannot find struct, variant or union type `Bindings` in this scope
[INFO] [stdout]    --> examples/miniquad.rs:587:33
[INFO] [stdout]     |
[INFO] [stdout] 587 |             ctx.apply_bindings(&Bindings {
[INFO] [stdout]     |                                 ^^^^^^^^ not found in this scope
[INFO] [stdout] 
[INFO] [stdout] 
[INFO] [stdout] error[E0412]: cannot find type `Context` in this scope
[INFO] [stdout]    --> examples/miniquad.rs:614:43
[INFO] [stdout]     |
[INFO] [stdout] 614 |     fn resize_event(&mut self, _ctx: &mut Context, width: f32, height: f32) {
[INFO] [stdout]     |                                           ^^^^^^^ not found in this scope
[INFO] [stdout]     |
[INFO] [stdout] help: consider importing one of these items
[INFO] [stdout]     |
[INFO] [stdout] 45  | use core::task::Context;
[INFO] [stdout]     |
[INFO] [stdout] 45  | use std::task::Context;
[INFO] [stdout]     |
[INFO] [stdout] 
[INFO] [stdout] 
[INFO] [stdout] error[E0412]: cannot find type `Context` in this scope
[INFO] [stdout]    --> examples/miniquad.rs:620:20
[INFO] [stdout]     |
[INFO] [stdout] 620 |         _ctx: &mut Context,
[INFO] [stdout]     |                    ^^^^^^^ not found in this scope
[INFO] [stdout]     |
[INFO] [stdout] help: consider importing one of these items
[INFO] [stdout]     |
[INFO] [stdout] 45  | use core::task::Context;
[INFO] [stdout]     |
[INFO] [stdout] 45  | use std::task::Context;
[INFO] [stdout]     |
[INFO] [stdout] 
[INFO] [stdout] 
[INFO] [stdout] error[E0412]: cannot find type `KeyCode` in this scope
[INFO] [stdout]    --> examples/miniquad.rs:621:18
[INFO] [stdout]     |
[INFO] [stdout] 621 |         keycode: KeyCode,
[INFO] [stdout]     |                  ^^^^^^^ not found in this scope
[INFO] [stdout] 
[INFO] [stdout] 
[INFO] [stdout] error[E0412]: cannot find type `KeyMods` in this scope
[INFO] [stdout]    --> examples/miniquad.rs:622:19
[INFO] [stdout]     |
[INFO] [stdout] 622 |         _keymods: KeyMods,
[INFO] [stdout]     |                   ^^^^^^^ not found in this scope
[INFO] [stdout] 
[INFO] [stdout] 
[INFO] [stdout] error[E0412]: cannot find type `FilterMode` in this scope
[INFO] [stdout]    --> examples/miniquad.rs:634:51
[INFO] [stdout]     |
[INFO] [stdout] 634 |         fn convert_filter(filter: AtlasFilter) -> FilterMode {
[INFO] [stdout]     |                                                   ^^^^^^^^^^ not found in this scope
[INFO] [stdout] 
[INFO] [stdout] 
[INFO] [stdout] error: couldn't read src/../assets/spineboy/export/spineboy.atlas: No such file or directory (os error 2)
[INFO] [stdout]   --> src/test.rs:31:29
[INFO] [stdout]    |
[INFO] [stdout] 31 |                 atlas_data: include_bytes!("../assets/spineboy/export/spineboy.atlas"),
[INFO] [stdout]    |                             ^^^^^^^^^^^^^^^^^^^^^^^^^^^^^^^^^^^^^^^^^^^^^^^^^^^^^^^^^^
[INFO] [stdout]    |
[INFO] [stdout]    = note: this error originates in the macro `include_bytes` (in Nightly builds, run with -Z macro-backtrace for more info)
[INFO] [stdout] 
[INFO] [stdout] 
[INFO] [stdout] error[E0412]: cannot find type `TextureWrap` in this scope
[INFO] [stdout]    --> examples/miniquad.rs:644:45
[INFO] [stdout]     |
[INFO] [stdout] 644 |         fn convert_wrap(wrap: AtlasWrap) -> TextureWrap {
[INFO] [stdout]     |                                             ^^^^^^^^^^^ not found in this scope
[INFO] [stdout] 
[INFO] [stdout] 
[INFO] [stdout] error: couldn't read src/../assets/spineboy/export/spineboy-pro.json: No such file or directory (os error 2)
[INFO] [stdout]   --> src/test.rs:32:28
[INFO] [stdout]    |
[INFO] [stdout] 32 |                 json_data: include_bytes!("../assets/spineboy/export/spineboy-pro.json"),
[INFO] [stdout]    |                            ^^^^^^^^^^^^^^^^^^^^^^^^^^^^^^^^^^^^^^^^^^^^^^^^^^^^^^^^^^^^^
[INFO] [stdout]    |
[INFO] [stdout]    = note: this error originates in the macro `include_bytes` (in Nightly builds, run with -Z macro-backtrace for more info)
[INFO] [stdout] 
[INFO] [stdout] 
[INFO] [stdout] error[E0412]: cannot find type `TextureFormat` in this scope
[INFO] [stdout]    --> examples/miniquad.rs:655:51
[INFO] [stdout]     |
[INFO] [stdout] 655 |         fn convert_format(format: AtlasFormat) -> TextureFormat {
[INFO] [stdout]     |                                                   ^^^^^^^^^^^^^ not found in this scope
[INFO] [stdout] 
[INFO] [stdout] 
[INFO] [stdout] error: couldn't read src/../assets/alien/export/alien.atlas: No such file or directory (os error 2)
[INFO] [stdout]   --> src/test.rs:36:29
[INFO] [stdout]    |
[INFO] [stdout] 36 |                 atlas_data: include_bytes!("../assets/alien/export/alien.atlas"),
[INFO] [stdout]    |                             ^^^^^^^^^^^^^^^^^^^^^^^^^^^^^^^^^^^^^^^^^^^^^^^^^^^^
[INFO] [stdout]    |
[INFO] [stdout]    = note: this error originates in the macro `include_bytes` (in Nightly builds, run with -Z macro-backtrace for more info)
[INFO] [stdout] 
[INFO] [stdout] 
[INFO] [stdout] error: couldn't read src/../assets/alien/export/alien-pro.json: No such file or directory (os error 2)
[INFO] [stdout]   --> src/test.rs:37:28
[INFO] [stdout]    |
[INFO] [stdout] 37 |                 json_data: include_bytes!("../assets/alien/export/alien-pro.json"),
[INFO] [stdout]    |                            ^^^^^^^^^^^^^^^^^^^^^^^^^^^^^^^^^^^^^^^^^^^^^^^^^^^^^^^
[INFO] [stdout]    |
[INFO] [stdout]    = note: this error originates in the macro `include_bytes` (in Nightly builds, run with -Z macro-backtrace for more info)
[INFO] [stdout] 
[INFO] [stdout] 
[INFO] [stdout] error: couldn't read src/../assets/coin/export/coin.atlas: No such file or directory (os error 2)
[INFO] [stdout]   --> src/test.rs:41:29
[INFO] [stdout]    |
[INFO] [stdout] 41 |                 atlas_data: include_bytes!("../assets/coin/export/coin.atlas"),
[INFO] [stdout]    |                             ^^^^^^^^^^^^^^^^^^^^^^^^^^^^^^^^^^^^^^^^^^^^^^^^^^
[INFO] [stdout]    |
[INFO] [stdout]    = note: this error originates in the macro `include_bytes` (in Nightly builds, run with -Z macro-backtrace for more info)
[INFO] [stdout] 
[INFO] [stdout] 
[INFO] [stdout] error: couldn't read src/../assets/coin/export/coin-pro.json: No such file or directory (os error 2)
[INFO] [stdout]   --> src/test.rs:42:28
[INFO] [stdout]    |
[INFO] [stdout] 42 |                 json_data: include_bytes!("../assets/coin/export/coin-pro.json"),
[INFO] [stdout]    |                            ^^^^^^^^^^^^^^^^^^^^^^^^^^^^^^^^^^^^^^^^^^^^^^^^^^^^^
[INFO] [stdout]    |
[INFO] [stdout]    = note: this error originates in the macro `include_bytes` (in Nightly builds, run with -Z macro-backtrace for more info)
[INFO] [stdout] 
[INFO] [stdout] 
[INFO] [stdout] error[E0412]: cannot find type `Bindings` in this scope
[INFO] [stdout]    --> examples/miniquad.rs:700:27
[INFO] [stdout]     |
[INFO] [stdout] 700 |         pub bindings: Vec<Bindings>,
[INFO] [stdout]     |                           ^^^^^^^^ not found in this scope
[INFO] [stdout]     |
[INFO] [stdout] help: you might be missing a type parameter
[INFO] [stdout]     |
[INFO] [stdout] 699 |     pub struct TextMesh<Bindings> {
[INFO] [stdout]     |                        ++++++++++
[INFO] [stdout] 
[INFO] [stdout] 
[INFO] [stdout] error: couldn't read src/../assets/dragon/export/dragon.atlas: No such file or directory (os error 2)
[INFO] [stdout]   --> src/test.rs:46:29
[INFO] [stdout]    |
[INFO] [stdout] 46 |                 atlas_data: include_bytes!("../assets/dragon/export/dragon.atlas"),
[INFO] [stdout]    |                             ^^^^^^^^^^^^^^^^^^^^^^^^^^^^^^^^^^^^^^^^^^^^^^^^^^^^^^
[INFO] [stdout]    |
[INFO] [stdout]    = note: this error originates in the macro `include_bytes` (in Nightly builds, run with -Z macro-backtrace for more info)
[INFO] [stdout] 
[INFO] [stdout] 
[INFO] [stdout] error: couldn't read src/../assets/dragon/export/dragon-ess.json: No such file or directory (os error 2)
[INFO] [stdout]   --> src/test.rs:47:28
[INFO] [stdout]    |
[INFO] [stdout] 47 |                 json_data: include_bytes!("../assets/dragon/export/dragon-ess.json"),
[INFO] [stdout]    |                            ^^^^^^^^^^^^^^^^^^^^^^^^^^^^^^^^^^^^^^^^^^^^^^^^^^^^^^^^^
[INFO] [stdout]    |
[INFO] [stdout]    = note: this error originates in the macro `include_bytes` (in Nightly builds, run with -Z macro-backtrace for more info)
[INFO] [stdout] 
[INFO] [stdout] 
[INFO] [stdout] error: couldn't read src/../assets/goblins/export/goblins.atlas: No such file or directory (os error 2)
[INFO] [stdout]   --> src/test.rs:51:29
[INFO] [stdout]    |
[INFO] [stdout] 51 |                 atlas_data: include_bytes!("../assets/goblins/export/goblins.atlas"),
[INFO] [stdout]    |                             ^^^^^^^^^^^^^^^^^^^^^^^^^^^^^^^^^^^^^^^^^^^^^^^^^^^^^^^^
[INFO] [stdout]    |
[INFO] [stdout]    = note: this error originates in the macro `include_bytes` (in Nightly builds, run with -Z macro-backtrace for more info)
[INFO] [stdout] 
[INFO] [stdout] 
[INFO] [stdout] error[E0412]: cannot find type `Context` in this scope
[INFO] [stdout]    --> examples/miniquad.rs:704:30
[INFO] [stdout]     |
[INFO] [stdout] 704 |         pub fn new(ctx: &mut Context, text: &'static str, ttf: &[u8]) -> Self {
[INFO] [stdout]     |                              ^^^^^^^ not found in this scope
[INFO] [stdout]     |
[INFO] [stdout] help: consider importing one of these items
[INFO] [stdout]     |
[INFO] [stdout] 689 |     use core::task::Context;
[INFO] [stdout]     |
[INFO] [stdout] 689 |     use std::task::Context;
[INFO] [stdout]     |
[INFO] [stdout] 
[INFO] [stdout] 
[INFO] [stdout] error: couldn't read src/../assets/goblins/export/goblins-pro.json: No such file or directory (os error 2)
[INFO] [stdout]   --> src/test.rs:52:28
[INFO] [stdout]    |
[INFO] [stdout] 52 |                 json_data: include_bytes!("../assets/goblins/export/goblins-pro.json"),
[INFO] [stdout]    |                            ^^^^^^^^^^^^^^^^^^^^^^^^^^^^^^^^^^^^^^^^^^^^^^^^^^^^^^^^^^^
[INFO] [stdout]    |
[INFO] [stdout]    = note: this error originates in the macro `include_bytes` (in Nightly builds, run with -Z macro-backtrace for more info)
[INFO] [stdout] 
[INFO] [stdout] 
[INFO] [stdout] error: couldn't read src/../assets/stretchyman/export/stretchyman.atlas: No such file or directory (os error 2)
[INFO] [stdout]   --> src/test.rs:56:29
[INFO] [stdout]    |
[INFO] [stdout] 56 |                 atlas_data: include_bytes!("../assets/stretchyman/export/stretchyman.atlas"),
[INFO] [stdout]    |                             ^^^^^^^^^^^^^^^^^^^^^^^^^^^^^^^^^^^^^^^^^^^^^^^^^^^^^^^^^^^^^^^^
[INFO] [stdout]    |
[INFO] [stdout]    = note: this error originates in the macro `include_bytes` (in Nightly builds, run with -Z macro-backtrace for more info)
[INFO] [stdout] 
[INFO] [stdout] 
[INFO] [stdout] error[E0422]: cannot find struct, variant or union type `Bindings` in this scope
[INFO] [stdout]    --> examples/miniquad.rs:761:35
[INFO] [stdout]     |
[INFO] [stdout] 761 |                     bindings.push(Bindings {
[INFO] [stdout]     |                                   ^^^^^^^^ not found in this scope
[INFO] [stdout] 
[INFO] [stdout] 
[INFO] [stdout] error: couldn't read src/../assets/stretchyman/export/stretchyman-pro.json: No such file or directory (os error 2)
[INFO] [stdout]   --> src/test.rs:57:28
[INFO] [stdout]    |
[INFO] [stdout] 57 |                 json_data: include_bytes!("../assets/stretchyman/export/stretchyman-pro.json"),
[INFO] [stdout]    |                            ^^^^^^^^^^^^^^^^^^^^^^^^^^^^^^^^^^^^^^^^^^^^^^^^^^^^^^^^^^^^^^^^^^^
[INFO] [stdout]    |
[INFO] [stdout]    = note: this error originates in the macro `include_bytes` (in Nightly builds, run with -Z macro-backtrace for more info)
[INFO] [stdout] 
[INFO] [stdout] 
[INFO] [stdout] error: couldn't read src/../assets/tank/export/tank.atlas: No such file or directory (os error 2)
[INFO] [stdout]   --> src/test.rs:61:29
[INFO] [stdout]    |
[INFO] [stdout] 61 |                 atlas_data: include_bytes!("../assets/tank/export/tank.atlas"),
[INFO] [stdout]    |                             ^^^^^^^^^^^^^^^^^^^^^^^^^^^^^^^^^^^^^^^^^^^^^^^^^^
[INFO] [stdout]    |
[INFO] [stdout]    = note: this error originates in the macro `include_bytes` (in Nightly builds, run with -Z macro-backtrace for more info)
[INFO] [stdout] 
[INFO] [stdout] 
[INFO] [stdout] error: couldn't read src/../assets/tank/export/tank-pro.json: No such file or directory (os error 2)
[INFO] [stdout]   --> src/test.rs:62:28
[INFO] [stdout]    |
[INFO] [stdout] 62 |                 json_data: include_bytes!("../assets/tank/export/tank-pro.json"),
[INFO] [stdout]    |                            ^^^^^^^^^^^^^^^^^^^^^^^^^^^^^^^^^^^^^^^^^^^^^^^^^^^^^
[INFO] [stdout]    |
[INFO] [stdout]    = note: this error originates in the macro `include_bytes` (in Nightly builds, run with -Z macro-backtrace for more info)
[INFO] [stdout] 
[INFO] [stdout] 
[INFO] [stdout] error: couldn't read src/../assets/windmill/export/windmill.atlas: No such file or directory (os error 2)
[INFO] [stdout]   --> src/test.rs:66:29
[INFO] [stdout]    |
[INFO] [stdout] 66 |                 atlas_data: include_bytes!("../assets/windmill/export/windmill.atlas"),
[INFO] [stdout]    |                             ^^^^^^^^^^^^^^^^^^^^^^^^^^^^^^^^^^^^^^^^^^^^^^^^^^^^^^^^^^
[INFO] [stdout]    |
[INFO] [stdout]    = note: this error originates in the macro `include_bytes` (in Nightly builds, run with -Z macro-backtrace for more info)
[INFO] [stdout] 
[INFO] [stdout] 
[INFO] [stdout] error[E0412]: cannot find type `Context` in this scope
[INFO] [stdout]    --> examples/miniquad.rs:771:38
[INFO] [stdout]     |
[INFO] [stdout] 771 |         pub fn draw(&self, ctx: &mut Context, uniforms: shader::Uniforms) {
[INFO] [stdout]     |                                      ^^^^^^^ not found in this scope
[INFO] [stdout]     |
[INFO] [stdout] help: consider importing one of these items
[INFO] [stdout]     |
[INFO] [stdout] 689 |     use core::task::Context;
[INFO] [stdout]     |
[INFO] [stdout] 689 |     use std::task::Context;
[INFO] [stdout]     |
[INFO] [stdout] 
[INFO] [stdout] 
[INFO] [stdout] error: couldn't read src/../assets/windmill/export/windmill-ess.json: No such file or directory (os error 2)
[INFO] [stdout]   --> src/test.rs:67:28
[INFO] [stdout]    |
[INFO] [stdout] 67 |                 json_data: include_bytes!("../assets/windmill/export/windmill-ess.json"),
[INFO] [stdout]    |                            ^^^^^^^^^^^^^^^^^^^^^^^^^^^^^^^^^^^^^^^^^^^^^^^^^^^^^^^^^^^^^
[INFO] [stdout]    |
[INFO] [stdout]    = note: this error originates in the macro `include_bytes` (in Nightly builds, run with -Z macro-backtrace for more info)
[INFO] [stdout] 
[INFO] [stdout] 
[INFO] [stdout] error[E0433]: failed to resolve: use of undeclared type `UniformDesc`
[INFO] [stdout]    --> examples/miniquad.rs:104:21
[INFO] [stdout]     |
[INFO] [stdout] 104 |                     UniformDesc::new("world", UniformType::Mat4),
[INFO] [stdout]     |                     ^^^^^^^^^^^
[INFO] [stdout]     |                     |
[INFO] [stdout]     |                     use of undeclared type `UniformDesc`
[INFO] [stdout]     |                     help: a struct with a similar name exists: `Uniforms`
[INFO] [stdout] 
[INFO] [stdout] 
[INFO] [stdout] error[E0433]: failed to resolve: use of undeclared type `UniformDesc`
[INFO] [stdout]    --> examples/miniquad.rs:105:21
[INFO] [stdout]     |
[INFO] [stdout] 105 |                     UniformDesc::new("view", UniformType::Mat4),
[INFO] [stdout]     |                     ^^^^^^^^^^^
[INFO] [stdout]     |                     |
[INFO] [stdout]     |                     use of undeclared type `UniformDesc`
[INFO] [stdout]     |                     help: a struct with a similar name exists: `Uniforms`
[INFO] [stdout] 
[INFO] [stdout] 
[INFO] [stdout] error[E0433]: failed to resolve: use of undeclared type `Shader`
[INFO] [stdout]    --> examples/miniquad.rs:127:18
[INFO] [stdout]     |
[INFO] [stdout] 127 |     let shader = Shader::new(ctx, shader::VERTEX, shader::FRAGMENT, shader::meta())
[INFO] [stdout]     |                  ^^^^^^ use of undeclared type `Shader`
[INFO] [stdout] 
[INFO] [stdout] 
[INFO] [stdout] error[E0433]: failed to resolve: use of undeclared type `Pipeline`
[INFO] [stdout]    --> examples/miniquad.rs:129:5
[INFO] [stdout]     |
[INFO] [stdout] 129 |     Pipeline::new(
[INFO] [stdout]     |     ^^^^^^^^ use of undeclared type `Pipeline`
[INFO] [stdout] 
[INFO] [stdout] 
[INFO] [stdout] error[E0433]: failed to resolve: use of undeclared type `BufferLayout`
[INFO] [stdout]    --> examples/miniquad.rs:131:11
[INFO] [stdout]     |
[INFO] [stdout] 131 |         &[BufferLayout::default()],
[INFO] [stdout]     |           ^^^^^^^^^^^^ use of undeclared type `BufferLayout`
[INFO] [stdout] 
[INFO] [stdout] 
[INFO] [stdout] error[E0433]: failed to resolve: use of undeclared type `VertexAttribute`
[INFO] [stdout]    --> examples/miniquad.rs:133:13
[INFO] [stdout]     |
[INFO] [stdout] 133 |             VertexAttribute::new("position", VertexFormat::Float2),
[INFO] [stdout]     |             ^^^^^^^^^^^^^^^ use of undeclared type `VertexAttribute`
[INFO] [stdout] 
[INFO] [stdout] 
[INFO] [stdout] error[E0433]: failed to resolve: use of undeclared type `VertexAttribute`
[INFO] [stdout]    --> examples/miniquad.rs:134:13
[INFO] [stdout]     |
[INFO] [stdout] 134 |             VertexAttribute::new("uv", VertexFormat::Float2),
[INFO] [stdout]     |             ^^^^^^^^^^^^^^^ use of undeclared type `VertexAttribute`
[INFO] [stdout] 
[INFO] [stdout] 
[INFO] [stdout] error[E0433]: failed to resolve: use of undeclared type `VertexAttribute`
[INFO] [stdout]    --> examples/miniquad.rs:135:13
[INFO] [stdout]     |
[INFO] [stdout] 135 |             VertexAttribute::new("color", VertexFormat::Float4),
[INFO] [stdout]     |             ^^^^^^^^^^^^^^^ use of undeclared type `VertexAttribute`
[INFO] [stdout] 
[INFO] [stdout] 
[INFO] [stdout] error[E0433]: failed to resolve: use of undeclared type `VertexAttribute`
[INFO] [stdout]    --> examples/miniquad.rs:136:13
[INFO] [stdout]     |
[INFO] [stdout] 136 |             VertexAttribute::new("dark_color", VertexFormat::Float4),
[INFO] [stdout]     |             ^^^^^^^^^^^^^^^ use of undeclared type `VertexAttribute`
[INFO] [stdout] 
[INFO] [stdout] 
[INFO] [stdout] error[E0433]: failed to resolve: use of undeclared type `BlendState`
[INFO] [stdout]    --> examples/miniquad.rs:284:34
[INFO] [stdout]     |
[INFO] [stdout] 284 |                     alpha_blend: BlendState::new(Equation::Add, BlendFactor::One, BlendFactor::One),
[INFO] [stdout]     |                                  ^^^^^^^^^^
[INFO] [stdout]     |                                  |
[INFO] [stdout]     |                                  use of undeclared type `BlendState`
[INFO] [stdout]     |                                  help: a struct with a similar name exists: `BlendStates`
[INFO] [stdout] 
[INFO] [stdout] 
[INFO] [stdout] error[E0433]: failed to resolve: use of undeclared type `BlendState`
[INFO] [stdout]    --> examples/miniquad.rs:285:34
[INFO] [stdout]     |
[INFO] [stdout] 285 |                     color_blend: BlendState::new(
[INFO] [stdout]     |                                  ^^^^^^^^^^
[INFO] [stdout]     |                                  |
[INFO] [stdout]     |                                  use of undeclared type `BlendState`
[INFO] [stdout]     |                                  help: a struct with a similar name exists: `BlendStates`
[INFO] [stdout] 
[INFO] [stdout] 
[INFO] [stdout] error[E0433]: failed to resolve: use of undeclared type `BlendFactor`
[INFO] [stdout]    --> examples/miniquad.rs:287:25
[INFO] [stdout]     |
[INFO] [stdout] 287 |                         BlendFactor::Value(BlendValue::SourceAlpha),
[INFO] [stdout]     |                         ^^^^^^^^^^^ use of undeclared type `BlendFactor`
[INFO] [stdout] 
[INFO] [stdout] 
[INFO] [stdout] error[E0433]: failed to resolve: use of undeclared type `BlendState`
[INFO] [stdout]    --> examples/miniquad.rs:293:34
[INFO] [stdout]     |
[INFO] [stdout] 293 |                     alpha_blend: BlendState::new(Equation::Add, BlendFactor::One, BlendFactor::One),
[INFO] [stdout]     |                                  ^^^^^^^^^^
[INFO] [stdout]     |                                  |
[INFO] [stdout]     |                                  use of undeclared type `BlendState`
[INFO] [stdout]     |                                  help: a struct with a similar name exists: `BlendStates`
[INFO] [stdout] 
[INFO] [stdout] 
[INFO] [stdout] error[E0433]: failed to resolve: use of undeclared type `BlendState`
[INFO] [stdout]    --> examples/miniquad.rs:294:34
[INFO] [stdout]     |
[INFO] [stdout] 294 |                     color_blend: BlendState::new(Equation::Add, BlendFactor::One, BlendFactor::One),
[INFO] [stdout]     |                                  ^^^^^^^^^^
[INFO] [stdout]     |                                  |
[INFO] [stdout]     |                                  use of undeclared type `BlendState`
[INFO] [stdout]     |                                  help: a struct with a similar name exists: `BlendStates`
[INFO] [stdout] 
[INFO] [stdout] 
[INFO] [stdout] error[E0433]: failed to resolve: use of undeclared type `BlendState`
[INFO] [stdout]    --> examples/miniquad.rs:300:34
[INFO] [stdout]     |
[INFO] [stdout] 300 |                     alpha_blend: BlendState::new(
[INFO] [stdout]     |                                  ^^^^^^^^^^
[INFO] [stdout]     |                                  |
[INFO] [stdout]     |                                  use of undeclared type `BlendState`
[INFO] [stdout]     |                                  help: a struct with a similar name exists: `BlendStates`
[INFO] [stdout] 
[INFO] [stdout] 
[INFO] [stdout] error[E0433]: failed to resolve: use of undeclared type `BlendFactor`
[INFO] [stdout]    --> examples/miniquad.rs:302:25
[INFO] [stdout]     |
[INFO] [stdout] 302 |                         BlendFactor::OneMinusValue(BlendValue::SourceAlpha),
[INFO] [stdout]     |                         ^^^^^^^^^^^ use of undeclared type `BlendFactor`
[INFO] [stdout] 
[INFO] [stdout] 
[INFO] [stdout] error[E0433]: failed to resolve: use of undeclared type `BlendFactor`
[INFO] [stdout]    --> examples/miniquad.rs:303:25
[INFO] [stdout]     |
[INFO] [stdout] 303 |                         BlendFactor::OneMinusValue(BlendValue::SourceAlpha),
[INFO] [stdout]     |                         ^^^^^^^^^^^ use of undeclared type `BlendFactor`
[INFO] [stdout] 
[INFO] [stdout] 
[INFO] [stdout] error[E0433]: failed to resolve: use of undeclared type `BlendState`
[INFO] [stdout]    --> examples/miniquad.rs:305:34
[INFO] [stdout]     |
[INFO] [stdout] 305 |                     color_blend: BlendState::new(
[INFO] [stdout]     |                                  ^^^^^^^^^^
[INFO] [stdout]     |                                  |
[INFO] [stdout]     |                                  use of undeclared type `BlendState`
[INFO] [stdout]     |                                  help: a struct with a similar name exists: `BlendStates`
[INFO] [stdout] 
[INFO] [stdout] 
[INFO] [stdout] error[E0433]: failed to resolve: use of undeclared type `BlendFactor`
[INFO] [stdout]    --> examples/miniquad.rs:307:25
[INFO] [stdout]     |
[INFO] [stdout] 307 |                         BlendFactor::Value(BlendValue::DestinationColor),
[INFO] [stdout]     |                         ^^^^^^^^^^^ use of undeclared type `BlendFactor`
[INFO] [stdout] 
[INFO] [stdout] 
[INFO] [stdout] error[E0433]: failed to resolve: use of undeclared type `BlendFactor`
[INFO] [stdout]    --> examples/miniquad.rs:308:25
[INFO] [stdout]     |
[INFO] [stdout] 308 |                         BlendFactor::OneMinusValue(BlendValue::SourceAlpha),
[INFO] [stdout]     |                         ^^^^^^^^^^^ use of undeclared type `BlendFactor`
[INFO] [stdout] 
[INFO] [stdout] 
[INFO] [stdout] error[E0433]: failed to resolve: use of undeclared type `BlendState`
[INFO] [stdout]    --> examples/miniquad.rs:313:34
[INFO] [stdout]     |
[INFO] [stdout] 313 |                     alpha_blend: BlendState::new(
[INFO] [stdout]     |                                  ^^^^^^^^^^
[INFO] [stdout]     |                                  |
[INFO] [stdout]     |                                  use of undeclared type `BlendState`
[INFO] [stdout]     |                                  help: a struct with a similar name exists: `BlendStates`
[INFO] [stdout] 
[INFO] [stdout] 
[INFO] [stdout] error[E0433]: failed to resolve: use of undeclared type `BlendFactor`
[INFO] [stdout]    --> examples/miniquad.rs:315:25
[INFO] [stdout]     |
[INFO] [stdout] 315 |                         BlendFactor::OneMinusValue(BlendValue::SourceAlpha),
[INFO] [stdout]     |                         ^^^^^^^^^^^ use of undeclared type `BlendFactor`
[INFO] [stdout] 
[INFO] [stdout] 
[INFO] [stdout] error[E0433]: failed to resolve: use of undeclared type `BlendFactor`
[INFO] [stdout]    --> examples/miniquad.rs:316:25
[INFO] [stdout]     |
[INFO] [stdout] 316 |                         BlendFactor::OneMinusValue(BlendValue::SourceAlpha),
[INFO] [stdout]     |                         ^^^^^^^^^^^ use of undeclared type `BlendFactor`
[INFO] [stdout] 
[INFO] [stdout] 
[INFO] [stdout] error[E0433]: failed to resolve: use of undeclared type `BlendState`
[INFO] [stdout]    --> examples/miniquad.rs:318:34
[INFO] [stdout]     |
[INFO] [stdout] 318 |                     color_blend: BlendState::new(
[INFO] [stdout]     |                                  ^^^^^^^^^^
[INFO] [stdout]     |                                  |
[INFO] [stdout]     |                                  use of undeclared type `BlendState`
[INFO] [stdout]     |                                  help: a struct with a similar name exists: `BlendStates`
[INFO] [stdout] 
[INFO] [stdout] 
[INFO] [stdout] error[E0433]: failed to resolve: use of undeclared type `BlendFactor`
[INFO] [stdout]    --> examples/miniquad.rs:320:25
[INFO] [stdout]     |
[INFO] [stdout] 320 |                         BlendFactor::Value(BlendValue::DestinationColor),
[INFO] [stdout]     |                         ^^^^^^^^^^^ use of undeclared type `BlendFactor`
[INFO] [stdout] 
[INFO] [stdout] 
[INFO] [stdout] error[E0433]: failed to resolve: use of undeclared type `BlendFactor`
[INFO] [stdout]    --> examples/miniquad.rs:321:25
[INFO] [stdout]     |
[INFO] [stdout] 321 |                         BlendFactor::OneMinusValue(BlendValue::SourceAlpha),
[INFO] [stdout]     |                         ^^^^^^^^^^^ use of undeclared type `BlendFactor`
[INFO] [stdout] 
[INFO] [stdout] 
[INFO] [stdout] error[E0433]: failed to resolve: use of undeclared type `BlendState`
[INFO] [stdout]    --> examples/miniquad.rs:328:34
[INFO] [stdout]     |
[INFO] [stdout] 328 |                     alpha_blend: BlendState::new(
[INFO] [stdout]     |                                  ^^^^^^^^^^
[INFO] [stdout]     |                                  |
[INFO] [stdout]     |                                  use of undeclared type `BlendState`
[INFO] [stdout]     |                                  help: a struct with a similar name exists: `BlendStates`
[INFO] [stdout] 
[INFO] [stdout] 
[INFO] [stdout] error[E0433]: failed to resolve: use of undeclared type `BlendFactor`
[INFO] [stdout]    --> examples/miniquad.rs:331:25
[INFO] [stdout]     |
[INFO] [stdout] 331 |                         BlendFactor::OneMinusValue(BlendValue::SourceAlpha),
[INFO] [stdout]     |                         ^^^^^^^^^^^ use of undeclared type `BlendFactor`
[INFO] [stdout] 
[INFO] [stdout] 
[INFO] [stdout] error[E0433]: failed to resolve: use of undeclared type `BlendState`
[INFO] [stdout]    --> examples/miniquad.rs:333:34
[INFO] [stdout]     |
[INFO] [stdout] 333 |                     color_blend: BlendState::new(
[INFO] [stdout]     |                                  ^^^^^^^^^^
[INFO] [stdout]     |                                  |
[INFO] [stdout]     |                                  use of undeclared type `BlendState`
[INFO] [stdout]     |                                  help: a struct with a similar name exists: `BlendStates`
[INFO] [stdout] 
[INFO] [stdout] 
[INFO] [stdout] error[E0433]: failed to resolve: use of undeclared type `BlendFactor`
[INFO] [stdout]    --> examples/miniquad.rs:335:25
[INFO] [stdout]     |
[INFO] [stdout] 335 |                         BlendFactor::Value(BlendValue::SourceAlpha),
[INFO] [stdout]     |                         ^^^^^^^^^^^ use of undeclared type `BlendFactor`
[INFO] [stdout] 
[INFO] [stdout] 
[INFO] [stdout] error[E0433]: failed to resolve: use of undeclared type `BlendFactor`
[INFO] [stdout]    --> examples/miniquad.rs:336:25
[INFO] [stdout]     |
[INFO] [stdout] 336 |                         BlendFactor::OneMinusValue(BlendValue::SourceAlpha),
[INFO] [stdout]     |                         ^^^^^^^^^^^ use of undeclared type `BlendFactor`
[INFO] [stdout] 
[INFO] [stdout] 
[INFO] [stdout] error[E0433]: failed to resolve: use of undeclared type `BlendState`
[INFO] [stdout]    --> examples/miniquad.rs:341:34
[INFO] [stdout]     |
[INFO] [stdout] 341 |                     alpha_blend: BlendState::new(
[INFO] [stdout]     |                                  ^^^^^^^^^^
[INFO] [stdout]     |                                  |
[INFO] [stdout]     |                                  use of undeclared type `BlendState`
[INFO] [stdout]     |                                  help: a struct with a similar name exists: `BlendStates`
[INFO] [stdout] 
[INFO] [stdout] 
[INFO] [stdout] error[E0433]: failed to resolve: use of undeclared type `BlendFactor`
[INFO] [stdout]    --> examples/miniquad.rs:344:25
[INFO] [stdout]     |
[INFO] [stdout] 344 |                         BlendFactor::OneMinusValue(BlendValue::SourceAlpha),
[INFO] [stdout]     |                         ^^^^^^^^^^^ use of undeclared type `BlendFactor`
[INFO] [stdout] 
[INFO] [stdout] 
[INFO] [stdout] error[E0433]: failed to resolve: use of undeclared type `BlendState`
[INFO] [stdout]    --> examples/miniquad.rs:346:34
[INFO] [stdout]     |
[INFO] [stdout] 346 |                     color_blend: BlendState::new(
[INFO] [stdout]     |                                  ^^^^^^^^^^
[INFO] [stdout]     |                                  |
[INFO] [stdout]     |                                  use of undeclared type `BlendState`
[INFO] [stdout]     |                                  help: a struct with a similar name exists: `BlendStates`
[INFO] [stdout] 
[INFO] [stdout] 
[INFO] [stdout] error[E0433]: failed to resolve: use of undeclared type `BlendFactor`
[INFO] [stdout]    --> examples/miniquad.rs:349:25
[INFO] [stdout]     |
[INFO] [stdout] 349 |                         BlendFactor::OneMinusValue(BlendValue::SourceAlpha),
[INFO] [stdout]     |                         ^^^^^^^^^^^ use of undeclared type `BlendFactor`
[INFO] [stdout] 
[INFO] [stdout] 
[INFO] [stdout] error[E0433]: failed to resolve: use of undeclared type `BlendState`
[INFO] [stdout]    --> examples/miniquad.rs:356:34
[INFO] [stdout]     |
[INFO] [stdout] 356 |                     alpha_blend: BlendState::new(
[INFO] [stdout]     |                                  ^^^^^^^^^^
[INFO] [stdout]     |                                  |
[INFO] [stdout]     |                                  use of undeclared type `BlendState`
[INFO] [stdout]     |                                  help: a struct with a similar name exists: `BlendStates`
[INFO] [stdout] 
[INFO] [stdout] 
[INFO] [stdout] error[E0433]: failed to resolve: use of undeclared type `BlendFactor`
[INFO] [stdout]    --> examples/miniquad.rs:358:25
[INFO] [stdout]     |
[INFO] [stdout] 358 |                         BlendFactor::OneMinusValue(BlendValue::SourceColor),
[INFO] [stdout]     |                         ^^^^^^^^^^^ use of undeclared type `BlendFactor`
[INFO] [stdout] 
[INFO] [stdout] 
[INFO] [stdout] error[E0433]: failed to resolve: use of undeclared type `BlendFactor`
[INFO] [stdout]    --> examples/miniquad.rs:359:25
[INFO] [stdout]     |
[INFO] [stdout] 359 |                         BlendFactor::OneMinusValue(BlendValue::SourceAlpha),
[INFO] [stdout]     |                         ^^^^^^^^^^^ use of undeclared type `BlendFactor`
[INFO] [stdout] 
[INFO] [stdout] 
[INFO] [stdout] error[E0433]: failed to resolve: use of undeclared type `BlendState`
[INFO] [stdout]    --> examples/miniquad.rs:361:34
[INFO] [stdout]     |
[INFO] [stdout] 361 |                     color_blend: BlendState::new(
[INFO] [stdout]     |                                  ^^^^^^^^^^
[INFO] [stdout]     |                                  |
[INFO] [stdout]     |                                  use of undeclared type `BlendState`
[INFO] [stdout]     |                                  help: a struct with a similar name exists: `BlendStates`
[INFO] [stdout] 
[INFO] [stdout] 
[INFO] [stdout] error[E0433]: failed to resolve: use of undeclared type `BlendFactor`
[INFO] [stdout]    --> examples/miniquad.rs:364:25
[INFO] [stdout]     |
[INFO] [stdout] 364 |                         BlendFactor::OneMinusValue(BlendValue::SourceAlpha),
[INFO] [stdout]     |                         ^^^^^^^^^^^ use of undeclared type `BlendFactor`
[INFO] [stdout] 
[INFO] [stdout] 
[INFO] [stdout] error[E0433]: failed to resolve: use of undeclared type `BlendState`
[INFO] [stdout]    --> examples/miniquad.rs:369:34
[INFO] [stdout]     |
[INFO] [stdout] 369 |                     alpha_blend: BlendState::new(
[INFO] [stdout]     |                                  ^^^^^^^^^^
[INFO] [stdout]     |                                  |
[INFO] [stdout]     |                                  use of undeclared type `BlendState`
[INFO] [stdout]     |                                  help: a struct with a similar name exists: `BlendStates`
[INFO] [stdout] 
[INFO] [stdout] 
[INFO] [stdout] error[E0433]: failed to resolve: use of undeclared type `BlendFactor`
[INFO] [stdout]    --> examples/miniquad.rs:371:25
[INFO] [stdout]     |
[INFO] [stdout] 371 |                         BlendFactor::OneMinusValue(BlendValue::SourceColor),
[INFO] [stdout]     |                         ^^^^^^^^^^^ use of undeclared type `BlendFactor`
[INFO] [stdout] 
[INFO] [stdout] 
[INFO] [stdout] error[E0433]: failed to resolve: use of undeclared type `BlendFactor`
[INFO] [stdout]    --> examples/miniquad.rs:372:25
[INFO] [stdout]     |
[INFO] [stdout] 372 |                         BlendFactor::OneMinusValue(BlendValue::SourceAlpha),
[INFO] [stdout]     |                         ^^^^^^^^^^^ use of undeclared type `BlendFactor`
[INFO] [stdout] 
[INFO] [stdout] 
[INFO] [stdout] error[E0433]: failed to resolve: use of undeclared type `BlendState`
[INFO] [stdout]    --> examples/miniquad.rs:374:34
[INFO] [stdout]     |
[INFO] [stdout] 374 |                     color_blend: BlendState::new(
[INFO] [stdout]     |                                  ^^^^^^^^^^
[INFO] [stdout]     |                                  |
[INFO] [stdout]     |                                  use of undeclared type `BlendState`
[INFO] [stdout]     |                                  help: a struct with a similar name exists: `BlendStates`
[INFO] [stdout] 
[INFO] [stdout] 
[INFO] [stdout] error[E0433]: failed to resolve: use of undeclared type `BlendFactor`
[INFO] [stdout]    --> examples/miniquad.rs:377:25
[INFO] [stdout]     |
[INFO] [stdout] 377 |                         BlendFactor::OneMinusValue(BlendValue::SourceAlpha),
[INFO] [stdout]     |                         ^^^^^^^^^^^ use of undeclared type `BlendFactor`
[INFO] [stdout] 
[INFO] [stdout] 
[INFO] [stdout] error[E0433]: failed to resolve: use of undeclared crate or module `date`
[INFO] [stdout]    --> examples/miniquad.rs:465:30
[INFO] [stdout]     |
[INFO] [stdout] 465 |             last_frame_time: date::now(),
[INFO] [stdout]     |                              ^^^^ use of undeclared crate or module `date`
[INFO] [stdout] 
[INFO] [stdout] 
[INFO] [stdout] error[E0433]: failed to resolve: use of undeclared crate or module `date`
[INFO] [stdout]    --> examples/miniquad.rs:489:19
[INFO] [stdout]     |
[INFO] [stdout] 489 |         let now = date::now();
[INFO] [stdout]     |                   ^^^^ use of undeclared crate or module `date`
[INFO] [stdout] 
[INFO] [stdout] 
[INFO] [stdout] error[E0433]: failed to resolve: use of undeclared type `Buffer`
[INFO] [stdout]    --> examples/miniquad.rs:532:33
[INFO] [stdout]     |
[INFO] [stdout] 532 |             let vertex_buffer = Buffer::immutable(ctx, BufferType::VertexBuffer, &vertices);
[INFO] [stdout]     |                                 ^^^^^^ use of undeclared type `Buffer`
[INFO] [stdout] 
[INFO] [stdout] 
[INFO] [stdout] error[E0433]: failed to resolve: use of undeclared type `Buffer`
[INFO] [stdout]    --> examples/miniquad.rs:533:32
[INFO] [stdout]     |
[INFO] [stdout] 533 |             let index_buffer = Buffer::immutable(ctx, BufferType::IndexBuffer, &renderable.indices);
[INFO] [stdout]     |                                ^^^^^^ use of undeclared type `Buffer`
[INFO] [stdout] 
[INFO] [stdout] 
[INFO] [stdout] error[E0433]: failed to resolve: use of undeclared type `Texture`
[INFO] [stdout]    --> examples/miniquad.rs:561:58
[INFO] [stdout]     |
[INFO] [stdout] 561 |                         TextureFormat::LuminanceAlpha => Texture::from_data_and_format(
[INFO] [stdout]     |                                                          ^^^^^^^ use of undeclared type `Texture`
[INFO] [stdout] 
[INFO] [stdout] 
[INFO] [stdout] error[E0433]: failed to resolve: use of undeclared type `Texture`
[INFO] [stdout]    --> examples/miniquad.rs:566:48
[INFO] [stdout]     |
[INFO] [stdout] 566 |                         TextureFormat::RGB8 => Texture::from_data_and_format(
[INFO] [stdout]     |                                                ^^^^^^^ use of undeclared type `Texture`
[INFO] [stdout] 
[INFO] [stdout] 
[INFO] [stdout] error[E0433]: failed to resolve: use of undeclared type `Texture`
[INFO] [stdout]    --> examples/miniquad.rs:571:49
[INFO] [stdout]     |
[INFO] [stdout] 571 |                         TextureFormat::RGBA8 => Texture::from_data_and_format(
[INFO] [stdout]     |                                                 ^^^^^^^ use of undeclared type `Texture`
[INFO] [stdout] 
[INFO] [stdout] 
[INFO] [stdout] error[E0433]: failed to resolve: use of undeclared crate or module `miniquad`
[INFO] [stdout]    --> examples/miniquad.rs:684:5
[INFO] [stdout]     |
[INFO] [stdout] 684 |     miniquad::start(conf, |mut ctx| Box::new(Stage::new(&mut ctx)));
[INFO] [stdout]     |     ^^^^^^^^ use of undeclared crate or module `miniquad`
[INFO] [stdout] 
[INFO] [stdout] 
[INFO] [stdout] error[E0433]: failed to resolve: use of undeclared type `Texture`
[INFO] [stdout]    --> examples/miniquad.rs:724:35
[INFO] [stdout]     |
[INFO] [stdout] 724 |                     let texture = Texture::from_rgba8(
[INFO] [stdout]     |                                   ^^^^^^^ use of undeclared type `Texture`
[INFO] [stdout] 
[INFO] [stdout] 
[INFO] [stdout] error[E0433]: failed to resolve: use of undeclared type `Buffer`
[INFO] [stdout]    --> examples/miniquad.rs:759:41
[INFO] [stdout]     |
[INFO] [stdout] 759 |                     let vertex_buffer = Buffer::immutable(ctx, BufferType::VertexBuffer, &vertices);
[INFO] [stdout]     |                                         ^^^^^^ use of undeclared type `Buffer`
[INFO] [stdout] 
[INFO] [stdout] 
[INFO] [stdout] error[E0433]: failed to resolve: use of undeclared type `Buffer`
[INFO] [stdout]    --> examples/miniquad.rs:760:40
[INFO] [stdout]     |
[INFO] [stdout] 760 |                     let index_buffer = Buffer::immutable(ctx, BufferType::IndexBuffer, &indices);
[INFO] [stdout]     |                                        ^^^^^^ use of undeclared type `Buffer`
[INFO] [stdout] 
[INFO] [stdout] 
[INFO] [stdout] error[E0433]: failed to resolve: use of undeclared type `BlendState`
[INFO] [stdout]    --> examples/miniquad.rs:773:22
[INFO] [stdout]     |
[INFO] [stdout] 773 |                 Some(BlendState::new(
[INFO] [stdout]     |                      ^^^^^^^^^^ use of undeclared type `BlendState`
[INFO] [stdout] 
[INFO] [stdout] 
[INFO] [stdout] error[E0433]: failed to resolve: use of undeclared type `BlendFactor`
[INFO] [stdout]    --> examples/miniquad.rs:776:21
[INFO] [stdout]     |
[INFO] [stdout] 776 |                     BlendFactor::OneMinusValue(BlendValue::SourceAlpha),
[INFO] [stdout]     |                     ^^^^^^^^^^^ use of undeclared type `BlendFactor`
[INFO] [stdout] 
[INFO] [stdout] 
[INFO] [stdout] error[E0433]: failed to resolve: use of undeclared type `BlendState`
[INFO] [stdout]    --> examples/miniquad.rs:778:22
[INFO] [stdout]     |
[INFO] [stdout] 778 |                 Some(BlendState::new(
[INFO] [stdout]     |                      ^^^^^^^^^^ use of undeclared type `BlendState`
[INFO] [stdout] 
[INFO] [stdout] 
[INFO] [stdout] error[E0433]: failed to resolve: use of undeclared type `BlendFactor`
[INFO] [stdout]    --> examples/miniquad.rs:781:21
[INFO] [stdout]     |
[INFO] [stdout] 781 |                     BlendFactor::OneMinusValue(BlendValue::SourceAlpha),
[INFO] [stdout]     |                     ^^^^^^^^^^^ use of undeclared type `BlendFactor`
[INFO] [stdout] 
[INFO] [stdout] 
[INFO] [stdout] error: aborting due to 177 previous errors
[INFO] [stdout] 
[INFO] [stdout] 
[INFO] [stdout] Some errors have detailed explanations: E0405, E0412, E0422, E0432, E0433.
[INFO] [stdout] 
[INFO] [stdout] For more information about an error, try `rustc --explain E0405`.
[INFO] [stdout] 
[INFO] [stderr] error: could not compile `rusty_spine` due to 178 previous errors
[INFO] [stderr] warning: build failed, waiting for other jobs to finish...
[INFO] [stdout] error: aborting due to 16 previous errors
[INFO] [stdout] 
[INFO] [stdout] 
[INFO] [stderr] error: could not compile `rusty_spine` due to 17 previous errors
[INFO] running `Command { std: "docker" "inspect" "162f0bde2d34df8c643a74abc7d39a67c35c51cace767ffc947c1c1a7385b3f1", kill_on_drop: false }`
[INFO] running `Command { std: "docker" "rm" "-f" "162f0bde2d34df8c643a74abc7d39a67c35c51cace767ffc947c1c1a7385b3f1", kill_on_drop: false }`
[INFO] [stdout] 162f0bde2d34df8c643a74abc7d39a67c35c51cace767ffc947c1c1a7385b3f1
