[INFO] fetching crate rusty-driver 0.3.3...
[INFO] testing rusty-driver-0.3.3 against 1.69.0 for beta-1.70-1
[INFO] extracting crate rusty-driver 0.3.3 into /workspace/builds/worker-1-tc1/source
[INFO] validating manifest of crates.io crate rusty-driver 0.3.3 on toolchain 1.69.0
[INFO] running `Command { std: CARGO_HOME="/workspace/cargo-home" RUSTUP_HOME="/workspace/rustup-home" "/workspace/cargo-home/bin/cargo" "+1.69.0" "metadata" "--manifest-path" "Cargo.toml" "--no-deps", kill_on_drop: false }`
[INFO] started tweaking crates.io crate rusty-driver 0.3.3
[INFO] finished tweaking crates.io crate rusty-driver 0.3.3
[INFO] tweaked toml for crates.io crate rusty-driver 0.3.3 written to /workspace/builds/worker-1-tc1/source/Cargo.toml
[INFO] crate crates.io crate rusty-driver 0.3.3 already has a lockfile, it will not be regenerated
[INFO] running `Command { std: CARGO_HOME="/workspace/cargo-home" RUSTUP_HOME="/workspace/rustup-home" "/workspace/cargo-home/bin/cargo" "+1.69.0" "fetch" "--manifest-path" "Cargo.toml", kill_on_drop: false }`
[INFO] [stderr]  Downloading crates ...
[INFO] [stderr]   Downloaded pin-project-internal v0.4.29
[INFO] [stderr]   Downloaded pin-project v0.4.29
[INFO] [stderr]   Downloaded webdriver v0.44.0
[INFO] running `Command { std: "docker" "create" "-v" "/var/lib/crater-agent-workspace/builds/worker-1-tc1/target:/opt/rustwide/target:rw,Z" "-v" "/var/lib/crater-agent-workspace/builds/worker-1-tc1/source:/opt/rustwide/workdir:ro,Z" "-v" "/var/lib/crater-agent-workspace/cargo-home:/opt/rustwide/cargo-home:ro,Z" "-v" "/var/lib/crater-agent-workspace/rustup-home:/opt/rustwide/rustup-home:ro,Z" "-e" "SOURCE_DIR=/opt/rustwide/workdir" "-e" "CARGO_TARGET_DIR=/opt/rustwide/target" "-e" "CARGO_HOME=/opt/rustwide/cargo-home" "-e" "RUSTUP_HOME=/opt/rustwide/rustup-home" "-w" "/opt/rustwide/workdir" "-m" "1610612736" "--user" "0:0" "--network" "none" "ghcr.io/rust-lang/crates-build-env/linux@sha256:97d61d7686bf65f8ecb15491ab51835e82dc9176a96a831f143a431b191fc501" "/opt/rustwide/cargo-home/bin/cargo" "+1.69.0" "metadata" "--no-deps" "--format-version=1", kill_on_drop: false }`
[INFO] [stdout] f828deb73e7ae2562c8674db4a3ac8f7cdf9e624139c27866892af8bb3c40856
[INFO] running `Command { std: "docker" "start" "-a" "f828deb73e7ae2562c8674db4a3ac8f7cdf9e624139c27866892af8bb3c40856", kill_on_drop: false }`
[INFO] running `Command { std: "docker" "inspect" "f828deb73e7ae2562c8674db4a3ac8f7cdf9e624139c27866892af8bb3c40856", kill_on_drop: false }`
[INFO] running `Command { std: "docker" "rm" "-f" "f828deb73e7ae2562c8674db4a3ac8f7cdf9e624139c27866892af8bb3c40856", kill_on_drop: false }`
[INFO] [stdout] f828deb73e7ae2562c8674db4a3ac8f7cdf9e624139c27866892af8bb3c40856
[INFO] running `Command { std: "docker" "create" "-v" "/var/lib/crater-agent-workspace/builds/worker-1-tc1/target:/opt/rustwide/target:rw,Z" "-v" "/var/lib/crater-agent-workspace/builds/worker-1-tc1/source:/opt/rustwide/workdir:ro,Z" "-v" "/var/lib/crater-agent-workspace/cargo-home:/opt/rustwide/cargo-home:ro,Z" "-v" "/var/lib/crater-agent-workspace/rustup-home:/opt/rustwide/rustup-home:ro,Z" "-e" "SOURCE_DIR=/opt/rustwide/workdir" "-e" "CARGO_TARGET_DIR=/opt/rustwide/target" "-e" "CARGO_INCREMENTAL=0" "-e" "RUST_BACKTRACE=full" "-e" "RUSTFLAGS=--cap-lints=warn" "-e" "RUSTDOCFLAGS=--cap-lints=warn" "-e" "CARGO_HOME=/opt/rustwide/cargo-home" "-e" "RUSTUP_HOME=/opt/rustwide/rustup-home" "-w" "/opt/rustwide/workdir" "-m" "1610612736" "--user" "0:0" "--network" "none" "ghcr.io/rust-lang/crates-build-env/linux@sha256:97d61d7686bf65f8ecb15491ab51835e82dc9176a96a831f143a431b191fc501" "/opt/rustwide/cargo-home/bin/cargo" "+1.69.0" "build" "--frozen" "--message-format=json", kill_on_drop: false }`
[INFO] [stdout] 643cd6ae780fcf1eaffcb8cee20917c664cc6d8b4db7df7b4014cc1fccf4c83b
[INFO] running `Command { std: "docker" "start" "-a" "643cd6ae780fcf1eaffcb8cee20917c664cc6d8b4db7df7b4014cc1fccf4c83b", kill_on_drop: false }`
[INFO] [stderr]    Compiling libc v0.2.119
[INFO] [stderr]    Compiling proc-macro2 v1.0.36
[INFO] [stderr]    Compiling unicode-xid v0.2.2
[INFO] [stderr]    Compiling log v0.4.14
[INFO] [stderr]    Compiling syn v1.0.86
[INFO] [stderr]    Compiling memchr v2.4.1
[INFO] [stderr]    Compiling futures-core v0.3.21
[INFO] [stderr]    Compiling pin-project-lite v0.2.8
[INFO] [stderr]    Compiling cc v1.0.73
[INFO] [stderr]    Compiling itoa v1.0.1
[INFO] [stderr]    Compiling slab v0.4.5
[INFO] [stderr]    Compiling futures-task v0.3.21
[INFO] [stderr]    Compiling bytes v1.1.0
[INFO] [stderr]    Compiling futures-sink v0.3.21
[INFO] [stderr]    Compiling futures-channel v0.3.21
[INFO] [stderr]    Compiling typenum v1.15.0
[INFO] [stderr]    Compiling futures-util v0.3.21
[INFO] [stderr]    Compiling generic-array v0.14.5
[INFO] [stderr]    Compiling futures-io v0.3.21
[INFO] [stderr]    Compiling pkg-config v0.3.24
[INFO] [stderr]    Compiling tracing-core v0.1.22
[INFO] [stderr]    Compiling httparse v1.6.0
[INFO] [stderr]    Compiling tinyvec_macros v0.1.0
[INFO] [stderr]    Compiling bytes v0.5.6
[INFO] [stderr]    Compiling http v0.2.6
[INFO] [stderr]    Compiling tinyvec v1.5.1
[INFO] [stderr]    Compiling tracing v0.1.31
[INFO] [stderr]    Compiling indexmap v1.8.0
[INFO] [stderr]    Compiling pin-project-lite v0.1.12
[INFO] [stderr]    Compiling try-lock v0.2.3
[INFO] [stderr]    Compiling serde v1.0.136
[INFO] [stderr]    Compiling matches v0.1.9
[INFO] [stderr]    Compiling want v0.3.0
[INFO] [stderr]    Compiling percent-encoding v2.1.0
[INFO] [stderr]    Compiling foreign-types-shared v0.1.1
[INFO] [stderr]    Compiling quote v1.0.15
[INFO] [stderr]    Compiling hashbrown v0.11.2
[INFO] [stderr]    Compiling unicode-bidi v0.3.7
[INFO] [stderr]    Compiling iovec v0.1.4
[INFO] [stderr]    Compiling net2 v0.2.37
[INFO] [stderr]    Compiling once_cell v1.10.0
[INFO] [stderr]    Compiling pin-project-internal v0.4.29
[INFO] [stderr]    Compiling tower-service v0.3.1
[INFO] [stderr]    Compiling openssl-sys v0.9.72
[INFO] [stderr]    Compiling openssl v0.10.38
[INFO] [stderr]    Compiling mio v0.8.0
[INFO] [stderr]    Compiling socket2 v0.4.4
[INFO] [stderr]    Compiling form_urlencoded v1.0.1
[INFO] [stderr]    Compiling foreign-types v0.3.2
[INFO] [stderr]    Compiling mio v0.6.23
[INFO] [stderr]    Compiling unicode-normalization v0.1.19
[INFO] [stderr]    Compiling miniz_oxide v0.4.4
[INFO] [stderr]    Compiling itoa v0.4.8
[INFO] [stderr]    Compiling cpufeatures v0.2.1
[INFO] [stderr]    Compiling native-tls v0.2.8
[INFO] [stderr]    Compiling serde_json v1.0.79
[INFO] [stderr]    Compiling mime v0.3.16
[INFO] [stderr]    Compiling tokio v1.17.0
[INFO] [stderr]    Compiling backtrace v0.3.64
[INFO] [stderr]    Compiling socket2 v0.3.19
[INFO] [stderr]    Compiling base64 v0.13.0
[INFO] [stderr]    Compiling openssl-probe v0.1.5
[INFO] [stderr]    Compiling gimli v0.26.1
[INFO] [stderr]    Compiling httpdate v0.3.2
[INFO] [stderr]    Compiling crypto-common v0.1.3
[INFO] [stderr]    Compiling block-buffer v0.10.2
[INFO] [stderr]    Compiling http-body v0.3.1
[INFO] [stderr]    Compiling tokio v0.2.25
[INFO] [stderr]    Compiling idna v0.2.3
[INFO] [stderr]    Compiling digest v0.10.3
[INFO] [stderr]    Compiling headers-core v0.2.0
[INFO] [stderr]    Compiling ryu v1.0.9
[INFO] [stderr]    Compiling dtoa v0.4.8
[INFO] [stderr]    Compiling serde_derive v1.0.136
[INFO] [stderr]    Compiling sha-1 v0.10.0
[INFO] [stderr]    Compiling http-body v0.4.4
[INFO] [stderr]    Compiling mime_guess v2.0.4
[INFO] [stderr]    Compiling time v0.1.44
[INFO] [stderr]    Compiling aho-corasick v0.7.18
[INFO] [stderr]    Compiling url v2.2.2
[INFO] [stderr]    Compiling headers v0.3.7
[INFO] [stderr]    Compiling object v0.27.1
[INFO] [stderr]    Compiling error-chain v0.12.4
[INFO] [stderr]    Compiling regex-syntax v0.6.25
[INFO] [stderr]    Compiling scoped-tls v1.0.0
[INFO] [stderr]    Compiling urlencoding v1.3.3
[INFO] [stderr]    Compiling rustc-demangle v0.1.21
[INFO] [stderr]    Compiling cookie v0.12.0
[INFO] [stderr]    Compiling base64 v0.12.3
[INFO] [stderr]    Compiling unicode-segmentation v1.9.0
[INFO] [stderr]    Compiling regex v1.5.4
[INFO] [stderr]    Compiling addr2line v0.17.0
[INFO] [stderr]    Compiling serde_urlencoded v0.6.1
[INFO] [stderr]    Compiling futures-macro v0.3.21
[INFO] [stderr]    Compiling pin-project-internal v1.0.10
[INFO] [stderr]    Compiling tokio-util v0.3.1
[INFO] [stderr]    Compiling tokio-native-tls v0.3.0
[INFO] [stderr]    Compiling pin-project v1.0.10
[INFO] [stderr]    Compiling tracing-futures v0.2.5
[INFO] [stderr]    Compiling pin-project v0.4.29
[INFO] [stderr]    Compiling futures-executor v0.3.21
[INFO] [stderr]    Compiling h2 v0.2.7
[INFO] [stderr]    Compiling futures v0.3.21
[INFO] [stderr]    Compiling hyper v0.14.17
[INFO] [stderr]    Compiling hyper-tls v0.5.0
[INFO] [stderr]    Compiling hyper v0.13.10
[INFO] [stderr]    Compiling warp v0.2.5
[INFO] [stderr]    Compiling webdriver v0.44.0
[INFO] [stderr]    Compiling rusty-driver v0.3.3 (/opt/rustwide/workdir)
[INFO] [stderr]     Finished dev [unoptimized + debuginfo] target(s) in 23.20s
[INFO] running `Command { std: "docker" "inspect" "643cd6ae780fcf1eaffcb8cee20917c664cc6d8b4db7df7b4014cc1fccf4c83b", kill_on_drop: false }`
[INFO] running `Command { std: "docker" "rm" "-f" "643cd6ae780fcf1eaffcb8cee20917c664cc6d8b4db7df7b4014cc1fccf4c83b", kill_on_drop: false }`
[INFO] [stdout] 643cd6ae780fcf1eaffcb8cee20917c664cc6d8b4db7df7b4014cc1fccf4c83b
[INFO] running `Command { std: "docker" "create" "-v" "/var/lib/crater-agent-workspace/builds/worker-1-tc1/target:/opt/rustwide/target:rw,Z" "-v" "/var/lib/crater-agent-workspace/builds/worker-1-tc1/source:/opt/rustwide/workdir:ro,Z" "-v" "/var/lib/crater-agent-workspace/cargo-home:/opt/rustwide/cargo-home:ro,Z" "-v" "/var/lib/crater-agent-workspace/rustup-home:/opt/rustwide/rustup-home:ro,Z" "-e" "SOURCE_DIR=/opt/rustwide/workdir" "-e" "CARGO_TARGET_DIR=/opt/rustwide/target" "-e" "CARGO_INCREMENTAL=0" "-e" "RUST_BACKTRACE=full" "-e" "RUSTFLAGS=--cap-lints=warn" "-e" "RUSTDOCFLAGS=--cap-lints=warn" "-e" "CARGO_HOME=/opt/rustwide/cargo-home" "-e" "RUSTUP_HOME=/opt/rustwide/rustup-home" "-w" "/opt/rustwide/workdir" "-m" "1610612736" "--user" "0:0" "--network" "none" "ghcr.io/rust-lang/crates-build-env/linux@sha256:97d61d7686bf65f8ecb15491ab51835e82dc9176a96a831f143a431b191fc501" "/opt/rustwide/cargo-home/bin/cargo" "+1.69.0" "test" "--frozen" "--no-run" "--message-format=json", kill_on_drop: false }`
[INFO] [stdout] 39950d4f8836fb9192de2e5383c8b3658aba46c041d49c22912a8a61a9c8f6a6
[INFO] running `Command { std: "docker" "start" "-a" "39950d4f8836fb9192de2e5383c8b3658aba46c041d49c22912a8a61a9c8f6a6", kill_on_drop: false }`
[INFO] [stderr]    Compiling rusty-driver v0.3.3 (/opt/rustwide/workdir)
[INFO] [stdout] error: expected identifier, found keyword `await`
[INFO] [stdout]   --> examples/wikipedia.rs:20:23
[INFO] [stdout]    |
[INFO] [stdout] 20 | use futures::prelude::await;
[INFO] [stdout]    |                       ^^^^^ expected identifier, found keyword
[INFO] [stdout]    |
[INFO] [stdout] help: escape `await` to use it as an identifier
[INFO] [stdout]    |
[INFO] [stdout] 20 | use futures::prelude::r#await;
[INFO] [stdout]    |                       ++
[INFO] [stdout] 
[INFO] [stdout] 
[INFO] [stdout] error: expected identifier, found keyword `await`
[INFO] [stdout]   --> examples/curl.rs:20:23
[INFO] [stdout]    |
[INFO] [stdout] 20 | use futures::prelude::await;
[INFO] [stdout]    |                       ^^^^^ expected identifier, found keyword
[INFO] [stdout]    |
[INFO] [stdout] help: escape `await` to use it as an identifier
[INFO] [stdout]    |
[INFO] [stdout] 20 | use futures::prelude::r#await;
[INFO] [stdout]    |                       ++
[INFO] [stdout] 
[INFO] [stdout] 
[INFO] [stdout] error: expected identifier, found keyword `async`
[INFO] [stdout]   --> examples/curl.rs:25:3
[INFO] [stdout]    |
[INFO] [stdout] 25 | #[async]
[INFO] [stdout]    |   ^^^^^ expected identifier, found keyword
[INFO] [stdout] 
[INFO] [stdout] 
[INFO] [stdout] error: expected identifier, found keyword `async`
[INFO] [stdout]   --> examples/wikipedia.rs:25:3
[INFO] [stdout]    |
[INFO] [stdout] 25 | #[async]
[INFO] [stdout]    |   ^^^^^ expected identifier, found keyword
[INFO] [stdout] 
[INFO] [stdout] 
[INFO] [stdout] error: incorrect use of `await`
[INFO] [stdout]   --> examples/curl.rs:27:18
[INFO] [stdout]    |
[INFO] [stdout] 27 |     let driver = await!(Driver::new("http://localhost:4444".into(), None))?;
[INFO] [stdout]    |                  ^^^^^^^^^^^^^^^^^^^^^^^^^^^^^^^^^^^^^^^^^^^^^^^^^^^^^^^^^ help: `await` is a postfix operation: `Driver::new("http://localhost:4444".into(), None).await`
[INFO] [stdout] 
[INFO] [stdout] 
[INFO] [stdout] error: incorrect use of `await`
[INFO] [stdout]   --> examples/wikipedia.rs:27:18
[INFO] [stdout]    |
[INFO] [stdout] 27 |     let driver = await!(Driver::new("http://localhost:4444".into(), None))?;
[INFO] [stdout]    |                  ^^^^^^^^^^^^^^^^^^^^^^^^^^^^^^^^^^^^^^^^^^^^^^^^^^^^^^^^^ help: `await` is a postfix operation: `Driver::new("http://localhost:4444".into(), None).await`
[INFO] [stdout] 
[INFO] [stdout] 
[INFO] [stdout] error: incorrect use of `await`
[INFO] [stdout]   --> examples/curl.rs:28:5
[INFO] [stdout]    |
[INFO] [stdout] 28 |     await!(driver.clone().goto(url))?;
[INFO] [stdout]    |     ^^^^^^^^^^^^^^^^^^^^^^^^^^^^^^^^ help: `await` is a postfix operation: `driver.clone().goto(url).await`
[INFO] [stdout] 
[INFO] [stdout] 
[INFO] [stdout] error: incorrect use of `await`
[INFO] [stdout]   --> examples/curl.rs:29:16
[INFO] [stdout]    |
[INFO] [stdout] 29 |     let body = await!(driver.clone().find(Locator::Css("body".into()), None))?;
[INFO] [stdout]    |                ^^^^^^^^^^^^^^^^^^^^^^^^^^^^^^^^^^^^^^^^^^^^^^^^^^^^^^^^^^^^^^ help: `await` is a postfix operation: `driver.clone().find(Locator::Css("body".into()), None).await`
[INFO] [stdout] 
[INFO] [stdout] 
[INFO] [stdout] error: incorrect use of `await`
[INFO] [stdout]   --> examples/wikipedia.rs:28:5
[INFO] [stdout]    |
[INFO] [stdout] 28 |     await!(driver.clone().goto("https://www.wikipedia.org".into()))?;
[INFO] [stdout]    |     ^^^^^^^^^^^^^^^^^^^^^^^^^^^^^^^^^^^^^^^^^^^^^^^^^^^^^^^^^^^^^^^ help: `await` is a postfix operation: `driver.clone().goto("https://www.wikipedia.org".into()).await`
[INFO] [stdout] 
[INFO] [stdout] 
[INFO] [stdout] error[E0557]: feature has been removed
[INFO] [stdout]   --> examples/curl.rs:13:43
[INFO] [stdout]    |
[INFO] [stdout] 13 | #![feature(generators, use_extern_macros, proc_macro_non_items, nll)]
[INFO] [stdout]    |                                           ^^^^^^^^^^^^^^^^^^^^ feature has been removed
[INFO] [stdout]    |
[INFO] [stdout]    = note: subsumed by `#![feature(proc_macro_hygiene)]`
[INFO] [stdout] 
[INFO] [stdout] 
[INFO] [stdout] error: incorrect use of `await`
[INFO] [stdout]   --> examples/wikipedia.rs:29:18
[INFO] [stdout]    |
[INFO] [stdout] 29 |       let search = await!(
[INFO] [stdout]    |  __________________^
[INFO] [stdout] 30 | |         driver.clone().find(Locator::Css("form#search-form".into()), None)
[INFO] [stdout] 31 | |     )?;
[INFO] [stdout]    | |_____^ help: `await` is a postfix operation: `driver.clone().find(Locator::Css("form#search-form".into()), None).await`
[INFO] [stdout] 
[INFO] [stdout] 
[INFO] [stdout] error: incorrect use of `await`
[INFO] [stdout]   --> examples/wikipedia.rs:32:5
[INFO] [stdout]    |
[INFO] [stdout] 32 |     await!(driver.clone().set_by_name(search.clone(), "search".into(), article))?;
[INFO] [stdout]    |     ^^^^^^^^^^^^^^^^^^^^^^^^^^^^^^^^^^^^^^^^^^^^^^^^^^^^^^^^^^^^^^^^^^^^^^^^^^^^ help: `await` is a postfix operation: `driver.clone().set_by_name(search.clone(), "search".into(), article).await`
[INFO] [stdout] 
[INFO] [stdout] 
[INFO] [stdout] error: incorrect use of `await`
[INFO] [stdout]   --> examples/wikipedia.rs:33:5
[INFO] [stdout]    |
[INFO] [stdout] 33 |     await!(driver.clone().submit(search))?;
[INFO] [stdout]    |     ^^^^^^^^^^^^^^^^^^^^^^^^^^^^^^^^^^^^^ help: `await` is a postfix operation: `driver.clone().submit(search).await`
[INFO] [stdout] 
[INFO] [stdout] 
[INFO] [stdout] error[E0557]: feature has been removed
[INFO] [stdout]   --> examples/wikipedia.rs:13:43
[INFO] [stdout]    |
[INFO] [stdout] 13 | #![feature(generators, use_extern_macros, proc_macro_non_items, nll)]
[INFO] [stdout]    |                                           ^^^^^^^^^^^^^^^^^^^^ feature has been removed
[INFO] [stdout]    |
[INFO] [stdout]    = note: subsumed by `#![feature(proc_macro_hygiene)]`
[INFO] [stdout] 
[INFO] [stdout] 
[INFO] [stdout] error[E0463]: can't find crate for `futures_await`
[INFO] [stdout]   --> examples/wikipedia.rs:16:1
[INFO] [stdout]    |
[INFO] [stdout] 16 | extern crate futures_await as futures;
[INFO] [stdout]    | ^^^^^^^^^^^^^^^^^^^^^^^^^^^^^^^^^^^^^^ can't find crate
[INFO] [stdout] 
[INFO] [stdout] 
[INFO] [stdout] error[E0463]: can't find crate for `futures_await`
[INFO] [stdout]   --> examples/curl.rs:16:1
[INFO] [stdout]    |
[INFO] [stdout] 16 | extern crate futures_await as futures;
[INFO] [stdout]    | ^^^^^^^^^^^^^^^^^^^^^^^^^^^^^^^^^^^^^^ can't find crate
[INFO] [stdout] 
[INFO] [stdout] 
[INFO] [stdout] error: incorrect use of `await`
[INFO] [stdout]   --> examples/wikipedia.rs:34:20
[INFO] [stdout]    |
[INFO] [stdout] 34 |     println!("{}", await!(driver.source())?);
[INFO] [stdout]    |                    ^^^^^^^^^^^^^^^^^^^^^^^ help: `await` is a postfix operation: `driver.source().await`
[INFO] [stdout] 
[INFO] [stdout] 
[INFO] [stdout] error: incorrect use of `await`
[INFO] [stdout]   --> examples/curl.rs:30:20
[INFO] [stdout]    |
[INFO] [stdout] 30 |     println!("{}", await!(driver.html(body, true))?);
[INFO] [stdout]    |                    ^^^^^^^^^^^^^^^^^^^^^^^^^^^^^^^ help: `await` is a postfix operation: `driver.html(body, true).await`
[INFO] [stdout] 
[INFO] [stdout] 
[INFO] [stdout] error[E0432]: unresolved import `tokio::run`
[INFO] [stdout]   --> examples/curl.rs:19:5
[INFO] [stdout]    |
[INFO] [stdout] 19 | use tokio::run;
[INFO] [stdout]    |     ^^^^^^^^^^ no `run` in the root
[INFO] [stdout] 
[INFO] [stdout] 
[INFO] [stdout] error[E0432]: unresolved import `tokio::run`
[INFO] [stdout]   --> examples/wikipedia.rs:19:5
[INFO] [stdout]    |
[INFO] [stdout] 19 | use tokio::run;
[INFO] [stdout]    |     ^^^^^^^^^^ no `run` in the root
[INFO] [stdout] 
[INFO] [stdout] 
[INFO] [stdout] error: cannot find attribute `r#async` in this scope
[INFO] [stdout]   --> examples/curl.rs:25:3
[INFO] [stdout]    |
[INFO] [stdout] 25 | #[async]
[INFO] [stdout]    |   ^^^^^
[INFO] [stdout] 
[INFO] [stdout] 
[INFO] [stdout] error: cannot find attribute `r#async` in this scope
[INFO] [stdout]   --> examples/wikipedia.rs:25:3
[INFO] [stdout]    |
[INFO] [stdout] 25 | #[async]
[INFO] [stdout]    |   ^^^^^
[INFO] [stdout] 
[INFO] [stdout] 
[INFO] [stdout] error: cannot find macro `async_block` in this scope
[INFO] [stdout]   --> examples/curl.rs:36:13
[INFO] [stdout]    |
[INFO] [stdout] 36 |         run(async_block! {
[INFO] [stdout]    |             ^^^^^^^^^^^
[INFO] [stdout] 
[INFO] [stdout] 
[INFO] [stdout] error[E0554]: `#![feature]` may not be used on the stable release channel
[INFO] [stdout]   --> examples/curl.rs:13:1
[INFO] [stdout]    |
[INFO] [stdout] 13 | #![feature(generators, use_extern_macros, proc_macro_non_items, nll)]
[INFO] [stdout]    | ^^^^^^^^^^^^^^^^^^^^^^^^^^^^^^^^^^^^^^^^^^^^^^^^^^^^^^^^^^^^^^^^^^^^^
[INFO] [stdout]    |
[INFO] [stdout]    = help: the feature `nll` has been stable since `1.63.0` and no longer requires an attribute to enable
[INFO] [stdout]    = help: the feature `nll` has been stable since `1.63.0` and no longer requires an attribute to enable
[INFO] [stdout] 
[INFO] [stdout] 
[INFO] [stdout] error: cannot find macro `async_block` in this scope
[INFO] [stdout]   --> examples/wikipedia.rs:40:13
[INFO] [stdout]    |
[INFO] [stdout] 40 |         run(async_block! {
[INFO] [stdout]    |             ^^^^^^^^^^^
[INFO] [stdout] 
[INFO] [stdout] 
[INFO] [stdout] error[E0554]: `#![feature]` may not be used on the stable release channel
[INFO] [stdout]   --> examples/wikipedia.rs:13:1
[INFO] [stdout]    |
[INFO] [stdout] 13 | #![feature(generators, use_extern_macros, proc_macro_non_items, nll)]
[INFO] [stdout]    | ^^^^^^^^^^^^^^^^^^^^^^^^^^^^^^^^^^^^^^^^^^^^^^^^^^^^^^^^^^^^^^^^^^^^^
[INFO] [stdout]    |
[INFO] [stdout]    = help: the feature `nll` has been stable since `1.63.0` and no longer requires an attribute to enable
[INFO] [stdout]    = help: the feature `nll` has been stable since `1.63.0` and no longer requires an attribute to enable
[INFO] [stdout] 
[INFO] [stdout] 
[INFO] [stdout] error[E0728]: `await` is only allowed inside `async` functions and blocks
[INFO] [stdout]   --> examples/curl.rs:27:74
[INFO] [stdout]    |
[INFO] [stdout] 26 | fn curl(url: String) -> Result<()> {
[INFO] [stdout]    |    ---- this is not `async`
[INFO] [stdout] 27 |     let driver = await!(Driver::new("http://localhost:4444".into(), None))?;
[INFO] [stdout]    |                                                                          ^ only allowed inside `async` functions and blocks
[INFO] [stdout] 
[INFO] [stdout] 
[INFO] [stdout] error[E0728]: `await` is only allowed inside `async` functions and blocks
[INFO] [stdout]   --> examples/curl.rs:28:36
[INFO] [stdout]    |
[INFO] [stdout] 26 | fn curl(url: String) -> Result<()> {
[INFO] [stdout]    |    ---- this is not `async`
[INFO] [stdout] 27 |     let driver = await!(Driver::new("http://localhost:4444".into(), None))?;
[INFO] [stdout] 28 |     await!(driver.clone().goto(url))?;
[INFO] [stdout]    |                                    ^ only allowed inside `async` functions and blocks
[INFO] [stdout] 
[INFO] [stdout] 
[INFO] [stdout] error[E0728]: `await` is only allowed inside `async` functions and blocks
[INFO] [stdout]   --> examples/wikipedia.rs:27:74
[INFO] [stdout]    |
[INFO] [stdout] 26 | fn wikipedia(article: String) -> Result<()> {
[INFO] [stdout]    |    --------- this is not `async`
[INFO] [stdout] 27 |     let driver = await!(Driver::new("http://localhost:4444".into(), None))?;
[INFO] [stdout]    |                                                                          ^ only allowed inside `async` functions and blocks
[INFO] [stdout] 
[INFO] [stdout] 
[INFO] [stdout] error[E0728]: `await` is only allowed inside `async` functions and blocks
[INFO] [stdout]   --> examples/curl.rs:29:77
[INFO] [stdout]    |
[INFO] [stdout] 26 | fn curl(url: String) -> Result<()> {
[INFO] [stdout]    |    ---- this is not `async`
[INFO] [stdout] ...
[INFO] [stdout] 29 |     let body = await!(driver.clone().find(Locator::Css("body".into()), None))?;
[INFO] [stdout]    |                                                                             ^ only allowed inside `async` functions and blocks
[INFO] [stdout] 
[INFO] [stdout] 
[INFO] [stdout] error[E0728]: `await` is only allowed inside `async` functions and blocks
[INFO] [stdout]   --> examples/wikipedia.rs:28:67
[INFO] [stdout]    |
[INFO] [stdout] 26 | fn wikipedia(article: String) -> Result<()> {
[INFO] [stdout]    |    --------- this is not `async`
[INFO] [stdout] 27 |     let driver = await!(Driver::new("http://localhost:4444".into(), None))?;
[INFO] [stdout] 28 |     await!(driver.clone().goto("https://www.wikipedia.org".into()))?;
[INFO] [stdout]    |                                                                   ^ only allowed inside `async` functions and blocks
[INFO] [stdout] 
[INFO] [stdout] 
[INFO] [stdout] error[E0728]: `await` is only allowed inside `async` functions and blocks
[INFO] [stdout]   --> examples/curl.rs:30:50
[INFO] [stdout]    |
[INFO] [stdout] 26 | fn curl(url: String) -> Result<()> {
[INFO] [stdout]    |    ---- this is not `async`
[INFO] [stdout] ...
[INFO] [stdout] 30 |     println!("{}", await!(driver.html(body, true))?);
[INFO] [stdout]    |                                                  ^ only allowed inside `async` functions and blocks
[INFO] [stdout] 
[INFO] [stdout] 
[INFO] [stdout] error[E0728]: `await` is only allowed inside `async` functions and blocks
[INFO] [stdout]   --> examples/wikipedia.rs:31:5
[INFO] [stdout]    |
[INFO] [stdout] 26 | fn wikipedia(article: String) -> Result<()> {
[INFO] [stdout]    |    --------- this is not `async`
[INFO] [stdout] ...
[INFO] [stdout] 31 |     )?;
[INFO] [stdout]    |     ^ only allowed inside `async` functions and blocks
[INFO] [stdout] 
[INFO] [stdout] 
[INFO] [stdout] error[E0728]: `await` is only allowed inside `async` functions and blocks
[INFO] [stdout]   --> examples/wikipedia.rs:32:80
[INFO] [stdout]    |
[INFO] [stdout] 26 | fn wikipedia(article: String) -> Result<()> {
[INFO] [stdout]    |    --------- this is not `async`
[INFO] [stdout] ...
[INFO] [stdout] 32 |     await!(driver.clone().set_by_name(search.clone(), "search".into(), article))?;
[INFO] [stdout]    |                                                                                ^ only allowed inside `async` functions and blocks
[INFO] [stdout] 
[INFO] [stdout] 
[INFO] [stdout] warning: the feature `use_extern_macros` has been stable since 1.30.0 and no longer requires an attribute to enable
[INFO] [stdout]   --> examples/curl.rs:13:24
[INFO] [stdout]    |
[INFO] [stdout] 13 | #![feature(generators, use_extern_macros, proc_macro_non_items, nll)]
[INFO] [stdout]    |                        ^^^^^^^^^^^^^^^^^
[INFO] [stdout]    |
[INFO] [stdout]    = note: `#[warn(stable_features)]` on by default
[INFO] [stdout] 
[INFO] [stdout] 
[INFO] [stdout] warning: the feature `nll` has been stable since 1.63.0 and no longer requires an attribute to enable
[INFO] [stdout]   --> examples/curl.rs:13:65
[INFO] [stdout]    |
[INFO] [stdout] 13 | #![feature(generators, use_extern_macros, proc_macro_non_items, nll)]
[INFO] [stdout]    |                                                                 ^^^
[INFO] [stdout] 
[INFO] [stdout] 
[INFO] [stdout] error[E0728]: `await` is only allowed inside `async` functions and blocks
[INFO] [stdout]   --> examples/wikipedia.rs:33:41
[INFO] [stdout]    |
[INFO] [stdout] 26 | fn wikipedia(article: String) -> Result<()> {
[INFO] [stdout]    |    --------- this is not `async`
[INFO] [stdout] ...
[INFO] [stdout] 33 |     await!(driver.clone().submit(search))?;
[INFO] [stdout]    |                                         ^ only allowed inside `async` functions and blocks
[INFO] [stdout] 
[INFO] [stdout] 
[INFO] [stdout] error[E0728]: `await` is only allowed inside `async` functions and blocks
[INFO] [stdout]   --> examples/wikipedia.rs:34:42
[INFO] [stdout]    |
[INFO] [stdout] 26 | fn wikipedia(article: String) -> Result<()> {
[INFO] [stdout]    |    --------- this is not `async`
[INFO] [stdout] ...
[INFO] [stdout] 34 |     println!("{}", await!(driver.source())?);
[INFO] [stdout]    |                                          ^ only allowed inside `async` functions and blocks
[INFO] [stdout] 
[INFO] [stdout] 
[INFO] [stdout] warning: the feature `use_extern_macros` has been stable since 1.30.0 and no longer requires an attribute to enable
[INFO] [stdout]   --> examples/wikipedia.rs:13:24
[INFO] [stdout]    |
[INFO] [stdout] 13 | #![feature(generators, use_extern_macros, proc_macro_non_items, nll)]
[INFO] [stdout]    |                        ^^^^^^^^^^^^^^^^^
[INFO] [stdout]    |
[INFO] [stdout]    = note: `#[warn(stable_features)]` on by default
[INFO] [stdout] 
[INFO] [stdout] 
[INFO] [stdout] warning: the feature `nll` has been stable since 1.63.0 and no longer requires an attribute to enable
[INFO] [stdout]   --> examples/wikipedia.rs:13:65
[INFO] [stdout]    |
[INFO] [stdout] 13 | #![feature(generators, use_extern_macros, proc_macro_non_items, nll)]
[INFO] [stdout]    |                                                                 ^^^
[INFO] [stdout] 
[INFO] [stdout] 
[INFO] [stdout] error[E0599]: no method named `clone` found for struct `Driver` in the current scope
[INFO] [stdout]   --> examples/wikipedia.rs:28:19
[INFO] [stdout]    |
[INFO] [stdout] 28 |     await!(driver.clone().goto("https://www.wikipedia.org".into()))?;
[INFO] [stdout]    |                   ^^^^^ method not found in `Driver`
[INFO] [stdout] 
[INFO] [stdout] 
[INFO] [stdout] error[E0599]: no method named `clone` found for struct `Driver` in the current scope
[INFO] [stdout]   --> examples/curl.rs:28:19
[INFO] [stdout]    |
[INFO] [stdout] 28 |     await!(driver.clone().goto(url))?;
[INFO] [stdout]    |                   ^^^^^ method not found in `Driver`
[INFO] [stdout] 
[INFO] [stdout] 
[INFO] [stdout] error[E0599]: no method named `clone` found for struct `Driver` in the current scope
[INFO] [stdout]   --> examples/wikipedia.rs:30:16
[INFO] [stdout]    |
[INFO] [stdout] 30 |         driver.clone().find(Locator::Css("form#search-form".into()), None)
[INFO] [stdout]    |                ^^^^^ method not found in `Driver`
[INFO] [stdout] 
[INFO] [stdout] 
[INFO] [stdout] error[E0599]: no method named `clone` found for struct `Driver` in the current scope
[INFO] [stdout]   --> examples/curl.rs:29:30
[INFO] [stdout]    |
[INFO] [stdout] 29 |     let body = await!(driver.clone().find(Locator::Css("body".into()), None))?;
[INFO] [stdout]    |                              ^^^^^ method not found in `Driver`
[INFO] [stdout] 
[INFO] [stdout] 
[INFO] [stdout] error: aborting due to 18 previous errors; 2 warnings emitted
[INFO] [stdout] 
[INFO] [stdout] 
[INFO] [stdout] Some errors have detailed explanations: E0432, E0463, E0554, E0557, E0599, E0728.
[INFO] [stdout] 
[INFO] [stdout] For more information about an error, try `rustc --explain E0432`.
[INFO] [stdout] 
[INFO] [stdout] error[E0599]: no method named `clone` found for struct `Driver` in the current scope
[INFO] [stdout]   --> examples/wikipedia.rs:32:19
[INFO] [stdout]    |
[INFO] [stdout] 32 |     await!(driver.clone().set_by_name(search.clone(), "search".into(), article))?;
[INFO] [stdout]    |                   ^^^^^ method not found in `Driver`
[INFO] [stdout] 
[INFO] [stdout] 
[INFO] [stderr] error: could not compile `rusty-driver` due to 19 previous errors; 2 warnings emitted
[INFO] [stderr] warning: build failed, waiting for other jobs to finish...
[INFO] [stdout] error[E0599]: no method named `clone` found for struct `Driver` in the current scope
[INFO] [stdout]   --> examples/wikipedia.rs:33:19
[INFO] [stdout]    |
[INFO] [stdout] 33 |     await!(driver.clone().submit(search))?;
[INFO] [stdout]    |                   ^^^^^ method not found in `Driver`
[INFO] [stdout] 
[INFO] [stdout] 
[INFO] [stdout] error: aborting due to 24 previous errors; 2 warnings emitted
[INFO] [stdout] 
[INFO] [stdout] 
[INFO] [stdout] Some errors have detailed explanations: E0432, E0463, E0554, E0557, E0599, E0728.
[INFO] [stdout] 
[INFO] [stdout] For more information about an error, try `rustc --explain E0432`.
[INFO] [stdout] 
[INFO] [stderr] error: could not compile `rusty-driver` due to 25 previous errors; 2 warnings emitted
[INFO] running `Command { std: "docker" "inspect" "39950d4f8836fb9192de2e5383c8b3658aba46c041d49c22912a8a61a9c8f6a6", kill_on_drop: false }`
[INFO] running `Command { std: "docker" "rm" "-f" "39950d4f8836fb9192de2e5383c8b3658aba46c041d49c22912a8a61a9c8f6a6", kill_on_drop: false }`
[INFO] [stdout] 39950d4f8836fb9192de2e5383c8b3658aba46c041d49c22912a8a61a9c8f6a6
