[INFO] fetching crate rustforce 0.2.2...
[INFO] testing rustforce-0.2.2 against 1.69.0 for beta-1.70-1
[INFO] extracting crate rustforce 0.2.2 into /workspace/builds/worker-6-tc1/source
[INFO] validating manifest of crates.io crate rustforce 0.2.2 on toolchain 1.69.0
[INFO] running `Command { std: CARGO_HOME="/workspace/cargo-home" RUSTUP_HOME="/workspace/rustup-home" "/workspace/cargo-home/bin/cargo" "+1.69.0" "metadata" "--manifest-path" "Cargo.toml" "--no-deps", kill_on_drop: false }`
[INFO] started tweaking crates.io crate rustforce 0.2.2
[INFO] finished tweaking crates.io crate rustforce 0.2.2
[INFO] tweaked toml for crates.io crate rustforce 0.2.2 written to /workspace/builds/worker-6-tc1/source/Cargo.toml
[INFO] crate crates.io crate rustforce 0.2.2 already has a lockfile, it will not be regenerated
[INFO] running `Command { std: CARGO_HOME="/workspace/cargo-home" RUSTUP_HOME="/workspace/rustup-home" "/workspace/cargo-home/bin/cargo" "+1.69.0" "fetch" "--manifest-path" "Cargo.toml", kill_on_drop: false }`
[INFO] [stderr]  Downloading crates ...
[INFO] [stderr]   Downloaded mockito v0.27.0
[INFO] [stderr]   Downloaded security-framework v2.4.0
[INFO] [stderr]   Downloaded security-framework-sys v2.4.0
[INFO] [stderr]   Downloaded num-bigint v0.4.1
[INFO] [stderr]   Downloaded tokio v1.10.1
[INFO] [stderr]   Downloaded cargo-license v0.3.0
[INFO] running `Command { std: "docker" "create" "-v" "/var/lib/crater-agent-workspace/builds/worker-6-tc1/target:/opt/rustwide/target:rw,Z" "-v" "/var/lib/crater-agent-workspace/builds/worker-6-tc1/source:/opt/rustwide/workdir:ro,Z" "-v" "/var/lib/crater-agent-workspace/cargo-home:/opt/rustwide/cargo-home:ro,Z" "-v" "/var/lib/crater-agent-workspace/rustup-home:/opt/rustwide/rustup-home:ro,Z" "-e" "SOURCE_DIR=/opt/rustwide/workdir" "-e" "CARGO_TARGET_DIR=/opt/rustwide/target" "-e" "CARGO_HOME=/opt/rustwide/cargo-home" "-e" "RUSTUP_HOME=/opt/rustwide/rustup-home" "-w" "/opt/rustwide/workdir" "-m" "1610612736" "--user" "0:0" "--network" "none" "ghcr.io/rust-lang/crates-build-env/linux@sha256:5ff2268d62e97bff2cde7d5815dd6ed5b47097566f13b8d0ca110b04b60e07ed" "/opt/rustwide/cargo-home/bin/cargo" "+1.69.0" "metadata" "--no-deps" "--format-version=1", kill_on_drop: false }`
[INFO] [stdout] bd379ff6809506e7e8300b04e1b2e838b68940edf694a87328115369f7730991
[INFO] running `Command { std: "docker" "start" "-a" "bd379ff6809506e7e8300b04e1b2e838b68940edf694a87328115369f7730991", kill_on_drop: false }`
[INFO] running `Command { std: "docker" "inspect" "bd379ff6809506e7e8300b04e1b2e838b68940edf694a87328115369f7730991", kill_on_drop: false }`
[INFO] running `Command { std: "docker" "rm" "-f" "bd379ff6809506e7e8300b04e1b2e838b68940edf694a87328115369f7730991", kill_on_drop: false }`
[INFO] [stdout] bd379ff6809506e7e8300b04e1b2e838b68940edf694a87328115369f7730991
[INFO] running `Command { std: "docker" "create" "-v" "/var/lib/crater-agent-workspace/builds/worker-6-tc1/target:/opt/rustwide/target:rw,Z" "-v" "/var/lib/crater-agent-workspace/builds/worker-6-tc1/source:/opt/rustwide/workdir:ro,Z" "-v" "/var/lib/crater-agent-workspace/cargo-home:/opt/rustwide/cargo-home:ro,Z" "-v" "/var/lib/crater-agent-workspace/rustup-home:/opt/rustwide/rustup-home:ro,Z" "-e" "SOURCE_DIR=/opt/rustwide/workdir" "-e" "CARGO_TARGET_DIR=/opt/rustwide/target" "-e" "CARGO_INCREMENTAL=0" "-e" "RUST_BACKTRACE=full" "-e" "RUSTFLAGS=--cap-lints=warn" "-e" "RUSTDOCFLAGS=--cap-lints=warn" "-e" "CARGO_HOME=/opt/rustwide/cargo-home" "-e" "RUSTUP_HOME=/opt/rustwide/rustup-home" "-w" "/opt/rustwide/workdir" "-m" "1610612736" "--user" "0:0" "--network" "none" "ghcr.io/rust-lang/crates-build-env/linux@sha256:5ff2268d62e97bff2cde7d5815dd6ed5b47097566f13b8d0ca110b04b60e07ed" "/opt/rustwide/cargo-home/bin/cargo" "+1.69.0" "build" "--frozen" "--message-format=json", kill_on_drop: false }`
[INFO] [stdout] 379d24b90fb05dfcb7bf2ec761a632211dc3a8cdeea498bec8c94d7f1736b919
[INFO] running `Command { std: "docker" "start" "-a" "379d24b90fb05dfcb7bf2ec761a632211dc3a8cdeea498bec8c94d7f1736b919", kill_on_drop: false }`
[INFO] [stderr]    Compiling proc-macro2 v1.0.28
[INFO] [stderr]    Compiling libc v0.2.101
[INFO] [stderr]    Compiling syn v1.0.75
[INFO] [stderr]    Compiling log v0.4.14
[INFO] [stderr]    Compiling cc v1.0.69
[INFO] [stderr]    Compiling pin-project-lite v0.2.7
[INFO] [stderr]    Compiling pkg-config v0.3.19
[INFO] [stderr]    Compiling futures-core v0.3.16
[INFO] [stderr]    Compiling tokio v1.10.1
[INFO] [stderr]    Compiling itoa v0.4.8
[INFO] [stderr]    Compiling futures-task v0.3.16
[INFO] [stderr]    Compiling indexmap v1.7.0
[INFO] [stderr]    Compiling futures-util v0.3.16
[INFO] [stderr]    Compiling openssl v0.10.36
[INFO] [stderr]    Compiling serde_derive v1.0.130
[INFO] [stderr]    Compiling tracing-core v0.1.19
[INFO] [stderr]    Compiling ryu v1.0.5
[INFO] [stderr]    Compiling http v0.2.4
[INFO] [stderr]    Compiling once_cell v1.8.0
[INFO] [stderr]    Compiling futures-sink v0.3.16
[INFO] [stderr]    Compiling native-tls v0.2.8
[INFO] [stderr]    Compiling httparse v1.5.1
[INFO] [stderr]    Compiling futures-channel v0.3.16
[INFO] [stderr]    Compiling serde v1.0.130
[INFO] [stderr]    Compiling tracing v0.1.26
[INFO] [stderr]    Compiling tinyvec v1.3.1
[INFO] [stderr]    Compiling slab v0.4.4
[INFO] [stderr]    Compiling try-lock v0.2.3
[INFO] [stderr]    Compiling want v0.3.0
[INFO] [stderr]    Compiling tower-service v0.3.1
[INFO] [stderr]    Compiling unicode-bidi v0.3.6
[INFO] [stderr]    Compiling serde_json v1.0.67
[INFO] [stderr]    Compiling httpdate v1.0.1
[INFO] [stderr]    Compiling encoding_rs v0.8.28
[INFO] [stderr]    Compiling ipnet v2.3.1
[INFO] [stderr]    Compiling base64 v0.13.0
[INFO] [stderr]    Compiling regex v1.5.4
[INFO] [stderr]    Compiling quote v1.0.9
[INFO] [stderr]    Compiling num_cpus v1.13.0
[INFO] [stderr]    Compiling mio v0.7.13
[INFO] [stderr]    Compiling socket2 v0.4.1
[INFO] [stderr]    Compiling openssl-sys v0.9.66
[INFO] [stderr]    Compiling unicode-normalization v0.1.19
[INFO] [stderr]    Compiling http-body v0.4.3
[INFO] [stderr]    Compiling idna v0.2.3
[INFO] [stderr]    Compiling url v2.2.2
[INFO] [stderr]    Compiling tokio-macros v1.3.0
[INFO] [stderr]    Compiling tokio-util v0.6.7
[INFO] [stderr]    Compiling tokio-native-tls v0.3.0
[INFO] [stderr]    Compiling h2 v0.3.4
[INFO] [stderr]    Compiling serde_urlencoded v0.7.0
[INFO] [stderr]    Compiling hyper v0.14.12
[INFO] [stderr]    Compiling hyper-tls v0.5.0
[INFO] [stderr]    Compiling reqwest v0.11.4
[INFO] [stderr]    Compiling rustforce v0.2.2 (/opt/rustwide/workdir)
[INFO] [stdout] warning: derive helper attribute is used before it is introduced
[INFO] [stdout]   --> src/response.rs:56:3
[INFO] [stdout]    |
[INFO] [stdout] 56 | #[serde(rename_all = "camelCase")]
[INFO] [stdout]    |   ^^^^^
[INFO] [stdout] 57 | #[derive(Deserialize, Debug)]
[INFO] [stdout]    |          ----------- the attribute is introduced here
[INFO] [stdout]    |
[INFO] [stdout]    = warning: this was previously accepted by the compiler but is being phased out; it will become a hard error in a future release!
[INFO] [stdout]    = note: for more information, see issue #79202 <https://github.com/rust-lang/rust/issues/79202>
[INFO] [stdout]    = note: `#[warn(legacy_derive_helpers)]` on by default
[INFO] [stdout] 
[INFO] [stdout] 
[INFO] [stdout] warning: derive helper attribute is used before it is introduced
[INFO] [stdout]   --> src/response.rs:96:3
[INFO] [stdout]    |
[INFO] [stdout] 96 | #[serde(rename_all = "camelCase")]
[INFO] [stdout]    |   ^^^^^
[INFO] [stdout] 97 | #[derive(Deserialize, Debug)]
[INFO] [stdout]    |          ----------- the attribute is introduced here
[INFO] [stdout]    |
[INFO] [stdout]    = warning: this was previously accepted by the compiler but is being phased out; it will become a hard error in a future release!
[INFO] [stdout]    = note: for more information, see issue #79202 <https://github.com/rust-lang/rust/issues/79202>
[INFO] [stdout] 
[INFO] [stdout] 
[INFO] [stdout] warning: derive helper attribute is used before it is introduced
[INFO] [stdout]    --> src/response.rs:159:3
[INFO] [stdout]     |
[INFO] [stdout] 159 | #[serde(rename_all = "camelCase")]
[INFO] [stdout]     |   ^^^^^
[INFO] [stdout] 160 | #[derive(Deserialize, Debug)]
[INFO] [stdout]     |          ----------- the attribute is introduced here
[INFO] [stdout]     |
[INFO] [stdout]     = warning: this was previously accepted by the compiler but is being phased out; it will become a hard error in a future release!
[INFO] [stdout]     = note: for more information, see issue #79202 <https://github.com/rust-lang/rust/issues/79202>
[INFO] [stdout] 
[INFO] [stdout] 
[INFO] [stdout] warning: derive helper attribute is used before it is introduced
[INFO] [stdout]    --> src/response.rs:173:3
[INFO] [stdout]     |
[INFO] [stdout] 173 | #[serde(rename_all = "camelCase")]
[INFO] [stdout]     |   ^^^^^
[INFO] [stdout] 174 | #[derive(Deserialize, Debug)]
[INFO] [stdout]     |          ----------- the attribute is introduced here
[INFO] [stdout]     |
[INFO] [stdout]     = warning: this was previously accepted by the compiler but is being phased out; it will become a hard error in a future release!
[INFO] [stdout]     = note: for more information, see issue #79202 <https://github.com/rust-lang/rust/issues/79202>
[INFO] [stdout] 
[INFO] [stdout] 
[INFO] [stdout] warning: derive helper attribute is used before it is introduced
[INFO] [stdout]    --> src/response.rs:190:3
[INFO] [stdout]     |
[INFO] [stdout] 190 | #[serde(rename_all = "camelCase")]
[INFO] [stdout]     |   ^^^^^
[INFO] [stdout] 191 | #[derive(Deserialize, Debug)]
[INFO] [stdout]     |          ----------- the attribute is introduced here
[INFO] [stdout]     |
[INFO] [stdout]     = warning: this was previously accepted by the compiler but is being phased out; it will become a hard error in a future release!
[INFO] [stdout]     = note: for more information, see issue #79202 <https://github.com/rust-lang/rust/issues/79202>
[INFO] [stdout] 
[INFO] [stdout] 
[INFO] [stdout] warning: derive helper attribute is used before it is introduced
[INFO] [stdout]    --> src/response.rs:198:3
[INFO] [stdout]     |
[INFO] [stdout] 198 | #[serde(rename_all = "camelCase")]
[INFO] [stdout]     |   ^^^^^
[INFO] [stdout] 199 | #[derive(Deserialize, Debug)]
[INFO] [stdout]     |          ----------- the attribute is introduced here
[INFO] [stdout]     |
[INFO] [stdout]     = warning: this was previously accepted by the compiler but is being phased out; it will become a hard error in a future release!
[INFO] [stdout]     = note: for more information, see issue #79202 <https://github.com/rust-lang/rust/issues/79202>
[INFO] [stdout] 
[INFO] [stdout] 
[INFO] [stdout] warning: derive helper attribute is used before it is introduced
[INFO] [stdout]    --> src/response.rs:227:3
[INFO] [stdout]     |
[INFO] [stdout] 227 | #[serde(rename_all = "camelCase")]
[INFO] [stdout]     |   ^^^^^
[INFO] [stdout] 228 | #[derive(Deserialize, Debug)]
[INFO] [stdout]     |          ----------- the attribute is introduced here
[INFO] [stdout]     |
[INFO] [stdout]     = warning: this was previously accepted by the compiler but is being phased out; it will become a hard error in a future release!
[INFO] [stdout]     = note: for more information, see issue #79202 <https://github.com/rust-lang/rust/issues/79202>
[INFO] [stdout] 
[INFO] [stdout] 
[INFO] [stdout] warning: derive helper attribute is used before it is introduced
[INFO] [stdout]    --> src/response.rs:234:3
[INFO] [stdout]     |
[INFO] [stdout] 234 | #[serde(rename_all = "camelCase")]
[INFO] [stdout]     |   ^^^^^
[INFO] [stdout] 235 | #[derive(Deserialize, Debug)]
[INFO] [stdout]     |          ----------- the attribute is introduced here
[INFO] [stdout]     |
[INFO] [stdout]     = warning: this was previously accepted by the compiler but is being phased out; it will become a hard error in a future release!
[INFO] [stdout]     = note: for more information, see issue #79202 <https://github.com/rust-lang/rust/issues/79202>
[INFO] [stdout] 
[INFO] [stdout] 
[INFO] [stdout] warning: derive helper attribute is used before it is introduced
[INFO] [stdout]    --> src/response.rs:242:3
[INFO] [stdout]     |
[INFO] [stdout] 242 | #[serde(rename_all = "camelCase")]
[INFO] [stdout]     |   ^^^^^
[INFO] [stdout] 243 | #[derive(Deserialize, Debug)]
[INFO] [stdout]     |          ----------- the attribute is introduced here
[INFO] [stdout]     |
[INFO] [stdout]     = warning: this was previously accepted by the compiler but is being phased out; it will become a hard error in a future release!
[INFO] [stdout]     = note: for more information, see issue #79202 <https://github.com/rust-lang/rust/issues/79202>
[INFO] [stdout] 
[INFO] [stdout] 
[INFO] [stdout] warning: derive helper attribute is used before it is introduced
[INFO] [stdout]    --> src/response.rs:250:3
[INFO] [stdout]     |
[INFO] [stdout] 250 | #[serde(rename_all = "camelCase")]
[INFO] [stdout]     |   ^^^^^
[INFO] [stdout] 251 | #[derive(Deserialize, Debug)]
[INFO] [stdout]     |          ----------- the attribute is introduced here
[INFO] [stdout]     |
[INFO] [stdout]     = warning: this was previously accepted by the compiler but is being phased out; it will become a hard error in a future release!
[INFO] [stdout]     = note: for more information, see issue #79202 <https://github.com/rust-lang/rust/issues/79202>
[INFO] [stdout] 
[INFO] [stdout] 
[INFO] [stdout] warning: unused import: `DescribeResponse`
[INFO] [stdout]  --> src/client.rs:5:58
[INFO] [stdout]   |
[INFO] [stdout] 5 |     AccessToken, CreateResponse, DescribeGlobalResponse, DescribeResponse, ErrorResponse,
[INFO] [stdout]   |                                                          ^^^^^^^^^^^^^^^^
[INFO] [stdout]   |
[INFO] [stdout]   = note: `#[warn(unused_imports)]` on by default
[INFO] [stdout] 
[INFO] [stdout] 
[INFO] [stdout] warning: field `create` is never read
[INFO] [stdout]   --> src/response.rs:22:5
[INFO] [stdout]    |
[INFO] [stdout] 21 | pub struct UpsertResponse {
[INFO] [stdout]    |            -------------- field in this struct
[INFO] [stdout] 22 |     create: Option<CreateResponse>,
[INFO] [stdout]    |     ^^^^^^
[INFO] [stdout]    |
[INFO] [stdout]    = note: `UpsertResponse` has a derived impl for the trait `Debug`, but this is intentionally ignored during dead code analysis
[INFO] [stdout]    = note: `#[warn(dead_code)]` on by default
[INFO] [stdout] 
[INFO] [stdout] 
[INFO] [stdout] warning: fields `error` and `error_description` are never read
[INFO] [stdout]   --> src/response.rs:45:5
[INFO] [stdout]    |
[INFO] [stdout] 44 | pub struct TokenErrorResponse {
[INFO] [stdout]    |            ------------------ fields in this struct
[INFO] [stdout] 45 |     error: String,
[INFO] [stdout]    |     ^^^^^
[INFO] [stdout] 46 |     error_description: String,
[INFO] [stdout]    |     ^^^^^^^^^^^^^^^^^
[INFO] [stdout]    |
[INFO] [stdout]    = note: `TokenErrorResponse` has a derived impl for the trait `Debug`, but this is intentionally ignored during dead code analysis
[INFO] [stdout] 
[INFO] [stdout] 
[INFO] [stdout] warning: 13 warnings emitted
[INFO] [stdout] 
[INFO] [stdout] 
[INFO] [stderr]     Finished dev [unoptimized + debuginfo] target(s) in 18.96s
[INFO] running `Command { std: "docker" "inspect" "379d24b90fb05dfcb7bf2ec761a632211dc3a8cdeea498bec8c94d7f1736b919", kill_on_drop: false }`
[INFO] running `Command { std: "docker" "rm" "-f" "379d24b90fb05dfcb7bf2ec761a632211dc3a8cdeea498bec8c94d7f1736b919", kill_on_drop: false }`
[INFO] [stdout] 379d24b90fb05dfcb7bf2ec761a632211dc3a8cdeea498bec8c94d7f1736b919
[INFO] running `Command { std: "docker" "create" "-v" "/var/lib/crater-agent-workspace/builds/worker-6-tc1/target:/opt/rustwide/target:rw,Z" "-v" "/var/lib/crater-agent-workspace/builds/worker-6-tc1/source:/opt/rustwide/workdir:ro,Z" "-v" "/var/lib/crater-agent-workspace/cargo-home:/opt/rustwide/cargo-home:ro,Z" "-v" "/var/lib/crater-agent-workspace/rustup-home:/opt/rustwide/rustup-home:ro,Z" "-e" "SOURCE_DIR=/opt/rustwide/workdir" "-e" "CARGO_TARGET_DIR=/opt/rustwide/target" "-e" "CARGO_INCREMENTAL=0" "-e" "RUST_BACKTRACE=full" "-e" "RUSTFLAGS=--cap-lints=warn" "-e" "RUSTDOCFLAGS=--cap-lints=warn" "-e" "CARGO_HOME=/opt/rustwide/cargo-home" "-e" "RUSTUP_HOME=/opt/rustwide/rustup-home" "-w" "/opt/rustwide/workdir" "-m" "1610612736" "--user" "0:0" "--network" "none" "ghcr.io/rust-lang/crates-build-env/linux@sha256:5ff2268d62e97bff2cde7d5815dd6ed5b47097566f13b8d0ca110b04b60e07ed" "/opt/rustwide/cargo-home/bin/cargo" "+1.69.0" "test" "--frozen" "--no-run" "--message-format=json", kill_on_drop: false }`
[INFO] [stdout] 334898adf6fc2600ebdafb5c24a3a1d91967c7e75b639f5fa2e44b41fc372628
[INFO] running `Command { std: "docker" "start" "-a" "334898adf6fc2600ebdafb5c24a3a1d91967c7e75b639f5fa2e44b41fc372628", kill_on_drop: false }`
[INFO] [stderr]    Compiling version_check v0.9.3
[INFO] [stderr]    Compiling atty v0.2.14
[INFO] [stderr]    Compiling getrandom v0.1.16
[INFO] [stderr]    Compiling miniz_oxide v0.4.4
[INFO] [stderr]    Compiling unicode-width v0.1.8
[INFO] [stderr]    Compiling backtrace v0.3.61
[INFO] [stderr]    Compiling unicode-segmentation v1.8.0
[INFO] [stderr]    Compiling gimli v0.25.0
[INFO] [stderr]    Compiling synstructure v0.12.5
[INFO] [stderr]    Compiling object v0.26.2
[INFO] [stderr]    Compiling regex-automata v0.1.10
[INFO] [stderr]    Compiling ppv-lite86 v0.2.10
[INFO] [stderr]    Compiling semver-parser v0.7.0
[INFO] [stderr]    Compiling rustc-demangle v0.1.21
[INFO] [stderr]    Compiling ansi_term v0.11.0
[INFO] [stderr]    Compiling csv-core v0.1.10
[INFO] [stderr]    Compiling anyhow v1.0.43
[INFO] [stderr]    Compiling textwrap v0.11.0
[INFO] [stderr]    Compiling bstr v0.2.16
[INFO] [stderr]    Compiling semver v0.9.0
[INFO] [stderr]    Compiling heck v0.3.3
[INFO] [stderr]    Compiling proc-macro-error-attr v1.0.4
[INFO] [stderr]    Compiling proc-macro-error v1.0.4
[INFO] [stderr]    Compiling clap v2.33.3
[INFO] [stderr]    Compiling dtoa v0.4.8
[INFO] [stderr]    Compiling rand_core v0.5.1
[INFO] [stderr]    Compiling cargo_metadata v0.9.1
[INFO] [stderr]    Compiling getopts v0.2.21
[INFO] [stderr]    Compiling serde_urlencoded v0.6.1
[INFO] [stderr]    Compiling humantime v1.3.0
[INFO] [stderr]    Compiling colored v1.9.3
[INFO] [stderr]    Compiling toml v0.4.10
[INFO] [stderr]    Compiling rand_chacha v0.2.2
[INFO] [stderr]    Compiling difference v2.0.0
[INFO] [stderr]    Compiling failure_derive v0.1.8
[INFO] [stderr]    Compiling csv v1.1.6
[INFO] [stderr]    Compiling rand v0.7.3
[INFO] [stderr]    Compiling ansi_term v0.9.0
[INFO] [stderr]    Compiling env_logger v0.7.1
[INFO] [stdout] warning: derive helper attribute is used before it is introduced
[INFO] [stdout]   --> src/response.rs:56:3
[INFO] [stdout]    |
[INFO] [stdout] 56 | #[serde(rename_all = "camelCase")]
[INFO] [stdout]    |   ^^^^^
[INFO] [stdout] 57 | #[derive(Deserialize, Debug)]
[INFO] [stdout]    |          ----------- the attribute is introduced here
[INFO] [stdout]    |
[INFO] [stdout]    = warning: this was previously accepted by the compiler but is being phased out; it will become a hard error in a future release!
[INFO] [stdout]    = note: for more information, see issue #79202 <https://github.com/rust-lang/rust/issues/79202>
[INFO] [stdout]    = note: `#[warn(legacy_derive_helpers)]` on by default
[INFO] [stdout] 
[INFO] [stdout] 
[INFO] [stdout] warning: derive helper attribute is used before it is introduced
[INFO] [stdout]   --> src/response.rs:96:3
[INFO] [stdout]    |
[INFO] [stdout] 96 | #[serde(rename_all = "camelCase")]
[INFO] [stdout]    |   ^^^^^
[INFO] [stdout] 97 | #[derive(Deserialize, Debug)]
[INFO] [stdout]    |          ----------- the attribute is introduced here
[INFO] [stdout]    |
[INFO] [stdout]    = warning: this was previously accepted by the compiler but is being phased out; it will become a hard error in a future release!
[INFO] [stdout]    = note: for more information, see issue #79202 <https://github.com/rust-lang/rust/issues/79202>
[INFO] [stdout] 
[INFO] [stdout] 
[INFO] [stdout] warning: derive helper attribute is used before it is introduced
[INFO] [stdout]    --> src/response.rs:159:3
[INFO] [stdout]     |
[INFO] [stdout] 159 | #[serde(rename_all = "camelCase")]
[INFO] [stdout]     |   ^^^^^
[INFO] [stdout] 160 | #[derive(Deserialize, Debug)]
[INFO] [stdout]     |          ----------- the attribute is introduced here
[INFO] [stdout]     |
[INFO] [stdout]     = warning: this was previously accepted by the compiler but is being phased out; it will become a hard error in a future release!
[INFO] [stdout]     = note: for more information, see issue #79202 <https://github.com/rust-lang/rust/issues/79202>
[INFO] [stdout] 
[INFO] [stdout] 
[INFO] [stdout] warning: derive helper attribute is used before it is introduced
[INFO] [stdout]    --> src/response.rs:173:3
[INFO] [stdout]     |
[INFO] [stdout] 173 | #[serde(rename_all = "camelCase")]
[INFO] [stdout]     |   ^^^^^
[INFO] [stdout] 174 | #[derive(Deserialize, Debug)]
[INFO] [stdout]     |          ----------- the attribute is introduced here
[INFO] [stdout]     |
[INFO] [stdout]     = warning: this was previously accepted by the compiler but is being phased out; it will become a hard error in a future release!
[INFO] [stdout]     = note: for more information, see issue #79202 <https://github.com/rust-lang/rust/issues/79202>
[INFO] [stdout] 
[INFO] [stdout] 
[INFO] [stdout] warning: derive helper attribute is used before it is introduced
[INFO] [stdout]    --> src/response.rs:190:3
[INFO] [stdout]     |
[INFO] [stdout] 190 | #[serde(rename_all = "camelCase")]
[INFO] [stdout]     |   ^^^^^
[INFO] [stdout] 191 | #[derive(Deserialize, Debug)]
[INFO] [stdout]     |          ----------- the attribute is introduced here
[INFO] [stdout]     |
[INFO] [stdout]     = warning: this was previously accepted by the compiler but is being phased out; it will become a hard error in a future release!
[INFO] [stdout]     = note: for more information, see issue #79202 <https://github.com/rust-lang/rust/issues/79202>
[INFO] [stdout] 
[INFO] [stdout] 
[INFO] [stdout] warning: derive helper attribute is used before it is introduced
[INFO] [stdout]    --> src/response.rs:198:3
[INFO] [stdout]     |
[INFO] [stdout] 198 | #[serde(rename_all = "camelCase")]
[INFO] [stdout]     |   ^^^^^
[INFO] [stdout] 199 | #[derive(Deserialize, Debug)]
[INFO] [stdout]     |          ----------- the attribute is introduced here
[INFO] [stdout]     |
[INFO] [stdout]     = warning: this was previously accepted by the compiler but is being phased out; it will become a hard error in a future release!
[INFO] [stdout]     = note: for more information, see issue #79202 <https://github.com/rust-lang/rust/issues/79202>
[INFO] [stdout] 
[INFO] [stdout] 
[INFO] [stdout] warning: derive helper attribute is used before it is introduced
[INFO] [stdout]    --> src/response.rs:227:3
[INFO] [stdout]     |
[INFO] [stdout] 227 | #[serde(rename_all = "camelCase")]
[INFO] [stdout]     |   ^^^^^
[INFO] [stdout] 228 | #[derive(Deserialize, Debug)]
[INFO] [stdout]     |          ----------- the attribute is introduced here
[INFO] [stdout]     |
[INFO] [stdout]     = warning: this was previously accepted by the compiler but is being phased out; it will become a hard error in a future release!
[INFO] [stdout]     = note: for more information, see issue #79202 <https://github.com/rust-lang/rust/issues/79202>
[INFO] [stdout] 
[INFO] [stdout] 
[INFO] [stdout] warning: derive helper attribute is used before it is introduced
[INFO] [stdout]    --> src/response.rs:234:3
[INFO] [stdout]     |
[INFO] [stdout] 234 | #[serde(rename_all = "camelCase")]
[INFO] [stdout]     |   ^^^^^
[INFO] [stdout] 235 | #[derive(Deserialize, Debug)]
[INFO] [stdout]     |          ----------- the attribute is introduced here
[INFO] [stdout]     |
[INFO] [stdout]     = warning: this was previously accepted by the compiler but is being phased out; it will become a hard error in a future release!
[INFO] [stdout]     = note: for more information, see issue #79202 <https://github.com/rust-lang/rust/issues/79202>
[INFO] [stdout] 
[INFO] [stdout] 
[INFO] [stdout] warning: derive helper attribute is used before it is introduced
[INFO] [stdout]    --> src/response.rs:242:3
[INFO] [stdout]     |
[INFO] [stdout] 242 | #[serde(rename_all = "camelCase")]
[INFO] [stdout]     |   ^^^^^
[INFO] [stdout] 243 | #[derive(Deserialize, Debug)]
[INFO] [stdout]     |          ----------- the attribute is introduced here
[INFO] [stdout]     |
[INFO] [stdout]     = warning: this was previously accepted by the compiler but is being phased out; it will become a hard error in a future release!
[INFO] [stdout]     = note: for more information, see issue #79202 <https://github.com/rust-lang/rust/issues/79202>
[INFO] [stdout] 
[INFO] [stdout] 
[INFO] [stdout] warning: derive helper attribute is used before it is introduced
[INFO] [stdout]    --> src/response.rs:250:3
[INFO] [stdout]     |
[INFO] [stdout] 250 | #[serde(rename_all = "camelCase")]
[INFO] [stdout]     |   ^^^^^
[INFO] [stdout] 251 | #[derive(Deserialize, Debug)]
[INFO] [stdout]     |          ----------- the attribute is introduced here
[INFO] [stdout]     |
[INFO] [stdout]     = warning: this was previously accepted by the compiler but is being phased out; it will become a hard error in a future release!
[INFO] [stdout]     = note: for more information, see issue #79202 <https://github.com/rust-lang/rust/issues/79202>
[INFO] [stdout] 
[INFO] [stdout] 
[INFO] [stdout] warning: unused import: `DescribeResponse`
[INFO] [stdout]  --> src/client.rs:5:58
[INFO] [stdout]   |
[INFO] [stdout] 5 |     AccessToken, CreateResponse, DescribeGlobalResponse, DescribeResponse, ErrorResponse,
[INFO] [stdout]   |                                                          ^^^^^^^^^^^^^^^^
[INFO] [stdout]   |
[INFO] [stdout]   = note: `#[warn(unused_imports)]` on by default
[INFO] [stdout] 
[INFO] [stdout] 
[INFO] [stdout] warning: field `create` is never read
[INFO] [stdout]   --> src/response.rs:22:5
[INFO] [stdout]    |
[INFO] [stdout] 21 | pub struct UpsertResponse {
[INFO] [stdout]    |            -------------- field in this struct
[INFO] [stdout] 22 |     create: Option<CreateResponse>,
[INFO] [stdout]    |     ^^^^^^
[INFO] [stdout]    |
[INFO] [stdout]    = note: `UpsertResponse` has a derived impl for the trait `Debug`, but this is intentionally ignored during dead code analysis
[INFO] [stdout]    = note: `#[warn(dead_code)]` on by default
[INFO] [stdout] 
[INFO] [stdout] 
[INFO] [stdout] warning: fields `error` and `error_description` are never read
[INFO] [stdout]   --> src/response.rs:45:5
[INFO] [stdout]    |
[INFO] [stdout] 44 | pub struct TokenErrorResponse {
[INFO] [stdout]    |            ------------------ fields in this struct
[INFO] [stdout] 45 |     error: String,
[INFO] [stdout]    |     ^^^^^
[INFO] [stdout] 46 |     error_description: String,
[INFO] [stdout]    |     ^^^^^^^^^^^^^^^^^
[INFO] [stdout]    |
[INFO] [stdout]    = note: `TokenErrorResponse` has a derived impl for the trait `Debug`, but this is intentionally ignored during dead code analysis
[INFO] [stdout] 
[INFO] [stdout] 
[INFO] [stdout] warning: 13 warnings emitted
[INFO] [stdout] 
[INFO] [stdout] 
[INFO] [stderr]    Compiling structopt-derive v0.4.15
[INFO] [stderr]    Compiling extend v0.1.2
[INFO] [stderr]    Compiling addr2line v0.16.0
[INFO] [stderr]    Compiling assert-json-diff v1.1.0
[INFO] [stderr]    Compiling mockito v0.27.0
[INFO] [stderr]    Compiling failure v0.1.8
[INFO] [stderr]    Compiling structopt v0.3.22
[INFO] [stderr]    Compiling cargo-license v0.3.0
[INFO] [stderr]    Compiling rustforce v0.2.2 (/opt/rustwide/workdir)
[INFO] [stdout] warning: fields `attributes`, `id`, and `name` are never read
[INFO] [stdout]   --> examples/query.rs:9:5
[INFO] [stdout]    |
[INFO] [stdout] 7  | struct Account {
[INFO] [stdout]    |        ------- fields in this struct
[INFO] [stdout] 8  |     #[serde(rename = "attributes")]
[INFO] [stdout] 9  |     attributes: Attribute,
[INFO] [stdout]    |     ^^^^^^^^^^
[INFO] [stdout] 10 |     id: String,
[INFO] [stdout]    |     ^^
[INFO] [stdout] 11 |     name: String,
[INFO] [stdout]    |     ^^^^
[INFO] [stdout]    |
[INFO] [stdout]    = note: `Account` has a derived impl for the trait `Debug`, but this is intentionally ignored during dead code analysis
[INFO] [stdout]    = note: `#[warn(dead_code)]` on by default
[INFO] [stdout] 
[INFO] [stdout] 
[INFO] [stdout] warning: fields `url` and `sobject_type` are never read
[INFO] [stdout]   --> examples/query.rs:16:5
[INFO] [stdout]    |
[INFO] [stdout] 15 | struct Attribute {
[INFO] [stdout]    |        --------- fields in this struct
[INFO] [stdout] 16 |     url: String,
[INFO] [stdout]    |     ^^^
[INFO] [stdout] 17 |     #[serde(rename = "type")]
[INFO] [stdout] 18 |     sobject_type: String,
[INFO] [stdout]    |     ^^^^^^^^^^^^
[INFO] [stdout]    |
[INFO] [stdout]    = note: `Attribute` has a derived impl for the trait `Debug`, but this is intentionally ignored during dead code analysis
[INFO] [stdout] 
[INFO] [stdout] 
[INFO] [stdout] warning: fields `attributes`, `id`, and `name` are never read
[INFO] [stdout]   --> examples/create.rs:10:5
[INFO] [stdout]    |
[INFO] [stdout] 8  | struct Account {
[INFO] [stdout]    |        ------- fields in this struct
[INFO] [stdout] 9  |     #[serde(rename = "attributes")]
[INFO] [stdout] 10 |     attributes: Attribute,
[INFO] [stdout]    |     ^^^^^^^^^^
[INFO] [stdout] 11 |     id: String,
[INFO] [stdout]    |     ^^
[INFO] [stdout] 12 |     name: String,
[INFO] [stdout]    |     ^^^^
[INFO] [stdout]    |
[INFO] [stdout]    = note: `Account` has a derived impl for the trait `Debug`, but this is intentionally ignored during dead code analysis
[INFO] [stdout]    = note: `#[warn(dead_code)]` on by default
[INFO] [stdout] 
[INFO] [stdout] 
[INFO] [stdout] warning: fields `url` and `sobject_type` are never read
[INFO] [stdout]   --> examples/create.rs:17:5
[INFO] [stdout]    |
[INFO] [stdout] 16 | struct Attribute {
[INFO] [stdout]    |        --------- fields in this struct
[INFO] [stdout] 17 |     url: String,
[INFO] [stdout]    |     ^^^
[INFO] [stdout] 18 |     #[serde(rename = "type")]
[INFO] [stdout] 19 |     sobject_type: String,
[INFO] [stdout]    |     ^^^^^^^^^^^^
[INFO] [stdout]    |
[INFO] [stdout]    = note: `Attribute` has a derived impl for the trait `Debug`, but this is intentionally ignored during dead code analysis
[INFO] [stdout] 
[INFO] [stdout] 
[INFO] [stdout] warning: fields `attributes`, `id`, and `name` are never read
[INFO] [stdout]   --> examples/update.rs:10:5
[INFO] [stdout]    |
[INFO] [stdout] 8  | struct Account {
[INFO] [stdout]    |        ------- fields in this struct
[INFO] [stdout] 9  |     #[serde(rename = "attributes")]
[INFO] [stdout] 10 |     attributes: Attribute,
[INFO] [stdout]    |     ^^^^^^^^^^
[INFO] [stdout] 11 |     id: String,
[INFO] [stdout]    |     ^^
[INFO] [stdout] 12 |     name: String,
[INFO] [stdout]    |     ^^^^
[INFO] [stdout]    |
[INFO] [stdout]    = note: `Account` has a derived impl for the trait `Debug`, but this is intentionally ignored during dead code analysis
[INFO] [stdout]    = note: `#[warn(dead_code)]` on by default
[INFO] [stdout] 
[INFO] [stdout] 
[INFO] [stdout] warning: fields `url` and `sobject_type` are never read
[INFO] [stdout]   --> examples/update.rs:17:5
[INFO] [stdout]    |
[INFO] [stdout] 16 | struct Attribute {
[INFO] [stdout]    |        --------- fields in this struct
[INFO] [stdout] 17 |     url: String,
[INFO] [stdout]    |     ^^^
[INFO] [stdout] 18 |     #[serde(rename = "type")]
[INFO] [stdout] 19 |     sobject_type: String,
[INFO] [stdout]    |     ^^^^^^^^^^^^
[INFO] [stdout]    |
[INFO] [stdout]    = note: `Attribute` has a derived impl for the trait `Debug`, but this is intentionally ignored during dead code analysis
[INFO] [stdout] 
[INFO] [stdout] 
[INFO] [stdout] warning: fields `attributes`, `id`, and `name` are never read
[INFO] [stdout]   --> examples/upsert.rs:10:5
[INFO] [stdout]    |
[INFO] [stdout] 8  | struct Account {
[INFO] [stdout]    |        ------- fields in this struct
[INFO] [stdout] 9  |     #[serde(rename = "attributes")]
[INFO] [stdout] 10 |     attributes: Attribute,
[INFO] [stdout]    |     ^^^^^^^^^^
[INFO] [stdout] 11 |     id: String,
[INFO] [stdout]    |     ^^
[INFO] [stdout] 12 |     name: String,
[INFO] [stdout]    |     ^^^^
[INFO] [stdout]    |
[INFO] [stdout]    = note: `Account` has a derived impl for the trait `Debug`, but this is intentionally ignored during dead code analysis
[INFO] [stdout]    = note: `#[warn(dead_code)]` on by default
[INFO] [stdout] 
[INFO] [stdout] 
[INFO] [stdout] warning: fields `url` and `sobject_type` are never read
[INFO] [stdout]   --> examples/upsert.rs:17:5
[INFO] [stdout]    |
[INFO] [stdout] 16 | struct Attribute {
[INFO] [stdout]    |        --------- fields in this struct
[INFO] [stdout] 17 |     url: String,
[INFO] [stdout]    |     ^^^
[INFO] [stdout] 18 |     #[serde(rename = "type")]
[INFO] [stdout] 19 |     sobject_type: String,
[INFO] [stdout]    |     ^^^^^^^^^^^^
[INFO] [stdout]    |
[INFO] [stdout]    = note: `Attribute` has a derived impl for the trait `Debug`, but this is intentionally ignored during dead code analysis
[INFO] [stdout] 
[INFO] [stdout] 
[INFO] [stdout] warning: fields `attributes`, `id`, and `name` are never read
[INFO] [stdout]   --> examples/destroy.rs:9:5
[INFO] [stdout]    |
[INFO] [stdout] 7  | struct Account {
[INFO] [stdout]    |        ------- fields in this struct
[INFO] [stdout] 8  |     #[serde(rename = "attributes")]
[INFO] [stdout] 9  |     attributes: Attribute,
[INFO] [stdout]    |     ^^^^^^^^^^
[INFO] [stdout] 10 |     id: String,
[INFO] [stdout]    |     ^^
[INFO] [stdout] 11 |     name: String,
[INFO] [stdout]    |     ^^^^
[INFO] [stdout]    |
[INFO] [stdout]    = note: `Account` has a derived impl for the trait `Debug`, but this is intentionally ignored during dead code analysis
[INFO] [stdout]    = note: `#[warn(dead_code)]` on by default
[INFO] [stdout] 
[INFO] [stdout] 
[INFO] [stdout] warning: fields `url` and `sobject_type` are never read
[INFO] [stdout]   --> examples/destroy.rs:16:5
[INFO] [stdout]    |
[INFO] [stdout] 15 | struct Attribute {
[INFO] [stdout]    |        --------- fields in this struct
[INFO] [stdout] 16 |     url: String,
[INFO] [stdout]    |     ^^^
[INFO] [stdout] 17 |     #[serde(rename = "type")]
[INFO] [stdout] 18 |     sobject_type: String,
[INFO] [stdout]    |     ^^^^^^^^^^^^
[INFO] [stdout]    |
[INFO] [stdout]    = note: `Attribute` has a derived impl for the trait `Debug`, but this is intentionally ignored during dead code analysis
[INFO] [stdout] 
[INFO] [stdout] 
[INFO] [stdout] warning: derive helper attribute is used before it is introduced
[INFO] [stdout]   --> src/response.rs:56:3
[INFO] [stdout]    |
[INFO] [stdout] 56 | #[serde(rename_all = "camelCase")]
[INFO] [stdout]    |   ^^^^^
[INFO] [stdout] 57 | #[derive(Deserialize, Debug)]
[INFO] [stdout]    |          ----------- the attribute is introduced here
[INFO] [stdout]    |
[INFO] [stdout]    = warning: this was previously accepted by the compiler but is being phased out; it will become a hard error in a future release!
[INFO] [stdout]    = note: for more information, see issue #79202 <https://github.com/rust-lang/rust/issues/79202>
[INFO] [stdout]    = note: `#[warn(legacy_derive_helpers)]` on by default
[INFO] [stdout] 
[INFO] [stdout] 
[INFO] [stdout] warning: derive helper attribute is used before it is introduced
[INFO] [stdout]   --> src/response.rs:96:3
[INFO] [stdout]    |
[INFO] [stdout] 96 | #[serde(rename_all = "camelCase")]
[INFO] [stdout]    |   ^^^^^
[INFO] [stdout] 97 | #[derive(Deserialize, Debug)]
[INFO] [stdout]    |          ----------- the attribute is introduced here
[INFO] [stdout]    |
[INFO] [stdout]    = warning: this was previously accepted by the compiler but is being phased out; it will become a hard error in a future release!
[INFO] [stdout]    = note: for more information, see issue #79202 <https://github.com/rust-lang/rust/issues/79202>
[INFO] [stdout] 
[INFO] [stdout] 
[INFO] [stdout] warning: derive helper attribute is used before it is introduced
[INFO] [stdout]    --> src/response.rs:159:3
[INFO] [stdout]     |
[INFO] [stdout] 159 | #[serde(rename_all = "camelCase")]
[INFO] [stdout]     |   ^^^^^
[INFO] [stdout] 160 | #[derive(Deserialize, Debug)]
[INFO] [stdout]     |          ----------- the attribute is introduced here
[INFO] [stdout]     |
[INFO] [stdout]     = warning: this was previously accepted by the compiler but is being phased out; it will become a hard error in a future release!
[INFO] [stdout]     = note: for more information, see issue #79202 <https://github.com/rust-lang/rust/issues/79202>
[INFO] [stdout] 
[INFO] [stdout] 
[INFO] [stdout] warning: derive helper attribute is used before it is introduced
[INFO] [stdout]    --> src/response.rs:173:3
[INFO] [stdout]     |
[INFO] [stdout] 173 | #[serde(rename_all = "camelCase")]
[INFO] [stdout]     |   ^^^^^
[INFO] [stdout] 174 | #[derive(Deserialize, Debug)]
[INFO] [stdout]     |          ----------- the attribute is introduced here
[INFO] [stdout]     |
[INFO] [stdout]     = warning: this was previously accepted by the compiler but is being phased out; it will become a hard error in a future release!
[INFO] [stdout]     = note: for more information, see issue #79202 <https://github.com/rust-lang/rust/issues/79202>
[INFO] [stdout] 
[INFO] [stdout] 
[INFO] [stdout] warning: derive helper attribute is used before it is introduced
[INFO] [stdout]    --> src/response.rs:190:3
[INFO] [stdout]     |
[INFO] [stdout] 190 | #[serde(rename_all = "camelCase")]
[INFO] [stdout]     |   ^^^^^
[INFO] [stdout] 191 | #[derive(Deserialize, Debug)]
[INFO] [stdout]     |          ----------- the attribute is introduced here
[INFO] [stdout]     |
[INFO] [stdout]     = warning: this was previously accepted by the compiler but is being phased out; it will become a hard error in a future release!
[INFO] [stdout]     = note: for more information, see issue #79202 <https://github.com/rust-lang/rust/issues/79202>
[INFO] [stdout] 
[INFO] [stdout] 
[INFO] [stdout] warning: derive helper attribute is used before it is introduced
[INFO] [stdout]    --> src/response.rs:198:3
[INFO] [stdout]     |
[INFO] [stdout] 198 | #[serde(rename_all = "camelCase")]
[INFO] [stdout]     |   ^^^^^
[INFO] [stdout] 199 | #[derive(Deserialize, Debug)]
[INFO] [stdout]     |          ----------- the attribute is introduced here
[INFO] [stdout]     |
[INFO] [stdout]     = warning: this was previously accepted by the compiler but is being phased out; it will become a hard error in a future release!
[INFO] [stdout]     = note: for more information, see issue #79202 <https://github.com/rust-lang/rust/issues/79202>
[INFO] [stdout] 
[INFO] [stdout] 
[INFO] [stdout] warning: derive helper attribute is used before it is introduced
[INFO] [stdout]    --> src/response.rs:227:3
[INFO] [stdout]     |
[INFO] [stdout] 227 | #[serde(rename_all = "camelCase")]
[INFO] [stdout]     |   ^^^^^
[INFO] [stdout] 228 | #[derive(Deserialize, Debug)]
[INFO] [stdout]     |          ----------- the attribute is introduced here
[INFO] [stdout]     |
[INFO] [stdout]     = warning: this was previously accepted by the compiler but is being phased out; it will become a hard error in a future release!
[INFO] [stdout]     = note: for more information, see issue #79202 <https://github.com/rust-lang/rust/issues/79202>
[INFO] [stdout] 
[INFO] [stdout] 
[INFO] [stdout] warning: derive helper attribute is used before it is introduced
[INFO] [stdout]    --> src/response.rs:234:3
[INFO] [stdout]     |
[INFO] [stdout] 234 | #[serde(rename_all = "camelCase")]
[INFO] [stdout]     |   ^^^^^
[INFO] [stdout] 235 | #[derive(Deserialize, Debug)]
[INFO] [stdout]     |          ----------- the attribute is introduced here
[INFO] [stdout]     |
[INFO] [stdout]     = warning: this was previously accepted by the compiler but is being phased out; it will become a hard error in a future release!
[INFO] [stdout]     = note: for more information, see issue #79202 <https://github.com/rust-lang/rust/issues/79202>
[INFO] [stdout] 
[INFO] [stdout] 
[INFO] [stdout] warning: derive helper attribute is used before it is introduced
[INFO] [stdout]    --> src/response.rs:242:3
[INFO] [stdout]     |
[INFO] [stdout] 242 | #[serde(rename_all = "camelCase")]
[INFO] [stdout]     |   ^^^^^
[INFO] [stdout] 243 | #[derive(Deserialize, Debug)]
[INFO] [stdout]     |          ----------- the attribute is introduced here
[INFO] [stdout]     |
[INFO] [stdout]     = warning: this was previously accepted by the compiler but is being phased out; it will become a hard error in a future release!
[INFO] [stdout]     = note: for more information, see issue #79202 <https://github.com/rust-lang/rust/issues/79202>
[INFO] [stdout] 
[INFO] [stdout] 
[INFO] [stdout] warning: derive helper attribute is used before it is introduced
[INFO] [stdout]    --> src/response.rs:250:3
[INFO] [stdout]     |
[INFO] [stdout] 250 | #[serde(rename_all = "camelCase")]
[INFO] [stdout]     |   ^^^^^
[INFO] [stdout] 251 | #[derive(Deserialize, Debug)]
[INFO] [stdout]     |          ----------- the attribute is introduced here
[INFO] [stdout]     |
[INFO] [stdout]     = warning: this was previously accepted by the compiler but is being phased out; it will become a hard error in a future release!
[INFO] [stdout]     = note: for more information, see issue #79202 <https://github.com/rust-lang/rust/issues/79202>
[INFO] [stdout] 
[INFO] [stdout] 
[INFO] [stdout] warning: unused import: `DescribeResponse`
[INFO] [stdout]  --> src/client.rs:5:58
[INFO] [stdout]   |
[INFO] [stdout] 5 |     AccessToken, CreateResponse, DescribeGlobalResponse, DescribeResponse, ErrorResponse,
[INFO] [stdout]   |                                                          ^^^^^^^^^^^^^^^^
[INFO] [stdout]   |
[INFO] [stdout]   = note: `#[warn(unused_imports)]` on by default
[INFO] [stdout] 
[INFO] [stdout] 
[INFO] [stdout] warning: fields `attributes`, `id`, and `name` are never read
[INFO] [stdout]   --> examples/find.rs:9:5
[INFO] [stdout]    |
[INFO] [stdout] 7  | struct Account {
[INFO] [stdout]    |        ------- fields in this struct
[INFO] [stdout] 8  |     #[serde(rename = "attributes")]
[INFO] [stdout] 9  |     attributes: Attribute,
[INFO] [stdout]    |     ^^^^^^^^^^
[INFO] [stdout] 10 |     id: String,
[INFO] [stdout]    |     ^^
[INFO] [stdout] 11 |     name: String,
[INFO] [stdout]    |     ^^^^
[INFO] [stdout]    |
[INFO] [stdout]    = note: `Account` has a derived impl for the trait `Debug`, but this is intentionally ignored during dead code analysis
[INFO] [stdout]    = note: `#[warn(dead_code)]` on by default
[INFO] [stdout] 
[INFO] [stdout] 
[INFO] [stdout] warning: fields `url` and `sobject_type` are never read
[INFO] [stdout]   --> examples/find.rs:16:5
[INFO] [stdout]    |
[INFO] [stdout] 15 | struct Attribute {
[INFO] [stdout]    |        --------- fields in this struct
[INFO] [stdout] 16 |     url: String,
[INFO] [stdout]    |     ^^^
[INFO] [stdout] 17 |     #[serde(rename = "type")]
[INFO] [stdout] 18 |     sobject_type: String,
[INFO] [stdout]    |     ^^^^^^^^^^^^
[INFO] [stdout]    |
[INFO] [stdout]    = note: `Attribute` has a derived impl for the trait `Debug`, but this is intentionally ignored during dead code analysis
[INFO] [stdout] 
[INFO] [stdout] 
[INFO] [stdout] warning: field `create` is never read
[INFO] [stdout]   --> src/response.rs:22:5
[INFO] [stdout]    |
[INFO] [stdout] 21 | pub struct UpsertResponse {
[INFO] [stdout]    |            -------------- field in this struct
[INFO] [stdout] 22 |     create: Option<CreateResponse>,
[INFO] [stdout]    |     ^^^^^^
[INFO] [stdout]    |
[INFO] [stdout]    = note: `UpsertResponse` has a derived impl for the trait `Debug`, but this is intentionally ignored during dead code analysis
[INFO] [stdout]    = note: `#[warn(dead_code)]` on by default
[INFO] [stdout] 
[INFO] [stdout] 
[INFO] [stdout] warning: fields `error` and `error_description` are never read
[INFO] [stdout]   --> src/response.rs:45:5
[INFO] [stdout]    |
[INFO] [stdout] 44 | pub struct TokenErrorResponse {
[INFO] [stdout]    |            ------------------ fields in this struct
[INFO] [stdout] 45 |     error: String,
[INFO] [stdout]    |     ^^^^^
[INFO] [stdout] 46 |     error_description: String,
[INFO] [stdout]    |     ^^^^^^^^^^^^^^^^^
[INFO] [stdout]    |
[INFO] [stdout]    = note: `TokenErrorResponse` has a derived impl for the trait `Debug`, but this is intentionally ignored during dead code analysis
[INFO] [stdout] 
[INFO] [stdout] 
[INFO] [stderr] error: could not compile `rustforce`
[INFO] [stderr] 
[INFO] [stderr] Caused by:
[INFO] [stderr]   process didn't exit successfully: `rustc --crate-name integration_test --edition=2018 tests/integration_test.rs --error-format=json --json=diagnostic-rendered-ansi,artifacts,future-incompat --emit=dep-info,link -C embed-bitcode=no -C debuginfo=2 --test -C metadata=a82ecbc813ff5914 -C extra-filename=-a82ecbc813ff5914 --out-dir /opt/rustwide/target/debug/deps -L dependency=/opt/rustwide/target/debug/deps --extern anyhow=/opt/rustwide/target/debug/deps/libanyhow-04d6ccb5b8dde65a.rlib --extern cargo_license=/opt/rustwide/target/debug/deps/libcargo_license-f857221a1356cdd6.rlib --extern env_logger=/opt/rustwide/target/debug/deps/libenv_logger-37b609f3c93b744c.rlib --extern mockito=/opt/rustwide/target/debug/deps/libmockito-7cbc8fb5acc2e0f5.rlib --extern regex=/opt/rustwide/target/debug/deps/libregex-ec1a535928100f69.rlib --extern reqwest=/opt/rustwide/target/debug/deps/libreqwest-a29b02ba38bb897e.rlib --extern rustforce=/opt/rustwide/target/debug/deps/librustforce-75c0e3dd828e667e.rlib --extern serde=/opt/rustwide/target/debug/deps/libserde-e7ba13e5ae2b64d4.rlib --extern serde_json=/opt/rustwide/target/debug/deps/libserde_json-3b2a630de552c1e0.rlib --extern tokio=/opt/rustwide/target/debug/deps/libtokio-07031788838a0cc2.rlib --cap-lints=warn` (signal: 9, SIGKILL: kill)
[INFO] [stderr] warning: build failed, waiting for other jobs to finish...
[INFO] [stderr] error: could not compile `rustforce`; 13 warnings emitted
[INFO] [stderr] 
[INFO] [stderr] Caused by:
[INFO] [stderr]   process didn't exit successfully: `rustc --crate-name rustforce --edition=2018 src/lib.rs --error-format=json --json=diagnostic-rendered-ansi,artifacts,future-incompat --emit=dep-info,link -C embed-bitcode=no -C debuginfo=2 --test -C metadata=d03377c0cd46cca8 -C extra-filename=-d03377c0cd46cca8 --out-dir /opt/rustwide/target/debug/deps -L dependency=/opt/rustwide/target/debug/deps --extern anyhow=/opt/rustwide/target/debug/deps/libanyhow-04d6ccb5b8dde65a.rlib --extern cargo_license=/opt/rustwide/target/debug/deps/libcargo_license-f857221a1356cdd6.rlib --extern env_logger=/opt/rustwide/target/debug/deps/libenv_logger-37b609f3c93b744c.rlib --extern mockito=/opt/rustwide/target/debug/deps/libmockito-7cbc8fb5acc2e0f5.rlib --extern regex=/opt/rustwide/target/debug/deps/libregex-ec1a535928100f69.rlib --extern reqwest=/opt/rustwide/target/debug/deps/libreqwest-a29b02ba38bb897e.rlib --extern serde=/opt/rustwide/target/debug/deps/libserde-e7ba13e5ae2b64d4.rlib --extern serde_json=/opt/rustwide/target/debug/deps/libserde_json-3b2a630de552c1e0.rlib --extern tokio=/opt/rustwide/target/debug/deps/libtokio-07031788838a0cc2.rlib --cap-lints=warn` (signal: 9, SIGKILL: kill)
[INFO] [stdout] error: linking with `cc` failed: exit status: 1
[INFO] [stdout]   |
[INFO] [stdout]   = note: LC_ALL="C" PATH="/opt/rustwide/rustup-home/toolchains/1.69.0-x86_64-unknown-linux-gnu/lib/rustlib/x86_64-unknown-linux-gnu/bin:/opt/rustwide/cargo-home/bin:/usr/local/sbin:/usr/local/bin:/usr/sbin:/usr/bin:/sbin:/bin" VSLANG="1033" "cc" "-m64" "/tmp/rustcR4DtPx/symbols.o" "/opt/rustwide/target/debug/examples/login-1255590c50139845.login.f9d86b66-cgu.0.rcgu.o" "/opt/rustwide/target/debug/examples/login-1255590c50139845.login.f9d86b66-cgu.1.rcgu.o" "/opt/rustwide/target/debug/examples/login-1255590c50139845.login.f9d86b66-cgu.10.rcgu.o" "/opt/rustwide/target/debug/examples/login-1255590c50139845.login.f9d86b66-cgu.11.rcgu.o" "/opt/rustwide/target/debug/examples/login-1255590c50139845.login.f9d86b66-cgu.12.rcgu.o" "/opt/rustwide/target/debug/examples/login-1255590c50139845.login.f9d86b66-cgu.13.rcgu.o" "/opt/rustwide/target/debug/examples/login-1255590c50139845.login.f9d86b66-cgu.14.rcgu.o" "/opt/rustwide/target/debug/examples/login-1255590c50139845.login.f9d86b66-cgu.15.rcgu.o" "/opt/rustwide/target/debug/examples/login-1255590c50139845.login.f9d86b66-cgu.2.rcgu.o" "/opt/rustwide/target/debug/examples/login-1255590c50139845.login.f9d86b66-cgu.3.rcgu.o" "/opt/rustwide/target/debug/examples/login-1255590c50139845.login.f9d86b66-cgu.4.rcgu.o" "/opt/rustwide/target/debug/examples/login-1255590c50139845.login.f9d86b66-cgu.5.rcgu.o" "/opt/rustwide/target/debug/examples/login-1255590c50139845.login.f9d86b66-cgu.6.rcgu.o" "/opt/rustwide/target/debug/examples/login-1255590c50139845.login.f9d86b66-cgu.7.rcgu.o" "/opt/rustwide/target/debug/examples/login-1255590c50139845.login.f9d86b66-cgu.8.rcgu.o" "/opt/rustwide/target/debug/examples/login-1255590c50139845.login.f9d86b66-cgu.9.rcgu.o" "/opt/rustwide/target/debug/examples/login-1255590c50139845.4tbgz7e0j4t3ig9o.rcgu.o" "-Wl,--as-needed" "-L" "/opt/rustwide/target/debug/deps" "-L" "/opt/rustwide/rustup-home/toolchains/1.69.0-x86_64-unknown-linux-gnu/lib/rustlib/x86_64-unknown-linux-gnu/lib" "-Wl,-Bstatic" "/opt/rustwide/target/debug/deps/librustforce-75c0e3dd828e667e.rlib" "/opt/rustwide/target/debug/deps/libregex-ec1a535928100f69.rlib" "/opt/rustwide/target/debug/deps/libaho_corasick-d997a831bf3838c4.rlib" "/opt/rustwide/target/debug/deps/libregex_syntax-26ab266b6768fe31.rlib" "/opt/rustwide/target/debug/deps/libreqwest-a29b02ba38bb897e.rlib" "/opt/rustwide/target/debug/deps/libhyper_tls-12dd190cfc9efe86.rlib" "/opt/rustwide/target/debug/deps/libserde_urlencoded-12ae2307c5733399.rlib" "/opt/rustwide/target/debug/deps/libipnet-55ce3452222ef0b7.rlib" "/opt/rustwide/target/debug/deps/libtokio_native_tls-a6e94886a7cebfd9.rlib" "/opt/rustwide/target/debug/deps/libmime-2a4c3a9a364f5972.rlib" "/opt/rustwide/target/debug/deps/libencoding_rs-5eae66b8032bcd3a.rlib" "/opt/rustwide/target/debug/deps/libserde_json-3b2a630de552c1e0.rlib" "/opt/rustwide/target/debug/deps/libryu-c4f7d8e5c0b9ddbd.rlib" "/opt/rustwide/target/debug/deps/libserde-e7ba13e5ae2b64d4.rlib" "/opt/rustwide/target/debug/deps/libbase64-007e7c1fbda2b30a.rlib" "/opt/rustwide/target/debug/deps/libnative_tls-0abc8979c6502984.rlib" "/opt/rustwide/target/debug/deps/libopenssl_probe-6a5d5a9e5f06a0a4.rlib" "/opt/rustwide/target/debug/deps/libopenssl-d50d7beb81747471.rlib" "/opt/rustwide/target/debug/deps/libonce_cell-8aff6566bc060fbc.rlib" "/opt/rustwide/target/debug/deps/libbitflags-82cc2d155c6eb112.rlib" "/opt/rustwide/target/debug/deps/libforeign_types-f2b053f84105065c.rlib" "/opt/rustwide/target/debug/deps/libforeign_types_shared-48f8f1f9ea32d068.rlib" "/opt/rustwide/target/debug/deps/libopenssl_sys-9dd75db0d7ab9376.rlib" "/opt/rustwide/target/debug/deps/libhyper-e4508c712bbe3f0d.rlib" "/opt/rustwide/target/debug/deps/libwant-2ad1c760a04a1567.rlib" "/opt/rustwide/target/debug/deps/libtry_lock-372cab8856e9ce9d.rlib" "/opt/rustwide/target/debug/deps/libsocket2-4d9e00e210bdd84a.rlib" "/opt/rustwide/target/debug/deps/libh2-ce86556b8da4b5f2.rlib" "/opt/rustwide/target/debug/deps/libindexmap-5a80c63f851c5148.rlib" "/opt/rustwide/target/debug/deps/libhashbrown-9a1f5d949d76c1be.rlib" "/opt/rustwide/target/debug/deps/libslab-8a266f1ba577a033.rlib" "/opt/rustwide/target/debug/deps/libtokio_util-2bb48cc0c9359a52.rlib" "/opt/rustwide/target/debug/deps/libfutures_sink-a886b6e10c3ccb71.rlib" "/opt/rustwide/target/debug/deps/libhttparse-a5be8df91e0d2236.rlib" "/opt/rustwide/target/debug/deps/libtower_service-02f10e9ce1ef867f.rlib" "/opt/rustwide/target/debug/deps/libfutures_channel-f9acb6cf4d91940f.rlib" "/opt/rustwide/target/debug/deps/libtracing-6ab417226e3a4c6e.rlib" "/opt/rustwide/target/debug/deps/libtracing_core-98d3a669e5c1e1c7.rlib" "/opt/rustwide/target/debug/deps/libfutures_util-78d89f3b4d89b895.rlib" "/opt/rustwide/target/debug/deps/libfutures_task-3080c32c50a0d602.rlib" "/opt/rustwide/target/debug/deps/libpin_utils-0d8eaf4ac0fcb221.rlib" "/opt/rustwide/target/debug/deps/libtokio-07031788838a0cc2.rlib" "/opt/rustwide/target/debug/deps/libnum_cpus-f3c3e83288cab38a.rlib" "/opt/rustwide/target/debug/deps/libmemchr-e30a17317ff1667e.rlib" "/opt/rustwide/target/debug/deps/libmio-98c74a039b328d53.rlib" "/opt/rustwide/target/debug/deps/liblibc-4c3555e0bf42a82e.rlib" "/opt/rustwide/target/debug/deps/libhttp_body-6362776aaaca8bbb.rlib" "/opt/rustwide/target/debug/deps/libpin_project_lite-7f3fd9ea3370cd20.rlib" "/opt/rustwide/target/debug/deps/liblog-50c946da9511fc97.rlib" "/opt/rustwide/target/debug/deps/libcfg_if-e5e118dd7d121aaa.rlib" "/opt/rustwide/target/debug/deps/libfutures_core-7e096d2153112467.rlib" "/opt/rustwide/target/debug/deps/liblazy_static-a15e1ed0a3c31761.rlib" "/opt/rustwide/target/debug/deps/liburl-c8d6456f68e73ce0.rlib" "/opt/rustwide/target/debug/deps/libidna-cb4c783f9c123a86.rlib" "/opt/rustwide/target/debug/deps/libunicode_normalization-c554880fa2f51f46.rlib" "/opt/rustwide/target/debug/deps/libtinyvec-bd37ba815ea6de81.rlib" "/opt/rustwide/target/debug/deps/libtinyvec_macros-5ffb2ea8a2d866f2.rlib" "/opt/rustwide/target/debug/deps/libunicode_bidi-ff7cd0a8e7d14628.rlib" "/opt/rustwide/target/debug/deps/libform_urlencoded-0fe912f6e457e008.rlib" "/opt/rustwide/target/debug/deps/libpercent_encoding-5186c2668f567217.rlib" "/opt/rustwide/target/debug/deps/libmatches-278cbf5ab72c0d9c.rlib" "/opt/rustwide/target/debug/deps/libhttp-b111e071f7d79dd0.rlib" "/opt/rustwide/target/debug/deps/libitoa-56a8428bad7458b8.rlib" "/opt/rustwide/target/debug/deps/libbytes-0b539a5c776b0476.rlib" "/opt/rustwide/target/debug/deps/libfnv-41a559218f992797.rlib" "/opt/rustwide/rustup-home/toolchains/1.69.0-x86_64-unknown-linux-gnu/lib/rustlib/x86_64-unknown-linux-gnu/lib/libstd-89bc084783fdc439.rlib" "/opt/rustwide/rustup-home/toolchains/1.69.0-x86_64-unknown-linux-gnu/lib/rustlib/x86_64-unknown-linux-gnu/lib/libpanic_unwind-8bee4b287d4367c1.rlib" "/opt/rustwide/rustup-home/toolchains/1.69.0-x86_64-unknown-linux-gnu/lib/rustlib/x86_64-unknown-linux-gnu/lib/libobject-d61707aed80694c0.rlib" "/opt/rustwide/rustup-home/toolchains/1.69.0-x86_64-unknown-linux-gnu/lib/rustlib/x86_64-unknown-linux-gnu/lib/libmemchr-d85366256f22345b.rlib" "/opt/rustwide/rustup-home/toolchains/1.69.0-x86_64-unknown-linux-gnu/lib/rustlib/x86_64-unknown-linux-gnu/lib/libaddr2line-96069b86b8a8cae9.rlib" "/opt/rustwide/rustup-home/toolchains/1.69.0-x86_64-unknown-linux-gnu/lib/rustlib/x86_64-unknown-linux-gnu/lib/libgimli-d19d53abf68dfa6c.rlib" "/opt/rustwide/rustup-home/toolchains/1.69.0-x86_64-unknown-linux-gnu/lib/rustlib/x86_64-unknown-linux-gnu/lib/librustc_demangle-787cbccd19d64ac6.rlib" "/opt/rustwide/rustup-home/toolchains/1.69.0-x86_64-unknown-linux-gnu/lib/rustlib/x86_64-unknown-linux-gnu/lib/libstd_detect-b3837a36b830e0d0.rlib" "/opt/rustwide/rustup-home/toolchains/1.69.0-x86_64-unknown-linux-gnu/lib/rustlib/x86_64-unknown-linux-gnu/lib/libhashbrown-e3deb0e7e3f04966.rlib" "/opt/rustwide/rustup-home/toolchains/1.69.0-x86_64-unknown-linux-gnu/lib/rustlib/x86_64-unknown-linux-gnu/lib/libminiz_oxide-dabbb79c9815def4.rlib" "/opt/rustwide/rustup-home/toolchains/1.69.0-x86_64-unknown-linux-gnu/lib/rustlib/x86_64-unknown-linux-gnu/lib/libadler-305b01f34c9409f2.rlib" "/opt/rustwide/rustup-home/toolchains/1.69.0-x86_64-unknown-linux-gnu/lib/rustlib/x86_64-unknown-linux-gnu/lib/librustc_std_workspace_alloc-f833521df6074e73.rlib" "/opt/rustwide/rustup-home/toolchains/1.69.0-x86_64-unknown-linux-gnu/lib/rustlib/x86_64-unknown-linux-gnu/lib/libunwind-9ac333113350d171.rlib" "/opt/rustwide/rustup-home/toolchains/1.69.0-x86_64-unknown-linux-gnu/lib/rustlib/x86_64-unknown-linux-gnu/lib/libcfg_if-1c126114322d0eee.rlib" "/opt/rustwide/rustup-home/toolchains/1.69.0-x86_64-unknown-linux-gnu/lib/rustlib/x86_64-unknown-linux-gnu/lib/liblibc-bad9164fdeeecf92.rlib" "/opt/rustwide/rustup-home/toolchains/1.69.0-x86_64-unknown-linux-gnu/lib/rustlib/x86_64-unknown-linux-gnu/lib/liballoc-f9374b1e480fa681.rlib" "/opt/rustwide/rustup-home/toolchains/1.69.0-x86_64-unknown-linux-gnu/lib/rustlib/x86_64-unknown-linux-gnu/lib/librustc_std_workspace_core-207f06e41d9603af.rlib" "/opt/rustwide/rustup-home/toolchains/1.69.0-x86_64-unknown-linux-gnu/lib/rustlib/x86_64-unknown-linux-gnu/lib/libcore-7e2768e66e984e85.rlib" "/opt/rustwide/rustup-home/toolchains/1.69.0-x86_64-unknown-linux-gnu/lib/rustlib/x86_64-unknown-linux-gnu/lib/libcompiler_builtins-957b4aff41f8cd46.rlib" "-Wl,-Bdynamic" "-lssl" "-lcrypto" "-lgcc_s" "-lutil" "-lrt" "-lpthread" "-lm" "-ldl" "-lc" "-Wl,--eh-frame-hdr" "-Wl,-z,noexecstack" "-L" "/opt/rustwide/rustup-home/toolchains/1.69.0-x86_64-unknown-linux-gnu/lib/rustlib/x86_64-unknown-linux-gnu/lib" "-o" "/opt/rustwide/target/debug/examples/login-1255590c50139845" "-Wl,--gc-sections" "-pie" "-Wl,-z,relro,-z,now" "-nodefaultlibs"
[INFO] [stdout]   = note: collect2: fatal error: ld terminated with signal 9 [Killed]
[INFO] [stdout]           compilation terminated.
[INFO] [stdout]           
[INFO] [stdout] 
[INFO] [stdout] 
[INFO] [stdout] error: aborting due to previous error
[INFO] [stdout] 
[INFO] [stdout] 
[INFO] [stderr] error: could not compile `rustforce` due to 2 previous errors
[INFO] [stdout] error: linking with `cc` failed: exit status: 1
[INFO] [stdout]   |
[INFO] [stdout]   = note: LC_ALL="C" PATH="/opt/rustwide/rustup-home/toolchains/1.69.0-x86_64-unknown-linux-gnu/lib/rustlib/x86_64-unknown-linux-gnu/bin:/opt/rustwide/cargo-home/bin:/usr/local/sbin:/usr/local/bin:/usr/sbin:/usr/bin:/sbin:/bin" VSLANG="1033" "cc" "-m64" "/tmp/rustc4M5jNR/symbols.o" "/opt/rustwide/target/debug/examples/update-ae92e26ca7602b28.update.c04766ad-cgu.0.rcgu.o" "/opt/rustwide/target/debug/examples/update-ae92e26ca7602b28.update.c04766ad-cgu.1.rcgu.o" "/opt/rustwide/target/debug/examples/update-ae92e26ca7602b28.update.c04766ad-cgu.10.rcgu.o" "/opt/rustwide/target/debug/examples/update-ae92e26ca7602b28.update.c04766ad-cgu.11.rcgu.o" "/opt/rustwide/target/debug/examples/update-ae92e26ca7602b28.update.c04766ad-cgu.12.rcgu.o" "/opt/rustwide/target/debug/examples/update-ae92e26ca7602b28.update.c04766ad-cgu.13.rcgu.o" "/opt/rustwide/target/debug/examples/update-ae92e26ca7602b28.update.c04766ad-cgu.14.rcgu.o" "/opt/rustwide/target/debug/examples/update-ae92e26ca7602b28.update.c04766ad-cgu.15.rcgu.o" "/opt/rustwide/target/debug/examples/update-ae92e26ca7602b28.update.c04766ad-cgu.2.rcgu.o" "/opt/rustwide/target/debug/examples/update-ae92e26ca7602b28.update.c04766ad-cgu.3.rcgu.o" "/opt/rustwide/target/debug/examples/update-ae92e26ca7602b28.update.c04766ad-cgu.4.rcgu.o" "/opt/rustwide/target/debug/examples/update-ae92e26ca7602b28.update.c04766ad-cgu.5.rcgu.o" "/opt/rustwide/target/debug/examples/update-ae92e26ca7602b28.update.c04766ad-cgu.6.rcgu.o" "/opt/rustwide/target/debug/examples/update-ae92e26ca7602b28.update.c04766ad-cgu.7.rcgu.o" "/opt/rustwide/target/debug/examples/update-ae92e26ca7602b28.update.c04766ad-cgu.8.rcgu.o" "/opt/rustwide/target/debug/examples/update-ae92e26ca7602b28.update.c04766ad-cgu.9.rcgu.o" "/opt/rustwide/target/debug/examples/update-ae92e26ca7602b28.24q4qrczhb4k92wk.rcgu.o" "-Wl,--as-needed" "-L" "/opt/rustwide/target/debug/deps" "-L" "/opt/rustwide/rustup-home/toolchains/1.69.0-x86_64-unknown-linux-gnu/lib/rustlib/x86_64-unknown-linux-gnu/lib" "-Wl,-Bstatic" "/opt/rustwide/target/debug/deps/librustforce-75c0e3dd828e667e.rlib" "/opt/rustwide/target/debug/deps/libregex-ec1a535928100f69.rlib" "/opt/rustwide/target/debug/deps/libaho_corasick-d997a831bf3838c4.rlib" "/opt/rustwide/target/debug/deps/libregex_syntax-26ab266b6768fe31.rlib" "/opt/rustwide/target/debug/deps/libreqwest-a29b02ba38bb897e.rlib" "/opt/rustwide/target/debug/deps/libhyper_tls-12dd190cfc9efe86.rlib" "/opt/rustwide/target/debug/deps/libserde_urlencoded-12ae2307c5733399.rlib" "/opt/rustwide/target/debug/deps/libipnet-55ce3452222ef0b7.rlib" "/opt/rustwide/target/debug/deps/libtokio_native_tls-a6e94886a7cebfd9.rlib" "/opt/rustwide/target/debug/deps/libmime-2a4c3a9a364f5972.rlib" "/opt/rustwide/target/debug/deps/libencoding_rs-5eae66b8032bcd3a.rlib" "/opt/rustwide/target/debug/deps/libserde_json-3b2a630de552c1e0.rlib" "/opt/rustwide/target/debug/deps/libryu-c4f7d8e5c0b9ddbd.rlib" "/opt/rustwide/target/debug/deps/libserde-e7ba13e5ae2b64d4.rlib" "/opt/rustwide/target/debug/deps/libbase64-007e7c1fbda2b30a.rlib" "/opt/rustwide/target/debug/deps/libnative_tls-0abc8979c6502984.rlib" "/opt/rustwide/target/debug/deps/libopenssl_probe-6a5d5a9e5f06a0a4.rlib" "/opt/rustwide/target/debug/deps/libopenssl-d50d7beb81747471.rlib" "/opt/rustwide/target/debug/deps/libonce_cell-8aff6566bc060fbc.rlib" "/opt/rustwide/target/debug/deps/libbitflags-82cc2d155c6eb112.rlib" "/opt/rustwide/target/debug/deps/libforeign_types-f2b053f84105065c.rlib" "/opt/rustwide/target/debug/deps/libforeign_types_shared-48f8f1f9ea32d068.rlib" "/opt/rustwide/target/debug/deps/libopenssl_sys-9dd75db0d7ab9376.rlib" "/opt/rustwide/target/debug/deps/libhyper-e4508c712bbe3f0d.rlib" "/opt/rustwide/target/debug/deps/libwant-2ad1c760a04a1567.rlib" "/opt/rustwide/target/debug/deps/libtry_lock-372cab8856e9ce9d.rlib" "/opt/rustwide/target/debug/deps/libsocket2-4d9e00e210bdd84a.rlib" "/opt/rustwide/target/debug/deps/libh2-ce86556b8da4b5f2.rlib" "/opt/rustwide/target/debug/deps/libindexmap-5a80c63f851c5148.rlib" "/opt/rustwide/target/debug/deps/libhashbrown-9a1f5d949d76c1be.rlib" "/opt/rustwide/target/debug/deps/libslab-8a266f1ba577a033.rlib" "/opt/rustwide/target/debug/deps/libtokio_util-2bb48cc0c9359a52.rlib" "/opt/rustwide/target/debug/deps/libfutures_sink-a886b6e10c3ccb71.rlib" "/opt/rustwide/target/debug/deps/libhttparse-a5be8df91e0d2236.rlib" "/opt/rustwide/target/debug/deps/libtower_service-02f10e9ce1ef867f.rlib" "/opt/rustwide/target/debug/deps/libfutures_channel-f9acb6cf4d91940f.rlib" "/opt/rustwide/target/debug/deps/libtracing-6ab417226e3a4c6e.rlib" "/opt/rustwide/target/debug/deps/libtracing_core-98d3a669e5c1e1c7.rlib" "/opt/rustwide/target/debug/deps/libfutures_util-78d89f3b4d89b895.rlib" "/opt/rustwide/target/debug/deps/libfutures_task-3080c32c50a0d602.rlib" "/opt/rustwide/target/debug/deps/libpin_utils-0d8eaf4ac0fcb221.rlib" "/opt/rustwide/target/debug/deps/libtokio-07031788838a0cc2.rlib" "/opt/rustwide/target/debug/deps/libnum_cpus-f3c3e83288cab38a.rlib" "/opt/rustwide/target/debug/deps/libmemchr-e30a17317ff1667e.rlib" "/opt/rustwide/target/debug/deps/libmio-98c74a039b328d53.rlib" "/opt/rustwide/target/debug/deps/liblibc-4c3555e0bf42a82e.rlib" "/opt/rustwide/target/debug/deps/libhttp_body-6362776aaaca8bbb.rlib" "/opt/rustwide/target/debug/deps/libpin_project_lite-7f3fd9ea3370cd20.rlib" "/opt/rustwide/target/debug/deps/liblog-50c946da9511fc97.rlib" "/opt/rustwide/target/debug/deps/libcfg_if-e5e118dd7d121aaa.rlib" "/opt/rustwide/target/debug/deps/libfutures_core-7e096d2153112467.rlib" "/opt/rustwide/target/debug/deps/liblazy_static-a15e1ed0a3c31761.rlib" "/opt/rustwide/target/debug/deps/liburl-c8d6456f68e73ce0.rlib" "/opt/rustwide/target/debug/deps/libidna-cb4c783f9c123a86.rlib" "/opt/rustwide/target/debug/deps/libunicode_normalization-c554880fa2f51f46.rlib" "/opt/rustwide/target/debug/deps/libtinyvec-bd37ba815ea6de81.rlib" "/opt/rustwide/target/debug/deps/libtinyvec_macros-5ffb2ea8a2d866f2.rlib" "/opt/rustwide/target/debug/deps/libunicode_bidi-ff7cd0a8e7d14628.rlib" "/opt/rustwide/target/debug/deps/libform_urlencoded-0fe912f6e457e008.rlib" "/opt/rustwide/target/debug/deps/libpercent_encoding-5186c2668f567217.rlib" "/opt/rustwide/target/debug/deps/libmatches-278cbf5ab72c0d9c.rlib" "/opt/rustwide/target/debug/deps/libhttp-b111e071f7d79dd0.rlib" "/opt/rustwide/target/debug/deps/libitoa-56a8428bad7458b8.rlib" "/opt/rustwide/target/debug/deps/libbytes-0b539a5c776b0476.rlib" "/opt/rustwide/target/debug/deps/libfnv-41a559218f992797.rlib" "/opt/rustwide/rustup-home/toolchains/1.69.0-x86_64-unknown-linux-gnu/lib/rustlib/x86_64-unknown-linux-gnu/lib/libstd-89bc084783fdc439.rlib" "/opt/rustwide/rustup-home/toolchains/1.69.0-x86_64-unknown-linux-gnu/lib/rustlib/x86_64-unknown-linux-gnu/lib/libpanic_unwind-8bee4b287d4367c1.rlib" "/opt/rustwide/rustup-home/toolchains/1.69.0-x86_64-unknown-linux-gnu/lib/rustlib/x86_64-unknown-linux-gnu/lib/libobject-d61707aed80694c0.rlib" "/opt/rustwide/rustup-home/toolchains/1.69.0-x86_64-unknown-linux-gnu/lib/rustlib/x86_64-unknown-linux-gnu/lib/libmemchr-d85366256f22345b.rlib" "/opt/rustwide/rustup-home/toolchains/1.69.0-x86_64-unknown-linux-gnu/lib/rustlib/x86_64-unknown-linux-gnu/lib/libaddr2line-96069b86b8a8cae9.rlib" "/opt/rustwide/rustup-home/toolchains/1.69.0-x86_64-unknown-linux-gnu/lib/rustlib/x86_64-unknown-linux-gnu/lib/libgimli-d19d53abf68dfa6c.rlib" "/opt/rustwide/rustup-home/toolchains/1.69.0-x86_64-unknown-linux-gnu/lib/rustlib/x86_64-unknown-linux-gnu/lib/librustc_demangle-787cbccd19d64ac6.rlib" "/opt/rustwide/rustup-home/toolchains/1.69.0-x86_64-unknown-linux-gnu/lib/rustlib/x86_64-unknown-linux-gnu/lib/libstd_detect-b3837a36b830e0d0.rlib" "/opt/rustwide/rustup-home/toolchains/1.69.0-x86_64-unknown-linux-gnu/lib/rustlib/x86_64-unknown-linux-gnu/lib/libhashbrown-e3deb0e7e3f04966.rlib" "/opt/rustwide/rustup-home/toolchains/1.69.0-x86_64-unknown-linux-gnu/lib/rustlib/x86_64-unknown-linux-gnu/lib/libminiz_oxide-dabbb79c9815def4.rlib" "/opt/rustwide/rustup-home/toolchains/1.69.0-x86_64-unknown-linux-gnu/lib/rustlib/x86_64-unknown-linux-gnu/lib/libadler-305b01f34c9409f2.rlib" "/opt/rustwide/rustup-home/toolchains/1.69.0-x86_64-unknown-linux-gnu/lib/rustlib/x86_64-unknown-linux-gnu/lib/librustc_std_workspace_alloc-f833521df6074e73.rlib" "/opt/rustwide/rustup-home/toolchains/1.69.0-x86_64-unknown-linux-gnu/lib/rustlib/x86_64-unknown-linux-gnu/lib/libunwind-9ac333113350d171.rlib" "/opt/rustwide/rustup-home/toolchains/1.69.0-x86_64-unknown-linux-gnu/lib/rustlib/x86_64-unknown-linux-gnu/lib/libcfg_if-1c126114322d0eee.rlib" "/opt/rustwide/rustup-home/toolchains/1.69.0-x86_64-unknown-linux-gnu/lib/rustlib/x86_64-unknown-linux-gnu/lib/liblibc-bad9164fdeeecf92.rlib" "/opt/rustwide/rustup-home/toolchains/1.69.0-x86_64-unknown-linux-gnu/lib/rustlib/x86_64-unknown-linux-gnu/lib/liballoc-f9374b1e480fa681.rlib" "/opt/rustwide/rustup-home/toolchains/1.69.0-x86_64-unknown-linux-gnu/lib/rustlib/x86_64-unknown-linux-gnu/lib/librustc_std_workspace_core-207f06e41d9603af.rlib" "/opt/rustwide/rustup-home/toolchains/1.69.0-x86_64-unknown-linux-gnu/lib/rustlib/x86_64-unknown-linux-gnu/lib/libcore-7e2768e66e984e85.rlib" "/opt/rustwide/rustup-home/toolchains/1.69.0-x86_64-unknown-linux-gnu/lib/rustlib/x86_64-unknown-linux-gnu/lib/libcompiler_builtins-957b4aff41f8cd46.rlib" "-Wl,-Bdynamic" "-lssl" "-lcrypto" "-lgcc_s" "-lutil" "-lrt" "-lpthread" "-lm" "-ldl" "-lc" "-Wl,--eh-frame-hdr" "-Wl,-z,noexecstack" "-L" "/opt/rustwide/rustup-home/toolchains/1.69.0-x86_64-unknown-linux-gnu/lib/rustlib/x86_64-unknown-linux-gnu/lib" "-o" "/opt/rustwide/target/debug/examples/update-ae92e26ca7602b28" "-Wl,--gc-sections" "-pie" "-Wl,-z,relro,-z,now" "-nodefaultlibs"
[INFO] [stdout]   = note: collect2: fatal error: ld terminated with signal 9 [Killed]
[INFO] [stdout]           compilation terminated.
[INFO] [stdout]           
[INFO] [stdout] 
[INFO] [stdout] 
[INFO] [stdout] error: aborting due to previous error; 2 warnings emitted
[INFO] [stdout] 
[INFO] [stdout] 
[INFO] [stderr] error: could not compile `rustforce` due to 2 previous errors; 2 warnings emitted
[INFO] [stdout] error: linking with `cc` failed: exit status: 1
[INFO] [stdout]   |
[INFO] [stdout]   = note: LC_ALL="C" PATH="/opt/rustwide/rustup-home/toolchains/1.69.0-x86_64-unknown-linux-gnu/lib/rustlib/x86_64-unknown-linux-gnu/bin:/opt/rustwide/cargo-home/bin:/usr/local/sbin:/usr/local/bin:/usr/sbin:/usr/bin:/sbin:/bin" VSLANG="1033" "cc" "-m64" "/tmp/rustct6VGzT/symbols.o" "/opt/rustwide/target/debug/examples/query-041617154f13fc93.query.c3164be7-cgu.0.rcgu.o" "/opt/rustwide/target/debug/examples/query-041617154f13fc93.query.c3164be7-cgu.1.rcgu.o" "/opt/rustwide/target/debug/examples/query-041617154f13fc93.query.c3164be7-cgu.10.rcgu.o" "/opt/rustwide/target/debug/examples/query-041617154f13fc93.query.c3164be7-cgu.11.rcgu.o" "/opt/rustwide/target/debug/examples/query-041617154f13fc93.query.c3164be7-cgu.12.rcgu.o" "/opt/rustwide/target/debug/examples/query-041617154f13fc93.query.c3164be7-cgu.13.rcgu.o" "/opt/rustwide/target/debug/examples/query-041617154f13fc93.query.c3164be7-cgu.14.rcgu.o" "/opt/rustwide/target/debug/examples/query-041617154f13fc93.query.c3164be7-cgu.15.rcgu.o" "/opt/rustwide/target/debug/examples/query-041617154f13fc93.query.c3164be7-cgu.2.rcgu.o" "/opt/rustwide/target/debug/examples/query-041617154f13fc93.query.c3164be7-cgu.3.rcgu.o" "/opt/rustwide/target/debug/examples/query-041617154f13fc93.query.c3164be7-cgu.4.rcgu.o" "/opt/rustwide/target/debug/examples/query-041617154f13fc93.query.c3164be7-cgu.5.rcgu.o" "/opt/rustwide/target/debug/examples/query-041617154f13fc93.query.c3164be7-cgu.6.rcgu.o" "/opt/rustwide/target/debug/examples/query-041617154f13fc93.query.c3164be7-cgu.7.rcgu.o" "/opt/rustwide/target/debug/examples/query-041617154f13fc93.query.c3164be7-cgu.8.rcgu.o" "/opt/rustwide/target/debug/examples/query-041617154f13fc93.query.c3164be7-cgu.9.rcgu.o" "/opt/rustwide/target/debug/examples/query-041617154f13fc93.29y69r2r4xwotd3y.rcgu.o" "-Wl,--as-needed" "-L" "/opt/rustwide/target/debug/deps" "-L" "/opt/rustwide/rustup-home/toolchains/1.69.0-x86_64-unknown-linux-gnu/lib/rustlib/x86_64-unknown-linux-gnu/lib" "-Wl,-Bstatic" "/opt/rustwide/target/debug/deps/librustforce-75c0e3dd828e667e.rlib" "/opt/rustwide/target/debug/deps/libregex-ec1a535928100f69.rlib" "/opt/rustwide/target/debug/deps/libaho_corasick-d997a831bf3838c4.rlib" "/opt/rustwide/target/debug/deps/libregex_syntax-26ab266b6768fe31.rlib" "/opt/rustwide/target/debug/deps/libreqwest-a29b02ba38bb897e.rlib" "/opt/rustwide/target/debug/deps/libhyper_tls-12dd190cfc9efe86.rlib" "/opt/rustwide/target/debug/deps/libserde_urlencoded-12ae2307c5733399.rlib" "/opt/rustwide/target/debug/deps/libipnet-55ce3452222ef0b7.rlib" "/opt/rustwide/target/debug/deps/libtokio_native_tls-a6e94886a7cebfd9.rlib" "/opt/rustwide/target/debug/deps/libmime-2a4c3a9a364f5972.rlib" "/opt/rustwide/target/debug/deps/libencoding_rs-5eae66b8032bcd3a.rlib" "/opt/rustwide/target/debug/deps/libserde_json-3b2a630de552c1e0.rlib" "/opt/rustwide/target/debug/deps/libryu-c4f7d8e5c0b9ddbd.rlib" "/opt/rustwide/target/debug/deps/libserde-e7ba13e5ae2b64d4.rlib" "/opt/rustwide/target/debug/deps/libbase64-007e7c1fbda2b30a.rlib" "/opt/rustwide/target/debug/deps/libnative_tls-0abc8979c6502984.rlib" "/opt/rustwide/target/debug/deps/libopenssl_probe-6a5d5a9e5f06a0a4.rlib" "/opt/rustwide/target/debug/deps/libopenssl-d50d7beb81747471.rlib" "/opt/rustwide/target/debug/deps/libonce_cell-8aff6566bc060fbc.rlib" "/opt/rustwide/target/debug/deps/libbitflags-82cc2d155c6eb112.rlib" "/opt/rustwide/target/debug/deps/libforeign_types-f2b053f84105065c.rlib" "/opt/rustwide/target/debug/deps/libforeign_types_shared-48f8f1f9ea32d068.rlib" "/opt/rustwide/target/debug/deps/libopenssl_sys-9dd75db0d7ab9376.rlib" "/opt/rustwide/target/debug/deps/libhyper-e4508c712bbe3f0d.rlib" "/opt/rustwide/target/debug/deps/libwant-2ad1c760a04a1567.rlib" "/opt/rustwide/target/debug/deps/libtry_lock-372cab8856e9ce9d.rlib" "/opt/rustwide/target/debug/deps/libsocket2-4d9e00e210bdd84a.rlib" "/opt/rustwide/target/debug/deps/libh2-ce86556b8da4b5f2.rlib" "/opt/rustwide/target/debug/deps/libindexmap-5a80c63f851c5148.rlib" "/opt/rustwide/target/debug/deps/libhashbrown-9a1f5d949d76c1be.rlib" "/opt/rustwide/target/debug/deps/libslab-8a266f1ba577a033.rlib" "/opt/rustwide/target/debug/deps/libtokio_util-2bb48cc0c9359a52.rlib" "/opt/rustwide/target/debug/deps/libfutures_sink-a886b6e10c3ccb71.rlib" "/opt/rustwide/target/debug/deps/libhttparse-a5be8df91e0d2236.rlib" "/opt/rustwide/target/debug/deps/libtower_service-02f10e9ce1ef867f.rlib" "/opt/rustwide/target/debug/deps/libfutures_channel-f9acb6cf4d91940f.rlib" "/opt/rustwide/target/debug/deps/libtracing-6ab417226e3a4c6e.rlib" "/opt/rustwide/target/debug/deps/libtracing_core-98d3a669e5c1e1c7.rlib" "/opt/rustwide/target/debug/deps/libfutures_util-78d89f3b4d89b895.rlib" "/opt/rustwide/target/debug/deps/libfutures_task-3080c32c50a0d602.rlib" "/opt/rustwide/target/debug/deps/libpin_utils-0d8eaf4ac0fcb221.rlib" "/opt/rustwide/target/debug/deps/libtokio-07031788838a0cc2.rlib" "/opt/rustwide/target/debug/deps/libnum_cpus-f3c3e83288cab38a.rlib" "/opt/rustwide/target/debug/deps/libmemchr-e30a17317ff1667e.rlib" "/opt/rustwide/target/debug/deps/libmio-98c74a039b328d53.rlib" "/opt/rustwide/target/debug/deps/liblibc-4c3555e0bf42a82e.rlib" "/opt/rustwide/target/debug/deps/libhttp_body-6362776aaaca8bbb.rlib" "/opt/rustwide/target/debug/deps/libpin_project_lite-7f3fd9ea3370cd20.rlib" "/opt/rustwide/target/debug/deps/liblog-50c946da9511fc97.rlib" "/opt/rustwide/target/debug/deps/libcfg_if-e5e118dd7d121aaa.rlib" "/opt/rustwide/target/debug/deps/libfutures_core-7e096d2153112467.rlib" "/opt/rustwide/target/debug/deps/liblazy_static-a15e1ed0a3c31761.rlib" "/opt/rustwide/target/debug/deps/liburl-c8d6456f68e73ce0.rlib" "/opt/rustwide/target/debug/deps/libidna-cb4c783f9c123a86.rlib" "/opt/rustwide/target/debug/deps/libunicode_normalization-c554880fa2f51f46.rlib" "/opt/rustwide/target/debug/deps/libtinyvec-bd37ba815ea6de81.rlib" "/opt/rustwide/target/debug/deps/libtinyvec_macros-5ffb2ea8a2d866f2.rlib" "/opt/rustwide/target/debug/deps/libunicode_bidi-ff7cd0a8e7d14628.rlib" "/opt/rustwide/target/debug/deps/libform_urlencoded-0fe912f6e457e008.rlib" "/opt/rustwide/target/debug/deps/libpercent_encoding-5186c2668f567217.rlib" "/opt/rustwide/target/debug/deps/libmatches-278cbf5ab72c0d9c.rlib" "/opt/rustwide/target/debug/deps/libhttp-b111e071f7d79dd0.rlib" "/opt/rustwide/target/debug/deps/libitoa-56a8428bad7458b8.rlib" "/opt/rustwide/target/debug/deps/libbytes-0b539a5c776b0476.rlib" "/opt/rustwide/target/debug/deps/libfnv-41a559218f992797.rlib" "/opt/rustwide/rustup-home/toolchains/1.69.0-x86_64-unknown-linux-gnu/lib/rustlib/x86_64-unknown-linux-gnu/lib/libstd-89bc084783fdc439.rlib" "/opt/rustwide/rustup-home/toolchains/1.69.0-x86_64-unknown-linux-gnu/lib/rustlib/x86_64-unknown-linux-gnu/lib/libpanic_unwind-8bee4b287d4367c1.rlib" "/opt/rustwide/rustup-home/toolchains/1.69.0-x86_64-unknown-linux-gnu/lib/rustlib/x86_64-unknown-linux-gnu/lib/libobject-d61707aed80694c0.rlib" "/opt/rustwide/rustup-home/toolchains/1.69.0-x86_64-unknown-linux-gnu/lib/rustlib/x86_64-unknown-linux-gnu/lib/libmemchr-d85366256f22345b.rlib" "/opt/rustwide/rustup-home/toolchains/1.69.0-x86_64-unknown-linux-gnu/lib/rustlib/x86_64-unknown-linux-gnu/lib/libaddr2line-96069b86b8a8cae9.rlib" "/opt/rustwide/rustup-home/toolchains/1.69.0-x86_64-unknown-linux-gnu/lib/rustlib/x86_64-unknown-linux-gnu/lib/libgimli-d19d53abf68dfa6c.rlib" "/opt/rustwide/rustup-home/toolchains/1.69.0-x86_64-unknown-linux-gnu/lib/rustlib/x86_64-unknown-linux-gnu/lib/librustc_demangle-787cbccd19d64ac6.rlib" "/opt/rustwide/rustup-home/toolchains/1.69.0-x86_64-unknown-linux-gnu/lib/rustlib/x86_64-unknown-linux-gnu/lib/libstd_detect-b3837a36b830e0d0.rlib" "/opt/rustwide/rustup-home/toolchains/1.69.0-x86_64-unknown-linux-gnu/lib/rustlib/x86_64-unknown-linux-gnu/lib/libhashbrown-e3deb0e7e3f04966.rlib" "/opt/rustwide/rustup-home/toolchains/1.69.0-x86_64-unknown-linux-gnu/lib/rustlib/x86_64-unknown-linux-gnu/lib/libminiz_oxide-dabbb79c9815def4.rlib" "/opt/rustwide/rustup-home/toolchains/1.69.0-x86_64-unknown-linux-gnu/lib/rustlib/x86_64-unknown-linux-gnu/lib/libadler-305b01f34c9409f2.rlib" "/opt/rustwide/rustup-home/toolchains/1.69.0-x86_64-unknown-linux-gnu/lib/rustlib/x86_64-unknown-linux-gnu/lib/librustc_std_workspace_alloc-f833521df6074e73.rlib" "/opt/rustwide/rustup-home/toolchains/1.69.0-x86_64-unknown-linux-gnu/lib/rustlib/x86_64-unknown-linux-gnu/lib/libunwind-9ac333113350d171.rlib" "/opt/rustwide/rustup-home/toolchains/1.69.0-x86_64-unknown-linux-gnu/lib/rustlib/x86_64-unknown-linux-gnu/lib/libcfg_if-1c126114322d0eee.rlib" "/opt/rustwide/rustup-home/toolchains/1.69.0-x86_64-unknown-linux-gnu/lib/rustlib/x86_64-unknown-linux-gnu/lib/liblibc-bad9164fdeeecf92.rlib" "/opt/rustwide/rustup-home/toolchains/1.69.0-x86_64-unknown-linux-gnu/lib/rustlib/x86_64-unknown-linux-gnu/lib/liballoc-f9374b1e480fa681.rlib" "/opt/rustwide/rustup-home/toolchains/1.69.0-x86_64-unknown-linux-gnu/lib/rustlib/x86_64-unknown-linux-gnu/lib/librustc_std_workspace_core-207f06e41d9603af.rlib" "/opt/rustwide/rustup-home/toolchains/1.69.0-x86_64-unknown-linux-gnu/lib/rustlib/x86_64-unknown-linux-gnu/lib/libcore-7e2768e66e984e85.rlib" "/opt/rustwide/rustup-home/toolchains/1.69.0-x86_64-unknown-linux-gnu/lib/rustlib/x86_64-unknown-linux-gnu/lib/libcompiler_builtins-957b4aff41f8cd46.rlib" "-Wl,-Bdynamic" "-lssl" "-lcrypto" "-lgcc_s" "-lutil" "-lrt" "-lpthread" "-lm" "-ldl" "-lc" "-Wl,--eh-frame-hdr" "-Wl,-z,noexecstack" "-L" "/opt/rustwide/rustup-home/toolchains/1.69.0-x86_64-unknown-linux-gnu/lib/rustlib/x86_64-unknown-linux-gnu/lib" "-o" "/opt/rustwide/target/debug/examples/query-041617154f13fc93" "-Wl,--gc-sections" "-pie" "-Wl,-z,relro,-z,now" "-nodefaultlibs"
[INFO] [stdout]   = note: collect2: fatal error: ld terminated with signal 9 [Killed]
[INFO] [stdout]           compilation terminated.
[INFO] [stdout]           
[INFO] [stdout] 
[INFO] [stdout] 
[INFO] [stdout] error: aborting due to previous error; 2 warnings emitted
[INFO] [stdout] 
[INFO] [stdout] 
[INFO] [stderr] error: could not compile `rustforce` due to 2 previous errors; 2 warnings emitted
[INFO] [stdout] error: linking with `cc` failed: exit status: 1
[INFO] [stdout]   |
[INFO] [stdout]   = note: LC_ALL="C" PATH="/opt/rustwide/rustup-home/toolchains/1.69.0-x86_64-unknown-linux-gnu/lib/rustlib/x86_64-unknown-linux-gnu/bin:/opt/rustwide/cargo-home/bin:/usr/local/sbin:/usr/local/bin:/usr/sbin:/usr/bin:/sbin:/bin" VSLANG="1033" "cc" "-m64" "/tmp/rustcv9rjUc/symbols.o" "/opt/rustwide/target/debug/examples/upsert-5870527c3df10957.upsert.88963855-cgu.0.rcgu.o" "/opt/rustwide/target/debug/examples/upsert-5870527c3df10957.upsert.88963855-cgu.1.rcgu.o" "/opt/rustwide/target/debug/examples/upsert-5870527c3df10957.upsert.88963855-cgu.10.rcgu.o" "/opt/rustwide/target/debug/examples/upsert-5870527c3df10957.upsert.88963855-cgu.11.rcgu.o" "/opt/rustwide/target/debug/examples/upsert-5870527c3df10957.upsert.88963855-cgu.12.rcgu.o" "/opt/rustwide/target/debug/examples/upsert-5870527c3df10957.upsert.88963855-cgu.13.rcgu.o" "/opt/rustwide/target/debug/examples/upsert-5870527c3df10957.upsert.88963855-cgu.14.rcgu.o" "/opt/rustwide/target/debug/examples/upsert-5870527c3df10957.upsert.88963855-cgu.15.rcgu.o" "/opt/rustwide/target/debug/examples/upsert-5870527c3df10957.upsert.88963855-cgu.2.rcgu.o" "/opt/rustwide/target/debug/examples/upsert-5870527c3df10957.upsert.88963855-cgu.3.rcgu.o" "/opt/rustwide/target/debug/examples/upsert-5870527c3df10957.upsert.88963855-cgu.4.rcgu.o" "/opt/rustwide/target/debug/examples/upsert-5870527c3df10957.upsert.88963855-cgu.5.rcgu.o" "/opt/rustwide/target/debug/examples/upsert-5870527c3df10957.upsert.88963855-cgu.6.rcgu.o" "/opt/rustwide/target/debug/examples/upsert-5870527c3df10957.upsert.88963855-cgu.7.rcgu.o" "/opt/rustwide/target/debug/examples/upsert-5870527c3df10957.upsert.88963855-cgu.8.rcgu.o" "/opt/rustwide/target/debug/examples/upsert-5870527c3df10957.upsert.88963855-cgu.9.rcgu.o" "/opt/rustwide/target/debug/examples/upsert-5870527c3df10957.4ww2kwyy6ch60atu.rcgu.o" "-Wl,--as-needed" "-L" "/opt/rustwide/target/debug/deps" "-L" "/opt/rustwide/rustup-home/toolchains/1.69.0-x86_64-unknown-linux-gnu/lib/rustlib/x86_64-unknown-linux-gnu/lib" "-Wl,-Bstatic" "/opt/rustwide/target/debug/deps/librustforce-75c0e3dd828e667e.rlib" "/opt/rustwide/target/debug/deps/libregex-ec1a535928100f69.rlib" "/opt/rustwide/target/debug/deps/libaho_corasick-d997a831bf3838c4.rlib" "/opt/rustwide/target/debug/deps/libregex_syntax-26ab266b6768fe31.rlib" "/opt/rustwide/target/debug/deps/libreqwest-a29b02ba38bb897e.rlib" "/opt/rustwide/target/debug/deps/libhyper_tls-12dd190cfc9efe86.rlib" "/opt/rustwide/target/debug/deps/libserde_urlencoded-12ae2307c5733399.rlib" "/opt/rustwide/target/debug/deps/libipnet-55ce3452222ef0b7.rlib" "/opt/rustwide/target/debug/deps/libtokio_native_tls-a6e94886a7cebfd9.rlib" "/opt/rustwide/target/debug/deps/libmime-2a4c3a9a364f5972.rlib" "/opt/rustwide/target/debug/deps/libencoding_rs-5eae66b8032bcd3a.rlib" "/opt/rustwide/target/debug/deps/libserde_json-3b2a630de552c1e0.rlib" "/opt/rustwide/target/debug/deps/libryu-c4f7d8e5c0b9ddbd.rlib" "/opt/rustwide/target/debug/deps/libserde-e7ba13e5ae2b64d4.rlib" "/opt/rustwide/target/debug/deps/libbase64-007e7c1fbda2b30a.rlib" "/opt/rustwide/target/debug/deps/libnative_tls-0abc8979c6502984.rlib" "/opt/rustwide/target/debug/deps/libopenssl_probe-6a5d5a9e5f06a0a4.rlib" "/opt/rustwide/target/debug/deps/libopenssl-d50d7beb81747471.rlib" "/opt/rustwide/target/debug/deps/libonce_cell-8aff6566bc060fbc.rlib" "/opt/rustwide/target/debug/deps/libbitflags-82cc2d155c6eb112.rlib" "/opt/rustwide/target/debug/deps/libforeign_types-f2b053f84105065c.rlib" "/opt/rustwide/target/debug/deps/libforeign_types_shared-48f8f1f9ea32d068.rlib" "/opt/rustwide/target/debug/deps/libopenssl_sys-9dd75db0d7ab9376.rlib" "/opt/rustwide/target/debug/deps/libhyper-e4508c712bbe3f0d.rlib" "/opt/rustwide/target/debug/deps/libwant-2ad1c760a04a1567.rlib" "/opt/rustwide/target/debug/deps/libtry_lock-372cab8856e9ce9d.rlib" "/opt/rustwide/target/debug/deps/libsocket2-4d9e00e210bdd84a.rlib" "/opt/rustwide/target/debug/deps/libh2-ce86556b8da4b5f2.rlib" "/opt/rustwide/target/debug/deps/libindexmap-5a80c63f851c5148.rlib" "/opt/rustwide/target/debug/deps/libhashbrown-9a1f5d949d76c1be.rlib" "/opt/rustwide/target/debug/deps/libslab-8a266f1ba577a033.rlib" "/opt/rustwide/target/debug/deps/libtokio_util-2bb48cc0c9359a52.rlib" "/opt/rustwide/target/debug/deps/libfutures_sink-a886b6e10c3ccb71.rlib" "/opt/rustwide/target/debug/deps/libhttparse-a5be8df91e0d2236.rlib" "/opt/rustwide/target/debug/deps/libtower_service-02f10e9ce1ef867f.rlib" "/opt/rustwide/target/debug/deps/libfutures_channel-f9acb6cf4d91940f.rlib" "/opt/rustwide/target/debug/deps/libtracing-6ab417226e3a4c6e.rlib" "/opt/rustwide/target/debug/deps/libtracing_core-98d3a669e5c1e1c7.rlib" "/opt/rustwide/target/debug/deps/libfutures_util-78d89f3b4d89b895.rlib" "/opt/rustwide/target/debug/deps/libfutures_task-3080c32c50a0d602.rlib" "/opt/rustwide/target/debug/deps/libpin_utils-0d8eaf4ac0fcb221.rlib" "/opt/rustwide/target/debug/deps/libtokio-07031788838a0cc2.rlib" "/opt/rustwide/target/debug/deps/libnum_cpus-f3c3e83288cab38a.rlib" "/opt/rustwide/target/debug/deps/libmemchr-e30a17317ff1667e.rlib" "/opt/rustwide/target/debug/deps/libmio-98c74a039b328d53.rlib" "/opt/rustwide/target/debug/deps/liblibc-4c3555e0bf42a82e.rlib" "/opt/rustwide/target/debug/deps/libhttp_body-6362776aaaca8bbb.rlib" "/opt/rustwide/target/debug/deps/libpin_project_lite-7f3fd9ea3370cd20.rlib" "/opt/rustwide/target/debug/deps/liblog-50c946da9511fc97.rlib" "/opt/rustwide/target/debug/deps/libcfg_if-e5e118dd7d121aaa.rlib" "/opt/rustwide/target/debug/deps/libfutures_core-7e096d2153112467.rlib" "/opt/rustwide/target/debug/deps/liblazy_static-a15e1ed0a3c31761.rlib" "/opt/rustwide/target/debug/deps/liburl-c8d6456f68e73ce0.rlib" "/opt/rustwide/target/debug/deps/libidna-cb4c783f9c123a86.rlib" "/opt/rustwide/target/debug/deps/libunicode_normalization-c554880fa2f51f46.rlib" "/opt/rustwide/target/debug/deps/libtinyvec-bd37ba815ea6de81.rlib" "/opt/rustwide/target/debug/deps/libtinyvec_macros-5ffb2ea8a2d866f2.rlib" "/opt/rustwide/target/debug/deps/libunicode_bidi-ff7cd0a8e7d14628.rlib" "/opt/rustwide/target/debug/deps/libform_urlencoded-0fe912f6e457e008.rlib" "/opt/rustwide/target/debug/deps/libpercent_encoding-5186c2668f567217.rlib" "/opt/rustwide/target/debug/deps/libmatches-278cbf5ab72c0d9c.rlib" "/opt/rustwide/target/debug/deps/libhttp-b111e071f7d79dd0.rlib" "/opt/rustwide/target/debug/deps/libitoa-56a8428bad7458b8.rlib" "/opt/rustwide/target/debug/deps/libbytes-0b539a5c776b0476.rlib" "/opt/rustwide/target/debug/deps/libfnv-41a559218f992797.rlib" "/opt/rustwide/rustup-home/toolchains/1.69.0-x86_64-unknown-linux-gnu/lib/rustlib/x86_64-unknown-linux-gnu/lib/libstd-89bc084783fdc439.rlib" "/opt/rustwide/rustup-home/toolchains/1.69.0-x86_64-unknown-linux-gnu/lib/rustlib/x86_64-unknown-linux-gnu/lib/libpanic_unwind-8bee4b287d4367c1.rlib" "/opt/rustwide/rustup-home/toolchains/1.69.0-x86_64-unknown-linux-gnu/lib/rustlib/x86_64-unknown-linux-gnu/lib/libobject-d61707aed80694c0.rlib" "/opt/rustwide/rustup-home/toolchains/1.69.0-x86_64-unknown-linux-gnu/lib/rustlib/x86_64-unknown-linux-gnu/lib/libmemchr-d85366256f22345b.rlib" "/opt/rustwide/rustup-home/toolchains/1.69.0-x86_64-unknown-linux-gnu/lib/rustlib/x86_64-unknown-linux-gnu/lib/libaddr2line-96069b86b8a8cae9.rlib" "/opt/rustwide/rustup-home/toolchains/1.69.0-x86_64-unknown-linux-gnu/lib/rustlib/x86_64-unknown-linux-gnu/lib/libgimli-d19d53abf68dfa6c.rlib" "/opt/rustwide/rustup-home/toolchains/1.69.0-x86_64-unknown-linux-gnu/lib/rustlib/x86_64-unknown-linux-gnu/lib/librustc_demangle-787cbccd19d64ac6.rlib" "/opt/rustwide/rustup-home/toolchains/1.69.0-x86_64-unknown-linux-gnu/lib/rustlib/x86_64-unknown-linux-gnu/lib/libstd_detect-b3837a36b830e0d0.rlib" "/opt/rustwide/rustup-home/toolchains/1.69.0-x86_64-unknown-linux-gnu/lib/rustlib/x86_64-unknown-linux-gnu/lib/libhashbrown-e3deb0e7e3f04966.rlib" "/opt/rustwide/rustup-home/toolchains/1.69.0-x86_64-unknown-linux-gnu/lib/rustlib/x86_64-unknown-linux-gnu/lib/libminiz_oxide-dabbb79c9815def4.rlib" "/opt/rustwide/rustup-home/toolchains/1.69.0-x86_64-unknown-linux-gnu/lib/rustlib/x86_64-unknown-linux-gnu/lib/libadler-305b01f34c9409f2.rlib" "/opt/rustwide/rustup-home/toolchains/1.69.0-x86_64-unknown-linux-gnu/lib/rustlib/x86_64-unknown-linux-gnu/lib/librustc_std_workspace_alloc-f833521df6074e73.rlib" "/opt/rustwide/rustup-home/toolchains/1.69.0-x86_64-unknown-linux-gnu/lib/rustlib/x86_64-unknown-linux-gnu/lib/libunwind-9ac333113350d171.rlib" "/opt/rustwide/rustup-home/toolchains/1.69.0-x86_64-unknown-linux-gnu/lib/rustlib/x86_64-unknown-linux-gnu/lib/libcfg_if-1c126114322d0eee.rlib" "/opt/rustwide/rustup-home/toolchains/1.69.0-x86_64-unknown-linux-gnu/lib/rustlib/x86_64-unknown-linux-gnu/lib/liblibc-bad9164fdeeecf92.rlib" "/opt/rustwide/rustup-home/toolchains/1.69.0-x86_64-unknown-linux-gnu/lib/rustlib/x86_64-unknown-linux-gnu/lib/liballoc-f9374b1e480fa681.rlib" "/opt/rustwide/rustup-home/toolchains/1.69.0-x86_64-unknown-linux-gnu/lib/rustlib/x86_64-unknown-linux-gnu/lib/librustc_std_workspace_core-207f06e41d9603af.rlib" "/opt/rustwide/rustup-home/toolchains/1.69.0-x86_64-unknown-linux-gnu/lib/rustlib/x86_64-unknown-linux-gnu/lib/libcore-7e2768e66e984e85.rlib" "/opt/rustwide/rustup-home/toolchains/1.69.0-x86_64-unknown-linux-gnu/lib/rustlib/x86_64-unknown-linux-gnu/lib/libcompiler_builtins-957b4aff41f8cd46.rlib" "-Wl,-Bdynamic" "-lssl" "-lcrypto" "-lgcc_s" "-lutil" "-lrt" "-lpthread" "-lm" "-ldl" "-lc" "-Wl,--eh-frame-hdr" "-Wl,-z,noexecstack" "-L" "/opt/rustwide/rustup-home/toolchains/1.69.0-x86_64-unknown-linux-gnu/lib/rustlib/x86_64-unknown-linux-gnu/lib" "-o" "/opt/rustwide/target/debug/examples/upsert-5870527c3df10957" "-Wl,--gc-sections" "-pie" "-Wl,-z,relro,-z,now" "-nodefaultlibs"
[INFO] [stdout]   = note: collect2: fatal error: ld terminated with signal 9 [Killed]
[INFO] [stdout]           compilation terminated.
[INFO] [stdout]           
[INFO] [stdout] 
[INFO] [stdout] 
[INFO] [stdout] error: aborting due to previous error; 2 warnings emitted
[INFO] [stdout] 
[INFO] [stdout] 
[INFO] [stderr] error: could not compile `rustforce` due to 2 previous errors; 2 warnings emitted
[INFO] [stdout] error: linking with `cc` failed: exit status: 1
[INFO] [stdout]   |
[INFO] [stdout]   = note: LC_ALL="C" PATH="/opt/rustwide/rustup-home/toolchains/1.69.0-x86_64-unknown-linux-gnu/lib/rustlib/x86_64-unknown-linux-gnu/bin:/opt/rustwide/cargo-home/bin:/usr/local/sbin:/usr/local/bin:/usr/sbin:/usr/bin:/sbin:/bin" VSLANG="1033" "cc" "-m64" "/tmp/rustc6IiqKT/symbols.o" "/opt/rustwide/target/debug/examples/versions-c3c149fe0bb7dfd2.versions.928b5760-cgu.0.rcgu.o" "/opt/rustwide/target/debug/examples/versions-c3c149fe0bb7dfd2.versions.928b5760-cgu.1.rcgu.o" "/opt/rustwide/target/debug/examples/versions-c3c149fe0bb7dfd2.versions.928b5760-cgu.10.rcgu.o" "/opt/rustwide/target/debug/examples/versions-c3c149fe0bb7dfd2.versions.928b5760-cgu.11.rcgu.o" "/opt/rustwide/target/debug/examples/versions-c3c149fe0bb7dfd2.versions.928b5760-cgu.12.rcgu.o" "/opt/rustwide/target/debug/examples/versions-c3c149fe0bb7dfd2.versions.928b5760-cgu.13.rcgu.o" "/opt/rustwide/target/debug/examples/versions-c3c149fe0bb7dfd2.versions.928b5760-cgu.14.rcgu.o" "/opt/rustwide/target/debug/examples/versions-c3c149fe0bb7dfd2.versions.928b5760-cgu.15.rcgu.o" "/opt/rustwide/target/debug/examples/versions-c3c149fe0bb7dfd2.versions.928b5760-cgu.2.rcgu.o" "/opt/rustwide/target/debug/examples/versions-c3c149fe0bb7dfd2.versions.928b5760-cgu.3.rcgu.o" "/opt/rustwide/target/debug/examples/versions-c3c149fe0bb7dfd2.versions.928b5760-cgu.4.rcgu.o" "/opt/rustwide/target/debug/examples/versions-c3c149fe0bb7dfd2.versions.928b5760-cgu.5.rcgu.o" "/opt/rustwide/target/debug/examples/versions-c3c149fe0bb7dfd2.versions.928b5760-cgu.6.rcgu.o" "/opt/rustwide/target/debug/examples/versions-c3c149fe0bb7dfd2.versions.928b5760-cgu.7.rcgu.o" "/opt/rustwide/target/debug/examples/versions-c3c149fe0bb7dfd2.versions.928b5760-cgu.8.rcgu.o" "/opt/rustwide/target/debug/examples/versions-c3c149fe0bb7dfd2.versions.928b5760-cgu.9.rcgu.o" "/opt/rustwide/target/debug/examples/versions-c3c149fe0bb7dfd2.4q3638g663ck0k9b.rcgu.o" "-Wl,--as-needed" "-L" "/opt/rustwide/target/debug/deps" "-L" "/opt/rustwide/rustup-home/toolchains/1.69.0-x86_64-unknown-linux-gnu/lib/rustlib/x86_64-unknown-linux-gnu/lib" "-Wl,-Bstatic" "/opt/rustwide/target/debug/deps/librustforce-75c0e3dd828e667e.rlib" "/opt/rustwide/target/debug/deps/libregex-ec1a535928100f69.rlib" "/opt/rustwide/target/debug/deps/libaho_corasick-d997a831bf3838c4.rlib" "/opt/rustwide/target/debug/deps/libregex_syntax-26ab266b6768fe31.rlib" "/opt/rustwide/target/debug/deps/libreqwest-a29b02ba38bb897e.rlib" "/opt/rustwide/target/debug/deps/libhyper_tls-12dd190cfc9efe86.rlib" "/opt/rustwide/target/debug/deps/libserde_urlencoded-12ae2307c5733399.rlib" "/opt/rustwide/target/debug/deps/libipnet-55ce3452222ef0b7.rlib" "/opt/rustwide/target/debug/deps/libtokio_native_tls-a6e94886a7cebfd9.rlib" "/opt/rustwide/target/debug/deps/libmime-2a4c3a9a364f5972.rlib" "/opt/rustwide/target/debug/deps/libencoding_rs-5eae66b8032bcd3a.rlib" "/opt/rustwide/target/debug/deps/libserde_json-3b2a630de552c1e0.rlib" "/opt/rustwide/target/debug/deps/libryu-c4f7d8e5c0b9ddbd.rlib" "/opt/rustwide/target/debug/deps/libserde-e7ba13e5ae2b64d4.rlib" "/opt/rustwide/target/debug/deps/libbase64-007e7c1fbda2b30a.rlib" "/opt/rustwide/target/debug/deps/libnative_tls-0abc8979c6502984.rlib" "/opt/rustwide/target/debug/deps/libopenssl_probe-6a5d5a9e5f06a0a4.rlib" "/opt/rustwide/target/debug/deps/libopenssl-d50d7beb81747471.rlib" "/opt/rustwide/target/debug/deps/libonce_cell-8aff6566bc060fbc.rlib" "/opt/rustwide/target/debug/deps/libbitflags-82cc2d155c6eb112.rlib" "/opt/rustwide/target/debug/deps/libforeign_types-f2b053f84105065c.rlib" "/opt/rustwide/target/debug/deps/libforeign_types_shared-48f8f1f9ea32d068.rlib" "/opt/rustwide/target/debug/deps/libopenssl_sys-9dd75db0d7ab9376.rlib" "/opt/rustwide/target/debug/deps/libhyper-e4508c712bbe3f0d.rlib" "/opt/rustwide/target/debug/deps/libwant-2ad1c760a04a1567.rlib" "/opt/rustwide/target/debug/deps/libtry_lock-372cab8856e9ce9d.rlib" "/opt/rustwide/target/debug/deps/libsocket2-4d9e00e210bdd84a.rlib" "/opt/rustwide/target/debug/deps/libh2-ce86556b8da4b5f2.rlib" "/opt/rustwide/target/debug/deps/libindexmap-5a80c63f851c5148.rlib" "/opt/rustwide/target/debug/deps/libhashbrown-9a1f5d949d76c1be.rlib" "/opt/rustwide/target/debug/deps/libslab-8a266f1ba577a033.rlib" "/opt/rustwide/target/debug/deps/libtokio_util-2bb48cc0c9359a52.rlib" "/opt/rustwide/target/debug/deps/libfutures_sink-a886b6e10c3ccb71.rlib" "/opt/rustwide/target/debug/deps/libhttparse-a5be8df91e0d2236.rlib" "/opt/rustwide/target/debug/deps/libtower_service-02f10e9ce1ef867f.rlib" "/opt/rustwide/target/debug/deps/libfutures_channel-f9acb6cf4d91940f.rlib" "/opt/rustwide/target/debug/deps/libtracing-6ab417226e3a4c6e.rlib" "/opt/rustwide/target/debug/deps/libtracing_core-98d3a669e5c1e1c7.rlib" "/opt/rustwide/target/debug/deps/libfutures_util-78d89f3b4d89b895.rlib" "/opt/rustwide/target/debug/deps/libfutures_task-3080c32c50a0d602.rlib" "/opt/rustwide/target/debug/deps/libpin_utils-0d8eaf4ac0fcb221.rlib" "/opt/rustwide/target/debug/deps/libtokio-07031788838a0cc2.rlib" "/opt/rustwide/target/debug/deps/libnum_cpus-f3c3e83288cab38a.rlib" "/opt/rustwide/target/debug/deps/libmemchr-e30a17317ff1667e.rlib" "/opt/rustwide/target/debug/deps/libmio-98c74a039b328d53.rlib" "/opt/rustwide/target/debug/deps/liblibc-4c3555e0bf42a82e.rlib" "/opt/rustwide/target/debug/deps/libhttp_body-6362776aaaca8bbb.rlib" "/opt/rustwide/target/debug/deps/libpin_project_lite-7f3fd9ea3370cd20.rlib" "/opt/rustwide/target/debug/deps/liblog-50c946da9511fc97.rlib" "/opt/rustwide/target/debug/deps/libcfg_if-e5e118dd7d121aaa.rlib" "/opt/rustwide/target/debug/deps/libfutures_core-7e096d2153112467.rlib" "/opt/rustwide/target/debug/deps/liblazy_static-a15e1ed0a3c31761.rlib" "/opt/rustwide/target/debug/deps/liburl-c8d6456f68e73ce0.rlib" "/opt/rustwide/target/debug/deps/libidna-cb4c783f9c123a86.rlib" "/opt/rustwide/target/debug/deps/libunicode_normalization-c554880fa2f51f46.rlib" "/opt/rustwide/target/debug/deps/libtinyvec-bd37ba815ea6de81.rlib" "/opt/rustwide/target/debug/deps/libtinyvec_macros-5ffb2ea8a2d866f2.rlib" "/opt/rustwide/target/debug/deps/libunicode_bidi-ff7cd0a8e7d14628.rlib" "/opt/rustwide/target/debug/deps/libform_urlencoded-0fe912f6e457e008.rlib" "/opt/rustwide/target/debug/deps/libpercent_encoding-5186c2668f567217.rlib" "/opt/rustwide/target/debug/deps/libmatches-278cbf5ab72c0d9c.rlib" "/opt/rustwide/target/debug/deps/libhttp-b111e071f7d79dd0.rlib" "/opt/rustwide/target/debug/deps/libitoa-56a8428bad7458b8.rlib" "/opt/rustwide/target/debug/deps/libbytes-0b539a5c776b0476.rlib" "/opt/rustwide/target/debug/deps/libfnv-41a559218f992797.rlib" "/opt/rustwide/rustup-home/toolchains/1.69.0-x86_64-unknown-linux-gnu/lib/rustlib/x86_64-unknown-linux-gnu/lib/libstd-89bc084783fdc439.rlib" "/opt/rustwide/rustup-home/toolchains/1.69.0-x86_64-unknown-linux-gnu/lib/rustlib/x86_64-unknown-linux-gnu/lib/libpanic_unwind-8bee4b287d4367c1.rlib" "/opt/rustwide/rustup-home/toolchains/1.69.0-x86_64-unknown-linux-gnu/lib/rustlib/x86_64-unknown-linux-gnu/lib/libobject-d61707aed80694c0.rlib" "/opt/rustwide/rustup-home/toolchains/1.69.0-x86_64-unknown-linux-gnu/lib/rustlib/x86_64-unknown-linux-gnu/lib/libmemchr-d85366256f22345b.rlib" "/opt/rustwide/rustup-home/toolchains/1.69.0-x86_64-unknown-linux-gnu/lib/rustlib/x86_64-unknown-linux-gnu/lib/libaddr2line-96069b86b8a8cae9.rlib" "/opt/rustwide/rustup-home/toolchains/1.69.0-x86_64-unknown-linux-gnu/lib/rustlib/x86_64-unknown-linux-gnu/lib/libgimli-d19d53abf68dfa6c.rlib" "/opt/rustwide/rustup-home/toolchains/1.69.0-x86_64-unknown-linux-gnu/lib/rustlib/x86_64-unknown-linux-gnu/lib/librustc_demangle-787cbccd19d64ac6.rlib" "/opt/rustwide/rustup-home/toolchains/1.69.0-x86_64-unknown-linux-gnu/lib/rustlib/x86_64-unknown-linux-gnu/lib/libstd_detect-b3837a36b830e0d0.rlib" "/opt/rustwide/rustup-home/toolchains/1.69.0-x86_64-unknown-linux-gnu/lib/rustlib/x86_64-unknown-linux-gnu/lib/libhashbrown-e3deb0e7e3f04966.rlib" "/opt/rustwide/rustup-home/toolchains/1.69.0-x86_64-unknown-linux-gnu/lib/rustlib/x86_64-unknown-linux-gnu/lib/libminiz_oxide-dabbb79c9815def4.rlib" "/opt/rustwide/rustup-home/toolchains/1.69.0-x86_64-unknown-linux-gnu/lib/rustlib/x86_64-unknown-linux-gnu/lib/libadler-305b01f34c9409f2.rlib" "/opt/rustwide/rustup-home/toolchains/1.69.0-x86_64-unknown-linux-gnu/lib/rustlib/x86_64-unknown-linux-gnu/lib/librustc_std_workspace_alloc-f833521df6074e73.rlib" "/opt/rustwide/rustup-home/toolchains/1.69.0-x86_64-unknown-linux-gnu/lib/rustlib/x86_64-unknown-linux-gnu/lib/libunwind-9ac333113350d171.rlib" "/opt/rustwide/rustup-home/toolchains/1.69.0-x86_64-unknown-linux-gnu/lib/rustlib/x86_64-unknown-linux-gnu/lib/libcfg_if-1c126114322d0eee.rlib" "/opt/rustwide/rustup-home/toolchains/1.69.0-x86_64-unknown-linux-gnu/lib/rustlib/x86_64-unknown-linux-gnu/lib/liblibc-bad9164fdeeecf92.rlib" "/opt/rustwide/rustup-home/toolchains/1.69.0-x86_64-unknown-linux-gnu/lib/rustlib/x86_64-unknown-linux-gnu/lib/liballoc-f9374b1e480fa681.rlib" "/opt/rustwide/rustup-home/toolchains/1.69.0-x86_64-unknown-linux-gnu/lib/rustlib/x86_64-unknown-linux-gnu/lib/librustc_std_workspace_core-207f06e41d9603af.rlib" "/opt/rustwide/rustup-home/toolchains/1.69.0-x86_64-unknown-linux-gnu/lib/rustlib/x86_64-unknown-linux-gnu/lib/libcore-7e2768e66e984e85.rlib" "/opt/rustwide/rustup-home/toolchains/1.69.0-x86_64-unknown-linux-gnu/lib/rustlib/x86_64-unknown-linux-gnu/lib/libcompiler_builtins-957b4aff41f8cd46.rlib" "-Wl,-Bdynamic" "-lssl" "-lcrypto" "-lgcc_s" "-lutil" "-lrt" "-lpthread" "-lm" "-ldl" "-lc" "-Wl,--eh-frame-hdr" "-Wl,-z,noexecstack" "-L" "/opt/rustwide/rustup-home/toolchains/1.69.0-x86_64-unknown-linux-gnu/lib/rustlib/x86_64-unknown-linux-gnu/lib" "-o" "/opt/rustwide/target/debug/examples/versions-c3c149fe0bb7dfd2" "-Wl,--gc-sections" "-pie" "-Wl,-z,relro,-z,now" "-nodefaultlibs"
[INFO] [stdout]   = note: collect2: fatal error: ld terminated with signal 9 [Killed]
[INFO] [stdout]           compilation terminated.
[INFO] [stdout]           
[INFO] [stdout] 
[INFO] [stdout] 
[INFO] [stdout] error: aborting due to previous error
[INFO] [stdout] 
[INFO] [stdout] 
[INFO] [stderr] error: could not compile `rustforce` due to 2 previous errors
[INFO] [stdout] warning: 2 warnings emitted
[INFO] [stdout] 
[INFO] [stdout] 
[INFO] [stdout] warning: 2 warnings emitted
[INFO] [stdout] 
[INFO] [stdout] 
[INFO] [stdout] warning: 2 warnings emitted
[INFO] [stdout] 
[INFO] [stdout] 
[INFO] running `Command { std: "docker" "inspect" "334898adf6fc2600ebdafb5c24a3a1d91967c7e75b639f5fa2e44b41fc372628", kill_on_drop: false }`
[INFO] running `Command { std: "docker" "rm" "-f" "334898adf6fc2600ebdafb5c24a3a1d91967c7e75b639f5fa2e44b41fc372628", kill_on_drop: false }`
[INFO] [stdout] 334898adf6fc2600ebdafb5c24a3a1d91967c7e75b639f5fa2e44b41fc372628
