[INFO] fetching crate rust_sync_force 0.2.3...
[INFO] testing rust_sync_force-0.2.3 against 1.69.0 for beta-1.70-1
[INFO] extracting crate rust_sync_force 0.2.3 into /workspace/builds/worker-6-tc1/source
[INFO] validating manifest of crates.io crate rust_sync_force 0.2.3 on toolchain 1.69.0
[INFO] running `Command { std: CARGO_HOME="/workspace/cargo-home" RUSTUP_HOME="/workspace/rustup-home" "/workspace/cargo-home/bin/cargo" "+1.69.0" "metadata" "--manifest-path" "Cargo.toml" "--no-deps", kill_on_drop: false }`
[INFO] started tweaking crates.io crate rust_sync_force 0.2.3
[INFO] finished tweaking crates.io crate rust_sync_force 0.2.3
[INFO] tweaked toml for crates.io crate rust_sync_force 0.2.3 written to /workspace/builds/worker-6-tc1/source/Cargo.toml
[INFO] crate crates.io crate rust_sync_force 0.2.3 already has a lockfile, it will not be regenerated
[INFO] running `Command { std: CARGO_HOME="/workspace/cargo-home" RUSTUP_HOME="/workspace/rustup-home" "/workspace/cargo-home/bin/cargo" "+1.69.0" "fetch" "--manifest-path" "Cargo.toml", kill_on_drop: false }`
[INFO] [stderr]  Downloading crates ...
[INFO] [stderr]   Downloaded clap_derive v3.2.2
[INFO] [stderr]   Downloaded cargo-license v0.5.1
[INFO] [stderr]   Downloaded miniz_oxide v0.6.4
[INFO] [stderr]   Downloaded mockito v1.0.2
[INFO] [stderr]   Downloaded clap v3.2.2
[INFO] running `Command { std: "docker" "create" "-v" "/var/lib/crater-agent-workspace/builds/worker-6-tc1/target:/opt/rustwide/target:rw,Z" "-v" "/var/lib/crater-agent-workspace/builds/worker-6-tc1/source:/opt/rustwide/workdir:ro,Z" "-v" "/var/lib/crater-agent-workspace/cargo-home:/opt/rustwide/cargo-home:ro,Z" "-v" "/var/lib/crater-agent-workspace/rustup-home:/opt/rustwide/rustup-home:ro,Z" "-e" "SOURCE_DIR=/opt/rustwide/workdir" "-e" "CARGO_TARGET_DIR=/opt/rustwide/target" "-e" "CARGO_HOME=/opt/rustwide/cargo-home" "-e" "RUSTUP_HOME=/opt/rustwide/rustup-home" "-w" "/opt/rustwide/workdir" "-m" "1610612736" "--user" "0:0" "--network" "none" "ghcr.io/rust-lang/crates-build-env/linux@sha256:5ff2268d62e97bff2cde7d5815dd6ed5b47097566f13b8d0ca110b04b60e07ed" "/opt/rustwide/cargo-home/bin/cargo" "+1.69.0" "metadata" "--no-deps" "--format-version=1", kill_on_drop: false }`
[INFO] [stdout] 8193d88c5c8dcc63d6877be145b75d6c163c73eb2d27977fce85d6ce0b1ba9ea
[INFO] running `Command { std: "docker" "start" "-a" "8193d88c5c8dcc63d6877be145b75d6c163c73eb2d27977fce85d6ce0b1ba9ea", kill_on_drop: false }`
[INFO] running `Command { std: "docker" "inspect" "8193d88c5c8dcc63d6877be145b75d6c163c73eb2d27977fce85d6ce0b1ba9ea", kill_on_drop: false }`
[INFO] running `Command { std: "docker" "rm" "-f" "8193d88c5c8dcc63d6877be145b75d6c163c73eb2d27977fce85d6ce0b1ba9ea", kill_on_drop: false }`
[INFO] [stdout] 8193d88c5c8dcc63d6877be145b75d6c163c73eb2d27977fce85d6ce0b1ba9ea
[INFO] running `Command { std: "docker" "create" "-v" "/var/lib/crater-agent-workspace/builds/worker-6-tc1/target:/opt/rustwide/target:rw,Z" "-v" "/var/lib/crater-agent-workspace/builds/worker-6-tc1/source:/opt/rustwide/workdir:ro,Z" "-v" "/var/lib/crater-agent-workspace/cargo-home:/opt/rustwide/cargo-home:ro,Z" "-v" "/var/lib/crater-agent-workspace/rustup-home:/opt/rustwide/rustup-home:ro,Z" "-e" "SOURCE_DIR=/opt/rustwide/workdir" "-e" "CARGO_TARGET_DIR=/opt/rustwide/target" "-e" "CARGO_INCREMENTAL=0" "-e" "RUST_BACKTRACE=full" "-e" "RUSTFLAGS=--cap-lints=warn" "-e" "RUSTDOCFLAGS=--cap-lints=warn" "-e" "CARGO_HOME=/opt/rustwide/cargo-home" "-e" "RUSTUP_HOME=/opt/rustwide/rustup-home" "-w" "/opt/rustwide/workdir" "-m" "1610612736" "--user" "0:0" "--network" "none" "ghcr.io/rust-lang/crates-build-env/linux@sha256:5ff2268d62e97bff2cde7d5815dd6ed5b47097566f13b8d0ca110b04b60e07ed" "/opt/rustwide/cargo-home/bin/cargo" "+1.69.0" "build" "--frozen" "--message-format=json", kill_on_drop: false }`
[INFO] [stdout] 1dbb3abd0823e3bdaaadc6a1d9ea7f3349974fe9d1fdd75bf9dc86c89cdf3115
[INFO] running `Command { std: "docker" "start" "-a" "1dbb3abd0823e3bdaaadc6a1d9ea7f3349974fe9d1fdd75bf9dc86c89cdf3115", kill_on_drop: false }`
[INFO] [stderr]    Compiling proc-macro2 v1.0.50
[INFO] [stderr]    Compiling cc v1.0.69
[INFO] [stderr]    Compiling unicode-ident v1.0.6
[INFO] [stderr]    Compiling syn v1.0.107
[INFO] [stderr]    Compiling libc v0.2.139
[INFO] [stderr]    Compiling once_cell v1.8.0
[INFO] [stderr]    Compiling untrusted v0.7.1
[INFO] [stderr]    Compiling spin v0.5.2
[INFO] [stderr]    Compiling tinyvec_macros v0.1.0
[INFO] [stderr]    Compiling serde_derive v1.0.152
[INFO] [stderr]    Compiling serde v1.0.152
[INFO] [stderr]    Compiling memchr v2.4.1
[INFO] [stderr]    Compiling ryu v1.0.5
[INFO] [stderr]    Compiling log v0.4.14
[INFO] [stderr]    Compiling matches v0.1.9
[INFO] [stderr]    Compiling rustls v0.20.8
[INFO] [stderr]    Compiling tinyvec v1.3.1
[INFO] [stderr]    Compiling serde_json v1.0.95
[INFO] [stderr]    Compiling unicode-bidi v0.3.6
[INFO] [stderr]    Compiling adler v1.0.2
[INFO] [stderr]    Compiling form_urlencoded v1.0.1
[INFO] [stderr]    Compiling miniz_oxide v0.6.4
[INFO] [stderr]    Compiling thiserror v1.0.38
[INFO] [stderr]    Compiling itoa v1.0.5
[INFO] [stderr]    Compiling regex-syntax v0.6.28
[INFO] [stderr]    Compiling base64 v0.13.0
[INFO] [stderr]    Compiling flate2 v1.0.25
[INFO] [stderr]    Compiling ring v0.16.20
[INFO] [stderr]    Compiling aho-corasick v0.7.18
[INFO] [stderr]    Compiling quote v1.0.9
[INFO] [stderr]    Compiling unicode-normalization v0.1.19
[INFO] [stderr]    Compiling regex v1.7.1
[INFO] [stderr]    Compiling idna v0.2.3
[INFO] [stderr]    Compiling url v2.2.2
[INFO] [stderr]    Compiling thiserror-impl v1.0.38
[INFO] [stderr]    Compiling webpki v0.22.0
[INFO] [stderr]    Compiling sct v0.7.0
[INFO] [stderr]    Compiling webpki-roots v0.22.6
[INFO] [stderr]    Compiling ureq v2.6.2
[INFO] [stderr]    Compiling rust_sync_force v0.2.3 (/opt/rustwide/workdir)
[INFO] [stderr]     Finished dev [unoptimized + debuginfo] target(s) in 10.86s
[INFO] running `Command { std: "docker" "inspect" "1dbb3abd0823e3bdaaadc6a1d9ea7f3349974fe9d1fdd75bf9dc86c89cdf3115", kill_on_drop: false }`
[INFO] running `Command { std: "docker" "rm" "-f" "1dbb3abd0823e3bdaaadc6a1d9ea7f3349974fe9d1fdd75bf9dc86c89cdf3115", kill_on_drop: false }`
[INFO] [stdout] 1dbb3abd0823e3bdaaadc6a1d9ea7f3349974fe9d1fdd75bf9dc86c89cdf3115
[INFO] running `Command { std: "docker" "create" "-v" "/var/lib/crater-agent-workspace/builds/worker-6-tc1/target:/opt/rustwide/target:rw,Z" "-v" "/var/lib/crater-agent-workspace/builds/worker-6-tc1/source:/opt/rustwide/workdir:ro,Z" "-v" "/var/lib/crater-agent-workspace/cargo-home:/opt/rustwide/cargo-home:ro,Z" "-v" "/var/lib/crater-agent-workspace/rustup-home:/opt/rustwide/rustup-home:ro,Z" "-e" "SOURCE_DIR=/opt/rustwide/workdir" "-e" "CARGO_TARGET_DIR=/opt/rustwide/target" "-e" "CARGO_INCREMENTAL=0" "-e" "RUST_BACKTRACE=full" "-e" "RUSTFLAGS=--cap-lints=warn" "-e" "RUSTDOCFLAGS=--cap-lints=warn" "-e" "CARGO_HOME=/opt/rustwide/cargo-home" "-e" "RUSTUP_HOME=/opt/rustwide/rustup-home" "-w" "/opt/rustwide/workdir" "-m" "1610612736" "--user" "0:0" "--network" "none" "ghcr.io/rust-lang/crates-build-env/linux@sha256:5ff2268d62e97bff2cde7d5815dd6ed5b47097566f13b8d0ca110b04b60e07ed" "/opt/rustwide/cargo-home/bin/cargo" "+1.69.0" "test" "--frozen" "--no-run" "--message-format=json", kill_on_drop: false }`
[INFO] [stdout] 5e0861593a4d771f951b8cdae5d95bff2dc4cc142241855e07724be3d750f96b
[INFO] running `Command { std: "docker" "start" "-a" "5e0861593a4d771f951b8cdae5d95bff2dc4cc142241855e07724be3d750f96b", kill_on_drop: false }`
[INFO] [stderr]    Compiling libc v0.2.139
[INFO] [stderr]    Compiling syn v1.0.107
[INFO] [stderr]    Compiling log v0.4.14
[INFO] [stderr]    Compiling futures-core v0.3.26
[INFO] [stderr]    Compiling version_check v0.9.3
[INFO] [stderr]    Compiling lock_api v0.4.9
[INFO] [stderr]    Compiling slab v0.4.7
[INFO] [stderr]    Compiling parking_lot_core v0.9.7
[INFO] [stderr]    Compiling futures-sink v0.3.26
[INFO] [stderr]    Compiling futures-task v0.3.26
[INFO] [stderr]    Compiling serde_json v1.0.95
[INFO] [stderr]    Compiling futures-channel v0.3.26
[INFO] [stderr]    Compiling indexmap v1.9.2
[INFO] [stderr]    Compiling smallvec v1.10.0
[INFO] [stderr]    Compiling futures-util v0.3.26
[INFO] [stderr]    Compiling tokio v1.25.0
[INFO] [stderr]    Compiling futures-io v0.3.26
[INFO] [stderr]    Compiling tracing-core v0.1.26
[INFO] [stderr]    Compiling io-lifetimes v1.0.5
[INFO] [stderr]    Compiling http v0.2.8
[INFO] [stderr]    Compiling regex-syntax v0.6.28
[INFO] [stderr]    Compiling rustix v0.36.7
[INFO] [stderr]    Compiling proc-macro-error-attr v1.0.4
[INFO] [stderr]    Compiling proc-macro-error v1.0.4
[INFO] [stderr]    Compiling camino v1.1.2
[INFO] [stderr]    Compiling semver v1.0.16
[INFO] [stderr]    Compiling regex-automata v0.1.10
[INFO] [stderr]    Compiling ppv-lite86 v0.2.10
[INFO] [stderr]    Compiling os_str_bytes v6.4.1
[INFO] [stderr]    Compiling tracing v0.1.34
[INFO] [stderr]    Compiling heck v0.4.1
[INFO] [stderr]    Compiling termcolor v1.1.2
[INFO] [stderr]    Compiling anyhow v1.0.70
[INFO] [stderr]    Compiling linux-raw-sys v0.1.4
[INFO] [stderr]    Compiling want v0.3.0
[INFO] [stderr]    Compiling clap_lex v0.2.4
[INFO] [stderr]    Compiling csv-core v0.1.10
[INFO] [stderr]    Compiling unicode-width v0.1.8
[INFO] [stderr]    Compiling textwrap v0.15.2
[INFO] [stderr]    Compiling itoa v0.4.8
[INFO] [stderr]    Compiling strsim v0.10.0
[INFO] [stderr]    Compiling ansi_term v0.12.1
[INFO] [stderr]    Compiling getopts v0.2.21
[INFO] [stderr]    Compiling humantime v2.1.0
[INFO] [stderr]    Compiling http-body v0.4.5
[INFO] [stderr]    Compiling similar v2.2.1
[INFO] [stderr]    Compiling ring v0.16.20
[INFO] [stderr]    Compiling num_cpus v1.15.0
[INFO] [stderr]    Compiling mio v0.8.6
[INFO] [stderr]    Compiling socket2 v0.4.7
[INFO] [stderr]    Compiling signal-hook-registry v1.4.1
[INFO] [stderr]    Compiling getrandom v0.2.8
[INFO] [stderr]    Compiling atty v0.2.14
[INFO] [stderr]    Compiling colored v2.0.0
[INFO] [stderr]    Compiling rand_core v0.6.4
[INFO] [stderr]    Compiling parking_lot v0.12.1
[INFO] [stderr]    Compiling rand_chacha v0.3.1
[INFO] [stderr]    Compiling regex v1.7.1
[INFO] [stderr]    Compiling rand v0.8.5
[INFO] [stderr]    Compiling webpki v0.22.0
[INFO] [stderr]    Compiling sct v0.7.0
[INFO] [stderr]    Compiling is-terminal v0.4.2
[INFO] [stderr]    Compiling webpki-roots v0.22.6
[INFO] [stderr]    Compiling rustls v0.20.8
[INFO] [stderr]    Compiling env_logger v0.10.0
[INFO] [stderr]    Compiling serde_derive v1.0.152
[INFO] [stderr]    Compiling futures-macro v0.3.26
[INFO] [stderr]    Compiling tokio-macros v1.8.2
[INFO] [stderr]    Compiling thiserror-impl v1.0.38
[INFO] [stderr]    Compiling clap_derive v3.2.2
[INFO] [stderr]    Compiling thiserror v1.0.38
[INFO] [stderr]    Compiling clap v3.2.2
[INFO] [stderr]    Compiling serde v1.0.152
[INFO] [stderr]    Compiling futures-executor v0.3.26
[INFO] [stderr]    Compiling futures v0.3.26
[INFO] [stderr]    Compiling tokio-util v0.7.7
[INFO] [stderr]    Compiling h2 v0.3.15
[INFO] [stderr]    Compiling bstr v0.2.16
[INFO] [stderr]    Compiling cargo-platform v0.1.2
[INFO] [stderr]    Compiling toml v0.5.11
[INFO] [stderr]    Compiling serde_urlencoded v0.7.1
[INFO] [stderr]    Compiling csv v1.1.6
[INFO] [stderr]    Compiling ureq v2.6.2
[INFO] [stderr]    Compiling assert-json-diff v2.0.2
[INFO] [stderr]    Compiling cargo_metadata v0.15.3
[INFO] [stderr]    Compiling rust_sync_force v0.2.3 (/opt/rustwide/workdir)
[INFO] [stderr]    Compiling cargo-license v0.5.1
[INFO] [stderr]    Compiling hyper v0.14.24
[INFO] [stderr]    Compiling mockito v1.0.2
[INFO] [stderr] error: could not compile `rust_sync_force`
[INFO] [stderr] 
[INFO] [stderr] Caused by:
[INFO] [stderr]   process didn't exit successfully: `rustc --crate-name integration_test --edition=2021 tests/integration_test.rs --error-format=json --json=diagnostic-rendered-ansi,artifacts,future-incompat --emit=dep-info,link -C embed-bitcode=no -C debuginfo=2 --test -C metadata=f0d025a0f3f3a472 -C extra-filename=-f0d025a0f3f3a472 --out-dir /opt/rustwide/target/debug/deps -L dependency=/opt/rustwide/target/debug/deps --extern anyhow=/opt/rustwide/target/debug/deps/libanyhow-06517169a980eda8.rlib --extern cargo_license=/opt/rustwide/target/debug/deps/libcargo_license-01eec9550a6d0d3b.rlib --extern env_logger=/opt/rustwide/target/debug/deps/libenv_logger-3b3454866ba5a4aa.rlib --extern mockito=/opt/rustwide/target/debug/deps/libmockito-898637cb10dfa158.rlib --extern regex=/opt/rustwide/target/debug/deps/libregex-51ca41eb01143772.rlib --extern rust_sync_force=/opt/rustwide/target/debug/deps/librust_sync_force-a36e391eb2dcabea.rlib --extern serde=/opt/rustwide/target/debug/deps/libserde-4865361817b3427e.rlib --extern serde_json=/opt/rustwide/target/debug/deps/libserde_json-c785d8cb6c637ef8.rlib --extern thiserror=/opt/rustwide/target/debug/deps/libthiserror-e0fc57ba3f807d0e.rlib --extern ureq=/opt/rustwide/target/debug/deps/libureq-aece28737712a07a.rlib --cap-lints=warn -L native=/opt/rustwide/target/debug/build/ring-8c16891ab0d53731/out` (signal: 9, SIGKILL: kill)
[INFO] [stderr] warning: build failed, waiting for other jobs to finish...
[INFO] [stderr] error: could not compile `rust_sync_force`
[INFO] [stderr] 
[INFO] [stderr] Caused by:
[INFO] [stderr]   process didn't exit successfully: `rustc --crate-name rust_sync_force --edition=2021 src/lib.rs --error-format=json --json=diagnostic-rendered-ansi,artifacts,future-incompat --emit=dep-info,link -C embed-bitcode=no -C debuginfo=2 --test -C metadata=478894aeead75c57 -C extra-filename=-478894aeead75c57 --out-dir /opt/rustwide/target/debug/deps -L dependency=/opt/rustwide/target/debug/deps --extern anyhow=/opt/rustwide/target/debug/deps/libanyhow-06517169a980eda8.rlib --extern cargo_license=/opt/rustwide/target/debug/deps/libcargo_license-01eec9550a6d0d3b.rlib --extern env_logger=/opt/rustwide/target/debug/deps/libenv_logger-3b3454866ba5a4aa.rlib --extern mockito=/opt/rustwide/target/debug/deps/libmockito-898637cb10dfa158.rlib --extern regex=/opt/rustwide/target/debug/deps/libregex-51ca41eb01143772.rlib --extern serde=/opt/rustwide/target/debug/deps/libserde-4865361817b3427e.rlib --extern serde_json=/opt/rustwide/target/debug/deps/libserde_json-c785d8cb6c637ef8.rlib --extern thiserror=/opt/rustwide/target/debug/deps/libthiserror-e0fc57ba3f807d0e.rlib --extern ureq=/opt/rustwide/target/debug/deps/libureq-aece28737712a07a.rlib --cap-lints=warn -L native=/opt/rustwide/target/debug/build/ring-8c16891ab0d53731/out` (signal: 9, SIGKILL: kill)
[INFO] [stdout] error: linking with `cc` failed: exit status: 1
[INFO] [stdout]   |
[INFO] [stdout]   = note: LC_ALL="C" PATH="/opt/rustwide/rustup-home/toolchains/1.69.0-x86_64-unknown-linux-gnu/lib/rustlib/x86_64-unknown-linux-gnu/bin:/opt/rustwide/cargo-home/bin:/usr/local/sbin:/usr/local/bin:/usr/sbin:/usr/bin:/sbin:/bin" VSLANG="1033" "cc" "-m64" "/tmp/rustcLK6sGL/symbols.o" "/opt/rustwide/target/debug/examples/insert-8b26c3c56e655943.insert.87533bb2-cgu.0.rcgu.o" "/opt/rustwide/target/debug/examples/insert-8b26c3c56e655943.insert.87533bb2-cgu.1.rcgu.o" "/opt/rustwide/target/debug/examples/insert-8b26c3c56e655943.insert.87533bb2-cgu.10.rcgu.o" "/opt/rustwide/target/debug/examples/insert-8b26c3c56e655943.insert.87533bb2-cgu.11.rcgu.o" "/opt/rustwide/target/debug/examples/insert-8b26c3c56e655943.insert.87533bb2-cgu.12.rcgu.o" "/opt/rustwide/target/debug/examples/insert-8b26c3c56e655943.insert.87533bb2-cgu.13.rcgu.o" "/opt/rustwide/target/debug/examples/insert-8b26c3c56e655943.insert.87533bb2-cgu.14.rcgu.o" "/opt/rustwide/target/debug/examples/insert-8b26c3c56e655943.insert.87533bb2-cgu.15.rcgu.o" "/opt/rustwide/target/debug/examples/insert-8b26c3c56e655943.insert.87533bb2-cgu.2.rcgu.o" "/opt/rustwide/target/debug/examples/insert-8b26c3c56e655943.insert.87533bb2-cgu.3.rcgu.o" "/opt/rustwide/target/debug/examples/insert-8b26c3c56e655943.insert.87533bb2-cgu.4.rcgu.o" "/opt/rustwide/target/debug/examples/insert-8b26c3c56e655943.insert.87533bb2-cgu.5.rcgu.o" "/opt/rustwide/target/debug/examples/insert-8b26c3c56e655943.insert.87533bb2-cgu.6.rcgu.o" "/opt/rustwide/target/debug/examples/insert-8b26c3c56e655943.insert.87533bb2-cgu.7.rcgu.o" "/opt/rustwide/target/debug/examples/insert-8b26c3c56e655943.insert.87533bb2-cgu.8.rcgu.o" "/opt/rustwide/target/debug/examples/insert-8b26c3c56e655943.insert.87533bb2-cgu.9.rcgu.o" "/opt/rustwide/target/debug/examples/insert-8b26c3c56e655943.2wso1xhvexxg2ekl.rcgu.o" "-Wl,--as-needed" "-L" "/opt/rustwide/target/debug/deps" "-L" "/opt/rustwide/target/debug/build/ring-8c16891ab0d53731/out" "-L" "/opt/rustwide/rustup-home/toolchains/1.69.0-x86_64-unknown-linux-gnu/lib/rustlib/x86_64-unknown-linux-gnu/lib" "-Wl,-Bstatic" "/opt/rustwide/target/debug/deps/librust_sync_force-a36e391eb2dcabea.rlib" "/opt/rustwide/target/debug/deps/libregex-51ca41eb01143772.rlib" "/opt/rustwide/target/debug/deps/libaho_corasick-d997a831bf3838c4.rlib" "/opt/rustwide/target/debug/deps/libmemchr-e30a17317ff1667e.rlib" "/opt/rustwide/target/debug/deps/libregex_syntax-818c2f7eeae25f7c.rlib" "/opt/rustwide/target/debug/deps/libureq-aece28737712a07a.rlib" "/opt/rustwide/target/debug/deps/libwebpki_roots-632b6ff3b90c4e8c.rlib" "/opt/rustwide/target/debug/deps/libbase64-007e7c1fbda2b30a.rlib" "/opt/rustwide/target/debug/deps/librustls-23e0301339572b6f.rlib" "/opt/rustwide/target/debug/deps/libsct-45a842588182a0e4.rlib" "/opt/rustwide/target/debug/deps/libwebpki-febe0c2074867feb.rlib" "/opt/rustwide/target/debug/deps/libring-84408f97dcabab42.rlib" "/opt/rustwide/target/debug/deps/libspin-ba7f384cfb4b159f.rlib" "/opt/rustwide/target/debug/deps/libuntrusted-ec41ab00ed225515.rlib" "/opt/rustwide/target/debug/deps/liblibc-c197e4a4ffa27d8d.rlib" "/opt/rustwide/target/debug/deps/libserde_json-c785d8cb6c637ef8.rlib" "/opt/rustwide/target/debug/deps/libryu-c4f7d8e5c0b9ddbd.rlib" "/opt/rustwide/target/debug/deps/libitoa-b071e49db4f1be66.rlib" "/opt/rustwide/target/debug/deps/libonce_cell-8aff6566bc060fbc.rlib" "/opt/rustwide/target/debug/deps/libflate2-2149cc4b464c37d4.rlib" "/opt/rustwide/target/debug/deps/libminiz_oxide-5f6512eb7f80c57b.rlib" "/opt/rustwide/target/debug/deps/libadler-478247d24f5486f3.rlib" "/opt/rustwide/target/debug/deps/libcrc32fast-104e9b895f0c2d44.rlib" "/opt/rustwide/target/debug/deps/libserde-4865361817b3427e.rlib" "/opt/rustwide/target/debug/deps/liblog-50c946da9511fc97.rlib" "/opt/rustwide/target/debug/deps/libcfg_if-e5e118dd7d121aaa.rlib" "/opt/rustwide/target/debug/deps/liburl-c8d6456f68e73ce0.rlib" "/opt/rustwide/target/debug/deps/libidna-cb4c783f9c123a86.rlib" "/opt/rustwide/target/debug/deps/libunicode_normalization-c554880fa2f51f46.rlib" "/opt/rustwide/target/debug/deps/libtinyvec-bd37ba815ea6de81.rlib" "/opt/rustwide/target/debug/deps/libtinyvec_macros-5ffb2ea8a2d866f2.rlib" "/opt/rustwide/target/debug/deps/libunicode_bidi-ff7cd0a8e7d14628.rlib" "/opt/rustwide/target/debug/deps/libform_urlencoded-0fe912f6e457e008.rlib" "/opt/rustwide/target/debug/deps/libpercent_encoding-5186c2668f567217.rlib" "/opt/rustwide/target/debug/deps/libmatches-278cbf5ab72c0d9c.rlib" "/opt/rustwide/target/debug/deps/libthiserror-e0fc57ba3f807d0e.rlib" "/opt/rustwide/rustup-home/toolchains/1.69.0-x86_64-unknown-linux-gnu/lib/rustlib/x86_64-unknown-linux-gnu/lib/libstd-89bc084783fdc439.rlib" "/opt/rustwide/rustup-home/toolchains/1.69.0-x86_64-unknown-linux-gnu/lib/rustlib/x86_64-unknown-linux-gnu/lib/libpanic_unwind-8bee4b287d4367c1.rlib" "/opt/rustwide/rustup-home/toolchains/1.69.0-x86_64-unknown-linux-gnu/lib/rustlib/x86_64-unknown-linux-gnu/lib/libobject-d61707aed80694c0.rlib" "/opt/rustwide/rustup-home/toolchains/1.69.0-x86_64-unknown-linux-gnu/lib/rustlib/x86_64-unknown-linux-gnu/lib/libmemchr-d85366256f22345b.rlib" "/opt/rustwide/rustup-home/toolchains/1.69.0-x86_64-unknown-linux-gnu/lib/rustlib/x86_64-unknown-linux-gnu/lib/libaddr2line-96069b86b8a8cae9.rlib" "/opt/rustwide/rustup-home/toolchains/1.69.0-x86_64-unknown-linux-gnu/lib/rustlib/x86_64-unknown-linux-gnu/lib/libgimli-d19d53abf68dfa6c.rlib" "/opt/rustwide/rustup-home/toolchains/1.69.0-x86_64-unknown-linux-gnu/lib/rustlib/x86_64-unknown-linux-gnu/lib/librustc_demangle-787cbccd19d64ac6.rlib" "/opt/rustwide/rustup-home/toolchains/1.69.0-x86_64-unknown-linux-gnu/lib/rustlib/x86_64-unknown-linux-gnu/lib/libstd_detect-b3837a36b830e0d0.rlib" "/opt/rustwide/rustup-home/toolchains/1.69.0-x86_64-unknown-linux-gnu/lib/rustlib/x86_64-unknown-linux-gnu/lib/libhashbrown-e3deb0e7e3f04966.rlib" "/opt/rustwide/rustup-home/toolchains/1.69.0-x86_64-unknown-linux-gnu/lib/rustlib/x86_64-unknown-linux-gnu/lib/libminiz_oxide-dabbb79c9815def4.rlib" "/opt/rustwide/rustup-home/toolchains/1.69.0-x86_64-unknown-linux-gnu/lib/rustlib/x86_64-unknown-linux-gnu/lib/libadler-305b01f34c9409f2.rlib" "/opt/rustwide/rustup-home/toolchains/1.69.0-x86_64-unknown-linux-gnu/lib/rustlib/x86_64-unknown-linux-gnu/lib/librustc_std_workspace_alloc-f833521df6074e73.rlib" "/opt/rustwide/rustup-home/toolchains/1.69.0-x86_64-unknown-linux-gnu/lib/rustlib/x86_64-unknown-linux-gnu/lib/libunwind-9ac333113350d171.rlib" "/opt/rustwide/rustup-home/toolchains/1.69.0-x86_64-unknown-linux-gnu/lib/rustlib/x86_64-unknown-linux-gnu/lib/libcfg_if-1c126114322d0eee.rlib" "/opt/rustwide/rustup-home/toolchains/1.69.0-x86_64-unknown-linux-gnu/lib/rustlib/x86_64-unknown-linux-gnu/lib/liblibc-bad9164fdeeecf92.rlib" "/opt/rustwide/rustup-home/toolchains/1.69.0-x86_64-unknown-linux-gnu/lib/rustlib/x86_64-unknown-linux-gnu/lib/liballoc-f9374b1e480fa681.rlib" "/opt/rustwide/rustup-home/toolchains/1.69.0-x86_64-unknown-linux-gnu/lib/rustlib/x86_64-unknown-linux-gnu/lib/librustc_std_workspace_core-207f06e41d9603af.rlib" "/opt/rustwide/rustup-home/toolchains/1.69.0-x86_64-unknown-linux-gnu/lib/rustlib/x86_64-unknown-linux-gnu/lib/libcore-7e2768e66e984e85.rlib" "/opt/rustwide/rustup-home/toolchains/1.69.0-x86_64-unknown-linux-gnu/lib/rustlib/x86_64-unknown-linux-gnu/lib/libcompiler_builtins-957b4aff41f8cd46.rlib" "-Wl,-Bdynamic" "-lgcc_s" "-lutil" "-lrt" "-lpthread" "-lm" "-ldl" "-lc" "-Wl,--eh-frame-hdr" "-Wl,-z,noexecstack" "-L" "/opt/rustwide/rustup-home/toolchains/1.69.0-x86_64-unknown-linux-gnu/lib/rustlib/x86_64-unknown-linux-gnu/lib" "-o" "/opt/rustwide/target/debug/examples/insert-8b26c3c56e655943" "-Wl,--gc-sections" "-pie" "-Wl,-z,relro,-z,now" "-nodefaultlibs"
[INFO] [stdout]   = note: collect2: fatal error: ld terminated with signal 9 [Killed]
[INFO] [stdout]           compilation terminated.
[INFO] [stdout]           
[INFO] [stdout] 
[INFO] [stdout] 
[INFO] [stdout] error: aborting due to previous error
[INFO] [stdout] 
[INFO] [stdout] 
[INFO] [stderr] error: could not compile `rust_sync_force` due to 2 previous errors
[INFO] [stdout] error: linking with `cc` failed: exit status: 1
[INFO] [stdout]   |
[INFO] [stdout]   = note: LC_ALL="C" PATH="/opt/rustwide/rustup-home/toolchains/1.69.0-x86_64-unknown-linux-gnu/lib/rustlib/x86_64-unknown-linux-gnu/bin:/opt/rustwide/cargo-home/bin:/usr/local/sbin:/usr/local/bin:/usr/sbin:/usr/bin:/sbin:/bin" VSLANG="1033" "cc" "-m64" "/tmp/rustctDUga1/symbols.o" "/opt/rustwide/target/debug/examples/upserts-2f82012342d7c8f5.upserts.243d9b7e-cgu.0.rcgu.o" "/opt/rustwide/target/debug/examples/upserts-2f82012342d7c8f5.upserts.243d9b7e-cgu.1.rcgu.o" "/opt/rustwide/target/debug/examples/upserts-2f82012342d7c8f5.upserts.243d9b7e-cgu.10.rcgu.o" "/opt/rustwide/target/debug/examples/upserts-2f82012342d7c8f5.upserts.243d9b7e-cgu.11.rcgu.o" "/opt/rustwide/target/debug/examples/upserts-2f82012342d7c8f5.upserts.243d9b7e-cgu.12.rcgu.o" "/opt/rustwide/target/debug/examples/upserts-2f82012342d7c8f5.upserts.243d9b7e-cgu.13.rcgu.o" "/opt/rustwide/target/debug/examples/upserts-2f82012342d7c8f5.upserts.243d9b7e-cgu.14.rcgu.o" "/opt/rustwide/target/debug/examples/upserts-2f82012342d7c8f5.upserts.243d9b7e-cgu.15.rcgu.o" "/opt/rustwide/target/debug/examples/upserts-2f82012342d7c8f5.upserts.243d9b7e-cgu.2.rcgu.o" "/opt/rustwide/target/debug/examples/upserts-2f82012342d7c8f5.upserts.243d9b7e-cgu.3.rcgu.o" "/opt/rustwide/target/debug/examples/upserts-2f82012342d7c8f5.upserts.243d9b7e-cgu.4.rcgu.o" "/opt/rustwide/target/debug/examples/upserts-2f82012342d7c8f5.upserts.243d9b7e-cgu.5.rcgu.o" "/opt/rustwide/target/debug/examples/upserts-2f82012342d7c8f5.upserts.243d9b7e-cgu.6.rcgu.o" "/opt/rustwide/target/debug/examples/upserts-2f82012342d7c8f5.upserts.243d9b7e-cgu.7.rcgu.o" "/opt/rustwide/target/debug/examples/upserts-2f82012342d7c8f5.upserts.243d9b7e-cgu.8.rcgu.o" "/opt/rustwide/target/debug/examples/upserts-2f82012342d7c8f5.upserts.243d9b7e-cgu.9.rcgu.o" "/opt/rustwide/target/debug/examples/upserts-2f82012342d7c8f5.e63gmwwg9hobo8.rcgu.o" "-Wl,--as-needed" "-L" "/opt/rustwide/target/debug/deps" "-L" "/opt/rustwide/target/debug/build/ring-8c16891ab0d53731/out" "-L" "/opt/rustwide/rustup-home/toolchains/1.69.0-x86_64-unknown-linux-gnu/lib/rustlib/x86_64-unknown-linux-gnu/lib" "-Wl,-Bstatic" "/opt/rustwide/target/debug/deps/librust_sync_force-a36e391eb2dcabea.rlib" "/opt/rustwide/target/debug/deps/libregex-51ca41eb01143772.rlib" "/opt/rustwide/target/debug/deps/libaho_corasick-d997a831bf3838c4.rlib" "/opt/rustwide/target/debug/deps/libmemchr-e30a17317ff1667e.rlib" "/opt/rustwide/target/debug/deps/libregex_syntax-818c2f7eeae25f7c.rlib" "/opt/rustwide/target/debug/deps/libureq-aece28737712a07a.rlib" "/opt/rustwide/target/debug/deps/libwebpki_roots-632b6ff3b90c4e8c.rlib" "/opt/rustwide/target/debug/deps/libbase64-007e7c1fbda2b30a.rlib" "/opt/rustwide/target/debug/deps/librustls-23e0301339572b6f.rlib" "/opt/rustwide/target/debug/deps/libsct-45a842588182a0e4.rlib" "/opt/rustwide/target/debug/deps/libwebpki-febe0c2074867feb.rlib" "/opt/rustwide/target/debug/deps/libring-84408f97dcabab42.rlib" "/opt/rustwide/target/debug/deps/libspin-ba7f384cfb4b159f.rlib" "/opt/rustwide/target/debug/deps/libuntrusted-ec41ab00ed225515.rlib" "/opt/rustwide/target/debug/deps/liblibc-c197e4a4ffa27d8d.rlib" "/opt/rustwide/target/debug/deps/libserde_json-c785d8cb6c637ef8.rlib" "/opt/rustwide/target/debug/deps/libryu-c4f7d8e5c0b9ddbd.rlib" "/opt/rustwide/target/debug/deps/libitoa-b071e49db4f1be66.rlib" "/opt/rustwide/target/debug/deps/libonce_cell-8aff6566bc060fbc.rlib" "/opt/rustwide/target/debug/deps/libflate2-2149cc4b464c37d4.rlib" "/opt/rustwide/target/debug/deps/libminiz_oxide-5f6512eb7f80c57b.rlib" "/opt/rustwide/target/debug/deps/libadler-478247d24f5486f3.rlib" "/opt/rustwide/target/debug/deps/libcrc32fast-104e9b895f0c2d44.rlib" "/opt/rustwide/target/debug/deps/libserde-4865361817b3427e.rlib" "/opt/rustwide/target/debug/deps/liblog-50c946da9511fc97.rlib" "/opt/rustwide/target/debug/deps/libcfg_if-e5e118dd7d121aaa.rlib" "/opt/rustwide/target/debug/deps/liburl-c8d6456f68e73ce0.rlib" "/opt/rustwide/target/debug/deps/libidna-cb4c783f9c123a86.rlib" "/opt/rustwide/target/debug/deps/libunicode_normalization-c554880fa2f51f46.rlib" "/opt/rustwide/target/debug/deps/libtinyvec-bd37ba815ea6de81.rlib" "/opt/rustwide/target/debug/deps/libtinyvec_macros-5ffb2ea8a2d866f2.rlib" "/opt/rustwide/target/debug/deps/libunicode_bidi-ff7cd0a8e7d14628.rlib" "/opt/rustwide/target/debug/deps/libform_urlencoded-0fe912f6e457e008.rlib" "/opt/rustwide/target/debug/deps/libpercent_encoding-5186c2668f567217.rlib" "/opt/rustwide/target/debug/deps/libmatches-278cbf5ab72c0d9c.rlib" "/opt/rustwide/target/debug/deps/libthiserror-e0fc57ba3f807d0e.rlib" "/opt/rustwide/rustup-home/toolchains/1.69.0-x86_64-unknown-linux-gnu/lib/rustlib/x86_64-unknown-linux-gnu/lib/libstd-89bc084783fdc439.rlib" "/opt/rustwide/rustup-home/toolchains/1.69.0-x86_64-unknown-linux-gnu/lib/rustlib/x86_64-unknown-linux-gnu/lib/libpanic_unwind-8bee4b287d4367c1.rlib" "/opt/rustwide/rustup-home/toolchains/1.69.0-x86_64-unknown-linux-gnu/lib/rustlib/x86_64-unknown-linux-gnu/lib/libobject-d61707aed80694c0.rlib" "/opt/rustwide/rustup-home/toolchains/1.69.0-x86_64-unknown-linux-gnu/lib/rustlib/x86_64-unknown-linux-gnu/lib/libmemchr-d85366256f22345b.rlib" "/opt/rustwide/rustup-home/toolchains/1.69.0-x86_64-unknown-linux-gnu/lib/rustlib/x86_64-unknown-linux-gnu/lib/libaddr2line-96069b86b8a8cae9.rlib" "/opt/rustwide/rustup-home/toolchains/1.69.0-x86_64-unknown-linux-gnu/lib/rustlib/x86_64-unknown-linux-gnu/lib/libgimli-d19d53abf68dfa6c.rlib" "/opt/rustwide/rustup-home/toolchains/1.69.0-x86_64-unknown-linux-gnu/lib/rustlib/x86_64-unknown-linux-gnu/lib/librustc_demangle-787cbccd19d64ac6.rlib" "/opt/rustwide/rustup-home/toolchains/1.69.0-x86_64-unknown-linux-gnu/lib/rustlib/x86_64-unknown-linux-gnu/lib/libstd_detect-b3837a36b830e0d0.rlib" "/opt/rustwide/rustup-home/toolchains/1.69.0-x86_64-unknown-linux-gnu/lib/rustlib/x86_64-unknown-linux-gnu/lib/libhashbrown-e3deb0e7e3f04966.rlib" "/opt/rustwide/rustup-home/toolchains/1.69.0-x86_64-unknown-linux-gnu/lib/rustlib/x86_64-unknown-linux-gnu/lib/libminiz_oxide-dabbb79c9815def4.rlib" "/opt/rustwide/rustup-home/toolchains/1.69.0-x86_64-unknown-linux-gnu/lib/rustlib/x86_64-unknown-linux-gnu/lib/libadler-305b01f34c9409f2.rlib" "/opt/rustwide/rustup-home/toolchains/1.69.0-x86_64-unknown-linux-gnu/lib/rustlib/x86_64-unknown-linux-gnu/lib/librustc_std_workspace_alloc-f833521df6074e73.rlib" "/opt/rustwide/rustup-home/toolchains/1.69.0-x86_64-unknown-linux-gnu/lib/rustlib/x86_64-unknown-linux-gnu/lib/libunwind-9ac333113350d171.rlib" "/opt/rustwide/rustup-home/toolchains/1.69.0-x86_64-unknown-linux-gnu/lib/rustlib/x86_64-unknown-linux-gnu/lib/libcfg_if-1c126114322d0eee.rlib" "/opt/rustwide/rustup-home/toolchains/1.69.0-x86_64-unknown-linux-gnu/lib/rustlib/x86_64-unknown-linux-gnu/lib/liblibc-bad9164fdeeecf92.rlib" "/opt/rustwide/rustup-home/toolchains/1.69.0-x86_64-unknown-linux-gnu/lib/rustlib/x86_64-unknown-linux-gnu/lib/liballoc-f9374b1e480fa681.rlib" "/opt/rustwide/rustup-home/toolchains/1.69.0-x86_64-unknown-linux-gnu/lib/rustlib/x86_64-unknown-linux-gnu/lib/librustc_std_workspace_core-207f06e41d9603af.rlib" "/opt/rustwide/rustup-home/toolchains/1.69.0-x86_64-unknown-linux-gnu/lib/rustlib/x86_64-unknown-linux-gnu/lib/libcore-7e2768e66e984e85.rlib" "/opt/rustwide/rustup-home/toolchains/1.69.0-x86_64-unknown-linux-gnu/lib/rustlib/x86_64-unknown-linux-gnu/lib/libcompiler_builtins-957b4aff41f8cd46.rlib" "-Wl,-Bdynamic" "-lgcc_s" "-lutil" "-lrt" "-lpthread" "-lm" "-ldl" "-lc" "-Wl,--eh-frame-hdr" "-Wl,-z,noexecstack" "-L" "/opt/rustwide/rustup-home/toolchains/1.69.0-x86_64-unknown-linux-gnu/lib/rustlib/x86_64-unknown-linux-gnu/lib" "-o" "/opt/rustwide/target/debug/examples/upserts-2f82012342d7c8f5" "-Wl,--gc-sections" "-pie" "-Wl,-z,relro,-z,now" "-nodefaultlibs"
[INFO] [stdout]   = note: collect2: fatal error: ld terminated with signal 9 [Killed]
[INFO] [stdout]           compilation terminated.
[INFO] [stdout]           
[INFO] [stdout] 
[INFO] [stdout] 
[INFO] [stdout] error: aborting due to previous error
[INFO] [stdout] 
[INFO] [stdout] 
[INFO] [stderr] error: could not compile `rust_sync_force` due to 2 previous errors
[INFO] [stdout] error: linking with `cc` failed: exit status: 1
[INFO] [stdout]   |
[INFO] [stdout]   = note: LC_ALL="C" PATH="/opt/rustwide/rustup-home/toolchains/1.69.0-x86_64-unknown-linux-gnu/lib/rustlib/x86_64-unknown-linux-gnu/bin:/opt/rustwide/cargo-home/bin:/usr/local/sbin:/usr/local/bin:/usr/sbin:/usr/bin:/sbin:/bin" VSLANG="1033" "cc" "-m64" "/tmp/rustc5P4OkS/symbols.o" "/opt/rustwide/target/debug/examples/update-2c7fb63c35fba0e0.update.723b492b-cgu.0.rcgu.o" "/opt/rustwide/target/debug/examples/update-2c7fb63c35fba0e0.update.723b492b-cgu.1.rcgu.o" "/opt/rustwide/target/debug/examples/update-2c7fb63c35fba0e0.update.723b492b-cgu.10.rcgu.o" "/opt/rustwide/target/debug/examples/update-2c7fb63c35fba0e0.update.723b492b-cgu.11.rcgu.o" "/opt/rustwide/target/debug/examples/update-2c7fb63c35fba0e0.update.723b492b-cgu.12.rcgu.o" "/opt/rustwide/target/debug/examples/update-2c7fb63c35fba0e0.update.723b492b-cgu.13.rcgu.o" "/opt/rustwide/target/debug/examples/update-2c7fb63c35fba0e0.update.723b492b-cgu.14.rcgu.o" "/opt/rustwide/target/debug/examples/update-2c7fb63c35fba0e0.update.723b492b-cgu.15.rcgu.o" "/opt/rustwide/target/debug/examples/update-2c7fb63c35fba0e0.update.723b492b-cgu.2.rcgu.o" "/opt/rustwide/target/debug/examples/update-2c7fb63c35fba0e0.update.723b492b-cgu.3.rcgu.o" "/opt/rustwide/target/debug/examples/update-2c7fb63c35fba0e0.update.723b492b-cgu.4.rcgu.o" "/opt/rustwide/target/debug/examples/update-2c7fb63c35fba0e0.update.723b492b-cgu.5.rcgu.o" "/opt/rustwide/target/debug/examples/update-2c7fb63c35fba0e0.update.723b492b-cgu.6.rcgu.o" "/opt/rustwide/target/debug/examples/update-2c7fb63c35fba0e0.update.723b492b-cgu.7.rcgu.o" "/opt/rustwide/target/debug/examples/update-2c7fb63c35fba0e0.update.723b492b-cgu.8.rcgu.o" "/opt/rustwide/target/debug/examples/update-2c7fb63c35fba0e0.update.723b492b-cgu.9.rcgu.o" "/opt/rustwide/target/debug/examples/update-2c7fb63c35fba0e0.1gl4uvg9r61j4zwu.rcgu.o" "-Wl,--as-needed" "-L" "/opt/rustwide/target/debug/deps" "-L" "/opt/rustwide/target/debug/build/ring-8c16891ab0d53731/out" "-L" "/opt/rustwide/rustup-home/toolchains/1.69.0-x86_64-unknown-linux-gnu/lib/rustlib/x86_64-unknown-linux-gnu/lib" "-Wl,-Bstatic" "/opt/rustwide/target/debug/deps/librust_sync_force-a36e391eb2dcabea.rlib" "/opt/rustwide/target/debug/deps/libregex-51ca41eb01143772.rlib" "/opt/rustwide/target/debug/deps/libaho_corasick-d997a831bf3838c4.rlib" "/opt/rustwide/target/debug/deps/libmemchr-e30a17317ff1667e.rlib" "/opt/rustwide/target/debug/deps/libregex_syntax-818c2f7eeae25f7c.rlib" "/opt/rustwide/target/debug/deps/libureq-aece28737712a07a.rlib" "/opt/rustwide/target/debug/deps/libwebpki_roots-632b6ff3b90c4e8c.rlib" "/opt/rustwide/target/debug/deps/libbase64-007e7c1fbda2b30a.rlib" "/opt/rustwide/target/debug/deps/librustls-23e0301339572b6f.rlib" "/opt/rustwide/target/debug/deps/libsct-45a842588182a0e4.rlib" "/opt/rustwide/target/debug/deps/libwebpki-febe0c2074867feb.rlib" "/opt/rustwide/target/debug/deps/libring-84408f97dcabab42.rlib" "/opt/rustwide/target/debug/deps/libspin-ba7f384cfb4b159f.rlib" "/opt/rustwide/target/debug/deps/libuntrusted-ec41ab00ed225515.rlib" "/opt/rustwide/target/debug/deps/liblibc-c197e4a4ffa27d8d.rlib" "/opt/rustwide/target/debug/deps/libserde_json-c785d8cb6c637ef8.rlib" "/opt/rustwide/target/debug/deps/libryu-c4f7d8e5c0b9ddbd.rlib" "/opt/rustwide/target/debug/deps/libitoa-b071e49db4f1be66.rlib" "/opt/rustwide/target/debug/deps/libonce_cell-8aff6566bc060fbc.rlib" "/opt/rustwide/target/debug/deps/libflate2-2149cc4b464c37d4.rlib" "/opt/rustwide/target/debug/deps/libminiz_oxide-5f6512eb7f80c57b.rlib" "/opt/rustwide/target/debug/deps/libadler-478247d24f5486f3.rlib" "/opt/rustwide/target/debug/deps/libcrc32fast-104e9b895f0c2d44.rlib" "/opt/rustwide/target/debug/deps/libserde-4865361817b3427e.rlib" "/opt/rustwide/target/debug/deps/liblog-50c946da9511fc97.rlib" "/opt/rustwide/target/debug/deps/libcfg_if-e5e118dd7d121aaa.rlib" "/opt/rustwide/target/debug/deps/liburl-c8d6456f68e73ce0.rlib" "/opt/rustwide/target/debug/deps/libidna-cb4c783f9c123a86.rlib" "/opt/rustwide/target/debug/deps/libunicode_normalization-c554880fa2f51f46.rlib" "/opt/rustwide/target/debug/deps/libtinyvec-bd37ba815ea6de81.rlib" "/opt/rustwide/target/debug/deps/libtinyvec_macros-5ffb2ea8a2d866f2.rlib" "/opt/rustwide/target/debug/deps/libunicode_bidi-ff7cd0a8e7d14628.rlib" "/opt/rustwide/target/debug/deps/libform_urlencoded-0fe912f6e457e008.rlib" "/opt/rustwide/target/debug/deps/libpercent_encoding-5186c2668f567217.rlib" "/opt/rustwide/target/debug/deps/libmatches-278cbf5ab72c0d9c.rlib" "/opt/rustwide/target/debug/deps/libthiserror-e0fc57ba3f807d0e.rlib" "/opt/rustwide/rustup-home/toolchains/1.69.0-x86_64-unknown-linux-gnu/lib/rustlib/x86_64-unknown-linux-gnu/lib/libstd-89bc084783fdc439.rlib" "/opt/rustwide/rustup-home/toolchains/1.69.0-x86_64-unknown-linux-gnu/lib/rustlib/x86_64-unknown-linux-gnu/lib/libpanic_unwind-8bee4b287d4367c1.rlib" "/opt/rustwide/rustup-home/toolchains/1.69.0-x86_64-unknown-linux-gnu/lib/rustlib/x86_64-unknown-linux-gnu/lib/libobject-d61707aed80694c0.rlib" "/opt/rustwide/rustup-home/toolchains/1.69.0-x86_64-unknown-linux-gnu/lib/rustlib/x86_64-unknown-linux-gnu/lib/libmemchr-d85366256f22345b.rlib" "/opt/rustwide/rustup-home/toolchains/1.69.0-x86_64-unknown-linux-gnu/lib/rustlib/x86_64-unknown-linux-gnu/lib/libaddr2line-96069b86b8a8cae9.rlib" "/opt/rustwide/rustup-home/toolchains/1.69.0-x86_64-unknown-linux-gnu/lib/rustlib/x86_64-unknown-linux-gnu/lib/libgimli-d19d53abf68dfa6c.rlib" "/opt/rustwide/rustup-home/toolchains/1.69.0-x86_64-unknown-linux-gnu/lib/rustlib/x86_64-unknown-linux-gnu/lib/librustc_demangle-787cbccd19d64ac6.rlib" "/opt/rustwide/rustup-home/toolchains/1.69.0-x86_64-unknown-linux-gnu/lib/rustlib/x86_64-unknown-linux-gnu/lib/libstd_detect-b3837a36b830e0d0.rlib" "/opt/rustwide/rustup-home/toolchains/1.69.0-x86_64-unknown-linux-gnu/lib/rustlib/x86_64-unknown-linux-gnu/lib/libhashbrown-e3deb0e7e3f04966.rlib" "/opt/rustwide/rustup-home/toolchains/1.69.0-x86_64-unknown-linux-gnu/lib/rustlib/x86_64-unknown-linux-gnu/lib/libminiz_oxide-dabbb79c9815def4.rlib" "/opt/rustwide/rustup-home/toolchains/1.69.0-x86_64-unknown-linux-gnu/lib/rustlib/x86_64-unknown-linux-gnu/lib/libadler-305b01f34c9409f2.rlib" "/opt/rustwide/rustup-home/toolchains/1.69.0-x86_64-unknown-linux-gnu/lib/rustlib/x86_64-unknown-linux-gnu/lib/librustc_std_workspace_alloc-f833521df6074e73.rlib" "/opt/rustwide/rustup-home/toolchains/1.69.0-x86_64-unknown-linux-gnu/lib/rustlib/x86_64-unknown-linux-gnu/lib/libunwind-9ac333113350d171.rlib" "/opt/rustwide/rustup-home/toolchains/1.69.0-x86_64-unknown-linux-gnu/lib/rustlib/x86_64-unknown-linux-gnu/lib/libcfg_if-1c126114322d0eee.rlib" "/opt/rustwide/rustup-home/toolchains/1.69.0-x86_64-unknown-linux-gnu/lib/rustlib/x86_64-unknown-linux-gnu/lib/liblibc-bad9164fdeeecf92.rlib" "/opt/rustwide/rustup-home/toolchains/1.69.0-x86_64-unknown-linux-gnu/lib/rustlib/x86_64-unknown-linux-gnu/lib/liballoc-f9374b1e480fa681.rlib" "/opt/rustwide/rustup-home/toolchains/1.69.0-x86_64-unknown-linux-gnu/lib/rustlib/x86_64-unknown-linux-gnu/lib/librustc_std_workspace_core-207f06e41d9603af.rlib" "/opt/rustwide/rustup-home/toolchains/1.69.0-x86_64-unknown-linux-gnu/lib/rustlib/x86_64-unknown-linux-gnu/lib/libcore-7e2768e66e984e85.rlib" "/opt/rustwide/rustup-home/toolchains/1.69.0-x86_64-unknown-linux-gnu/lib/rustlib/x86_64-unknown-linux-gnu/lib/libcompiler_builtins-957b4aff41f8cd46.rlib" "-Wl,-Bdynamic" "-lgcc_s" "-lutil" "-lrt" "-lpthread" "-lm" "-ldl" "-lc" "-Wl,--eh-frame-hdr" "-Wl,-z,noexecstack" "-L" "/opt/rustwide/rustup-home/toolchains/1.69.0-x86_64-unknown-linux-gnu/lib/rustlib/x86_64-unknown-linux-gnu/lib" "-o" "/opt/rustwide/target/debug/examples/update-2c7fb63c35fba0e0" "-Wl,--gc-sections" "-pie" "-Wl,-z,relro,-z,now" "-nodefaultlibs"
[INFO] [stdout]   = note: collect2: fatal error: ld terminated with signal 9 [Killed]
[INFO] [stdout]           compilation terminated.
[INFO] [stdout]           
[INFO] [stdout] 
[INFO] [stdout] 
[INFO] [stdout] error: aborting due to previous error
[INFO] [stdout] 
[INFO] [stdout] 
[INFO] [stderr] error: could not compile `rust_sync_force` due to 2 previous errors
[INFO] [stdout] error: linking with `cc` failed: exit status: 1
[INFO] [stdout]   |
[INFO] [stdout]   = note: LC_ALL="C" PATH="/opt/rustwide/rustup-home/toolchains/1.69.0-x86_64-unknown-linux-gnu/lib/rustlib/x86_64-unknown-linux-gnu/bin:/opt/rustwide/cargo-home/bin:/usr/local/sbin:/usr/local/bin:/usr/sbin:/usr/bin:/sbin:/bin" VSLANG="1033" "cc" "-m64" "/tmp/rustcinjuEp/symbols.o" "/opt/rustwide/target/debug/examples/upsert-8b72dd0048210db7.upsert.22b11065-cgu.0.rcgu.o" "/opt/rustwide/target/debug/examples/upsert-8b72dd0048210db7.upsert.22b11065-cgu.1.rcgu.o" "/opt/rustwide/target/debug/examples/upsert-8b72dd0048210db7.upsert.22b11065-cgu.10.rcgu.o" "/opt/rustwide/target/debug/examples/upsert-8b72dd0048210db7.upsert.22b11065-cgu.11.rcgu.o" "/opt/rustwide/target/debug/examples/upsert-8b72dd0048210db7.upsert.22b11065-cgu.12.rcgu.o" "/opt/rustwide/target/debug/examples/upsert-8b72dd0048210db7.upsert.22b11065-cgu.13.rcgu.o" "/opt/rustwide/target/debug/examples/upsert-8b72dd0048210db7.upsert.22b11065-cgu.14.rcgu.o" "/opt/rustwide/target/debug/examples/upsert-8b72dd0048210db7.upsert.22b11065-cgu.15.rcgu.o" "/opt/rustwide/target/debug/examples/upsert-8b72dd0048210db7.upsert.22b11065-cgu.2.rcgu.o" "/opt/rustwide/target/debug/examples/upsert-8b72dd0048210db7.upsert.22b11065-cgu.3.rcgu.o" "/opt/rustwide/target/debug/examples/upsert-8b72dd0048210db7.upsert.22b11065-cgu.4.rcgu.o" "/opt/rustwide/target/debug/examples/upsert-8b72dd0048210db7.upsert.22b11065-cgu.5.rcgu.o" "/opt/rustwide/target/debug/examples/upsert-8b72dd0048210db7.upsert.22b11065-cgu.6.rcgu.o" "/opt/rustwide/target/debug/examples/upsert-8b72dd0048210db7.upsert.22b11065-cgu.7.rcgu.o" "/opt/rustwide/target/debug/examples/upsert-8b72dd0048210db7.upsert.22b11065-cgu.8.rcgu.o" "/opt/rustwide/target/debug/examples/upsert-8b72dd0048210db7.upsert.22b11065-cgu.9.rcgu.o" "/opt/rustwide/target/debug/examples/upsert-8b72dd0048210db7.4z0f0lny1krwye1n.rcgu.o" "-Wl,--as-needed" "-L" "/opt/rustwide/target/debug/deps" "-L" "/opt/rustwide/target/debug/build/ring-8c16891ab0d53731/out" "-L" "/opt/rustwide/rustup-home/toolchains/1.69.0-x86_64-unknown-linux-gnu/lib/rustlib/x86_64-unknown-linux-gnu/lib" "-Wl,-Bstatic" "/opt/rustwide/target/debug/deps/librust_sync_force-a36e391eb2dcabea.rlib" "/opt/rustwide/target/debug/deps/libregex-51ca41eb01143772.rlib" "/opt/rustwide/target/debug/deps/libaho_corasick-d997a831bf3838c4.rlib" "/opt/rustwide/target/debug/deps/libmemchr-e30a17317ff1667e.rlib" "/opt/rustwide/target/debug/deps/libregex_syntax-818c2f7eeae25f7c.rlib" "/opt/rustwide/target/debug/deps/libureq-aece28737712a07a.rlib" "/opt/rustwide/target/debug/deps/libwebpki_roots-632b6ff3b90c4e8c.rlib" "/opt/rustwide/target/debug/deps/libbase64-007e7c1fbda2b30a.rlib" "/opt/rustwide/target/debug/deps/librustls-23e0301339572b6f.rlib" "/opt/rustwide/target/debug/deps/libsct-45a842588182a0e4.rlib" "/opt/rustwide/target/debug/deps/libwebpki-febe0c2074867feb.rlib" "/opt/rustwide/target/debug/deps/libring-84408f97dcabab42.rlib" "/opt/rustwide/target/debug/deps/libspin-ba7f384cfb4b159f.rlib" "/opt/rustwide/target/debug/deps/libuntrusted-ec41ab00ed225515.rlib" "/opt/rustwide/target/debug/deps/liblibc-c197e4a4ffa27d8d.rlib" "/opt/rustwide/target/debug/deps/libserde_json-c785d8cb6c637ef8.rlib" "/opt/rustwide/target/debug/deps/libryu-c4f7d8e5c0b9ddbd.rlib" "/opt/rustwide/target/debug/deps/libitoa-b071e49db4f1be66.rlib" "/opt/rustwide/target/debug/deps/libonce_cell-8aff6566bc060fbc.rlib" "/opt/rustwide/target/debug/deps/libflate2-2149cc4b464c37d4.rlib" "/opt/rustwide/target/debug/deps/libminiz_oxide-5f6512eb7f80c57b.rlib" "/opt/rustwide/target/debug/deps/libadler-478247d24f5486f3.rlib" "/opt/rustwide/target/debug/deps/libcrc32fast-104e9b895f0c2d44.rlib" "/opt/rustwide/target/debug/deps/libserde-4865361817b3427e.rlib" "/opt/rustwide/target/debug/deps/liblog-50c946da9511fc97.rlib" "/opt/rustwide/target/debug/deps/libcfg_if-e5e118dd7d121aaa.rlib" "/opt/rustwide/target/debug/deps/liburl-c8d6456f68e73ce0.rlib" "/opt/rustwide/target/debug/deps/libidna-cb4c783f9c123a86.rlib" "/opt/rustwide/target/debug/deps/libunicode_normalization-c554880fa2f51f46.rlib" "/opt/rustwide/target/debug/deps/libtinyvec-bd37ba815ea6de81.rlib" "/opt/rustwide/target/debug/deps/libtinyvec_macros-5ffb2ea8a2d866f2.rlib" "/opt/rustwide/target/debug/deps/libunicode_bidi-ff7cd0a8e7d14628.rlib" "/opt/rustwide/target/debug/deps/libform_urlencoded-0fe912f6e457e008.rlib" "/opt/rustwide/target/debug/deps/libpercent_encoding-5186c2668f567217.rlib" "/opt/rustwide/target/debug/deps/libmatches-278cbf5ab72c0d9c.rlib" "/opt/rustwide/target/debug/deps/libthiserror-e0fc57ba3f807d0e.rlib" "/opt/rustwide/rustup-home/toolchains/1.69.0-x86_64-unknown-linux-gnu/lib/rustlib/x86_64-unknown-linux-gnu/lib/libstd-89bc084783fdc439.rlib" "/opt/rustwide/rustup-home/toolchains/1.69.0-x86_64-unknown-linux-gnu/lib/rustlib/x86_64-unknown-linux-gnu/lib/libpanic_unwind-8bee4b287d4367c1.rlib" "/opt/rustwide/rustup-home/toolchains/1.69.0-x86_64-unknown-linux-gnu/lib/rustlib/x86_64-unknown-linux-gnu/lib/libobject-d61707aed80694c0.rlib" "/opt/rustwide/rustup-home/toolchains/1.69.0-x86_64-unknown-linux-gnu/lib/rustlib/x86_64-unknown-linux-gnu/lib/libmemchr-d85366256f22345b.rlib" "/opt/rustwide/rustup-home/toolchains/1.69.0-x86_64-unknown-linux-gnu/lib/rustlib/x86_64-unknown-linux-gnu/lib/libaddr2line-96069b86b8a8cae9.rlib" "/opt/rustwide/rustup-home/toolchains/1.69.0-x86_64-unknown-linux-gnu/lib/rustlib/x86_64-unknown-linux-gnu/lib/libgimli-d19d53abf68dfa6c.rlib" "/opt/rustwide/rustup-home/toolchains/1.69.0-x86_64-unknown-linux-gnu/lib/rustlib/x86_64-unknown-linux-gnu/lib/librustc_demangle-787cbccd19d64ac6.rlib" "/opt/rustwide/rustup-home/toolchains/1.69.0-x86_64-unknown-linux-gnu/lib/rustlib/x86_64-unknown-linux-gnu/lib/libstd_detect-b3837a36b830e0d0.rlib" "/opt/rustwide/rustup-home/toolchains/1.69.0-x86_64-unknown-linux-gnu/lib/rustlib/x86_64-unknown-linux-gnu/lib/libhashbrown-e3deb0e7e3f04966.rlib" "/opt/rustwide/rustup-home/toolchains/1.69.0-x86_64-unknown-linux-gnu/lib/rustlib/x86_64-unknown-linux-gnu/lib/libminiz_oxide-dabbb79c9815def4.rlib" "/opt/rustwide/rustup-home/toolchains/1.69.0-x86_64-unknown-linux-gnu/lib/rustlib/x86_64-unknown-linux-gnu/lib/libadler-305b01f34c9409f2.rlib" "/opt/rustwide/rustup-home/toolchains/1.69.0-x86_64-unknown-linux-gnu/lib/rustlib/x86_64-unknown-linux-gnu/lib/librustc_std_workspace_alloc-f833521df6074e73.rlib" "/opt/rustwide/rustup-home/toolchains/1.69.0-x86_64-unknown-linux-gnu/lib/rustlib/x86_64-unknown-linux-gnu/lib/libunwind-9ac333113350d171.rlib" "/opt/rustwide/rustup-home/toolchains/1.69.0-x86_64-unknown-linux-gnu/lib/rustlib/x86_64-unknown-linux-gnu/lib/libcfg_if-1c126114322d0eee.rlib" "/opt/rustwide/rustup-home/toolchains/1.69.0-x86_64-unknown-linux-gnu/lib/rustlib/x86_64-unknown-linux-gnu/lib/liblibc-bad9164fdeeecf92.rlib" "/opt/rustwide/rustup-home/toolchains/1.69.0-x86_64-unknown-linux-gnu/lib/rustlib/x86_64-unknown-linux-gnu/lib/liballoc-f9374b1e480fa681.rlib" "/opt/rustwide/rustup-home/toolchains/1.69.0-x86_64-unknown-linux-gnu/lib/rustlib/x86_64-unknown-linux-gnu/lib/librustc_std_workspace_core-207f06e41d9603af.rlib" "/opt/rustwide/rustup-home/toolchains/1.69.0-x86_64-unknown-linux-gnu/lib/rustlib/x86_64-unknown-linux-gnu/lib/libcore-7e2768e66e984e85.rlib" "/opt/rustwide/rustup-home/toolchains/1.69.0-x86_64-unknown-linux-gnu/lib/rustlib/x86_64-unknown-linux-gnu/lib/libcompiler_builtins-957b4aff41f8cd46.rlib" "-Wl,-Bdynamic" "-lgcc_s" "-lutil" "-lrt" "-lpthread" "-lm" "-ldl" "-lc" "-Wl,--eh-frame-hdr" "-Wl,-z,noexecstack" "-L" "/opt/rustwide/rustup-home/toolchains/1.69.0-x86_64-unknown-linux-gnu/lib/rustlib/x86_64-unknown-linux-gnu/lib" "-o" "/opt/rustwide/target/debug/examples/upsert-8b72dd0048210db7" "-Wl,--gc-sections" "-pie" "-Wl,-z,relro,-z,now" "-nodefaultlibs"
[INFO] [stdout]   = note: collect2: fatal error: ld terminated with signal 9 [Killed]
[INFO] [stdout]           compilation terminated.
[INFO] [stdout]           
[INFO] [stdout] 
[INFO] [stdout] 
[INFO] [stdout] error: aborting due to previous error
[INFO] [stdout] 
[INFO] [stdout] 
[INFO] [stderr] error: could not compile `rust_sync_force` due to 2 previous errors
[INFO] [stdout] error: linking with `cc` failed: exit status: 1
[INFO] [stdout]   |
[INFO] [stdout]   = note: LC_ALL="C" PATH="/opt/rustwide/rustup-home/toolchains/1.69.0-x86_64-unknown-linux-gnu/lib/rustlib/x86_64-unknown-linux-gnu/bin:/opt/rustwide/cargo-home/bin:/usr/local/sbin:/usr/local/bin:/usr/sbin:/usr/bin:/sbin:/bin" VSLANG="1033" "cc" "-m64" "/tmp/rustcIITpXm/symbols.o" "/opt/rustwide/target/debug/examples/login_by_soap-d5015ff2978ca298.login_by_soap.d41bac88-cgu.0.rcgu.o" "/opt/rustwide/target/debug/examples/login_by_soap-d5015ff2978ca298.login_by_soap.d41bac88-cgu.1.rcgu.o" "/opt/rustwide/target/debug/examples/login_by_soap-d5015ff2978ca298.login_by_soap.d41bac88-cgu.2.rcgu.o" "/opt/rustwide/target/debug/examples/login_by_soap-d5015ff2978ca298.login_by_soap.d41bac88-cgu.3.rcgu.o" "/opt/rustwide/target/debug/examples/login_by_soap-d5015ff2978ca298.login_by_soap.d41bac88-cgu.4.rcgu.o" "/opt/rustwide/target/debug/examples/login_by_soap-d5015ff2978ca298.login_by_soap.d41bac88-cgu.5.rcgu.o" "/opt/rustwide/target/debug/examples/login_by_soap-d5015ff2978ca298.login_by_soap.d41bac88-cgu.6.rcgu.o" "/opt/rustwide/target/debug/examples/login_by_soap-d5015ff2978ca298.211olgyplcpq7e4d.rcgu.o" "-Wl,--as-needed" "-L" "/opt/rustwide/target/debug/deps" "-L" "/opt/rustwide/target/debug/build/ring-8c16891ab0d53731/out" "-L" "/opt/rustwide/rustup-home/toolchains/1.69.0-x86_64-unknown-linux-gnu/lib/rustlib/x86_64-unknown-linux-gnu/lib" "-Wl,-Bstatic" "/opt/rustwide/target/debug/deps/librust_sync_force-a36e391eb2dcabea.rlib" "/opt/rustwide/target/debug/deps/libregex-51ca41eb01143772.rlib" "/opt/rustwide/target/debug/deps/libaho_corasick-d997a831bf3838c4.rlib" "/opt/rustwide/target/debug/deps/libmemchr-e30a17317ff1667e.rlib" "/opt/rustwide/target/debug/deps/libregex_syntax-818c2f7eeae25f7c.rlib" "/opt/rustwide/target/debug/deps/libureq-aece28737712a07a.rlib" "/opt/rustwide/target/debug/deps/libwebpki_roots-632b6ff3b90c4e8c.rlib" "/opt/rustwide/target/debug/deps/libbase64-007e7c1fbda2b30a.rlib" "/opt/rustwide/target/debug/deps/librustls-23e0301339572b6f.rlib" "/opt/rustwide/target/debug/deps/libsct-45a842588182a0e4.rlib" "/opt/rustwide/target/debug/deps/libwebpki-febe0c2074867feb.rlib" "/opt/rustwide/target/debug/deps/libring-84408f97dcabab42.rlib" "/opt/rustwide/target/debug/deps/libspin-ba7f384cfb4b159f.rlib" "/opt/rustwide/target/debug/deps/libuntrusted-ec41ab00ed225515.rlib" "/opt/rustwide/target/debug/deps/liblibc-c197e4a4ffa27d8d.rlib" "/opt/rustwide/target/debug/deps/libserde_json-c785d8cb6c637ef8.rlib" "/opt/rustwide/target/debug/deps/libryu-c4f7d8e5c0b9ddbd.rlib" "/opt/rustwide/target/debug/deps/libitoa-b071e49db4f1be66.rlib" "/opt/rustwide/target/debug/deps/libonce_cell-8aff6566bc060fbc.rlib" "/opt/rustwide/target/debug/deps/libflate2-2149cc4b464c37d4.rlib" "/opt/rustwide/target/debug/deps/libminiz_oxide-5f6512eb7f80c57b.rlib" "/opt/rustwide/target/debug/deps/libadler-478247d24f5486f3.rlib" "/opt/rustwide/target/debug/deps/libcrc32fast-104e9b895f0c2d44.rlib" "/opt/rustwide/target/debug/deps/libserde-4865361817b3427e.rlib" "/opt/rustwide/target/debug/deps/liblog-50c946da9511fc97.rlib" "/opt/rustwide/target/debug/deps/libcfg_if-e5e118dd7d121aaa.rlib" "/opt/rustwide/target/debug/deps/liburl-c8d6456f68e73ce0.rlib" "/opt/rustwide/target/debug/deps/libidna-cb4c783f9c123a86.rlib" "/opt/rustwide/target/debug/deps/libunicode_normalization-c554880fa2f51f46.rlib" "/opt/rustwide/target/debug/deps/libtinyvec-bd37ba815ea6de81.rlib" "/opt/rustwide/target/debug/deps/libtinyvec_macros-5ffb2ea8a2d866f2.rlib" "/opt/rustwide/target/debug/deps/libunicode_bidi-ff7cd0a8e7d14628.rlib" "/opt/rustwide/target/debug/deps/libform_urlencoded-0fe912f6e457e008.rlib" "/opt/rustwide/target/debug/deps/libpercent_encoding-5186c2668f567217.rlib" "/opt/rustwide/target/debug/deps/libmatches-278cbf5ab72c0d9c.rlib" "/opt/rustwide/target/debug/deps/libthiserror-e0fc57ba3f807d0e.rlib" "/opt/rustwide/rustup-home/toolchains/1.69.0-x86_64-unknown-linux-gnu/lib/rustlib/x86_64-unknown-linux-gnu/lib/libstd-89bc084783fdc439.rlib" "/opt/rustwide/rustup-home/toolchains/1.69.0-x86_64-unknown-linux-gnu/lib/rustlib/x86_64-unknown-linux-gnu/lib/libpanic_unwind-8bee4b287d4367c1.rlib" "/opt/rustwide/rustup-home/toolchains/1.69.0-x86_64-unknown-linux-gnu/lib/rustlib/x86_64-unknown-linux-gnu/lib/libobject-d61707aed80694c0.rlib" "/opt/rustwide/rustup-home/toolchains/1.69.0-x86_64-unknown-linux-gnu/lib/rustlib/x86_64-unknown-linux-gnu/lib/libmemchr-d85366256f22345b.rlib" "/opt/rustwide/rustup-home/toolchains/1.69.0-x86_64-unknown-linux-gnu/lib/rustlib/x86_64-unknown-linux-gnu/lib/libaddr2line-96069b86b8a8cae9.rlib" "/opt/rustwide/rustup-home/toolchains/1.69.0-x86_64-unknown-linux-gnu/lib/rustlib/x86_64-unknown-linux-gnu/lib/libgimli-d19d53abf68dfa6c.rlib" "/opt/rustwide/rustup-home/toolchains/1.69.0-x86_64-unknown-linux-gnu/lib/rustlib/x86_64-unknown-linux-gnu/lib/librustc_demangle-787cbccd19d64ac6.rlib" "/opt/rustwide/rustup-home/toolchains/1.69.0-x86_64-unknown-linux-gnu/lib/rustlib/x86_64-unknown-linux-gnu/lib/libstd_detect-b3837a36b830e0d0.rlib" "/opt/rustwide/rustup-home/toolchains/1.69.0-x86_64-unknown-linux-gnu/lib/rustlib/x86_64-unknown-linux-gnu/lib/libhashbrown-e3deb0e7e3f04966.rlib" "/opt/rustwide/rustup-home/toolchains/1.69.0-x86_64-unknown-linux-gnu/lib/rustlib/x86_64-unknown-linux-gnu/lib/libminiz_oxide-dabbb79c9815def4.rlib" "/opt/rustwide/rustup-home/toolchains/1.69.0-x86_64-unknown-linux-gnu/lib/rustlib/x86_64-unknown-linux-gnu/lib/libadler-305b01f34c9409f2.rlib" "/opt/rustwide/rustup-home/toolchains/1.69.0-x86_64-unknown-linux-gnu/lib/rustlib/x86_64-unknown-linux-gnu/lib/librustc_std_workspace_alloc-f833521df6074e73.rlib" "/opt/rustwide/rustup-home/toolchains/1.69.0-x86_64-unknown-linux-gnu/lib/rustlib/x86_64-unknown-linux-gnu/lib/libunwind-9ac333113350d171.rlib" "/opt/rustwide/rustup-home/toolchains/1.69.0-x86_64-unknown-linux-gnu/lib/rustlib/x86_64-unknown-linux-gnu/lib/libcfg_if-1c126114322d0eee.rlib" "/opt/rustwide/rustup-home/toolchains/1.69.0-x86_64-unknown-linux-gnu/lib/rustlib/x86_64-unknown-linux-gnu/lib/liblibc-bad9164fdeeecf92.rlib" "/opt/rustwide/rustup-home/toolchains/1.69.0-x86_64-unknown-linux-gnu/lib/rustlib/x86_64-unknown-linux-gnu/lib/liballoc-f9374b1e480fa681.rlib" "/opt/rustwide/rustup-home/toolchains/1.69.0-x86_64-unknown-linux-gnu/lib/rustlib/x86_64-unknown-linux-gnu/lib/librustc_std_workspace_core-207f06e41d9603af.rlib" "/opt/rustwide/rustup-home/toolchains/1.69.0-x86_64-unknown-linux-gnu/lib/rustlib/x86_64-unknown-linux-gnu/lib/libcore-7e2768e66e984e85.rlib" "/opt/rustwide/rustup-home/toolchains/1.69.0-x86_64-unknown-linux-gnu/lib/rustlib/x86_64-unknown-linux-gnu/lib/libcompiler_builtins-957b4aff41f8cd46.rlib" "-Wl,-Bdynamic" "-lgcc_s" "-lutil" "-lrt" "-lpthread" "-lm" "-ldl" "-lc" "-Wl,--eh-frame-hdr" "-Wl,-z,noexecstack" "-L" "/opt/rustwide/rustup-home/toolchains/1.69.0-x86_64-unknown-linux-gnu/lib/rustlib/x86_64-unknown-linux-gnu/lib" "-o" "/opt/rustwide/target/debug/examples/login_by_soap-d5015ff2978ca298" "-Wl,--gc-sections" "-pie" "-Wl,-z,relro,-z,now" "-nodefaultlibs"
[INFO] [stdout]   = note: collect2: fatal error: ld terminated with signal 9 [Killed]
[INFO] [stdout]           compilation terminated.
[INFO] [stdout]           
[INFO] [stdout] 
[INFO] [stdout] 
[INFO] [stdout] error: aborting due to previous error
[INFO] [stdout] 
[INFO] [stdout] 
[INFO] [stderr] error: could not compile `rust_sync_force` due to 2 previous errors
[INFO] [stdout] error: linking with `cc` failed: exit status: 1
[INFO] [stdout]   |
[INFO] [stdout]   = note: LC_ALL="C" PATH="/opt/rustwide/rustup-home/toolchains/1.69.0-x86_64-unknown-linux-gnu/lib/rustlib/x86_64-unknown-linux-gnu/bin:/opt/rustwide/cargo-home/bin:/usr/local/sbin:/usr/local/bin:/usr/sbin:/usr/bin:/sbin:/bin" VSLANG="1033" "cc" "-m64" "/tmp/rustcr52sTt/symbols.o" "/opt/rustwide/target/debug/examples/describe_global-da7a13730c31c70f.describe_global.b38e561a-cgu.0.rcgu.o" "/opt/rustwide/target/debug/examples/describe_global-da7a13730c31c70f.describe_global.b38e561a-cgu.1.rcgu.o" "/opt/rustwide/target/debug/examples/describe_global-da7a13730c31c70f.describe_global.b38e561a-cgu.2.rcgu.o" "/opt/rustwide/target/debug/examples/describe_global-da7a13730c31c70f.describe_global.b38e561a-cgu.3.rcgu.o" "/opt/rustwide/target/debug/examples/describe_global-da7a13730c31c70f.describe_global.b38e561a-cgu.4.rcgu.o" "/opt/rustwide/target/debug/examples/describe_global-da7a13730c31c70f.describe_global.b38e561a-cgu.5.rcgu.o" "/opt/rustwide/target/debug/examples/describe_global-da7a13730c31c70f.describe_global.b38e561a-cgu.6.rcgu.o" "/opt/rustwide/target/debug/examples/describe_global-da7a13730c31c70f.54nfyq9zrjevx9i8.rcgu.o" "-Wl,--as-needed" "-L" "/opt/rustwide/target/debug/deps" "-L" "/opt/rustwide/target/debug/build/ring-8c16891ab0d53731/out" "-L" "/opt/rustwide/rustup-home/toolchains/1.69.0-x86_64-unknown-linux-gnu/lib/rustlib/x86_64-unknown-linux-gnu/lib" "-Wl,-Bstatic" "/opt/rustwide/target/debug/deps/librust_sync_force-a36e391eb2dcabea.rlib" "/opt/rustwide/target/debug/deps/libregex-51ca41eb01143772.rlib" "/opt/rustwide/target/debug/deps/libaho_corasick-d997a831bf3838c4.rlib" "/opt/rustwide/target/debug/deps/libmemchr-e30a17317ff1667e.rlib" "/opt/rustwide/target/debug/deps/libregex_syntax-818c2f7eeae25f7c.rlib" "/opt/rustwide/target/debug/deps/libureq-aece28737712a07a.rlib" "/opt/rustwide/target/debug/deps/libwebpki_roots-632b6ff3b90c4e8c.rlib" "/opt/rustwide/target/debug/deps/libbase64-007e7c1fbda2b30a.rlib" "/opt/rustwide/target/debug/deps/librustls-23e0301339572b6f.rlib" "/opt/rustwide/target/debug/deps/libsct-45a842588182a0e4.rlib" "/opt/rustwide/target/debug/deps/libwebpki-febe0c2074867feb.rlib" "/opt/rustwide/target/debug/deps/libring-84408f97dcabab42.rlib" "/opt/rustwide/target/debug/deps/libspin-ba7f384cfb4b159f.rlib" "/opt/rustwide/target/debug/deps/libuntrusted-ec41ab00ed225515.rlib" "/opt/rustwide/target/debug/deps/liblibc-c197e4a4ffa27d8d.rlib" "/opt/rustwide/target/debug/deps/libserde_json-c785d8cb6c637ef8.rlib" "/opt/rustwide/target/debug/deps/libryu-c4f7d8e5c0b9ddbd.rlib" "/opt/rustwide/target/debug/deps/libitoa-b071e49db4f1be66.rlib" "/opt/rustwide/target/debug/deps/libonce_cell-8aff6566bc060fbc.rlib" "/opt/rustwide/target/debug/deps/libflate2-2149cc4b464c37d4.rlib" "/opt/rustwide/target/debug/deps/libminiz_oxide-5f6512eb7f80c57b.rlib" "/opt/rustwide/target/debug/deps/libadler-478247d24f5486f3.rlib" "/opt/rustwide/target/debug/deps/libcrc32fast-104e9b895f0c2d44.rlib" "/opt/rustwide/target/debug/deps/libserde-4865361817b3427e.rlib" "/opt/rustwide/target/debug/deps/liblog-50c946da9511fc97.rlib" "/opt/rustwide/target/debug/deps/libcfg_if-e5e118dd7d121aaa.rlib" "/opt/rustwide/target/debug/deps/liburl-c8d6456f68e73ce0.rlib" "/opt/rustwide/target/debug/deps/libidna-cb4c783f9c123a86.rlib" "/opt/rustwide/target/debug/deps/libunicode_normalization-c554880fa2f51f46.rlib" "/opt/rustwide/target/debug/deps/libtinyvec-bd37ba815ea6de81.rlib" "/opt/rustwide/target/debug/deps/libtinyvec_macros-5ffb2ea8a2d866f2.rlib" "/opt/rustwide/target/debug/deps/libunicode_bidi-ff7cd0a8e7d14628.rlib" "/opt/rustwide/target/debug/deps/libform_urlencoded-0fe912f6e457e008.rlib" "/opt/rustwide/target/debug/deps/libpercent_encoding-5186c2668f567217.rlib" "/opt/rustwide/target/debug/deps/libmatches-278cbf5ab72c0d9c.rlib" "/opt/rustwide/target/debug/deps/libthiserror-e0fc57ba3f807d0e.rlib" "/opt/rustwide/rustup-home/toolchains/1.69.0-x86_64-unknown-linux-gnu/lib/rustlib/x86_64-unknown-linux-gnu/lib/libstd-89bc084783fdc439.rlib" "/opt/rustwide/rustup-home/toolchains/1.69.0-x86_64-unknown-linux-gnu/lib/rustlib/x86_64-unknown-linux-gnu/lib/libpanic_unwind-8bee4b287d4367c1.rlib" "/opt/rustwide/rustup-home/toolchains/1.69.0-x86_64-unknown-linux-gnu/lib/rustlib/x86_64-unknown-linux-gnu/lib/libobject-d61707aed80694c0.rlib" "/opt/rustwide/rustup-home/toolchains/1.69.0-x86_64-unknown-linux-gnu/lib/rustlib/x86_64-unknown-linux-gnu/lib/libmemchr-d85366256f22345b.rlib" "/opt/rustwide/rustup-home/toolchains/1.69.0-x86_64-unknown-linux-gnu/lib/rustlib/x86_64-unknown-linux-gnu/lib/libaddr2line-96069b86b8a8cae9.rlib" "/opt/rustwide/rustup-home/toolchains/1.69.0-x86_64-unknown-linux-gnu/lib/rustlib/x86_64-unknown-linux-gnu/lib/libgimli-d19d53abf68dfa6c.rlib" "/opt/rustwide/rustup-home/toolchains/1.69.0-x86_64-unknown-linux-gnu/lib/rustlib/x86_64-unknown-linux-gnu/lib/librustc_demangle-787cbccd19d64ac6.rlib" "/opt/rustwide/rustup-home/toolchains/1.69.0-x86_64-unknown-linux-gnu/lib/rustlib/x86_64-unknown-linux-gnu/lib/libstd_detect-b3837a36b830e0d0.rlib" "/opt/rustwide/rustup-home/toolchains/1.69.0-x86_64-unknown-linux-gnu/lib/rustlib/x86_64-unknown-linux-gnu/lib/libhashbrown-e3deb0e7e3f04966.rlib" "/opt/rustwide/rustup-home/toolchains/1.69.0-x86_64-unknown-linux-gnu/lib/rustlib/x86_64-unknown-linux-gnu/lib/libminiz_oxide-dabbb79c9815def4.rlib" "/opt/rustwide/rustup-home/toolchains/1.69.0-x86_64-unknown-linux-gnu/lib/rustlib/x86_64-unknown-linux-gnu/lib/libadler-305b01f34c9409f2.rlib" "/opt/rustwide/rustup-home/toolchains/1.69.0-x86_64-unknown-linux-gnu/lib/rustlib/x86_64-unknown-linux-gnu/lib/librustc_std_workspace_alloc-f833521df6074e73.rlib" "/opt/rustwide/rustup-home/toolchains/1.69.0-x86_64-unknown-linux-gnu/lib/rustlib/x86_64-unknown-linux-gnu/lib/libunwind-9ac333113350d171.rlib" "/opt/rustwide/rustup-home/toolchains/1.69.0-x86_64-unknown-linux-gnu/lib/rustlib/x86_64-unknown-linux-gnu/lib/libcfg_if-1c126114322d0eee.rlib" "/opt/rustwide/rustup-home/toolchains/1.69.0-x86_64-unknown-linux-gnu/lib/rustlib/x86_64-unknown-linux-gnu/lib/liblibc-bad9164fdeeecf92.rlib" "/opt/rustwide/rustup-home/toolchains/1.69.0-x86_64-unknown-linux-gnu/lib/rustlib/x86_64-unknown-linux-gnu/lib/liballoc-f9374b1e480fa681.rlib" "/opt/rustwide/rustup-home/toolchains/1.69.0-x86_64-unknown-linux-gnu/lib/rustlib/x86_64-unknown-linux-gnu/lib/librustc_std_workspace_core-207f06e41d9603af.rlib" "/opt/rustwide/rustup-home/toolchains/1.69.0-x86_64-unknown-linux-gnu/lib/rustlib/x86_64-unknown-linux-gnu/lib/libcore-7e2768e66e984e85.rlib" "/opt/rustwide/rustup-home/toolchains/1.69.0-x86_64-unknown-linux-gnu/lib/rustlib/x86_64-unknown-linux-gnu/lib/libcompiler_builtins-957b4aff41f8cd46.rlib" "-Wl,-Bdynamic" "-lgcc_s" "-lutil" "-lrt" "-lpthread" "-lm" "-ldl" "-lc" "-Wl,--eh-frame-hdr" "-Wl,-z,noexecstack" "-L" "/opt/rustwide/rustup-home/toolchains/1.69.0-x86_64-unknown-linux-gnu/lib/rustlib/x86_64-unknown-linux-gnu/lib" "-o" "/opt/rustwide/target/debug/examples/describe_global-da7a13730c31c70f" "-Wl,--gc-sections" "-pie" "-Wl,-z,relro,-z,now" "-nodefaultlibs"
[INFO] [stdout]   = note: collect2: fatal error: ld terminated with signal 9 [Killed]
[INFO] [stdout]           compilation terminated.
[INFO] [stdout]           
[INFO] [stdout] 
[INFO] [stdout] 
[INFO] [stdout] error: aborting due to previous error
[INFO] [stdout] 
[INFO] [stdout] 
[INFO] [stderr] error: could not compile `rust_sync_force` due to 2 previous errors
[INFO] running `Command { std: "docker" "inspect" "5e0861593a4d771f951b8cdae5d95bff2dc4cc142241855e07724be3d750f96b", kill_on_drop: false }`
[INFO] running `Command { std: "docker" "rm" "-f" "5e0861593a4d771f951b8cdae5d95bff2dc4cc142241855e07724be3d750f96b", kill_on_drop: false }`
[INFO] [stdout] 5e0861593a4d771f951b8cdae5d95bff2dc4cc142241855e07724be3d750f96b
