[INFO] fetching crate rust-ssvm 0.1.0-rc2...
[INFO] testing rust-ssvm-0.1.0-rc2 against beta-2023-04-20 for beta-1.70-1
[INFO] extracting crate rust-ssvm 0.1.0-rc2 into /workspace/builds/worker-7-tc2/source
[INFO] validating manifest of crates.io crate rust-ssvm 0.1.0-rc2 on toolchain beta-2023-04-20
[INFO] running `Command { std: CARGO_HOME="/workspace/cargo-home" RUSTUP_HOME="/workspace/rustup-home" "/workspace/cargo-home/bin/cargo" "+beta-2023-04-20" "metadata" "--manifest-path" "Cargo.toml" "--no-deps", kill_on_drop: false }`
[INFO] started tweaking crates.io crate rust-ssvm 0.1.0-rc2
[INFO] finished tweaking crates.io crate rust-ssvm 0.1.0-rc2
[INFO] tweaked toml for crates.io crate rust-ssvm 0.1.0-rc2 written to /workspace/builds/worker-7-tc2/source/Cargo.toml
[INFO] crate crates.io crate rust-ssvm 0.1.0-rc2 already has a lockfile, it will not be regenerated
[INFO] running `Command { std: CARGO_HOME="/workspace/cargo-home" RUSTUP_HOME="/workspace/rustup-home" "/workspace/cargo-home/bin/cargo" "+beta-2023-04-20" "fetch" "--manifest-path" "Cargo.toml", kill_on_drop: false }`
[INFO] [stderr]     Updating crates.io index
[INFO] [stderr]  Downloading crates ...
[INFO] [stderr]   Downloaded ssvm-evmc-sys v6.3.1-rc4
[INFO] [stderr]   Downloaded ssvm-evmc-client v6.3.1-rc4
[INFO] [stderr]   Downloaded num-bigint v0.3.1
[INFO] [stderr]   Downloaded libc v0.2.84
[INFO] running `Command { std: "docker" "create" "-v" "/var/lib/crater-agent-workspace/builds/worker-7-tc2/target:/opt/rustwide/target:rw,Z" "-v" "/var/lib/crater-agent-workspace/builds/worker-7-tc2/source:/opt/rustwide/workdir:ro,Z" "-v" "/var/lib/crater-agent-workspace/cargo-home:/opt/rustwide/cargo-home:ro,Z" "-v" "/var/lib/crater-agent-workspace/rustup-home:/opt/rustwide/rustup-home:ro,Z" "-e" "SOURCE_DIR=/opt/rustwide/workdir" "-e" "CARGO_TARGET_DIR=/opt/rustwide/target" "-e" "CARGO_HOME=/opt/rustwide/cargo-home" "-e" "RUSTUP_HOME=/opt/rustwide/rustup-home" "-w" "/opt/rustwide/workdir" "-m" "1610612736" "--user" "0:0" "--network" "none" "ghcr.io/rust-lang/crates-build-env/linux@sha256:5ff2268d62e97bff2cde7d5815dd6ed5b47097566f13b8d0ca110b04b60e07ed" "/opt/rustwide/cargo-home/bin/cargo" "+beta-2023-04-20" "metadata" "--no-deps" "--format-version=1", kill_on_drop: false }`
[INFO] [stdout] d612331bef0be85a622102448934b79333a71516892cf7ddbd3accda9468affc
[INFO] running `Command { std: "docker" "start" "-a" "d612331bef0be85a622102448934b79333a71516892cf7ddbd3accda9468affc", kill_on_drop: false }`
[INFO] running `Command { std: "docker" "inspect" "d612331bef0be85a622102448934b79333a71516892cf7ddbd3accda9468affc", kill_on_drop: false }`
[INFO] running `Command { std: "docker" "rm" "-f" "d612331bef0be85a622102448934b79333a71516892cf7ddbd3accda9468affc", kill_on_drop: false }`
[INFO] [stdout] d612331bef0be85a622102448934b79333a71516892cf7ddbd3accda9468affc
[INFO] running `Command { std: "docker" "create" "-v" "/var/lib/crater-agent-workspace/builds/worker-7-tc2/target:/opt/rustwide/target:rw,Z" "-v" "/var/lib/crater-agent-workspace/builds/worker-7-tc2/source:/opt/rustwide/workdir:ro,Z" "-v" "/var/lib/crater-agent-workspace/cargo-home:/opt/rustwide/cargo-home:ro,Z" "-v" "/var/lib/crater-agent-workspace/rustup-home:/opt/rustwide/rustup-home:ro,Z" "-e" "SOURCE_DIR=/opt/rustwide/workdir" "-e" "CARGO_TARGET_DIR=/opt/rustwide/target" "-e" "CARGO_INCREMENTAL=0" "-e" "RUST_BACKTRACE=full" "-e" "RUSTFLAGS=--cap-lints=warn" "-e" "RUSTDOCFLAGS=--cap-lints=warn" "-e" "CARGO_HOME=/opt/rustwide/cargo-home" "-e" "RUSTUP_HOME=/opt/rustwide/rustup-home" "-w" "/opt/rustwide/workdir" "-m" "1610612736" "--user" "0:0" "--network" "none" "ghcr.io/rust-lang/crates-build-env/linux@sha256:5ff2268d62e97bff2cde7d5815dd6ed5b47097566f13b8d0ca110b04b60e07ed" "/opt/rustwide/cargo-home/bin/cargo" "+beta-2023-04-20" "build" "--frozen" "--message-format=json", kill_on_drop: false }`
[INFO] [stdout] 44837810be58e3e5455c95b7326d0a93b0473adc31bd28a69aae5e22d9680b4f
[INFO] running `Command { std: "docker" "start" "-a" "44837810be58e3e5455c95b7326d0a93b0473adc31bd28a69aae5e22d9680b4f", kill_on_drop: false }`
[INFO] [stderr]    Compiling autocfg v1.0.1
[INFO] [stderr]    Compiling cc v1.0.66
[INFO] [stderr]    Compiling libc v0.2.84
[INFO] [stderr]    Compiling memchr v2.3.4
[INFO] [stderr]    Compiling glob v0.3.0
[INFO] [stderr]    Compiling version_check v0.9.2
[INFO] [stderr]    Compiling proc-macro2 v1.0.24
[INFO] [stderr]    Compiling bitflags v1.2.1
[INFO] [stderr]    Compiling once_cell v1.5.2
[INFO] [stderr]    Compiling log v0.4.14
[INFO] [stderr]    Compiling unicode-width v0.1.8
[INFO] [stderr]    Compiling unicode-xid v0.2.1
[INFO] [stderr]    Compiling cfg-if v1.0.0
[INFO] [stderr]    Compiling regex-syntax v0.6.22
[INFO] [stderr]    Compiling quick-error v1.2.3
[INFO] [stderr]    Compiling termcolor v1.1.2
[INFO] [stderr]    Compiling humantime v1.3.0
[INFO] [stderr]    Compiling textwrap v0.11.0
[INFO] [stderr]    Compiling vec_map v0.8.2
[INFO] [stderr]    Compiling thread_local v1.1.2
[INFO] [stderr]    Compiling bindgen v0.54.0
[INFO] [stderr]    Compiling ansi_term v0.11.0
[INFO] [stderr]    Compiling strsim v0.8.0
[INFO] [stderr]    Compiling nom v5.1.2
[INFO] [stderr]    Compiling lazy_static v1.4.0
[INFO] [stderr]    Compiling cmake v0.1.45
[INFO] [stderr]    Compiling clang-sys v0.29.3
[INFO] [stderr]    Compiling num-traits v0.2.14
[INFO] [stderr]    Compiling num-integer v0.1.44
[INFO] [stderr]    Compiling num-bigint v0.3.1
[INFO] [stderr]    Compiling lazycell v1.3.0
[INFO] [stderr]    Compiling aho-corasick v0.7.15
[INFO] [stderr]    Compiling cfg-if v0.1.10
[INFO] [stderr]    Compiling peeking_take_while v0.1.2
[INFO] [stderr]    Compiling rustc-hash v1.1.0
[INFO] [stderr]    Compiling quote v1.0.8
[INFO] [stderr]    Compiling shlex v0.1.1
[INFO] [stderr]    Compiling num-iter v0.1.42
[INFO] [stderr]    Compiling num-rational v0.3.2
[INFO] [stderr]    Compiling hex v0.4.2
[INFO] [stderr]    Compiling libloading v0.5.2
[INFO] [stderr]    Compiling ssvm-evmc-client v6.3.1-rc4
[INFO] [stderr]    Compiling rust-ssvm v0.1.0-rc2 (/opt/rustwide/workdir)
[INFO] [stderr]    Compiling atty v0.2.14
[INFO] [stderr]    Compiling which v3.1.1
[INFO] [stderr]    Compiling clap v2.33.3
[INFO] [stderr] error: failed to run custom build command for `ssvm-evmc-client v6.3.1-rc4`
[INFO] [stderr] note: To improve backtraces for build dependencies, set the CARGO_PROFILE_DEV_BUILD_OVERRIDE_DEBUG=true environment variable to enable debug information generation.
[INFO] [stderr] 
[INFO] [stderr] Caused by:
[INFO] [stderr]   process didn't exit successfully: `/opt/rustwide/target/debug/build/ssvm-evmc-client-2fcc90e9767e608f/build-script-build` (exit status: 101)
[INFO] [stderr]   --- stderr
[INFO] [stderr]   fatal: could not create leading directories of '/opt/rustwide/cargo-home/registry/src/index.crates.io-6f17d22bba15001f/ssvm-evmc-client-6.3.1-rc4/target/evmc-6.3.1-rc4-crates': Read-only file system
[INFO] [stderr]   thread 'main' panicked at 'failed to execute "git" "clone" "--branch=6.3.1-rc4-crates" "--recursive" "https://github.com/second-state/evmc.git" "/opt/rustwide/cargo-home/registry/src/index.crates.io-6f17d22bba15001f/ssvm-evmc-client-6.3.1-rc4/target/evmc-6.3.1-rc4-crates"', /opt/rustwide/cargo-home/registry/src/index.crates.io-6f17d22bba15001f/ssvm-evmc-client-6.3.1-rc4/build.rs:36:9
[INFO] [stderr]   stack backtrace:
[INFO] [stderr]      0:     0x55aed3700caa - std::backtrace_rs::backtrace::libunwind::trace::h2f05d0192276a8f6
[INFO] [stderr]                                  at /rustc/1b7dd2252b99671ce5d1cb9664c5f8636329436d/library/std/src/../../backtrace/src/backtrace/libunwind.rs:93:5
[INFO] [stderr]      1:     0x55aed3700caa - std::backtrace_rs::backtrace::trace_unsynchronized::hedc23dff7a1af150
[INFO] [stderr]                                  at /rustc/1b7dd2252b99671ce5d1cb9664c5f8636329436d/library/std/src/../../backtrace/src/backtrace/mod.rs:66:5
[INFO] [stderr]      2:     0x55aed3700caa - std::sys_common::backtrace::_print_fmt::h17541ef7592f3ce2
[INFO] [stderr]                                  at /rustc/1b7dd2252b99671ce5d1cb9664c5f8636329436d/library/std/src/sys_common/backtrace.rs:65:5
[INFO] [stderr]      3:     0x55aed3700caa - <std::sys_common::backtrace::_print::DisplayBacktrace as core::fmt::Display>::fmt::h20f75df5ab0c0792
[INFO] [stderr]                                  at /rustc/1b7dd2252b99671ce5d1cb9664c5f8636329436d/library/std/src/sys_common/backtrace.rs:44:22
[INFO] [stderr]      4:     0x55aed372163f - core::fmt::write::h78109e6f466b3af6
[INFO] [stderr]                                  at /rustc/1b7dd2252b99671ce5d1cb9664c5f8636329436d/library/core/src/fmt/mod.rs:1254:17
[INFO] [stderr]      5:     0x55aed36fdaf5 - std::io::Write::write_fmt::hc59e1b02dd273c8a
[INFO] [stderr]                                  at /rustc/1b7dd2252b99671ce5d1cb9664c5f8636329436d/library/std/src/io/mod.rs:1698:15
[INFO] [stderr]      6:     0x55aed3700a75 - std::sys_common::backtrace::_print::h8dac57a9f8fbf9a5
[INFO] [stderr]                                  at /rustc/1b7dd2252b99671ce5d1cb9664c5f8636329436d/library/std/src/sys_common/backtrace.rs:47:5
[INFO] [stderr]      7:     0x55aed3700a75 - std::sys_common::backtrace::print::hf9ecbf41d1aa712f
[INFO] [stderr]                                  at /rustc/1b7dd2252b99671ce5d1cb9664c5f8636329436d/library/std/src/sys_common/backtrace.rs:34:9
[INFO] [stderr]      8:     0x55aed370233e - std::panicking::default_hook::{{closure}}::h04c07acfc84ca028
[INFO] [stderr]                                  at /rustc/1b7dd2252b99671ce5d1cb9664c5f8636329436d/library/std/src/panicking.rs:269:22
[INFO] [stderr]      9:     0x55aed37020e5 - std::panicking::default_hook::h01f6bb23e1eceb2c
[INFO] [stderr]                                  at /rustc/1b7dd2252b99671ce5d1cb9664c5f8636329436d/library/std/src/panicking.rs:288:9
[INFO] [stderr]     10:     0x55aed370289e - std::panicking::rust_panic_with_hook::h2bb3722bbaf2f6df
[INFO] [stderr]                                  at /rustc/1b7dd2252b99671ce5d1cb9664c5f8636329436d/library/std/src/panicking.rs:691:13
[INFO] [stderr]     11:     0x55aed3702799 - std::panicking::begin_panic_handler::{{closure}}::h91bc7f36a4be011b
[INFO] [stderr]                                  at /rustc/1b7dd2252b99671ce5d1cb9664c5f8636329436d/library/std/src/panicking.rs:582:13
[INFO] [stderr]     12:     0x55aed3701116 - std::sys_common::backtrace::__rust_end_short_backtrace::h8b3d3717114f9e59
[INFO] [stderr]                                  at /rustc/1b7dd2252b99671ce5d1cb9664c5f8636329436d/library/std/src/sys_common/backtrace.rs:150:18
[INFO] [stderr]     13:     0x55aed37024f2 - rust_begin_unwind
[INFO] [stderr]                                  at /rustc/1b7dd2252b99671ce5d1cb9664c5f8636329436d/library/std/src/panicking.rs:578:5
[INFO] [stderr]     14:     0x55aed36927d3 - core::panicking::panic_fmt::hfd368e3fbdabea26
[INFO] [stderr]                                  at /rustc/1b7dd2252b99671ce5d1cb9664c5f8636329436d/library/core/src/panicking.rs:67:14
[INFO] [stderr]     15:     0x55aed3692fad - build_script_build::run::hee265a65f3961823
[INFO] [stderr]     16:     0x55aed369334f - build_script_build::build_from_src::he711d1cedfb5adb1
[INFO] [stderr]     17:     0x55aed3693676 - build_script_build::main::h37b3fb217dd031ac
[INFO] [stderr]     18:     0x55aed36936b3 - core::ops::function::FnOnce::call_once::h72d825c8c8f60652
[INFO] [stderr]     19:     0x55aed3693a36 - std::sys_common::backtrace::__rust_begin_short_backtrace::h4ed175076fa65ae8
[INFO] [stderr]     20:     0x55aed3693ec9 - std::rt::lang_start::{{closure}}::h76e23f81f4021dc9
[INFO] [stderr]     21:     0x55aed36f9e1e - core::ops::function::impls::<impl core::ops::function::FnOnce<A> for &F>::call_once::h2eb19b8ce4148df4
[INFO] [stderr]                                  at /rustc/1b7dd2252b99671ce5d1cb9664c5f8636329436d/library/core/src/ops/function.rs:287:13
[INFO] [stderr]     22:     0x55aed36f9e1e - std::panicking::try::do_call::h2e900feff5d504c5
[INFO] [stderr]                                  at /rustc/1b7dd2252b99671ce5d1cb9664c5f8636329436d/library/std/src/panicking.rs:485:40
[INFO] [stderr]     23:     0x55aed36f9e1e - std::panicking::try::h8854836cb85aa9f2
[INFO] [stderr]                                  at /rustc/1b7dd2252b99671ce5d1cb9664c5f8636329436d/library/std/src/panicking.rs:449:19
[INFO] [stderr]     24:     0x55aed36f9e1e - std::panic::catch_unwind::h706025dd4c48f64b
[INFO] [stderr]                                  at /rustc/1b7dd2252b99671ce5d1cb9664c5f8636329436d/library/std/src/panic.rs:140:14
[INFO] [stderr]     25:     0x55aed36f9e1e - std::rt::lang_start_internal::{{closure}}::h7be5b97f4a07a91a
[INFO] [stderr]                                  at /rustc/1b7dd2252b99671ce5d1cb9664c5f8636329436d/library/std/src/rt.rs:148:48
[INFO] [stderr]     26:     0x55aed36f9e1e - std::panicking::try::do_call::h59847e9d0a176965
[INFO] [stderr]                                  at /rustc/1b7dd2252b99671ce5d1cb9664c5f8636329436d/library/std/src/panicking.rs:485:40
[INFO] [stderr]     27:     0x55aed36f9e1e - std::panicking::try::h399a918ba8522823
[INFO] [stderr]                                  at /rustc/1b7dd2252b99671ce5d1cb9664c5f8636329436d/library/std/src/panicking.rs:449:19
[INFO] [stderr]     28:     0x55aed36f9e1e - std::panic::catch_unwind::hca7ca6c55b2a2e26
[INFO] [stderr]                                  at /rustc/1b7dd2252b99671ce5d1cb9664c5f8636329436d/library/std/src/panic.rs:140:14
[INFO] [stderr]     29:     0x55aed36f9e1e - std::rt::lang_start_internal::h2c807a81560459eb
[INFO] [stderr]                                  at /rustc/1b7dd2252b99671ce5d1cb9664c5f8636329436d/library/std/src/rt.rs:148:20
[INFO] [stderr]     30:     0x55aed3693ea7 - std::rt::lang_start::h1b5f4c0b382efbf7
[INFO] [stderr]     31:     0x55aed3693695 - main
[INFO] [stderr]     32:     0x7f11d81bed90 - <unknown>
[INFO] [stderr]     33:     0x7f11d81bee40 - __libc_start_main
[INFO] [stderr]     34:     0x55aed3692d55 - _start
[INFO] [stderr]     35:                0x0 - <unknown>
[INFO] [stderr] warning: build failed, waiting for other jobs to finish...
[INFO] [stderr] error: failed to run custom build command for `rust-ssvm v0.1.0-rc2 (/opt/rustwide/workdir)`
[INFO] [stderr] note: To improve backtraces for build dependencies, set the CARGO_PROFILE_DEV_BUILD_OVERRIDE_DEBUG=true environment variable to enable debug information generation.
[INFO] [stderr] 
[INFO] [stderr] Caused by:
[INFO] [stderr]   process didn't exit successfully: `/opt/rustwide/target/debug/build/rust-ssvm-5fe7577ff32d7aad/build-script-build` (exit status: 101)
[INFO] [stderr]   --- stdout
[INFO] [stderr]   running: cd "/opt/rustwide/target/debug/build/rust-ssvm-bcdf31fe31a475c1/out/build" && CMAKE_PREFIX_PATH="" "cmake" "/opt/rustwide/workdir/ssvm-evmc" "-DCMAKE_INSTALL_PREFIX=/opt/rustwide/target/debug/build/rust-ssvm-bcdf31fe31a475c1/out" "-DCMAKE_C_FLAGS= -ffunction-sections -fdata-sections -fPIC -m64" "-DCMAKE_C_COMPILER=/usr/bin/cc" "-DCMAKE_CXX_FLAGS= -ffunction-sections -fdata-sections -fPIC -m64" "-DCMAKE_CXX_COMPILER=/usr/bin/c++" "-DCMAKE_ASM_FLAGS= -ffunction-sections -fdata-sections -fPIC -m64" "-DCMAKE_ASM_COMPILER=/usr/bin/cc" "-DCMAKE_BUILD_TYPE=Debug"
[INFO] [stderr]   -- The C compiler identification is GNU 11.3.0
[INFO] [stderr]   -- The CXX compiler identification is GNU 11.3.0
[INFO] [stderr]   -- Detecting C compiler ABI info
[INFO] [stderr]   -- Detecting C compiler ABI info - done
[INFO] [stderr]   -- Check for working C compiler: /usr/bin/cc - skipped
[INFO] [stderr]   -- Detecting C compile features
[INFO] [stderr]   -- Detecting C compile features - done
[INFO] [stderr]   -- Detecting CXX compiler ABI info
[INFO] [stderr]   -- Detecting CXX compiler ABI info - done
[INFO] [stderr]   -- Check for working CXX compiler: /usr/bin/c++ - skipped
[INFO] [stderr]   -- Detecting CXX compile features
[INFO] [stderr]   -- Detecting CXX compile features - done
[INFO] [stderr]   -- Found Boost: /usr/lib/x86_64-linux-gnu/cmake/Boost-1.74.0/BoostConfig.cmake (found version "1.74.0")  
[INFO] [stderr]   -- Configuring incomplete, errors occurred!
[INFO] [stderr]   See also "/opt/rustwide/target/debug/build/rust-ssvm-bcdf31fe31a475c1/out/build/CMakeFiles/CMakeOutput.log".
[INFO] [stderr] 
[INFO] [stderr]   --- stderr
[INFO] [stderr]   [ 11%] Creating directories for 'ssvm-populate'
[INFO] [stderr]   [ 22%] Performing download step (git clone) for 'ssvm-populate'
[INFO] [stderr]   Cloning into 'ssvm-src'...
[INFO] [stderr]   fatal: unable to access 'https://github.com/second-state/SSVM.git/': Could not resolve host: github.com
[INFO] [stderr]   Cloning into 'ssvm-src'...
[INFO] [stderr]   fatal: unable to access 'https://github.com/second-state/SSVM.git/': Could not resolve host: github.com
[INFO] [stderr]   Cloning into 'ssvm-src'...
[INFO] [stderr]   fatal: unable to access 'https://github.com/second-state/SSVM.git/': Could not resolve host: github.com
[INFO] [stderr]   -- Had to git clone more than once:
[INFO] [stderr]             3 times.
[INFO] [stderr]   CMake Error at ssvm-subbuild/ssvm-populate-prefix/tmp/ssvm-populate-gitclone.cmake:31 (message):
[INFO] [stderr]     Failed to clone repository: 'https://github.com/second-state/SSVM.git'
[INFO] [stderr] 
[INFO] [stderr] 
[INFO] [stderr]   gmake[2]: *** [CMakeFiles/ssvm-populate.dir/build.make:102: ssvm-populate-prefix/src/ssvm-populate-stamp/ssvm-populate-download] Error 1
[INFO] [stderr]   gmake[1]: *** [CMakeFiles/Makefile2:83: CMakeFiles/ssvm-populate.dir/all] Error 2
[INFO] [stderr]   gmake: *** [Makefile:91: all] Error 2
[INFO] [stderr] 
[INFO] [stderr]   CMake Error at /usr/share/cmake-3.22/Modules/FetchContent.cmake:1087 (message):
[INFO] [stderr]     Build step for ssvm failed: 2
[INFO] [stderr]   Call Stack (most recent call first):
[INFO] [stderr]     /usr/share/cmake-3.22/Modules/FetchContent.cmake:1216:EVAL:2 (__FetchContent_directPopulate)
[INFO] [stderr]     /usr/share/cmake-3.22/Modules/FetchContent.cmake:1216 (cmake_language)
[INFO] [stderr]     CMakeLists.txt:25 (FetchContent_Populate)
[INFO] [stderr] 
[INFO] [stderr] 
[INFO] [stderr]   thread 'main' panicked at '
[INFO] [stderr]   command did not execute successfully, got: exit status: 1
[INFO] [stderr] 
[INFO] [stderr]   build script failed, must exit now', /opt/rustwide/cargo-home/registry/src/index.crates.io-6f17d22bba15001f/cmake-0.1.45/src/lib.rs:894:5
[INFO] [stderr]   stack backtrace:
[INFO] [stderr]      0:     0x55d76aaf11ca - std::backtrace_rs::backtrace::libunwind::trace::h2f05d0192276a8f6
[INFO] [stderr]                                  at /rustc/1b7dd2252b99671ce5d1cb9664c5f8636329436d/library/std/src/../../backtrace/src/backtrace/libunwind.rs:93:5
[INFO] [stderr]      1:     0x55d76aaf11ca - std::backtrace_rs::backtrace::trace_unsynchronized::hedc23dff7a1af150
[INFO] [stderr]                                  at /rustc/1b7dd2252b99671ce5d1cb9664c5f8636329436d/library/std/src/../../backtrace/src/backtrace/mod.rs:66:5
[INFO] [stderr]      2:     0x55d76aaf11ca - std::sys_common::backtrace::_print_fmt::h17541ef7592f3ce2
[INFO] [stderr]                                  at /rustc/1b7dd2252b99671ce5d1cb9664c5f8636329436d/library/std/src/sys_common/backtrace.rs:65:5
[INFO] [stderr]      3:     0x55d76aaf11ca - <std::sys_common::backtrace::_print::DisplayBacktrace as core::fmt::Display>::fmt::h20f75df5ab0c0792
[INFO] [stderr]                                  at /rustc/1b7dd2252b99671ce5d1cb9664c5f8636329436d/library/std/src/sys_common/backtrace.rs:44:22
[INFO] [stderr]      4:     0x55d76ab11b0f - core::fmt::write::h78109e6f466b3af6
[INFO] [stderr]                                  at /rustc/1b7dd2252b99671ce5d1cb9664c5f8636329436d/library/core/src/fmt/mod.rs:1254:17
[INFO] [stderr]      5:     0x55d76aaee015 - std::io::Write::write_fmt::hc59e1b02dd273c8a
[INFO] [stderr]                                  at /rustc/1b7dd2252b99671ce5d1cb9664c5f8636329436d/library/std/src/io/mod.rs:1698:15
[INFO] [stderr]      6:     0x55d76aaf0f95 - std::sys_common::backtrace::_print::h8dac57a9f8fbf9a5
[INFO] [stderr]                                  at /rustc/1b7dd2252b99671ce5d1cb9664c5f8636329436d/library/std/src/sys_common/backtrace.rs:47:5
[INFO] [stderr]      7:     0x55d76aaf0f95 - std::sys_common::backtrace::print::hf9ecbf41d1aa712f
[INFO] [stderr]                                  at /rustc/1b7dd2252b99671ce5d1cb9664c5f8636329436d/library/std/src/sys_common/backtrace.rs:34:9
[INFO] [stderr]      8:     0x55d76aaf285e - std::panicking::default_hook::{{closure}}::h04c07acfc84ca028
[INFO] [stderr]                                  at /rustc/1b7dd2252b99671ce5d1cb9664c5f8636329436d/library/std/src/panicking.rs:269:22
[INFO] [stderr]      9:     0x55d76aaf2605 - std::panicking::default_hook::h01f6bb23e1eceb2c
[INFO] [stderr]                                  at /rustc/1b7dd2252b99671ce5d1cb9664c5f8636329436d/library/std/src/panicking.rs:288:9
[INFO] [stderr]     10:     0x55d76aaf2dbe - std::panicking::rust_panic_with_hook::h2bb3722bbaf2f6df
[INFO] [stderr]                                  at /rustc/1b7dd2252b99671ce5d1cb9664c5f8636329436d/library/std/src/panicking.rs:691:13
[INFO] [stderr]     11:     0x55d76aaf2cb9 - std::panicking::begin_panic_handler::{{closure}}::h91bc7f36a4be011b
[INFO] [stderr]                                  at /rustc/1b7dd2252b99671ce5d1cb9664c5f8636329436d/library/std/src/panicking.rs:582:13
[INFO] [stderr]     12:     0x55d76aaf1636 - std::sys_common::backtrace::__rust_end_short_backtrace::h8b3d3717114f9e59
[INFO] [stderr]                                  at /rustc/1b7dd2252b99671ce5d1cb9664c5f8636329436d/library/std/src/sys_common/backtrace.rs:150:18
[INFO] [stderr]     13:     0x55d76aaf2a12 - rust_begin_unwind
[INFO] [stderr]                                  at /rustc/1b7dd2252b99671ce5d1cb9664c5f8636329436d/library/std/src/panicking.rs:578:5
[INFO] [stderr]     14:     0x55d76aa837d3 - core::panicking::panic_fmt::hfd368e3fbdabea26
[INFO] [stderr]                                  at /rustc/1b7dd2252b99671ce5d1cb9664c5f8636329436d/library/core/src/panicking.rs:67:14
[INFO] [stderr]     15:     0x55d76aa8bc0f - cmake::fail::h337eff22279e2d39
[INFO] [stderr]     16:     0x55d76aa8b673 - cmake::run::h91dfe08a499eb7fb
[INFO] [stderr]     17:     0x55d76aa885b0 - cmake::Config::build::h1887032633b1da04
[INFO] [stderr]     18:     0x55d76aa84591 - build_script_build::build_link_ssvm_dylib::h1d5113a22a14e1f3
[INFO] [stderr]     19:     0x55d76aa84766 - build_script_build::main::h488fff77d1d02702
[INFO] [stderr]     20:     0x55d76aa83f83 - core::ops::function::FnOnce::call_once::h372f192cdb47c468
[INFO] [stderr]     21:     0x55d76aa84796 - std::sys_common::backtrace::__rust_begin_short_backtrace::he3ee584cd3f3a1f4
[INFO] [stderr]     22:     0x55d76aa847e9 - std::rt::lang_start::{{closure}}::h0f6b36cde36a60c4
[INFO] [stderr]     23:     0x55d76aaea33e - core::ops::function::impls::<impl core::ops::function::FnOnce<A> for &F>::call_once::h2eb19b8ce4148df4
[INFO] [stderr]                                  at /rustc/1b7dd2252b99671ce5d1cb9664c5f8636329436d/library/core/src/ops/function.rs:287:13
[INFO] [stderr]     24:     0x55d76aaea33e - std::panicking::try::do_call::h2e900feff5d504c5
[INFO] [stderr]                                  at /rustc/1b7dd2252b99671ce5d1cb9664c5f8636329436d/library/std/src/panicking.rs:485:40
[INFO] [stderr]     25:     0x55d76aaea33e - std::panicking::try::h8854836cb85aa9f2
[INFO] [stderr]                                  at /rustc/1b7dd2252b99671ce5d1cb9664c5f8636329436d/library/std/src/panicking.rs:449:19
[INFO] [stderr]     26:     0x55d76aaea33e - std::panic::catch_unwind::h706025dd4c48f64b
[INFO] [stderr]                                  at /rustc/1b7dd2252b99671ce5d1cb9664c5f8636329436d/library/std/src/panic.rs:140:14
[INFO] [stderr]     27:     0x55d76aaea33e - std::rt::lang_start_internal::{{closure}}::h7be5b97f4a07a91a
[INFO] [stderr]                                  at /rustc/1b7dd2252b99671ce5d1cb9664c5f8636329436d/library/std/src/rt.rs:148:48
[INFO] [stderr]     28:     0x55d76aaea33e - std::panicking::try::do_call::h59847e9d0a176965
[INFO] [stderr]                                  at /rustc/1b7dd2252b99671ce5d1cb9664c5f8636329436d/library/std/src/panicking.rs:485:40
[INFO] [stderr]     29:     0x55d76aaea33e - std::panicking::try::h399a918ba8522823
[INFO] [stderr]                                  at /rustc/1b7dd2252b99671ce5d1cb9664c5f8636329436d/library/std/src/panicking.rs:449:19
[INFO] [stderr]     30:     0x55d76aaea33e - std::panic::catch_unwind::hca7ca6c55b2a2e26
[INFO] [stderr]                                  at /rustc/1b7dd2252b99671ce5d1cb9664c5f8636329436d/library/std/src/panic.rs:140:14
[INFO] [stderr]     31:     0x55d76aaea33e - std::rt::lang_start_internal::h2c807a81560459eb
[INFO] [stderr]                                  at /rustc/1b7dd2252b99671ce5d1cb9664c5f8636329436d/library/std/src/rt.rs:148:20
[INFO] [stderr]     32:     0x55d76aa847c7 - std::rt::lang_start::h8e64c23377cd4381
[INFO] [stderr]     33:     0x55d76aa84785 - main
[INFO] [stderr]     34:     0x7f884c510d90 - <unknown>
[INFO] [stderr]     35:     0x7f884c510e40 - __libc_start_main
[INFO] [stderr]     36:     0x55d76aa83d55 - _start
[INFO] [stderr]     37:                0x0 - <unknown>
[INFO] running `Command { std: "docker" "inspect" "44837810be58e3e5455c95b7326d0a93b0473adc31bd28a69aae5e22d9680b4f", kill_on_drop: false }`
[INFO] running `Command { std: "docker" "rm" "-f" "44837810be58e3e5455c95b7326d0a93b0473adc31bd28a69aae5e22d9680b4f", kill_on_drop: false }`
[INFO] [stdout] 44837810be58e3e5455c95b7326d0a93b0473adc31bd28a69aae5e22d9680b4f
