[INFO] fetching crate rust-spoa 0.2.4...
[INFO] testing rust-spoa-0.2.4 against beta-2023-04-20 for beta-1.70-1
[INFO] extracting crate rust-spoa 0.2.4 into /workspace/builds/worker-6-tc2/source
[INFO] validating manifest of crates.io crate rust-spoa 0.2.4 on toolchain beta-2023-04-20
[INFO] running `Command { std: CARGO_HOME="/workspace/cargo-home" RUSTUP_HOME="/workspace/rustup-home" "/workspace/cargo-home/bin/cargo" "+beta-2023-04-20" "metadata" "--manifest-path" "Cargo.toml" "--no-deps", kill_on_drop: false }`
[INFO] started tweaking crates.io crate rust-spoa 0.2.4
[INFO] finished tweaking crates.io crate rust-spoa 0.2.4
[INFO] tweaked toml for crates.io crate rust-spoa 0.2.4 written to /workspace/builds/worker-6-tc2/source/Cargo.toml
[INFO] running `Command { std: CARGO_HOME="/workspace/cargo-home" RUSTUP_HOME="/workspace/rustup-home" __CARGO_TEST_CHANNEL_OVERRIDE_DO_NOT_USE_THIS="nightly" "/workspace/cargo-home/bin/cargo" "+beta-2023-04-20" "generate-lockfile" "--manifest-path" "Cargo.toml" "-Zno-index-update", kill_on_drop: false }`
[INFO] running `Command { std: CARGO_HOME="/workspace/cargo-home" RUSTUP_HOME="/workspace/rustup-home" "/workspace/cargo-home/bin/cargo" "+beta-2023-04-20" "fetch" "--manifest-path" "Cargo.toml", kill_on_drop: false }`
[INFO] [stderr]     Blocking waiting for file lock on package cache
[INFO] running `Command { std: "docker" "create" "-v" "/var/lib/crater-agent-workspace/builds/worker-6-tc2/target:/opt/rustwide/target:rw,Z" "-v" "/var/lib/crater-agent-workspace/builds/worker-6-tc2/source:/opt/rustwide/workdir:ro,Z" "-v" "/var/lib/crater-agent-workspace/cargo-home:/opt/rustwide/cargo-home:ro,Z" "-v" "/var/lib/crater-agent-workspace/rustup-home:/opt/rustwide/rustup-home:ro,Z" "-e" "SOURCE_DIR=/opt/rustwide/workdir" "-e" "CARGO_TARGET_DIR=/opt/rustwide/target" "-e" "CARGO_HOME=/opt/rustwide/cargo-home" "-e" "RUSTUP_HOME=/opt/rustwide/rustup-home" "-w" "/opt/rustwide/workdir" "-m" "1610612736" "--user" "0:0" "--network" "none" "ghcr.io/rust-lang/crates-build-env/linux@sha256:97d61d7686bf65f8ecb15491ab51835e82dc9176a96a831f143a431b191fc501" "/opt/rustwide/cargo-home/bin/cargo" "+beta-2023-04-20" "metadata" "--no-deps" "--format-version=1", kill_on_drop: false }`
[INFO] [stdout] 92b89ba5273999220fa743c73d857e7d71383cc6dbb8c9fa02d9bcebfe665107
[INFO] running `Command { std: "docker" "start" "-a" "92b89ba5273999220fa743c73d857e7d71383cc6dbb8c9fa02d9bcebfe665107", kill_on_drop: false }`
[INFO] running `Command { std: "docker" "inspect" "92b89ba5273999220fa743c73d857e7d71383cc6dbb8c9fa02d9bcebfe665107", kill_on_drop: false }`
[INFO] running `Command { std: "docker" "rm" "-f" "92b89ba5273999220fa743c73d857e7d71383cc6dbb8c9fa02d9bcebfe665107", kill_on_drop: false }`
[INFO] [stdout] 92b89ba5273999220fa743c73d857e7d71383cc6dbb8c9fa02d9bcebfe665107
[INFO] running `Command { std: "docker" "create" "-v" "/var/lib/crater-agent-workspace/builds/worker-6-tc2/target:/opt/rustwide/target:rw,Z" "-v" "/var/lib/crater-agent-workspace/builds/worker-6-tc2/source:/opt/rustwide/workdir:ro,Z" "-v" "/var/lib/crater-agent-workspace/cargo-home:/opt/rustwide/cargo-home:ro,Z" "-v" "/var/lib/crater-agent-workspace/rustup-home:/opt/rustwide/rustup-home:ro,Z" "-e" "SOURCE_DIR=/opt/rustwide/workdir" "-e" "CARGO_TARGET_DIR=/opt/rustwide/target" "-e" "CARGO_INCREMENTAL=0" "-e" "RUST_BACKTRACE=full" "-e" "RUSTFLAGS=--cap-lints=warn" "-e" "RUSTDOCFLAGS=--cap-lints=warn" "-e" "CARGO_HOME=/opt/rustwide/cargo-home" "-e" "RUSTUP_HOME=/opt/rustwide/rustup-home" "-w" "/opt/rustwide/workdir" "-m" "1610612736" "--user" "0:0" "--network" "none" "ghcr.io/rust-lang/crates-build-env/linux@sha256:97d61d7686bf65f8ecb15491ab51835e82dc9176a96a831f143a431b191fc501" "/opt/rustwide/cargo-home/bin/cargo" "+beta-2023-04-20" "build" "--frozen" "--message-format=json", kill_on_drop: false }`
[INFO] [stdout] 235fcd232b6e3911dcb06ff6adc84110a7a99de5c86545c6a09d698dac736057
[INFO] running `Command { std: "docker" "start" "-a" "235fcd232b6e3911dcb06ff6adc84110a7a99de5c86545c6a09d698dac736057", kill_on_drop: false }`
[INFO] [stderr]    Compiling cc v1.0.79
[INFO] [stderr]    Compiling cmake v0.1.50
[INFO] [stderr]    Compiling rust-spoa v0.2.4 (/opt/rustwide/workdir)
[INFO] [stderr] error: failed to run custom build command for `rust-spoa v0.2.4 (/opt/rustwide/workdir)`
[INFO] [stderr] note: To improve backtraces for build dependencies, set the CARGO_PROFILE_DEV_BUILD_OVERRIDE_DEBUG=true environment variable to enable debug information generation.
[INFO] [stderr] 
[INFO] [stderr] Caused by:
[INFO] [stderr]   process didn't exit successfully: `/opt/rustwide/target/debug/build/rust-spoa-07ff9bc0c827aa01/build-script-build` (exit status: 101)
[INFO] [stderr]   --- stdout
[INFO] [stderr]   CMAKE_TOOLCHAIN_FILE_x86_64-unknown-linux-gnu = None
[INFO] [stderr]   CMAKE_TOOLCHAIN_FILE_x86_64_unknown_linux_gnu = None
[INFO] [stderr]   HOST_CMAKE_TOOLCHAIN_FILE = None
[INFO] [stderr]   CMAKE_TOOLCHAIN_FILE = None
[INFO] [stderr]   CMAKE_GENERATOR_x86_64-unknown-linux-gnu = None
[INFO] [stderr]   CMAKE_GENERATOR_x86_64_unknown_linux_gnu = None
[INFO] [stderr]   HOST_CMAKE_GENERATOR = None
[INFO] [stderr]   CMAKE_GENERATOR = None
[INFO] [stderr]   CMAKE_PREFIX_PATH_x86_64-unknown-linux-gnu = None
[INFO] [stderr]   CMAKE_PREFIX_PATH_x86_64_unknown_linux_gnu = None
[INFO] [stderr]   HOST_CMAKE_PREFIX_PATH = None
[INFO] [stderr]   CMAKE_PREFIX_PATH = None
[INFO] [stderr]   CMAKE_x86_64-unknown-linux-gnu = None
[INFO] [stderr]   CMAKE_x86_64_unknown_linux_gnu = None
[INFO] [stderr]   HOST_CMAKE = None
[INFO] [stderr]   CMAKE = None
[INFO] [stderr]   running: cd "/opt/rustwide/target/debug/build/rust-spoa-b52eb553b2340772/out/build" && CMAKE_PREFIX_PATH="" "cmake" "/opt/rustwide/workdir/src/spoa" "-DCMAKE_BUILD_TYPE=Release" "-DCMAKE_INSTALL_PREFIX=/opt/rustwide/target/debug/build/rust-spoa-b52eb553b2340772/out" "-DCMAKE_C_FLAGS= -ffunction-sections -fdata-sections -fPIC -m64" "-DCMAKE_C_COMPILER=/usr/bin/cc" "-DCMAKE_CXX_FLAGS= -ffunction-sections -fdata-sections -fPIC -m64" "-DCMAKE_CXX_COMPILER=/usr/bin/c++" "-DCMAKE_ASM_FLAGS= -ffunction-sections -fdata-sections -fPIC -m64" "-DCMAKE_ASM_COMPILER=/usr/bin/cc"
[INFO] [stderr]   -- The CXX compiler identification is GNU 11.3.0
[INFO] [stderr]   -- Detecting CXX compiler ABI info
[INFO] [stderr]   -- Detecting CXX compiler ABI info - done
[INFO] [stderr]   -- Check for working CXX compiler: /usr/bin/c++ - skipped
[INFO] [stderr]   -- Detecting CXX compile features
[INFO] [stderr]   -- Detecting CXX compile features - done
[INFO] [stderr]   -- Configuring done
[INFO] [stderr]   -- Generating done
[INFO] [stderr]   -- Build files have been written to: /opt/rustwide/target/debug/build/rust-spoa-b52eb553b2340772/out/build
[INFO] [stderr]   running: cd "/opt/rustwide/target/debug/build/rust-spoa-b52eb553b2340772/out/build" && MAKEFLAGS="-j --jobserver-fds=7,8 --jobserver-auth=7,8" "cmake" "--build" "." "--target" "install" "--config" "Debug"
[INFO] [stderr]   [ 20%] Building CXX object CMakeFiles/spoa.dir/src/simd_alignment_engine.cpp.o
[INFO] [stderr]   [ 40%] Building CXX object CMakeFiles/spoa.dir/src/graph.cpp.o
[INFO] [stderr]   [ 60%] Building CXX object CMakeFiles/spoa.dir/src/alignment_engine.cpp.o
[INFO] [stderr]   [ 80%] Building CXX object CMakeFiles/spoa.dir/src/sisd_alignment_engine.cpp.o
[INFO] [stderr] 
[INFO] [stderr]   --- stderr
[INFO] [stderr]   CMake Warning:
[INFO] [stderr]     Manually-specified variables were not used by the project:
[INFO] [stderr] 
[INFO] [stderr]       CMAKE_ASM_COMPILER
[INFO] [stderr]       CMAKE_ASM_FLAGS
[INFO] [stderr]       CMAKE_C_COMPILER
[INFO] [stderr]       CMAKE_C_FLAGS
[INFO] [stderr] 
[INFO] [stderr] 
[INFO] [stderr]   /opt/rustwide/workdir/src/spoa/src/alignment_engine.cpp: In function 'std::unique_ptr<spoa::AlignmentEngine> spoa::createAlignmentEngine(spoa::AlignmentType, int8_t, int8_t, int8_t, int8_t)':
[INFO] [stderr]   /opt/rustwide/workdir/src/spoa/src/alignment_engine.cpp:30:20: error: 'invalid_argument' is not a member of 'std'
[INFO] [stderr]      30 |         throw std::invalid_argument("[spoa::createAlignmentEngine] error: "
[INFO] [stderr]         |                    ^~~~~~~~~~~~~~~~
[INFO] [stderr]   /opt/rustwide/workdir/src/spoa/src/alignment_engine.cpp:34:20: error: 'invalid_argument' is not a member of 'std'
[INFO] [stderr]      34 |         throw std::invalid_argument("[spoa::createAlignmentEngine] error: "
[INFO] [stderr]         |                    ^~~~~~~~~~~~~~~~
[INFO] [stderr]   /opt/rustwide/workdir/src/spoa/src/alignment_engine.cpp:38:20: error: 'invalid_argument' is not a member of 'std'
[INFO] [stderr]      38 |         throw std::invalid_argument("[spoa::createAlignmentEngine] error: "
[INFO] [stderr]         |                    ^~~~~~~~~~~~~~~~
[INFO] [stderr]   gmake[2]: *** [CMakeFiles/spoa.dir/build.make:76: CMakeFiles/spoa.dir/src/alignment_engine.cpp.o] Error 1
[INFO] [stderr]   gmake[2]: *** Waiting for unfinished jobs....
[INFO] [stderr]   /opt/rustwide/workdir/src/spoa/src/simd_alignment_engine.cpp:314:30: warning: ignoring attributes on template argument 'spoa::__mxxxi []' {aka '__m256i []'} [-Wignored-attributes]
[INFO] [stderr]     314 |     std::unique_ptr<__mxxxi[]> sequence_profile_storage;
[INFO] [stderr]         |                              ^
[INFO] [stderr]   /opt/rustwide/workdir/src/spoa/src/simd_alignment_engine.cpp:319:30: warning: ignoring attributes on template argument 'spoa::__mxxxi []' {aka '__m256i []'} [-Wignored-attributes]
[INFO] [stderr]     319 |     std::unique_ptr<__mxxxi[]> M_storage;
[INFO] [stderr]         |                              ^
[INFO] [stderr]   /opt/rustwide/workdir/src/spoa/src/simd_alignment_engine.cpp:325:30: warning: ignoring attributes on template argument 'spoa::__mxxxi []' {aka '__m256i []'} [-Wignored-attributes]
[INFO] [stderr]     325 |     std::unique_ptr<__mxxxi[]> masks_storage;
[INFO] [stderr]         |                              ^
[INFO] [stderr]   /opt/rustwide/workdir/src/spoa/src/simd_alignment_engine.cpp:329:30: warning: ignoring attributes on template argument 'spoa::__mxxxi []' {aka '__m256i []'} [-Wignored-attributes]
[INFO] [stderr]     329 |     std::unique_ptr<__mxxxi[]> penalties_storage;
[INFO] [stderr]         |                              ^
[INFO] [stderr]   /opt/rustwide/workdir/src/spoa/src/simd_alignment_engine.cpp: In member function 'void spoa::SimdAlignmentEngine::realloc(uint32_t, uint32_t, uint32_t)':
[INFO] [stderr]   /opt/rustwide/workdir/src/spoa/src/simd_alignment_engine.cpp:390:69: warning: ignoring attributes on template argument 'spoa::__mxxxi []' {aka '__m256i []'} [-Wignored-attributes]
[INFO] [stderr]     390 |         pimpl_->sequence_profile_storage = std::unique_ptr<__mxxxi[]>(storage);
[INFO] [stderr]         |                                                                     ^
[INFO] [stderr]   /opt/rustwide/workdir/src/spoa/src/simd_alignment_engine.cpp:402:58: warning: ignoring attributes on template argument 'spoa::__mxxxi []' {aka '__m256i []'} [-Wignored-attributes]
[INFO] [stderr]     402 |             pimpl_->M_storage = std::unique_ptr<__mxxxi[]>(storage);
[INFO] [stderr]         |                                                          ^
[INFO] [stderr]   /opt/rustwide/workdir/src/spoa/src/simd_alignment_engine.cpp:413:58: warning: ignoring attributes on template argument 'spoa::__mxxxi []' {aka '__m256i []'} [-Wignored-attributes]
[INFO] [stderr]     413 |             pimpl_->M_storage = std::unique_ptr<__mxxxi[]>(storage);
[INFO] [stderr]         |                                                          ^
[INFO] [stderr]   /opt/rustwide/workdir/src/spoa/src/simd_alignment_engine.cpp:422:58: warning: ignoring attributes on template argument 'spoa::__mxxxi []' {aka '__m256i []'} [-Wignored-attributes]
[INFO] [stderr]     422 |         pimpl_->masks_storage = std::unique_ptr<__mxxxi[]>(storage);
[INFO] [stderr]         |                                                          ^
[INFO] [stderr]   /opt/rustwide/workdir/src/spoa/src/simd_alignment_engine.cpp:430:62: warning: ignoring attributes on template argument 'spoa::__mxxxi []' {aka '__m256i []'} [-Wignored-attributes]
[INFO] [stderr]     430 |         pimpl_->penalties_storage = std::unique_ptr<__mxxxi[]>(storage);
[INFO] [stderr]         |                                                              ^
[INFO] [stderr]   /opt/rustwide/workdir/src/spoa/src/simd_alignment_engine.cpp: In instantiation of 'T* spoa::allocateAlignedMemory(T**, uint32_t, uint32_t) [with T = __vector(4) long long int; uint32_t = unsigned int]':
[INFO] [stderr]   /opt/rustwide/workdir/src/spoa/src/simd_alignment_engine.cpp:387:57:   required from here
[INFO] [stderr]   /opt/rustwide/workdir/src/spoa/src/simd_alignment_engine.cpp:36:16: warning: 'new' of type '__vector(4) long long int' with extended alignment 32 [-Waligned-new=]
[INFO] [stderr]      36 |     *storage = new T[size + alignment - 1];
[INFO] [stderr]         |                ^~~~~~~~~~~~~~~~~~~~~~~~~~~
[INFO] [stderr]   /opt/rustwide/workdir/src/spoa/src/simd_alignment_engine.cpp:36:16: note: uses 'void* operator new [](std::size_t)', which does not have an alignment parameter
[INFO] [stderr]   /opt/rustwide/workdir/src/spoa/src/simd_alignment_engine.cpp:36:16: note: use '-faligned-new' to enable C++17 over-aligned new support
[INFO] [stderr]   gmake[1]: *** [CMakeFiles/Makefile2:83: CMakeFiles/spoa.dir/all] Error 2
[INFO] [stderr]   gmake: *** [Makefile:136: all] Error 2
[INFO] [stderr]   thread 'main' panicked at '
[INFO] [stderr]   command did not execute successfully, got: exit status: 2
[INFO] [stderr] 
[INFO] [stderr]   build script failed, must exit now', /opt/rustwide/cargo-home/registry/src/index.crates.io-6f17d22bba15001f/cmake-0.1.50/src/lib.rs:1098:5
[INFO] [stderr]   stack backtrace:
[INFO] [stderr]      0:     0x5614f670545a - std::backtrace_rs::backtrace::libunwind::trace::h2f05d0192276a8f6
[INFO] [stderr]                                  at /rustc/1b7dd2252b99671ce5d1cb9664c5f8636329436d/library/std/src/../../backtrace/src/backtrace/libunwind.rs:93:5
[INFO] [stderr]      1:     0x5614f670545a - std::backtrace_rs::backtrace::trace_unsynchronized::hedc23dff7a1af150
[INFO] [stderr]                                  at /rustc/1b7dd2252b99671ce5d1cb9664c5f8636329436d/library/std/src/../../backtrace/src/backtrace/mod.rs:66:5
[INFO] [stderr]      2:     0x5614f670545a - std::sys_common::backtrace::_print_fmt::h17541ef7592f3ce2
[INFO] [stderr]                                  at /rustc/1b7dd2252b99671ce5d1cb9664c5f8636329436d/library/std/src/sys_common/backtrace.rs:65:5
[INFO] [stderr]      3:     0x5614f670545a - <std::sys_common::backtrace::_print::DisplayBacktrace as core::fmt::Display>::fmt::h20f75df5ab0c0792
[INFO] [stderr]                                  at /rustc/1b7dd2252b99671ce5d1cb9664c5f8636329436d/library/std/src/sys_common/backtrace.rs:44:22
[INFO] [stderr]      4:     0x5614f67274ff - core::fmt::write::h78109e6f466b3af6
[INFO] [stderr]                                  at /rustc/1b7dd2252b99671ce5d1cb9664c5f8636329436d/library/core/src/fmt/mod.rs:1254:17
[INFO] [stderr]      5:     0x5614f6701bd5 - std::io::Write::write_fmt::hc59e1b02dd273c8a
[INFO] [stderr]                                  at /rustc/1b7dd2252b99671ce5d1cb9664c5f8636329436d/library/std/src/io/mod.rs:1698:15
[INFO] [stderr]      6:     0x5614f6705225 - std::sys_common::backtrace::_print::h8dac57a9f8fbf9a5
[INFO] [stderr]                                  at /rustc/1b7dd2252b99671ce5d1cb9664c5f8636329436d/library/std/src/sys_common/backtrace.rs:47:5
[INFO] [stderr]      7:     0x5614f6705225 - std::sys_common::backtrace::print::hf9ecbf41d1aa712f
[INFO] [stderr]                                  at /rustc/1b7dd2252b99671ce5d1cb9664c5f8636329436d/library/std/src/sys_common/backtrace.rs:34:9
[INFO] [stderr]      8:     0x5614f670715e - std::panicking::default_hook::{{closure}}::h04c07acfc84ca028
[INFO] [stderr]                                  at /rustc/1b7dd2252b99671ce5d1cb9664c5f8636329436d/library/std/src/panicking.rs:269:22
[INFO] [stderr]      9:     0x5614f6706f05 - std::panicking::default_hook::h01f6bb23e1eceb2c
[INFO] [stderr]                                  at /rustc/1b7dd2252b99671ce5d1cb9664c5f8636329436d/library/std/src/panicking.rs:288:9
[INFO] [stderr]     10:     0x5614f67076be - std::panicking::rust_panic_with_hook::h2bb3722bbaf2f6df
[INFO] [stderr]                                  at /rustc/1b7dd2252b99671ce5d1cb9664c5f8636329436d/library/std/src/panicking.rs:691:13
[INFO] [stderr]     11:     0x5614f67075b9 - std::panicking::begin_panic_handler::{{closure}}::h91bc7f36a4be011b
[INFO] [stderr]                                  at /rustc/1b7dd2252b99671ce5d1cb9664c5f8636329436d/library/std/src/panicking.rs:582:13
[INFO] [stderr]     12:     0x5614f67058c6 - std::sys_common::backtrace::__rust_end_short_backtrace::h8b3d3717114f9e59
[INFO] [stderr]                                  at /rustc/1b7dd2252b99671ce5d1cb9664c5f8636329436d/library/std/src/sys_common/backtrace.rs:150:18
[INFO] [stderr]     13:     0x5614f6707312 - rust_begin_unwind
[INFO] [stderr]                                  at /rustc/1b7dd2252b99671ce5d1cb9664c5f8636329436d/library/std/src/panicking.rs:578:5
[INFO] [stderr]     14:     0x5614f66799c3 - core::panicking::panic_fmt::hfd368e3fbdabea26
[INFO] [stderr]                                  at /rustc/1b7dd2252b99671ce5d1cb9664c5f8636329436d/library/core/src/panicking.rs:67:14
[INFO] [stderr]     15:     0x5614f6684a7f - cmake::fail::h8250385c9d40d8fd
[INFO] [stderr]     16:     0x5614f6684573 - cmake::run::ha2ff77c9f1d19870
[INFO] [stderr]     17:     0x5614f66810a0 - cmake::Config::build::hac8367be707cce35
[INFO] [stderr]     18:     0x5614f667aa5a - build_script_build::main::h929e17b79d484d02
[INFO] [stderr]     19:     0x5614f667b7b3 - core::ops::function::FnOnce::call_once::h44208edf74cac6fa
[INFO] [stderr]     20:     0x5614f667a9a6 - std::sys_common::backtrace::__rust_begin_short_backtrace::hcadbc84128b532ff
[INFO] [stderr]     21:     0x5614f667bda9 - std::rt::lang_start::{{closure}}::ha0d4da8f5fc7f6b8
[INFO] [stderr]     22:     0x5614f66fdf3e - core::ops::function::impls::<impl core::ops::function::FnOnce<A> for &F>::call_once::h2eb19b8ce4148df4
[INFO] [stderr]                                  at /rustc/1b7dd2252b99671ce5d1cb9664c5f8636329436d/library/core/src/ops/function.rs:287:13
[INFO] [stderr]     23:     0x5614f66fdf3e - std::panicking::try::do_call::h2e900feff5d504c5
[INFO] [stderr]                                  at /rustc/1b7dd2252b99671ce5d1cb9664c5f8636329436d/library/std/src/panicking.rs:485:40
[INFO] [stderr]     24:     0x5614f66fdf3e - std::panicking::try::h8854836cb85aa9f2
[INFO] [stderr]                                  at /rustc/1b7dd2252b99671ce5d1cb9664c5f8636329436d/library/std/src/panicking.rs:449:19
[INFO] [stderr]     25:     0x5614f66fdf3e - std::panic::catch_unwind::h706025dd4c48f64b
[INFO] [stderr]                                  at /rustc/1b7dd2252b99671ce5d1cb9664c5f8636329436d/library/std/src/panic.rs:140:14
[INFO] [stderr]     26:     0x5614f66fdf3e - std::rt::lang_start_internal::{{closure}}::h7be5b97f4a07a91a
[INFO] [stderr]                                  at /rustc/1b7dd2252b99671ce5d1cb9664c5f8636329436d/library/std/src/rt.rs:148:48
[INFO] [stderr]     27:     0x5614f66fdf3e - std::panicking::try::do_call::h59847e9d0a176965
[INFO] [stderr]                                  at /rustc/1b7dd2252b99671ce5d1cb9664c5f8636329436d/library/std/src/panicking.rs:485:40
[INFO] [stderr]     28:     0x5614f66fdf3e - std::panicking::try::h399a918ba8522823
[INFO] [stderr]                                  at /rustc/1b7dd2252b99671ce5d1cb9664c5f8636329436d/library/std/src/panicking.rs:449:19
[INFO] [stderr]     29:     0x5614f66fdf3e - std::panic::catch_unwind::hca7ca6c55b2a2e26
[INFO] [stderr]                                  at /rustc/1b7dd2252b99671ce5d1cb9664c5f8636329436d/library/std/src/panic.rs:140:14
[INFO] [stderr]     30:     0x5614f66fdf3e - std::rt::lang_start_internal::h2c807a81560459eb
[INFO] [stderr]                                  at /rustc/1b7dd2252b99671ce5d1cb9664c5f8636329436d/library/std/src/rt.rs:148:20
[INFO] [stderr]     31:     0x5614f667bd87 - std::rt::lang_start::h1574b97bba1fc18c
[INFO] [stderr]     32:     0x5614f667b0a5 - main
[INFO] [stderr]     33:     0x7fdddcce8d90 - <unknown>
[INFO] [stderr]     34:     0x7fdddcce8e40 - __libc_start_main
[INFO] [stderr]     35:     0x5614f6679f45 - _start
[INFO] [stderr]     36:                0x0 - <unknown>
[INFO] running `Command { std: "docker" "inspect" "235fcd232b6e3911dcb06ff6adc84110a7a99de5c86545c6a09d698dac736057", kill_on_drop: false }`
[INFO] running `Command { std: "docker" "rm" "-f" "235fcd232b6e3911dcb06ff6adc84110a7a99de5c86545c6a09d698dac736057", kill_on_drop: false }`
[INFO] [stdout] 235fcd232b6e3911dcb06ff6adc84110a7a99de5c86545c6a09d698dac736057
