[INFO] fetching crate rust-ad 0.8.0...
[INFO] testing rust-ad-0.8.0 against 1.69.0 for beta-1.70-1
[INFO] extracting crate rust-ad 0.8.0 into /workspace/builds/worker-6-tc1/source
[INFO] validating manifest of crates.io crate rust-ad 0.8.0 on toolchain 1.69.0
[INFO] running `Command { std: CARGO_HOME="/workspace/cargo-home" RUSTUP_HOME="/workspace/rustup-home" "/workspace/cargo-home/bin/cargo" "+1.69.0" "metadata" "--manifest-path" "Cargo.toml" "--no-deps", kill_on_drop: false }`
[INFO] started tweaking crates.io crate rust-ad 0.8.0
[INFO] finished tweaking crates.io crate rust-ad 0.8.0
[INFO] tweaked toml for crates.io crate rust-ad 0.8.0 written to /workspace/builds/worker-6-tc1/source/Cargo.toml
[INFO] crate crates.io crate rust-ad 0.8.0 already has a lockfile, it will not be regenerated
[INFO] running `Command { std: CARGO_HOME="/workspace/cargo-home" RUSTUP_HOME="/workspace/rustup-home" "/workspace/cargo-home/bin/cargo" "+1.69.0" "fetch" "--manifest-path" "Cargo.toml", kill_on_drop: false }`
[INFO] [stderr]  Downloading crates ...
[INFO] [stderr]   Downloaded const_format v0.2.22
[INFO] [stderr]   Downloaded const_format_proc_macros v0.2.22
[INFO] [stderr]   Downloaded rust-ad-core-macros v0.8.0
[INFO] [stderr]   Downloaded rust-ad-core v0.8.0
[INFO] [stderr]   Downloaded rust-ad-macros v0.8.0
[INFO] [stderr]   Downloaded rust-ad-consts v0.8.0
[INFO] running `Command { std: "docker" "create" "-v" "/var/lib/crater-agent-workspace/builds/worker-6-tc1/target:/opt/rustwide/target:rw,Z" "-v" "/var/lib/crater-agent-workspace/builds/worker-6-tc1/source:/opt/rustwide/workdir:ro,Z" "-v" "/var/lib/crater-agent-workspace/cargo-home:/opt/rustwide/cargo-home:ro,Z" "-v" "/var/lib/crater-agent-workspace/rustup-home:/opt/rustwide/rustup-home:ro,Z" "-e" "SOURCE_DIR=/opt/rustwide/workdir" "-e" "CARGO_TARGET_DIR=/opt/rustwide/target" "-e" "CARGO_HOME=/opt/rustwide/cargo-home" "-e" "RUSTUP_HOME=/opt/rustwide/rustup-home" "-w" "/opt/rustwide/workdir" "-m" "1610612736" "--user" "0:0" "--network" "none" "ghcr.io/rust-lang/crates-build-env/linux@sha256:5ff2268d62e97bff2cde7d5815dd6ed5b47097566f13b8d0ca110b04b60e07ed" "/opt/rustwide/cargo-home/bin/cargo" "+1.69.0" "metadata" "--no-deps" "--format-version=1", kill_on_drop: false }`
[INFO] [stdout] 6aec0f4a0928eeb8ee462415f0699ce5d239b3f001722b7d387a8fc79f9f9aed
[INFO] running `Command { std: "docker" "start" "-a" "6aec0f4a0928eeb8ee462415f0699ce5d239b3f001722b7d387a8fc79f9f9aed", kill_on_drop: false }`
[INFO] running `Command { std: "docker" "inspect" "6aec0f4a0928eeb8ee462415f0699ce5d239b3f001722b7d387a8fc79f9f9aed", kill_on_drop: false }`
[INFO] running `Command { std: "docker" "rm" "-f" "6aec0f4a0928eeb8ee462415f0699ce5d239b3f001722b7d387a8fc79f9f9aed", kill_on_drop: false }`
[INFO] [stdout] 6aec0f4a0928eeb8ee462415f0699ce5d239b3f001722b7d387a8fc79f9f9aed
[INFO] running `Command { std: "docker" "create" "-v" "/var/lib/crater-agent-workspace/builds/worker-6-tc1/target:/opt/rustwide/target:rw,Z" "-v" "/var/lib/crater-agent-workspace/builds/worker-6-tc1/source:/opt/rustwide/workdir:ro,Z" "-v" "/var/lib/crater-agent-workspace/cargo-home:/opt/rustwide/cargo-home:ro,Z" "-v" "/var/lib/crater-agent-workspace/rustup-home:/opt/rustwide/rustup-home:ro,Z" "-e" "SOURCE_DIR=/opt/rustwide/workdir" "-e" "CARGO_TARGET_DIR=/opt/rustwide/target" "-e" "CARGO_INCREMENTAL=0" "-e" "RUST_BACKTRACE=full" "-e" "RUSTFLAGS=--cap-lints=warn" "-e" "RUSTDOCFLAGS=--cap-lints=warn" "-e" "CARGO_HOME=/opt/rustwide/cargo-home" "-e" "RUSTUP_HOME=/opt/rustwide/rustup-home" "-w" "/opt/rustwide/workdir" "-m" "1610612736" "--user" "0:0" "--network" "none" "ghcr.io/rust-lang/crates-build-env/linux@sha256:5ff2268d62e97bff2cde7d5815dd6ed5b47097566f13b8d0ca110b04b60e07ed" "/opt/rustwide/cargo-home/bin/cargo" "+1.69.0" "build" "--frozen" "--message-format=json", kill_on_drop: false }`
[INFO] [stdout] 2ea1fa25e31acbb8141c0d436eb6209dd4d7fa65acb1567d0704d5d2bc27ded4
[INFO] running `Command { std: "docker" "start" "-a" "2ea1fa25e31acbb8141c0d436eb6209dd4d7fa65acb1567d0704d5d2bc27ded4", kill_on_drop: false }`
[INFO] [stderr]    Compiling syn v1.0.82
[INFO] [stderr]    Compiling proc-macro2 v1.0.32
[INFO] [stderr]    Compiling const_format_proc_macros v0.2.22
[INFO] [stderr]    Compiling quote v1.0.10
[INFO] [stderr]    Compiling const_format v0.2.22
[INFO] [stderr]    Compiling rust-ad-consts v0.8.0
[INFO] [stderr]    Compiling rust-ad-core-macros v0.8.0
[INFO] [stderr]    Compiling rust-ad-core v0.8.0
[INFO] [stdout] error[E0554]: `#![feature]` may not be used on the stable release channel
[INFO] [stdout]  --> /opt/rustwide/cargo-home/registry/src/github.com-1ecc6299db9ec823/rust-ad-core-0.8.0/src/lib.rs:2:1
[INFO] [stdout]   |
[INFO] [stdout] 2 | #![feature(iter_intersperse)]
[INFO] [stdout]   | ^^^^^^^^^^^^^^^^^^^^^^^^^^^^^
[INFO] [stdout] 
[INFO] [stdout] 
[INFO] [stdout] error[E0554]: `#![feature]` may not be used on the stable release channel
[INFO] [stdout]  --> /opt/rustwide/cargo-home/registry/src/github.com-1ecc6299db9ec823/rust-ad-core-0.8.0/src/lib.rs:3:1
[INFO] [stdout]   |
[INFO] [stdout] 3 | #![feature(adt_const_params)]
[INFO] [stdout]   | ^^^^^^^^^^^^^^^^^^^^^^^^^^^^^
[INFO] [stdout] 
[INFO] [stdout] 
[INFO] [stdout] error[E0554]: `#![feature]` may not be used on the stable release channel
[INFO] [stdout]  --> /opt/rustwide/cargo-home/registry/src/github.com-1ecc6299db9ec823/rust-ad-core-0.8.0/src/lib.rs:4:1
[INFO] [stdout]   |
[INFO] [stdout] 4 | #![feature(proc_macro_diagnostic)]
[INFO] [stdout]   | ^^^^^^^^^^^^^^^^^^^^^^^^^^^^^^^^^^
[INFO] [stdout] 
[INFO] [stdout] 
[INFO] [stdout] error[E0554]: `#![feature]` may not be used on the stable release channel
[INFO] [stdout]  --> /opt/rustwide/cargo-home/registry/src/github.com-1ecc6299db9ec823/rust-ad-core-0.8.0/src/lib.rs:2:12
[INFO] [stdout]   |
[INFO] [stdout] 2 | #![feature(iter_intersperse)]
[INFO] [stdout]   |            ^^^^^^^^^^^^^^^^
[INFO] [stdout] 
[INFO] [stdout] 
[INFO] [stdout] error[E0554]: `#![feature]` may not be used on the stable release channel
[INFO] [stdout]  --> /opt/rustwide/cargo-home/registry/src/github.com-1ecc6299db9ec823/rust-ad-core-0.8.0/src/lib.rs:4:12
[INFO] [stdout]   |
[INFO] [stdout] 4 | #![feature(proc_macro_diagnostic)]
[INFO] [stdout]   |            ^^^^^^^^^^^^^^^^^^^^^
[INFO] [stdout] 
[INFO] [stdout] 
[INFO] [stdout] error[E0741]: using function pointers as const generic parameters is forbidden
[INFO] [stdout]    --> /opt/rustwide/cargo-home/registry/src/github.com-1ecc6299db9ec823/rust-ad-core-0.8.0/src/derivatives/mod.rs:233:70
[INFO] [stdout]     |
[INFO] [stdout] 233 | pub fn fgd<const DEFAULT: &'static str, const TRANSLATION_FUNCTIONS: &'static [DFn]>(
[INFO] [stdout]     |                                                                      ^^^^^^^^^^^^^^
[INFO] [stdout] 
[INFO] [stdout] 
[INFO] [stdout] error[E0741]: using function pointers as const generic parameters is forbidden
[INFO] [stdout]    --> /opt/rustwide/cargo-home/registry/src/github.com-1ecc6299db9ec823/rust-ad-core-0.8.0/src/derivatives/mod.rs:342:70
[INFO] [stdout]     |
[INFO] [stdout] 342 | pub fn rgd<const DEFAULT: &'static str, const TRANSLATION_FUNCTIONS: &'static [DFn]>(
[INFO] [stdout]     |                                                                      ^^^^^^^^^^^^^^
[INFO] [stdout] 
[INFO] [stdout] 
[INFO] [stdout] error: aborting due to 7 previous errors
[INFO] [stdout] 
[INFO] [stdout] 
[INFO] [stdout] Some errors have detailed explanations: E0554, E0741.
[INFO] [stdout] 
[INFO] [stdout] For more information about an error, try `rustc --explain E0554`.
[INFO] [stdout] 
[INFO] [stderr] error: could not compile `rust-ad-core` due to 8 previous errors
[INFO] [stderr] warning: build failed, waiting for other jobs to finish...
[INFO] running `Command { std: "docker" "inspect" "2ea1fa25e31acbb8141c0d436eb6209dd4d7fa65acb1567d0704d5d2bc27ded4", kill_on_drop: false }`
[INFO] running `Command { std: "docker" "rm" "-f" "2ea1fa25e31acbb8141c0d436eb6209dd4d7fa65acb1567d0704d5d2bc27ded4", kill_on_drop: false }`
[INFO] [stdout] 2ea1fa25e31acbb8141c0d436eb6209dd4d7fa65acb1567d0704d5d2bc27ded4
