[INFO] fetching crate rushell_deps_linefeed 0.6.0-jeff.1...
[INFO] testing rushell_deps_linefeed-0.6.0-jeff.1 against beta-2023-04-20 for beta-1.70-1
[INFO] extracting crate rushell_deps_linefeed 0.6.0-jeff.1 into /workspace/builds/worker-6-tc2/source
[INFO] validating manifest of crates.io crate rushell_deps_linefeed 0.6.0-jeff.1 on toolchain beta-2023-04-20
[INFO] running `Command { std: CARGO_HOME="/workspace/cargo-home" RUSTUP_HOME="/workspace/rustup-home" "/workspace/cargo-home/bin/cargo" "+beta-2023-04-20" "metadata" "--manifest-path" "Cargo.toml" "--no-deps", kill_on_drop: false }`
[INFO] started tweaking crates.io crate rushell_deps_linefeed 0.6.0-jeff.1
[INFO] finished tweaking crates.io crate rushell_deps_linefeed 0.6.0-jeff.1
[INFO] tweaked toml for crates.io crate rushell_deps_linefeed 0.6.0-jeff.1 written to /workspace/builds/worker-6-tc2/source/Cargo.toml
[INFO] crate crates.io crate rushell_deps_linefeed 0.6.0-jeff.1 already has a lockfile, it will not be regenerated
[INFO] running `Command { std: CARGO_HOME="/workspace/cargo-home" RUSTUP_HOME="/workspace/rustup-home" "/workspace/cargo-home/bin/cargo" "+beta-2023-04-20" "fetch" "--manifest-path" "Cargo.toml", kill_on_drop: false }`
[INFO] [stderr]     Updating crates.io index
[INFO] [stderr]  Downloading crates ...
[INFO] [stderr]   Downloaded mortal v0.2.2
[INFO] [stderr]   Downloaded assert_matches v1.3.0
[INFO] [stderr]   Downloaded smallstr v0.2.0
[INFO] running `Command { std: "docker" "create" "-v" "/var/lib/crater-agent-workspace/builds/worker-6-tc2/target:/opt/rustwide/target:rw,Z" "-v" "/var/lib/crater-agent-workspace/builds/worker-6-tc2/source:/opt/rustwide/workdir:ro,Z" "-v" "/var/lib/crater-agent-workspace/cargo-home:/opt/rustwide/cargo-home:ro,Z" "-v" "/var/lib/crater-agent-workspace/rustup-home:/opt/rustwide/rustup-home:ro,Z" "-e" "SOURCE_DIR=/opt/rustwide/workdir" "-e" "CARGO_TARGET_DIR=/opt/rustwide/target" "-e" "CARGO_HOME=/opt/rustwide/cargo-home" "-e" "RUSTUP_HOME=/opt/rustwide/rustup-home" "-w" "/opt/rustwide/workdir" "-m" "1610612736" "--user" "0:0" "--network" "none" "ghcr.io/rust-lang/crates-build-env/linux@sha256:5ff2268d62e97bff2cde7d5815dd6ed5b47097566f13b8d0ca110b04b60e07ed" "/opt/rustwide/cargo-home/bin/cargo" "+beta-2023-04-20" "metadata" "--no-deps" "--format-version=1", kill_on_drop: false }`
[INFO] [stdout] 21dfad7d2682ad506f8e8daff4ee81fe118bfa8e40bd651cb1d927c1105fce32
[INFO] running `Command { std: "docker" "start" "-a" "21dfad7d2682ad506f8e8daff4ee81fe118bfa8e40bd651cb1d927c1105fce32", kill_on_drop: false }`
[INFO] running `Command { std: "docker" "inspect" "21dfad7d2682ad506f8e8daff4ee81fe118bfa8e40bd651cb1d927c1105fce32", kill_on_drop: false }`
[INFO] running `Command { std: "docker" "rm" "-f" "21dfad7d2682ad506f8e8daff4ee81fe118bfa8e40bd651cb1d927c1105fce32", kill_on_drop: false }`
[INFO] [stdout] 21dfad7d2682ad506f8e8daff4ee81fe118bfa8e40bd651cb1d927c1105fce32
[INFO] running `Command { std: "docker" "create" "-v" "/var/lib/crater-agent-workspace/builds/worker-6-tc2/target:/opt/rustwide/target:rw,Z" "-v" "/var/lib/crater-agent-workspace/builds/worker-6-tc2/source:/opt/rustwide/workdir:ro,Z" "-v" "/var/lib/crater-agent-workspace/cargo-home:/opt/rustwide/cargo-home:ro,Z" "-v" "/var/lib/crater-agent-workspace/rustup-home:/opt/rustwide/rustup-home:ro,Z" "-e" "SOURCE_DIR=/opt/rustwide/workdir" "-e" "CARGO_TARGET_DIR=/opt/rustwide/target" "-e" "CARGO_INCREMENTAL=0" "-e" "RUST_BACKTRACE=full" "-e" "RUSTFLAGS=--cap-lints=warn" "-e" "RUSTDOCFLAGS=--cap-lints=warn" "-e" "CARGO_HOME=/opt/rustwide/cargo-home" "-e" "RUSTUP_HOME=/opt/rustwide/rustup-home" "-w" "/opt/rustwide/workdir" "-m" "1610612736" "--user" "0:0" "--network" "none" "ghcr.io/rust-lang/crates-build-env/linux@sha256:5ff2268d62e97bff2cde7d5815dd6ed5b47097566f13b8d0ca110b04b60e07ed" "/opt/rustwide/cargo-home/bin/cargo" "+beta-2023-04-20" "build" "--frozen" "--message-format=json", kill_on_drop: false }`
[INFO] [stdout] 9e4a4058cddd696efa661a2f3d5f49fc60a1833e8b6bdb10f12bdf18667b7f98
[INFO] running `Command { std: "docker" "start" "-a" "9e4a4058cddd696efa661a2f3d5f49fc60a1833e8b6bdb10f12bdf18667b7f98", kill_on_drop: false }`
[INFO] [stderr]    Compiling libc v0.2.77
[INFO] [stderr]    Compiling getrandom v0.1.15
[INFO] [stderr]    Compiling ppv-lite86 v0.2.9
[INFO] [stderr]    Compiling siphasher v0.3.3
[INFO] [stderr]    Compiling memchr v2.3.3
[INFO] [stderr]    Compiling version_check v0.9.2
[INFO] [stderr]    Compiling nix v0.17.0
[INFO] [stderr]    Compiling smallvec v1.4.2
[INFO] [stderr]    Compiling tinyvec v0.3.4
[INFO] [stderr]    Compiling fnv v1.0.7
[INFO] [stderr]    Compiling unicode-width v0.1.8
[INFO] [stderr]    Compiling phf_shared v0.8.0
[INFO] [stderr]    Compiling smallstr v0.2.0
[INFO] [stderr]    Compiling phf v0.8.0
[INFO] [stderr]    Compiling nom v5.1.2
[INFO] [stderr]    Compiling unicode-normalization v0.1.13
[INFO] [stderr]    Compiling dirs-sys v0.3.5
[INFO] [stderr]    Compiling dirs v2.0.2
[INFO] [stderr]    Compiling rand_core v0.5.1
[INFO] [stderr]    Compiling rand_chacha v0.2.2
[INFO] [stderr]    Compiling rand_pcg v0.2.1
[INFO] [stderr]    Compiling rand v0.7.3
[INFO] [stderr]    Compiling phf_generator v0.8.0
[INFO] [stderr]    Compiling phf_codegen v0.8.0
[INFO] [stderr]    Compiling terminfo v0.7.3
[INFO] [stderr]    Compiling mortal v0.2.2
[INFO] [stderr]    Compiling rushell_deps_linefeed v0.6.0-jeff.1 (/opt/rustwide/workdir)
[INFO] [stdout] warning: field `input` is never read
[INFO] [stdout]   --> src/memory.rs:35:5
[INFO] [stdout]    |
[INFO] [stdout] 33 | struct Writer {
[INFO] [stdout]    |        ------ field in this struct
[INFO] [stdout] 34 |     memory: Vec<char>,
[INFO] [stdout] 35 |     input: Vec<u8>,
[INFO] [stdout]    |     ^^^^^
[INFO] [stdout]    |
[INFO] [stdout]    = note: `Writer` has a derived impl for the trait `Debug`, but this is intentionally ignored during dead code analysis
[INFO] [stdout]    = note: `#[warn(dead_code)]` on by default
[INFO] [stdout] 
[INFO] [stdout] 
[INFO] [stdout] warning: 1 warning emitted
[INFO] [stdout] 
[INFO] [stdout] 
[INFO] [stderr]     Finished dev [unoptimized + debuginfo] target(s) in 10.12s
[INFO] [stderr] warning: the following packages contain code that will be rejected by a future version of Rust: nom v5.1.2, terminfo v0.7.3
[INFO] [stderr]     Blocking waiting for file lock on package cache
[INFO] [stderr] note: to see what the problems were, use the option `--future-incompat-report`, or run `cargo report future-incompatibilities --id 1`
[INFO] running `Command { std: "docker" "inspect" "9e4a4058cddd696efa661a2f3d5f49fc60a1833e8b6bdb10f12bdf18667b7f98", kill_on_drop: false }`
[INFO] running `Command { std: "docker" "rm" "-f" "9e4a4058cddd696efa661a2f3d5f49fc60a1833e8b6bdb10f12bdf18667b7f98", kill_on_drop: false }`
[INFO] [stdout] 9e4a4058cddd696efa661a2f3d5f49fc60a1833e8b6bdb10f12bdf18667b7f98
[INFO] running `Command { std: "docker" "create" "-v" "/var/lib/crater-agent-workspace/builds/worker-6-tc2/target:/opt/rustwide/target:rw,Z" "-v" "/var/lib/crater-agent-workspace/builds/worker-6-tc2/source:/opt/rustwide/workdir:ro,Z" "-v" "/var/lib/crater-agent-workspace/cargo-home:/opt/rustwide/cargo-home:ro,Z" "-v" "/var/lib/crater-agent-workspace/rustup-home:/opt/rustwide/rustup-home:ro,Z" "-e" "SOURCE_DIR=/opt/rustwide/workdir" "-e" "CARGO_TARGET_DIR=/opt/rustwide/target" "-e" "CARGO_INCREMENTAL=0" "-e" "RUST_BACKTRACE=full" "-e" "RUSTFLAGS=--cap-lints=warn" "-e" "RUSTDOCFLAGS=--cap-lints=warn" "-e" "CARGO_HOME=/opt/rustwide/cargo-home" "-e" "RUSTUP_HOME=/opt/rustwide/rustup-home" "-w" "/opt/rustwide/workdir" "-m" "1610612736" "--user" "0:0" "--network" "none" "ghcr.io/rust-lang/crates-build-env/linux@sha256:5ff2268d62e97bff2cde7d5815dd6ed5b47097566f13b8d0ca110b04b60e07ed" "/opt/rustwide/cargo-home/bin/cargo" "+beta-2023-04-20" "test" "--frozen" "--no-run" "--message-format=json", kill_on_drop: false }`
[INFO] [stdout] 2bd00994dd5c31d9607e2f2debf47716fba26b1e3247d15ac2806271b8d8b5bc
[INFO] running `Command { std: "docker" "start" "-a" "2bd00994dd5c31d9607e2f2debf47716fba26b1e3247d15ac2806271b8d8b5bc", kill_on_drop: false }`
[INFO] [stderr]    Compiling rand_core v0.4.2
[INFO] [stderr]    Compiling ansi_term v0.11.0
[INFO] [stderr]    Compiling assert_matches v1.3.0
[INFO] [stdout] warning: field `input` is never read
[INFO] [stdout]   --> src/memory.rs:35:5
[INFO] [stdout]    |
[INFO] [stdout] 33 | struct Writer {
[INFO] [stdout]    |        ------ field in this struct
[INFO] [stdout] 34 |     memory: Vec<char>,
[INFO] [stdout] 35 |     input: Vec<u8>,
[INFO] [stdout]    |     ^^^^^
[INFO] [stdout]    |
[INFO] [stdout]    = note: `Writer` has a derived impl for the trait `Debug`, but this is intentionally ignored during dead code analysis
[INFO] [stdout]    = note: `#[warn(dead_code)]` on by default
[INFO] [stdout] 
[INFO] [stdout] 
[INFO] [stdout] warning: 1 warning emitted
[INFO] [stdout] 
[INFO] [stdout] 
[INFO] [stderr]    Compiling rand_core v0.3.1
[INFO] [stderr]    Compiling rand v0.5.6
[INFO] [stderr]    Compiling rushell_deps_linefeed v0.6.0-jeff.1 (/opt/rustwide/workdir)
[INFO] [stdout] error[E0463]: can't find crate for `linefeed`
[INFO] [stdout]  --> examples/enter_function.rs:1:1
[INFO] [stdout]   |
[INFO] [stdout] 1 | extern crate linefeed;
[INFO] [stdout]   | ^^^^^^^^^^^^^^^^^^^^^^ can't find crate
[INFO] [stdout] 
[INFO] [stdout] 
[INFO] [stdout] error: aborting due to previous error
[INFO] [stdout] 
[INFO] [stdout] 
[INFO] [stdout] For more information about this error, try `rustc --explain E0463`.
[INFO] [stdout] 
[INFO] [stderr] error: could not compile `rushell_deps_linefeed` (example "enter_function") due to 2 previous errors
[INFO] [stderr] warning: build failed, waiting for other jobs to finish...
[INFO] [stdout] error[E0463]: can't find crate for `linefeed`
[INFO] [stdout]  --> examples/color_prompt.rs:5:1
[INFO] [stdout]   |
[INFO] [stdout] 5 | extern crate linefeed;
[INFO] [stdout]   | ^^^^^^^^^^^^^^^^^^^^^^ can't find crate
[INFO] [stdout] 
[INFO] [stdout] 
[INFO] [stdout] error: aborting due to previous error
[INFO] [stdout] 
[INFO] [stdout] 
[INFO] [stdout] For more information about this error, try `rustc --explain E0463`.
[INFO] [stdout] 
[INFO] [stdout] error[E0463]: can't find crate for `linefeed`
[INFO] [stdout]  --> examples/async.rs:1:1
[INFO] [stdout]   |
[INFO] [stdout] 1 | extern crate linefeed;
[INFO] [stdout]   | ^^^^^^^^^^^^^^^^^^^^^^ can't find crate
[INFO] [stdout] 
[INFO] [stdout] 
[INFO] [stderr] error: could not compile `rushell_deps_linefeed` (example "color_prompt") due to 2 previous errors
[INFO] [stdout] error[E0463]: can't find crate for `linefeed`
[INFO] [stdout]  --> examples/demo.rs:1:1
[INFO] [stdout]   |
[INFO] [stdout] 1 | extern crate linefeed;
[INFO] [stdout]   | ^^^^^^^^^^^^^^^^^^^^^^ can't find crate
[INFO] [stdout] 
[INFO] [stdout] 
[INFO] [stdout] error: aborting due to previous error
[INFO] [stdout] 
[INFO] [stdout] 
[INFO] [stdout] For more information about this error, try `rustc --explain E0463`.
[INFO] [stdout] 
[INFO] [stderr] error: could not compile `rushell_deps_linefeed` (example "async") due to 2 previous errors
[INFO] [stdout] error[E0463]: can't find crate for `linefeed`
[INFO] [stdout]  --> examples/path_completion.rs:1:1
[INFO] [stdout]   |
[INFO] [stdout] 1 | extern crate linefeed;
[INFO] [stdout]   | ^^^^^^^^^^^^^^^^^^^^^^ can't find crate
[INFO] [stdout] 
[INFO] [stdout] 
[INFO] [stdout] error: aborting due to previous error
[INFO] [stdout] 
[INFO] [stdout] 
[INFO] [stdout] For more information about this error, try `rustc --explain E0463`.
[INFO] [stdout] 
[INFO] [stdout] error[E0463]: can't find crate for `linefeed`
[INFO] [stdout]  --> tests/linefeed.rs:1:1
[INFO] [stdout]   |
[INFO] [stdout] 1 | extern crate linefeed;
[INFO] [stdout]   | ^^^^^^^^^^^^^^^^^^^^^^ can't find crate
[INFO] [stdout] 
[INFO] [stdout] 
[INFO] [stderr] error: could not compile `rushell_deps_linefeed` (example "demo") due to 2 previous errors
[INFO] [stdout] error: aborting due to previous error
[INFO] [stdout] 
[INFO] [stdout] 
[INFO] [stderr] error: could not compile `rushell_deps_linefeed` (example "path_completion") due to 2 previous errors
[INFO] [stdout] For more information about this error, try `rustc --explain E0463`.
[INFO] [stdout] 
[INFO] [stdout] error: aborting due to previous error
[INFO] [stdout] 
[INFO] [stdout] 
[INFO] [stderr] error: could not compile `rushell_deps_linefeed` (test "linefeed") due to 2 previous errors
[INFO] [stdout] For more information about this error, try `rustc --explain E0463`.
[INFO] [stdout] 
[INFO] [stdout] error[E0463]: can't find crate for `linefeed`
[INFO] [stdout]  --> examples/function.rs:1:1
[INFO] [stdout]   |
[INFO] [stdout] 1 | extern crate linefeed;
[INFO] [stdout]   | ^^^^^^^^^^^^^^^^^^^^^^ can't find crate
[INFO] [stdout] 
[INFO] [stdout] 
[INFO] [stdout] error: aborting due to previous error
[INFO] [stdout] 
[INFO] [stdout] 
[INFO] [stdout] For more information about this error, try `rustc --explain E0463`.
[INFO] [stdout] 
[INFO] [stderr] error: could not compile `rushell_deps_linefeed` (example "function") due to 2 previous errors
[INFO] [stdout] error[E0463]: can't find crate for `linefeed`
[INFO] [stdout]  --> examples/signals.rs:1:1
[INFO] [stdout]   |
[INFO] [stdout] 1 | extern crate linefeed;
[INFO] [stdout]   | ^^^^^^^^^^^^^^^^^^^^^^ can't find crate
[INFO] [stdout] 
[INFO] [stdout] 
[INFO] [stdout] error: aborting due to previous error
[INFO] [stdout] 
[INFO] [stdout] 
[INFO] [stdout] For more information about this error, try `rustc --explain E0463`.
[INFO] [stdout] 
[INFO] [stderr] error: could not compile `rushell_deps_linefeed` (example "signals") due to 2 previous errors
[INFO] [stdout] warning: field `input` is never read
[INFO] [stdout]   --> src/memory.rs:35:5
[INFO] [stdout]    |
[INFO] [stdout] 33 | struct Writer {
[INFO] [stdout]    |        ------ field in this struct
[INFO] [stdout] 34 |     memory: Vec<char>,
[INFO] [stdout] 35 |     input: Vec<u8>,
[INFO] [stdout]    |     ^^^^^
[INFO] [stdout]    |
[INFO] [stdout]    = note: `Writer` has a derived impl for the trait `Debug`, but this is intentionally ignored during dead code analysis
[INFO] [stdout]    = note: `#[warn(dead_code)]` on by default
[INFO] [stdout] 
[INFO] [stdout] 
[INFO] [stdout] warning: 1 warning emitted
[INFO] [stdout] 
[INFO] [stdout] 
[INFO] running `Command { std: "docker" "inspect" "2bd00994dd5c31d9607e2f2debf47716fba26b1e3247d15ac2806271b8d8b5bc", kill_on_drop: false }`
[INFO] running `Command { std: "docker" "rm" "-f" "2bd00994dd5c31d9607e2f2debf47716fba26b1e3247d15ac2806271b8d8b5bc", kill_on_drop: false }`
[INFO] [stdout] 2bd00994dd5c31d9607e2f2debf47716fba26b1e3247d15ac2806271b8d8b5bc
