[INFO] fetching crate rumqttc 0.20.0...
[INFO] testing rumqttc-0.20.0 against 1.69.0 for beta-1.70-1
[INFO] extracting crate rumqttc 0.20.0 into /workspace/builds/worker-0-tc1/source
[INFO] validating manifest of crates.io crate rumqttc 0.20.0 on toolchain 1.69.0
[INFO] running `Command { std: CARGO_HOME="/workspace/cargo-home" RUSTUP_HOME="/workspace/rustup-home" "/workspace/cargo-home/bin/cargo" "+1.69.0" "metadata" "--manifest-path" "Cargo.toml" "--no-deps", kill_on_drop: false }`
[INFO] started tweaking crates.io crate rumqttc 0.20.0
[INFO] finished tweaking crates.io crate rumqttc 0.20.0
[INFO] tweaked toml for crates.io crate rumqttc 0.20.0 written to /workspace/builds/worker-0-tc1/source/Cargo.toml
[INFO] crate crates.io crate rumqttc 0.20.0 already has a lockfile, it will not be regenerated
[INFO] running `Command { std: CARGO_HOME="/workspace/cargo-home" RUSTUP_HOME="/workspace/rustup-home" "/workspace/cargo-home/bin/cargo" "+1.69.0" "fetch" "--manifest-path" "Cargo.toml", kill_on_drop: false }`
[INFO] [stderr]  Downloading crates ...
[INFO] [stderr]   Downloaded color-backtrace v0.4.2
[INFO] [stderr]   Downloaded object v0.30.2
[INFO] [stderr]   Downloaded async-tungstenite v0.16.1
[INFO] [stderr]   Downloaded ws_stream_tungstenite v0.7.0
[INFO] running `Command { std: "docker" "create" "-v" "/var/lib/crater-agent-workspace/builds/worker-0-tc1/target:/opt/rustwide/target:rw,Z" "-v" "/var/lib/crater-agent-workspace/builds/worker-0-tc1/source:/opt/rustwide/workdir:ro,Z" "-v" "/var/lib/crater-agent-workspace/cargo-home:/opt/rustwide/cargo-home:ro,Z" "-v" "/var/lib/crater-agent-workspace/rustup-home:/opt/rustwide/rustup-home:ro,Z" "-e" "SOURCE_DIR=/opt/rustwide/workdir" "-e" "CARGO_TARGET_DIR=/opt/rustwide/target" "-e" "CARGO_HOME=/opt/rustwide/cargo-home" "-e" "RUSTUP_HOME=/opt/rustwide/rustup-home" "-w" "/opt/rustwide/workdir" "-m" "1610612736" "--user" "0:0" "--network" "none" "ghcr.io/rust-lang/crates-build-env/linux@sha256:5ff2268d62e97bff2cde7d5815dd6ed5b47097566f13b8d0ca110b04b60e07ed" "/opt/rustwide/cargo-home/bin/cargo" "+1.69.0" "metadata" "--no-deps" "--format-version=1", kill_on_drop: false }`
[INFO] [stdout] 702166ac9cbcda9f5ca1342a11d3c82ee392ec030f5be1a7148bb7ec2f0e6559
[INFO] running `Command { std: "docker" "start" "-a" "702166ac9cbcda9f5ca1342a11d3c82ee392ec030f5be1a7148bb7ec2f0e6559", kill_on_drop: false }`
[INFO] running `Command { std: "docker" "inspect" "702166ac9cbcda9f5ca1342a11d3c82ee392ec030f5be1a7148bb7ec2f0e6559", kill_on_drop: false }`
[INFO] running `Command { std: "docker" "rm" "-f" "702166ac9cbcda9f5ca1342a11d3c82ee392ec030f5be1a7148bb7ec2f0e6559", kill_on_drop: false }`
[INFO] [stdout] 702166ac9cbcda9f5ca1342a11d3c82ee392ec030f5be1a7148bb7ec2f0e6559
[INFO] running `Command { std: "docker" "create" "-v" "/var/lib/crater-agent-workspace/builds/worker-0-tc1/target:/opt/rustwide/target:rw,Z" "-v" "/var/lib/crater-agent-workspace/builds/worker-0-tc1/source:/opt/rustwide/workdir:ro,Z" "-v" "/var/lib/crater-agent-workspace/cargo-home:/opt/rustwide/cargo-home:ro,Z" "-v" "/var/lib/crater-agent-workspace/rustup-home:/opt/rustwide/rustup-home:ro,Z" "-e" "SOURCE_DIR=/opt/rustwide/workdir" "-e" "CARGO_TARGET_DIR=/opt/rustwide/target" "-e" "CARGO_INCREMENTAL=0" "-e" "RUST_BACKTRACE=full" "-e" "RUSTFLAGS=--cap-lints=warn" "-e" "RUSTDOCFLAGS=--cap-lints=warn" "-e" "CARGO_HOME=/opt/rustwide/cargo-home" "-e" "RUSTUP_HOME=/opt/rustwide/rustup-home" "-w" "/opt/rustwide/workdir" "-m" "1610612736" "--user" "0:0" "--network" "none" "ghcr.io/rust-lang/crates-build-env/linux@sha256:5ff2268d62e97bff2cde7d5815dd6ed5b47097566f13b8d0ca110b04b60e07ed" "/opt/rustwide/cargo-home/bin/cargo" "+1.69.0" "build" "--frozen" "--message-format=json", kill_on_drop: false }`
[INFO] [stdout] 979a7d73f9df04ffd7a3c1f37d8492e3bdfd06c035d054fefc6043615fdb56b3
[INFO] running `Command { std: "docker" "start" "-a" "979a7d73f9df04ffd7a3c1f37d8492e3bdfd06c035d054fefc6043615fdb56b3", kill_on_drop: false }`
[INFO] [stderr]    Compiling libc v0.2.139
[INFO] [stderr]    Compiling proc-macro2 v1.0.50
[INFO] [stderr]    Compiling unicode-ident v1.0.6
[INFO] [stderr]    Compiling quote v1.0.23
[INFO] [stderr]    Compiling syn v1.0.107
[INFO] [stderr]    Compiling cc v1.0.78
[INFO] [stderr]    Compiling futures-core v0.3.25
[INFO] [stderr]    Compiling scopeguard v1.1.0
[INFO] [stderr]    Compiling log v0.4.17
[INFO] [stderr]    Compiling futures-channel v0.3.25
[INFO] [stderr]    Compiling futures-task v0.3.25
[INFO] [stderr]    Compiling futures-sink v0.3.25
[INFO] [stderr]    Compiling spin v0.5.2
[INFO] [stderr]    Compiling lock_api v0.4.9
[INFO] [stderr]    Compiling slab v0.4.7
[INFO] [stderr]    Compiling untrusted v0.7.1
[INFO] [stderr]    Compiling once_cell v1.17.0
[INFO] [stderr]    Compiling parking_lot_core v0.9.6
[INFO] [stderr]    Compiling futures-util v0.3.25
[INFO] [stderr]    Compiling smallvec v1.10.0
[INFO] [stderr]    Compiling tokio v1.24.1
[INFO] [stderr]    Compiling rustls v0.20.8
[INFO] [stderr]    Compiling futures-io v0.3.25
[INFO] [stderr]    Compiling bytes v1.3.0
[INFO] [stderr]    Compiling thiserror v1.0.38
[INFO] [stderr]    Compiling base64 v0.21.0
[INFO] [stderr]    Compiling openssl-probe v0.1.5
[INFO] [stderr]    Compiling pollster v0.2.5
[INFO] [stderr]    Compiling spin v0.9.4
[INFO] [stderr]    Compiling rustls-pemfile v1.0.2
[INFO] [stderr]    Compiling ring v0.16.20
[INFO] [stderr]    Compiling rustls-native-certs v0.6.2
[INFO] [stderr]    Compiling socket2 v0.4.7
[INFO] [stderr]    Compiling mio v0.8.5
[INFO] [stderr]    Compiling getrandom v0.2.8
[INFO] [stderr]    Compiling signal-hook-registry v1.4.0
[INFO] [stderr]    Compiling num_cpus v1.15.0
[INFO] [stderr]    Compiling nanorand v0.7.0
[INFO] [stderr]    Compiling parking_lot v0.12.1
[INFO] [stderr]    Compiling sct v0.7.0
[INFO] [stderr]    Compiling webpki v0.22.0
[INFO] [stderr]    Compiling futures-macro v0.3.25
[INFO] [stderr]    Compiling pin-project-internal v1.0.12
[INFO] [stderr]    Compiling tokio-macros v1.8.2
[INFO] [stderr]    Compiling thiserror-impl v1.0.38
[INFO] [stderr]    Compiling pin-project v1.0.12
[INFO] [stderr]    Compiling flume v0.10.14
[INFO] [stderr]    Compiling futures-executor v0.3.25
[INFO] [stderr]    Compiling futures v0.3.25
[INFO] [stderr]    Compiling tokio-rustls v0.23.4
[INFO] [stderr]    Compiling rumqttc v0.20.0 (/opt/rustwide/workdir)
[INFO] [stderr]     Finished dev [unoptimized + debuginfo] target(s) in 12.78s
[INFO] running `Command { std: "docker" "inspect" "979a7d73f9df04ffd7a3c1f37d8492e3bdfd06c035d054fefc6043615fdb56b3", kill_on_drop: false }`
[INFO] running `Command { std: "docker" "rm" "-f" "979a7d73f9df04ffd7a3c1f37d8492e3bdfd06c035d054fefc6043615fdb56b3", kill_on_drop: false }`
[INFO] [stdout] 979a7d73f9df04ffd7a3c1f37d8492e3bdfd06c035d054fefc6043615fdb56b3
[INFO] running `Command { std: "docker" "create" "-v" "/var/lib/crater-agent-workspace/builds/worker-0-tc1/target:/opt/rustwide/target:rw,Z" "-v" "/var/lib/crater-agent-workspace/builds/worker-0-tc1/source:/opt/rustwide/workdir:ro,Z" "-v" "/var/lib/crater-agent-workspace/cargo-home:/opt/rustwide/cargo-home:ro,Z" "-v" "/var/lib/crater-agent-workspace/rustup-home:/opt/rustwide/rustup-home:ro,Z" "-e" "SOURCE_DIR=/opt/rustwide/workdir" "-e" "CARGO_TARGET_DIR=/opt/rustwide/target" "-e" "CARGO_INCREMENTAL=0" "-e" "RUST_BACKTRACE=full" "-e" "RUSTFLAGS=--cap-lints=warn" "-e" "RUSTDOCFLAGS=--cap-lints=warn" "-e" "CARGO_HOME=/opt/rustwide/cargo-home" "-e" "RUSTUP_HOME=/opt/rustwide/rustup-home" "-w" "/opt/rustwide/workdir" "-m" "1610612736" "--user" "0:0" "--network" "none" "ghcr.io/rust-lang/crates-build-env/linux@sha256:5ff2268d62e97bff2cde7d5815dd6ed5b47097566f13b8d0ca110b04b60e07ed" "/opt/rustwide/cargo-home/bin/cargo" "+1.69.0" "test" "--frozen" "--no-run" "--message-format=json", kill_on_drop: false }`
[INFO] [stdout] 6f21d847605745920d649dc15b0f8a96d577e2eae523a901f823b46cd93835da
[INFO] running `Command { std: "docker" "start" "-a" "6f21d847605745920d649dc15b0f8a96d577e2eae523a901f823b46cd93835da", kill_on_drop: false }`
[INFO] [stderr]    Compiling aho-corasick v0.7.20
[INFO] [stderr]    Compiling atty v0.2.14
[INFO] [stderr]    Compiling backtrace v0.3.67
[INFO] [stderr]    Compiling regex-syntax v0.6.28
[INFO] [stderr]    Compiling serde_derive v1.0.152
[INFO] [stderr]    Compiling gimli v0.27.0
[INFO] [stderr]    Compiling adler v1.0.2
[INFO] [stderr]    Compiling termcolor v1.2.0
[INFO] [stderr]    Compiling quick-error v1.2.3
[INFO] [stderr]    Compiling object v0.30.2
[INFO] [stderr]    Compiling serde v1.0.152
[INFO] [stderr]    Compiling rustc-demangle v0.1.21
[INFO] [stderr]    Compiling diff v0.1.13
[INFO] [stderr]    Compiling yansi v0.5.1
[INFO] [stderr]    Compiling matches v0.1.9
[INFO] [stderr]    Compiling miniz_oxide v0.6.2
[INFO] [stderr]    Compiling humantime v1.3.0
[INFO] [stderr]    Compiling pretty_assertions v1.3.0
[INFO] [stderr]    Compiling regex v1.7.1
[INFO] [stderr]    Compiling addr2line v0.19.0
[INFO] [stderr]    Compiling env_logger v0.7.1
[INFO] [stderr]    Compiling pretty_env_logger v0.4.0
[INFO] [stderr]    Compiling color-backtrace v0.4.2
[INFO] [stderr]    Compiling rumqttc v0.20.0 (/opt/rustwide/workdir)
[INFO] [stderr] error: could not compile `rumqttc`
[INFO] [stderr] 
[INFO] [stderr] Caused by:
[INFO] [stderr]   process didn't exit successfully: `rustc --crate-name reliability --edition=2018 tests/reliability.rs --error-format=json --json=diagnostic-rendered-ansi,artifacts,future-incompat --emit=dep-info,link -C embed-bitcode=no -C debuginfo=2 --test --cfg 'feature="default"' --cfg 'feature="use-rustls"' -C metadata=17859a9009473b30 -C extra-filename=-17859a9009473b30 --out-dir /opt/rustwide/target/debug/deps -L dependency=/opt/rustwide/target/debug/deps --extern bytes=/opt/rustwide/target/debug/deps/libbytes-300feae2a21f90fa.rlib --extern color_backtrace=/opt/rustwide/target/debug/deps/libcolor_backtrace-a8e2ef39482dd304.rlib --extern flume=/opt/rustwide/target/debug/deps/libflume-6fea2bf839d43a47.rlib --extern futures=/opt/rustwide/target/debug/deps/libfutures-dea564f19c53b852.rlib --extern log=/opt/rustwide/target/debug/deps/liblog-e4acea3c8ca43b70.rlib --extern matches=/opt/rustwide/target/debug/deps/libmatches-278cbf5ab72c0d9c.rlib --extern pollster=/opt/rustwide/target/debug/deps/libpollster-0b0b061ad62e50b9.rlib --extern pretty_assertions=/opt/rustwide/target/debug/deps/libpretty_assertions-2f19ead3bb9114ce.rlib --extern pretty_env_logger=/opt/rustwide/target/debug/deps/libpretty_env_logger-a1c4e318c1872474.rlib --extern rumqttc=/opt/rustwide/target/debug/deps/librumqttc-711c2d87405b720a.rlib --extern rustls=/opt/rustwide/target/debug/deps/librustls-3db9e86b44d08c96.rlib --extern rustls_native_certs=/opt/rustwide/target/debug/deps/librustls_native_certs-22e6c30967813f92.rlib --extern rustls_pemfile=/opt/rustwide/target/debug/deps/librustls_pemfile-b8d8488d078135e6.rlib --extern serde=/opt/rustwide/target/debug/deps/libserde-dae252f1617016c1.rlib --extern thiserror=/opt/rustwide/target/debug/deps/libthiserror-2fc448259cd04c62.rlib --extern tokio=/opt/rustwide/target/debug/deps/libtokio-e9020422fcf659ce.rlib --extern tokio_rustls=/opt/rustwide/target/debug/deps/libtokio_rustls-c1fd895fd3809393.rlib --cap-lints=warn -L native=/opt/rustwide/target/debug/build/ring-4f346e80f3a42d92/out` (signal: 9, SIGKILL: kill)
[INFO] [stderr] warning: build failed, waiting for other jobs to finish...
[INFO] [stderr] error: could not compile `rumqttc`
[INFO] [stderr] 
[INFO] [stderr] Caused by:
[INFO] [stderr]   process didn't exit successfully: `rustc --crate-name rumqttc --edition=2018 src/lib.rs --error-format=json --json=diagnostic-rendered-ansi,artifacts,future-incompat --emit=dep-info,link -C embed-bitcode=no -C debuginfo=2 --test --cfg 'feature="default"' --cfg 'feature="use-rustls"' -C metadata=ec9cb4fa424ce7f4 -C extra-filename=-ec9cb4fa424ce7f4 --out-dir /opt/rustwide/target/debug/deps -L dependency=/opt/rustwide/target/debug/deps --extern bytes=/opt/rustwide/target/debug/deps/libbytes-300feae2a21f90fa.rlib --extern color_backtrace=/opt/rustwide/target/debug/deps/libcolor_backtrace-a8e2ef39482dd304.rlib --extern flume=/opt/rustwide/target/debug/deps/libflume-6fea2bf839d43a47.rlib --extern futures=/opt/rustwide/target/debug/deps/libfutures-dea564f19c53b852.rlib --extern log=/opt/rustwide/target/debug/deps/liblog-e4acea3c8ca43b70.rlib --extern matches=/opt/rustwide/target/debug/deps/libmatches-278cbf5ab72c0d9c.rlib --extern pollster=/opt/rustwide/target/debug/deps/libpollster-0b0b061ad62e50b9.rlib --extern pretty_assertions=/opt/rustwide/target/debug/deps/libpretty_assertions-2f19ead3bb9114ce.rlib --extern pretty_env_logger=/opt/rustwide/target/debug/deps/libpretty_env_logger-a1c4e318c1872474.rlib --extern rustls=/opt/rustwide/target/debug/deps/librustls-3db9e86b44d08c96.rlib --extern rustls_native_certs=/opt/rustwide/target/debug/deps/librustls_native_certs-22e6c30967813f92.rlib --extern rustls_pemfile=/opt/rustwide/target/debug/deps/librustls_pemfile-b8d8488d078135e6.rlib --extern serde=/opt/rustwide/target/debug/deps/libserde-dae252f1617016c1.rlib --extern thiserror=/opt/rustwide/target/debug/deps/libthiserror-2fc448259cd04c62.rlib --extern tokio=/opt/rustwide/target/debug/deps/libtokio-e9020422fcf659ce.rlib --extern tokio_rustls=/opt/rustwide/target/debug/deps/libtokio_rustls-c1fd895fd3809393.rlib --cap-lints=warn -L native=/opt/rustwide/target/debug/build/ring-4f346e80f3a42d92/out` (signal: 9, SIGKILL: kill)
[INFO] [stdout] error: linking with `cc` failed: exit status: 1
[INFO] [stdout]   |
[INFO] [stdout]   = note: LC_ALL="C" PATH="/opt/rustwide/rustup-home/toolchains/1.69.0-x86_64-unknown-linux-gnu/lib/rustlib/x86_64-unknown-linux-gnu/bin:/opt/rustwide/cargo-home/bin:/usr/local/sbin:/usr/local/bin:/usr/sbin:/usr/bin:/sbin:/bin" VSLANG="1033" "cc" "-m64" "/tmp/rustcvswnQI/symbols.o" "/opt/rustwide/target/debug/examples/tls2-b8017a126c6d3cc7.tls2.a3f0ca84-cgu.0.rcgu.o" "/opt/rustwide/target/debug/examples/tls2-b8017a126c6d3cc7.tls2.a3f0ca84-cgu.1.rcgu.o" "/opt/rustwide/target/debug/examples/tls2-b8017a126c6d3cc7.tls2.a3f0ca84-cgu.10.rcgu.o" "/opt/rustwide/target/debug/examples/tls2-b8017a126c6d3cc7.tls2.a3f0ca84-cgu.11.rcgu.o" "/opt/rustwide/target/debug/examples/tls2-b8017a126c6d3cc7.tls2.a3f0ca84-cgu.12.rcgu.o" "/opt/rustwide/target/debug/examples/tls2-b8017a126c6d3cc7.tls2.a3f0ca84-cgu.13.rcgu.o" "/opt/rustwide/target/debug/examples/tls2-b8017a126c6d3cc7.tls2.a3f0ca84-cgu.14.rcgu.o" "/opt/rustwide/target/debug/examples/tls2-b8017a126c6d3cc7.tls2.a3f0ca84-cgu.15.rcgu.o" "/opt/rustwide/target/debug/examples/tls2-b8017a126c6d3cc7.tls2.a3f0ca84-cgu.2.rcgu.o" "/opt/rustwide/target/debug/examples/tls2-b8017a126c6d3cc7.tls2.a3f0ca84-cgu.3.rcgu.o" "/opt/rustwide/target/debug/examples/tls2-b8017a126c6d3cc7.tls2.a3f0ca84-cgu.4.rcgu.o" "/opt/rustwide/target/debug/examples/tls2-b8017a126c6d3cc7.tls2.a3f0ca84-cgu.5.rcgu.o" "/opt/rustwide/target/debug/examples/tls2-b8017a126c6d3cc7.tls2.a3f0ca84-cgu.6.rcgu.o" "/opt/rustwide/target/debug/examples/tls2-b8017a126c6d3cc7.tls2.a3f0ca84-cgu.7.rcgu.o" "/opt/rustwide/target/debug/examples/tls2-b8017a126c6d3cc7.tls2.a3f0ca84-cgu.8.rcgu.o" "/opt/rustwide/target/debug/examples/tls2-b8017a126c6d3cc7.tls2.a3f0ca84-cgu.9.rcgu.o" "/opt/rustwide/target/debug/examples/tls2-b8017a126c6d3cc7.579j9aoini7vk5nj.rcgu.o" "-Wl,--as-needed" "-L" "/opt/rustwide/target/debug/deps" "-L" "/opt/rustwide/target/debug/build/ring-4f346e80f3a42d92/out" "-L" "/opt/rustwide/rustup-home/toolchains/1.69.0-x86_64-unknown-linux-gnu/lib/rustlib/x86_64-unknown-linux-gnu/lib" "-Wl,-Bstatic" "/opt/rustwide/target/debug/deps/libcolor_backtrace-a8e2ef39482dd304.rlib" "/opt/rustwide/target/debug/deps/libbacktrace-b78aaab6ce5edf32.rlib" "/opt/rustwide/target/debug/deps/libminiz_oxide-e57d79458c1d1dc6.rlib" "/opt/rustwide/target/debug/deps/libadler-478247d24f5486f3.rlib" "/opt/rustwide/target/debug/deps/libobject-216bf9e579c75631.rlib" "/opt/rustwide/target/debug/deps/libaddr2line-a52f2a51960be6c6.rlib" "/opt/rustwide/target/debug/deps/libgimli-fda89ebe6b71db9e.rlib" "/opt/rustwide/target/debug/deps/librustc_demangle-c83167a5d6a87752.rlib" "/opt/rustwide/target/debug/deps/libpretty_env_logger-a1c4e318c1872474.rlib" "/opt/rustwide/target/debug/deps/libenv_logger-0e7e4a5aafbc4bc5.rlib" "/opt/rustwide/target/debug/deps/libtermcolor-b72ffe4cbd1728e7.rlib" "/opt/rustwide/target/debug/deps/libatty-a8ec71a185e7e343.rlib" "/opt/rustwide/target/debug/deps/libhumantime-9b59f1f565657894.rlib" "/opt/rustwide/target/debug/deps/libquick_error-a76b5db56d6ef271.rlib" "/opt/rustwide/target/debug/deps/libregex-f6c7ff49d39ccc61.rlib" "/opt/rustwide/target/debug/deps/libaho_corasick-9bb9d75852409017.rlib" "/opt/rustwide/target/debug/deps/libregex_syntax-818c2f7eeae25f7c.rlib" "/opt/rustwide/target/debug/deps/librumqttc-711c2d87405b720a.rlib" "/opt/rustwide/target/debug/deps/libpollster-0b0b061ad62e50b9.rlib" "/opt/rustwide/target/debug/deps/libthiserror-2fc448259cd04c62.rlib" "/opt/rustwide/target/debug/deps/librustls_native_certs-22e6c30967813f92.rlib" "/opt/rustwide/target/debug/deps/librustls_pemfile-b8d8488d078135e6.rlib" "/opt/rustwide/target/debug/deps/libbase64-8062ff4772a66de9.rlib" "/opt/rustwide/target/debug/deps/libopenssl_probe-2d1cd15c290ad1de.rlib" "/opt/rustwide/target/debug/deps/libtokio_rustls-c1fd895fd3809393.rlib" "/opt/rustwide/target/debug/deps/librustls-3db9e86b44d08c96.rlib" "/opt/rustwide/target/debug/deps/libsct-8569fa79783ed694.rlib" "/opt/rustwide/target/debug/deps/libwebpki-d1782aa585ef4edc.rlib" "/opt/rustwide/target/debug/deps/libring-6cfc4366d100d0d6.rlib" "/opt/rustwide/target/debug/deps/libspin-ba7f384cfb4b159f.rlib" "/opt/rustwide/target/debug/deps/libuntrusted-ec41ab00ed225515.rlib" "/opt/rustwide/target/debug/deps/libonce_cell-f4689346a1005a4d.rlib" "/opt/rustwide/target/debug/deps/libfutures-dea564f19c53b852.rlib" "/opt/rustwide/target/debug/deps/libfutures_executor-3930f2e864b66192.rlib" "/opt/rustwide/target/debug/deps/libfutures_util-9b56f48020a0734b.rlib" "/opt/rustwide/target/debug/deps/libfutures_io-3f9849ddf2bf8c6a.rlib" "/opt/rustwide/target/debug/deps/libslab-adc206ca6c0d0a92.rlib" "/opt/rustwide/target/debug/deps/libfutures_channel-09e2d00e51fdde91.rlib" "/opt/rustwide/target/debug/deps/libfutures_task-30fd2c6681655f9e.rlib" "/opt/rustwide/target/debug/deps/libpin_utils-0d8eaf4ac0fcb221.rlib" "/opt/rustwide/target/debug/deps/libflume-6fea2bf839d43a47.rlib" "/opt/rustwide/target/debug/deps/libspin-a2775f0bb80dfeca.rlib" "/opt/rustwide/target/debug/deps/libpin_project-3a01653b0e947aa2.rlib" "/opt/rustwide/target/debug/deps/libfutures_sink-a57c6c821771da39.rlib" "/opt/rustwide/target/debug/deps/libfutures_core-d2ec0c05d9f2cf66.rlib" "/opt/rustwide/target/debug/deps/libnanorand-ea71f2eeabf40b24.rlib" "/opt/rustwide/target/debug/deps/libgetrandom-ef78e3c6f6424d19.rlib" "/opt/rustwide/target/debug/deps/libtokio-e9020422fcf659ce.rlib" "/opt/rustwide/target/debug/deps/libsignal_hook_registry-5f77795415415568.rlib" "/opt/rustwide/target/debug/deps/libnum_cpus-0881820fe5e7de80.rlib" "/opt/rustwide/target/debug/deps/libsocket2-dd267eb4640de7b5.rlib" "/opt/rustwide/target/debug/deps/libmemchr-b18e4aa3c7a38625.rlib" "/opt/rustwide/target/debug/deps/libbytes-300feae2a21f90fa.rlib" "/opt/rustwide/target/debug/deps/libmio-be5fc99708779feb.rlib" "/opt/rustwide/target/debug/deps/liblog-e4acea3c8ca43b70.rlib" "/opt/rustwide/target/debug/deps/libpin_project_lite-e66e1bab7310d569.rlib" "/opt/rustwide/target/debug/deps/libparking_lot-b9a47a1281b6ff14.rlib" "/opt/rustwide/target/debug/deps/libparking_lot_core-ee7c77e9bd179709.rlib" "/opt/rustwide/target/debug/deps/liblibc-d81809097c4281db.rlib" "/opt/rustwide/target/debug/deps/libcfg_if-e5e118dd7d121aaa.rlib" "/opt/rustwide/target/debug/deps/libsmallvec-22f2447eab0ca59b.rlib" "/opt/rustwide/target/debug/deps/liblock_api-68f9f4627da435ce.rlib" "/opt/rustwide/target/debug/deps/libscopeguard-f471875f675163b5.rlib" "/opt/rustwide/rustup-home/toolchains/1.69.0-x86_64-unknown-linux-gnu/lib/rustlib/x86_64-unknown-linux-gnu/lib/libstd-89bc084783fdc439.rlib" "/opt/rustwide/rustup-home/toolchains/1.69.0-x86_64-unknown-linux-gnu/lib/rustlib/x86_64-unknown-linux-gnu/lib/libpanic_unwind-8bee4b287d4367c1.rlib" "/opt/rustwide/rustup-home/toolchains/1.69.0-x86_64-unknown-linux-gnu/lib/rustlib/x86_64-unknown-linux-gnu/lib/libobject-d61707aed80694c0.rlib" "/opt/rustwide/rustup-home/toolchains/1.69.0-x86_64-unknown-linux-gnu/lib/rustlib/x86_64-unknown-linux-gnu/lib/libmemchr-d85366256f22345b.rlib" "/opt/rustwide/rustup-home/toolchains/1.69.0-x86_64-unknown-linux-gnu/lib/rustlib/x86_64-unknown-linux-gnu/lib/libaddr2line-96069b86b8a8cae9.rlib" "/opt/rustwide/rustup-home/toolchains/1.69.0-x86_64-unknown-linux-gnu/lib/rustlib/x86_64-unknown-linux-gnu/lib/libgimli-d19d53abf68dfa6c.rlib" "/opt/rustwide/rustup-home/toolchains/1.69.0-x86_64-unknown-linux-gnu/lib/rustlib/x86_64-unknown-linux-gnu/lib/librustc_demangle-787cbccd19d64ac6.rlib" "/opt/rustwide/rustup-home/toolchains/1.69.0-x86_64-unknown-linux-gnu/lib/rustlib/x86_64-unknown-linux-gnu/lib/libstd_detect-b3837a36b830e0d0.rlib" "/opt/rustwide/rustup-home/toolchains/1.69.0-x86_64-unknown-linux-gnu/lib/rustlib/x86_64-unknown-linux-gnu/lib/libhashbrown-e3deb0e7e3f04966.rlib" "/opt/rustwide/rustup-home/toolchains/1.69.0-x86_64-unknown-linux-gnu/lib/rustlib/x86_64-unknown-linux-gnu/lib/libminiz_oxide-dabbb79c9815def4.rlib" "/opt/rustwide/rustup-home/toolchains/1.69.0-x86_64-unknown-linux-gnu/lib/rustlib/x86_64-unknown-linux-gnu/lib/libadler-305b01f34c9409f2.rlib" "/opt/rustwide/rustup-home/toolchains/1.69.0-x86_64-unknown-linux-gnu/lib/rustlib/x86_64-unknown-linux-gnu/lib/librustc_std_workspace_alloc-f833521df6074e73.rlib" "/opt/rustwide/rustup-home/toolchains/1.69.0-x86_64-unknown-linux-gnu/lib/rustlib/x86_64-unknown-linux-gnu/lib/libunwind-9ac333113350d171.rlib" "/opt/rustwide/rustup-home/toolchains/1.69.0-x86_64-unknown-linux-gnu/lib/rustlib/x86_64-unknown-linux-gnu/lib/libcfg_if-1c126114322d0eee.rlib" "/opt/rustwide/rustup-home/toolchains/1.69.0-x86_64-unknown-linux-gnu/lib/rustlib/x86_64-unknown-linux-gnu/lib/liblibc-bad9164fdeeecf92.rlib" "/opt/rustwide/rustup-home/toolchains/1.69.0-x86_64-unknown-linux-gnu/lib/rustlib/x86_64-unknown-linux-gnu/lib/liballoc-f9374b1e480fa681.rlib" "/opt/rustwide/rustup-home/toolchains/1.69.0-x86_64-unknown-linux-gnu/lib/rustlib/x86_64-unknown-linux-gnu/lib/librustc_std_workspace_core-207f06e41d9603af.rlib" "/opt/rustwide/rustup-home/toolchains/1.69.0-x86_64-unknown-linux-gnu/lib/rustlib/x86_64-unknown-linux-gnu/lib/libcore-7e2768e66e984e85.rlib" "/opt/rustwide/rustup-home/toolchains/1.69.0-x86_64-unknown-linux-gnu/lib/rustlib/x86_64-unknown-linux-gnu/lib/libcompiler_builtins-957b4aff41f8cd46.rlib" "-Wl,-Bdynamic" "-lgcc_s" "-lutil" "-lrt" "-lpthread" "-lm" "-ldl" "-lc" "-Wl,--eh-frame-hdr" "-Wl,-z,noexecstack" "-L" "/opt/rustwide/rustup-home/toolchains/1.69.0-x86_64-unknown-linux-gnu/lib/rustlib/x86_64-unknown-linux-gnu/lib" "-o" "/opt/rustwide/target/debug/examples/tls2-b8017a126c6d3cc7" "-Wl,--gc-sections" "-pie" "-Wl,-z,relro,-z,now" "-nodefaultlibs"
[INFO] [stdout]   = note: collect2: fatal error: ld terminated with signal 9 [Killed]
[INFO] [stdout]           compilation terminated.
[INFO] [stdout]           
[INFO] [stdout] 
[INFO] [stdout] 
[INFO] [stdout] error: aborting due to previous error
[INFO] [stdout] 
[INFO] [stdout] 
[INFO] [stderr] error: could not compile `rumqttc` due to 2 previous errors
[INFO] [stdout] error: linking with `cc` failed: exit status: 1
[INFO] [stdout]   |
[INFO] [stdout]   = note: LC_ALL="C" PATH="/opt/rustwide/rustup-home/toolchains/1.69.0-x86_64-unknown-linux-gnu/lib/rustlib/x86_64-unknown-linux-gnu/bin:/opt/rustwide/cargo-home/bin:/usr/local/sbin:/usr/local/bin:/usr/sbin:/usr/bin:/sbin:/bin" VSLANG="1033" "cc" "-m64" "/tmp/rustckeYSCB/symbols.o" "/opt/rustwide/target/debug/examples/tls-57919c329239d200.tls.e9d68762-cgu.0.rcgu.o" "/opt/rustwide/target/debug/examples/tls-57919c329239d200.tls.e9d68762-cgu.1.rcgu.o" "/opt/rustwide/target/debug/examples/tls-57919c329239d200.tls.e9d68762-cgu.10.rcgu.o" "/opt/rustwide/target/debug/examples/tls-57919c329239d200.tls.e9d68762-cgu.11.rcgu.o" "/opt/rustwide/target/debug/examples/tls-57919c329239d200.tls.e9d68762-cgu.12.rcgu.o" "/opt/rustwide/target/debug/examples/tls-57919c329239d200.tls.e9d68762-cgu.13.rcgu.o" "/opt/rustwide/target/debug/examples/tls-57919c329239d200.tls.e9d68762-cgu.14.rcgu.o" "/opt/rustwide/target/debug/examples/tls-57919c329239d200.tls.e9d68762-cgu.15.rcgu.o" "/opt/rustwide/target/debug/examples/tls-57919c329239d200.tls.e9d68762-cgu.2.rcgu.o" "/opt/rustwide/target/debug/examples/tls-57919c329239d200.tls.e9d68762-cgu.3.rcgu.o" "/opt/rustwide/target/debug/examples/tls-57919c329239d200.tls.e9d68762-cgu.4.rcgu.o" "/opt/rustwide/target/debug/examples/tls-57919c329239d200.tls.e9d68762-cgu.5.rcgu.o" "/opt/rustwide/target/debug/examples/tls-57919c329239d200.tls.e9d68762-cgu.6.rcgu.o" "/opt/rustwide/target/debug/examples/tls-57919c329239d200.tls.e9d68762-cgu.7.rcgu.o" "/opt/rustwide/target/debug/examples/tls-57919c329239d200.tls.e9d68762-cgu.8.rcgu.o" "/opt/rustwide/target/debug/examples/tls-57919c329239d200.tls.e9d68762-cgu.9.rcgu.o" "/opt/rustwide/target/debug/examples/tls-57919c329239d200.1m3rngspwn1ij3ly.rcgu.o" "-Wl,--as-needed" "-L" "/opt/rustwide/target/debug/deps" "-L" "/opt/rustwide/target/debug/build/ring-4f346e80f3a42d92/out" "-L" "/opt/rustwide/rustup-home/toolchains/1.69.0-x86_64-unknown-linux-gnu/lib/rustlib/x86_64-unknown-linux-gnu/lib" "-Wl,-Bstatic" "/opt/rustwide/target/debug/deps/libcolor_backtrace-a8e2ef39482dd304.rlib" "/opt/rustwide/target/debug/deps/libbacktrace-b78aaab6ce5edf32.rlib" "/opt/rustwide/target/debug/deps/libminiz_oxide-e57d79458c1d1dc6.rlib" "/opt/rustwide/target/debug/deps/libadler-478247d24f5486f3.rlib" "/opt/rustwide/target/debug/deps/libobject-216bf9e579c75631.rlib" "/opt/rustwide/target/debug/deps/libaddr2line-a52f2a51960be6c6.rlib" "/opt/rustwide/target/debug/deps/libgimli-fda89ebe6b71db9e.rlib" "/opt/rustwide/target/debug/deps/librustc_demangle-c83167a5d6a87752.rlib" "/opt/rustwide/target/debug/deps/libpretty_env_logger-a1c4e318c1872474.rlib" "/opt/rustwide/target/debug/deps/libenv_logger-0e7e4a5aafbc4bc5.rlib" "/opt/rustwide/target/debug/deps/libtermcolor-b72ffe4cbd1728e7.rlib" "/opt/rustwide/target/debug/deps/libatty-a8ec71a185e7e343.rlib" "/opt/rustwide/target/debug/deps/libhumantime-9b59f1f565657894.rlib" "/opt/rustwide/target/debug/deps/libquick_error-a76b5db56d6ef271.rlib" "/opt/rustwide/target/debug/deps/libregex-f6c7ff49d39ccc61.rlib" "/opt/rustwide/target/debug/deps/libaho_corasick-9bb9d75852409017.rlib" "/opt/rustwide/target/debug/deps/libregex_syntax-818c2f7eeae25f7c.rlib" "/opt/rustwide/target/debug/deps/librumqttc-711c2d87405b720a.rlib" "/opt/rustwide/target/debug/deps/libpollster-0b0b061ad62e50b9.rlib" "/opt/rustwide/target/debug/deps/libthiserror-2fc448259cd04c62.rlib" "/opt/rustwide/target/debug/deps/librustls_native_certs-22e6c30967813f92.rlib" "/opt/rustwide/target/debug/deps/librustls_pemfile-b8d8488d078135e6.rlib" "/opt/rustwide/target/debug/deps/libbase64-8062ff4772a66de9.rlib" "/opt/rustwide/target/debug/deps/libopenssl_probe-2d1cd15c290ad1de.rlib" "/opt/rustwide/target/debug/deps/libtokio_rustls-c1fd895fd3809393.rlib" "/opt/rustwide/target/debug/deps/librustls-3db9e86b44d08c96.rlib" "/opt/rustwide/target/debug/deps/libsct-8569fa79783ed694.rlib" "/opt/rustwide/target/debug/deps/libwebpki-d1782aa585ef4edc.rlib" "/opt/rustwide/target/debug/deps/libring-6cfc4366d100d0d6.rlib" "/opt/rustwide/target/debug/deps/libspin-ba7f384cfb4b159f.rlib" "/opt/rustwide/target/debug/deps/libuntrusted-ec41ab00ed225515.rlib" "/opt/rustwide/target/debug/deps/libonce_cell-f4689346a1005a4d.rlib" "/opt/rustwide/target/debug/deps/libfutures-dea564f19c53b852.rlib" "/opt/rustwide/target/debug/deps/libfutures_executor-3930f2e864b66192.rlib" "/opt/rustwide/target/debug/deps/libfutures_util-9b56f48020a0734b.rlib" "/opt/rustwide/target/debug/deps/libfutures_io-3f9849ddf2bf8c6a.rlib" "/opt/rustwide/target/debug/deps/libslab-adc206ca6c0d0a92.rlib" "/opt/rustwide/target/debug/deps/libfutures_channel-09e2d00e51fdde91.rlib" "/opt/rustwide/target/debug/deps/libfutures_task-30fd2c6681655f9e.rlib" "/opt/rustwide/target/debug/deps/libpin_utils-0d8eaf4ac0fcb221.rlib" "/opt/rustwide/target/debug/deps/libflume-6fea2bf839d43a47.rlib" "/opt/rustwide/target/debug/deps/libspin-a2775f0bb80dfeca.rlib" "/opt/rustwide/target/debug/deps/libpin_project-3a01653b0e947aa2.rlib" "/opt/rustwide/target/debug/deps/libfutures_sink-a57c6c821771da39.rlib" "/opt/rustwide/target/debug/deps/libfutures_core-d2ec0c05d9f2cf66.rlib" "/opt/rustwide/target/debug/deps/libnanorand-ea71f2eeabf40b24.rlib" "/opt/rustwide/target/debug/deps/libgetrandom-ef78e3c6f6424d19.rlib" "/opt/rustwide/target/debug/deps/libtokio-e9020422fcf659ce.rlib" "/opt/rustwide/target/debug/deps/libsignal_hook_registry-5f77795415415568.rlib" "/opt/rustwide/target/debug/deps/libnum_cpus-0881820fe5e7de80.rlib" "/opt/rustwide/target/debug/deps/libsocket2-dd267eb4640de7b5.rlib" "/opt/rustwide/target/debug/deps/libmemchr-b18e4aa3c7a38625.rlib" "/opt/rustwide/target/debug/deps/libbytes-300feae2a21f90fa.rlib" "/opt/rustwide/target/debug/deps/libmio-be5fc99708779feb.rlib" "/opt/rustwide/target/debug/deps/liblog-e4acea3c8ca43b70.rlib" "/opt/rustwide/target/debug/deps/libpin_project_lite-e66e1bab7310d569.rlib" "/opt/rustwide/target/debug/deps/libparking_lot-b9a47a1281b6ff14.rlib" "/opt/rustwide/target/debug/deps/libparking_lot_core-ee7c77e9bd179709.rlib" "/opt/rustwide/target/debug/deps/liblibc-d81809097c4281db.rlib" "/opt/rustwide/target/debug/deps/libcfg_if-e5e118dd7d121aaa.rlib" "/opt/rustwide/target/debug/deps/libsmallvec-22f2447eab0ca59b.rlib" "/opt/rustwide/target/debug/deps/liblock_api-68f9f4627da435ce.rlib" "/opt/rustwide/target/debug/deps/libscopeguard-f471875f675163b5.rlib" "/opt/rustwide/rustup-home/toolchains/1.69.0-x86_64-unknown-linux-gnu/lib/rustlib/x86_64-unknown-linux-gnu/lib/libstd-89bc084783fdc439.rlib" "/opt/rustwide/rustup-home/toolchains/1.69.0-x86_64-unknown-linux-gnu/lib/rustlib/x86_64-unknown-linux-gnu/lib/libpanic_unwind-8bee4b287d4367c1.rlib" "/opt/rustwide/rustup-home/toolchains/1.69.0-x86_64-unknown-linux-gnu/lib/rustlib/x86_64-unknown-linux-gnu/lib/libobject-d61707aed80694c0.rlib" "/opt/rustwide/rustup-home/toolchains/1.69.0-x86_64-unknown-linux-gnu/lib/rustlib/x86_64-unknown-linux-gnu/lib/libmemchr-d85366256f22345b.rlib" "/opt/rustwide/rustup-home/toolchains/1.69.0-x86_64-unknown-linux-gnu/lib/rustlib/x86_64-unknown-linux-gnu/lib/libaddr2line-96069b86b8a8cae9.rlib" "/opt/rustwide/rustup-home/toolchains/1.69.0-x86_64-unknown-linux-gnu/lib/rustlib/x86_64-unknown-linux-gnu/lib/libgimli-d19d53abf68dfa6c.rlib" "/opt/rustwide/rustup-home/toolchains/1.69.0-x86_64-unknown-linux-gnu/lib/rustlib/x86_64-unknown-linux-gnu/lib/librustc_demangle-787cbccd19d64ac6.rlib" "/opt/rustwide/rustup-home/toolchains/1.69.0-x86_64-unknown-linux-gnu/lib/rustlib/x86_64-unknown-linux-gnu/lib/libstd_detect-b3837a36b830e0d0.rlib" "/opt/rustwide/rustup-home/toolchains/1.69.0-x86_64-unknown-linux-gnu/lib/rustlib/x86_64-unknown-linux-gnu/lib/libhashbrown-e3deb0e7e3f04966.rlib" "/opt/rustwide/rustup-home/toolchains/1.69.0-x86_64-unknown-linux-gnu/lib/rustlib/x86_64-unknown-linux-gnu/lib/libminiz_oxide-dabbb79c9815def4.rlib" "/opt/rustwide/rustup-home/toolchains/1.69.0-x86_64-unknown-linux-gnu/lib/rustlib/x86_64-unknown-linux-gnu/lib/libadler-305b01f34c9409f2.rlib" "/opt/rustwide/rustup-home/toolchains/1.69.0-x86_64-unknown-linux-gnu/lib/rustlib/x86_64-unknown-linux-gnu/lib/librustc_std_workspace_alloc-f833521df6074e73.rlib" "/opt/rustwide/rustup-home/toolchains/1.69.0-x86_64-unknown-linux-gnu/lib/rustlib/x86_64-unknown-linux-gnu/lib/libunwind-9ac333113350d171.rlib" "/opt/rustwide/rustup-home/toolchains/1.69.0-x86_64-unknown-linux-gnu/lib/rustlib/x86_64-unknown-linux-gnu/lib/libcfg_if-1c126114322d0eee.rlib" "/opt/rustwide/rustup-home/toolchains/1.69.0-x86_64-unknown-linux-gnu/lib/rustlib/x86_64-unknown-linux-gnu/lib/liblibc-bad9164fdeeecf92.rlib" "/opt/rustwide/rustup-home/toolchains/1.69.0-x86_64-unknown-linux-gnu/lib/rustlib/x86_64-unknown-linux-gnu/lib/liballoc-f9374b1e480fa681.rlib" "/opt/rustwide/rustup-home/toolchains/1.69.0-x86_64-unknown-linux-gnu/lib/rustlib/x86_64-unknown-linux-gnu/lib/librustc_std_workspace_core-207f06e41d9603af.rlib" "/opt/rustwide/rustup-home/toolchains/1.69.0-x86_64-unknown-linux-gnu/lib/rustlib/x86_64-unknown-linux-gnu/lib/libcore-7e2768e66e984e85.rlib" "/opt/rustwide/rustup-home/toolchains/1.69.0-x86_64-unknown-linux-gnu/lib/rustlib/x86_64-unknown-linux-gnu/lib/libcompiler_builtins-957b4aff41f8cd46.rlib" "-Wl,-Bdynamic" "-lgcc_s" "-lutil" "-lrt" "-lpthread" "-lm" "-ldl" "-lc" "-Wl,--eh-frame-hdr" "-Wl,-z,noexecstack" "-L" "/opt/rustwide/rustup-home/toolchains/1.69.0-x86_64-unknown-linux-gnu/lib/rustlib/x86_64-unknown-linux-gnu/lib" "-o" "/opt/rustwide/target/debug/examples/tls-57919c329239d200" "-Wl,--gc-sections" "-pie" "-Wl,-z,relro,-z,now" "-nodefaultlibs"
[INFO] [stdout]   = note: collect2: fatal error: ld terminated with signal 9 [Killed]
[INFO] [stdout]           compilation terminated.
[INFO] [stdout]           
[INFO] [stdout] 
[INFO] [stdout] 
[INFO] [stdout] error: aborting due to previous error
[INFO] [stdout] 
[INFO] [stdout] 
[INFO] [stderr] error: could not compile `rumqttc` due to 2 previous errors
[INFO] [stdout] error: linking with `cc` failed: exit status: 1
[INFO] [stdout]   |
[INFO] [stdout]   = note: LC_ALL="C" PATH="/opt/rustwide/rustup-home/toolchains/1.69.0-x86_64-unknown-linux-gnu/lib/rustlib/x86_64-unknown-linux-gnu/bin:/opt/rustwide/cargo-home/bin:/usr/local/sbin:/usr/local/bin:/usr/sbin:/usr/bin:/sbin:/bin" VSLANG="1033" "cc" "-m64" "/tmp/rustcsMyvW9/symbols.o" "/opt/rustwide/target/debug/examples/syncpubsub_v5-923184c6206864ff.syncpubsub_v5.e71c5e81-cgu.0.rcgu.o" "/opt/rustwide/target/debug/examples/syncpubsub_v5-923184c6206864ff.syncpubsub_v5.e71c5e81-cgu.1.rcgu.o" "/opt/rustwide/target/debug/examples/syncpubsub_v5-923184c6206864ff.syncpubsub_v5.e71c5e81-cgu.10.rcgu.o" "/opt/rustwide/target/debug/examples/syncpubsub_v5-923184c6206864ff.syncpubsub_v5.e71c5e81-cgu.11.rcgu.o" "/opt/rustwide/target/debug/examples/syncpubsub_v5-923184c6206864ff.syncpubsub_v5.e71c5e81-cgu.12.rcgu.o" "/opt/rustwide/target/debug/examples/syncpubsub_v5-923184c6206864ff.syncpubsub_v5.e71c5e81-cgu.13.rcgu.o" "/opt/rustwide/target/debug/examples/syncpubsub_v5-923184c6206864ff.syncpubsub_v5.e71c5e81-cgu.14.rcgu.o" "/opt/rustwide/target/debug/examples/syncpubsub_v5-923184c6206864ff.syncpubsub_v5.e71c5e81-cgu.15.rcgu.o" "/opt/rustwide/target/debug/examples/syncpubsub_v5-923184c6206864ff.syncpubsub_v5.e71c5e81-cgu.2.rcgu.o" "/opt/rustwide/target/debug/examples/syncpubsub_v5-923184c6206864ff.syncpubsub_v5.e71c5e81-cgu.3.rcgu.o" "/opt/rustwide/target/debug/examples/syncpubsub_v5-923184c6206864ff.syncpubsub_v5.e71c5e81-cgu.4.rcgu.o" "/opt/rustwide/target/debug/examples/syncpubsub_v5-923184c6206864ff.syncpubsub_v5.e71c5e81-cgu.5.rcgu.o" "/opt/rustwide/target/debug/examples/syncpubsub_v5-923184c6206864ff.syncpubsub_v5.e71c5e81-cgu.6.rcgu.o" "/opt/rustwide/target/debug/examples/syncpubsub_v5-923184c6206864ff.syncpubsub_v5.e71c5e81-cgu.7.rcgu.o" "/opt/rustwide/target/debug/examples/syncpubsub_v5-923184c6206864ff.syncpubsub_v5.e71c5e81-cgu.8.rcgu.o" "/opt/rustwide/target/debug/examples/syncpubsub_v5-923184c6206864ff.syncpubsub_v5.e71c5e81-cgu.9.rcgu.o" "/opt/rustwide/target/debug/examples/syncpubsub_v5-923184c6206864ff.3js8xncl6z15yjwi.rcgu.o" "-Wl,--as-needed" "-L" "/opt/rustwide/target/debug/deps" "-L" "/opt/rustwide/target/debug/build/ring-4f346e80f3a42d92/out" "-L" "/opt/rustwide/rustup-home/toolchains/1.69.0-x86_64-unknown-linux-gnu/lib/rustlib/x86_64-unknown-linux-gnu/lib" "-Wl,-Bstatic" "/opt/rustwide/target/debug/deps/libpretty_env_logger-a1c4e318c1872474.rlib" "/opt/rustwide/target/debug/deps/libenv_logger-0e7e4a5aafbc4bc5.rlib" "/opt/rustwide/target/debug/deps/libtermcolor-b72ffe4cbd1728e7.rlib" "/opt/rustwide/target/debug/deps/libatty-a8ec71a185e7e343.rlib" "/opt/rustwide/target/debug/deps/libhumantime-9b59f1f565657894.rlib" "/opt/rustwide/target/debug/deps/libquick_error-a76b5db56d6ef271.rlib" "/opt/rustwide/target/debug/deps/libregex-f6c7ff49d39ccc61.rlib" "/opt/rustwide/target/debug/deps/libaho_corasick-9bb9d75852409017.rlib" "/opt/rustwide/target/debug/deps/libregex_syntax-818c2f7eeae25f7c.rlib" "/opt/rustwide/target/debug/deps/librumqttc-711c2d87405b720a.rlib" "/opt/rustwide/target/debug/deps/libpollster-0b0b061ad62e50b9.rlib" "/opt/rustwide/target/debug/deps/libthiserror-2fc448259cd04c62.rlib" "/opt/rustwide/target/debug/deps/librustls_native_certs-22e6c30967813f92.rlib" "/opt/rustwide/target/debug/deps/librustls_pemfile-b8d8488d078135e6.rlib" "/opt/rustwide/target/debug/deps/libbase64-8062ff4772a66de9.rlib" "/opt/rustwide/target/debug/deps/libopenssl_probe-2d1cd15c290ad1de.rlib" "/opt/rustwide/target/debug/deps/libtokio_rustls-c1fd895fd3809393.rlib" "/opt/rustwide/target/debug/deps/librustls-3db9e86b44d08c96.rlib" "/opt/rustwide/target/debug/deps/libsct-8569fa79783ed694.rlib" "/opt/rustwide/target/debug/deps/libwebpki-d1782aa585ef4edc.rlib" "/opt/rustwide/target/debug/deps/libring-6cfc4366d100d0d6.rlib" "/opt/rustwide/target/debug/deps/libspin-ba7f384cfb4b159f.rlib" "/opt/rustwide/target/debug/deps/libuntrusted-ec41ab00ed225515.rlib" "/opt/rustwide/target/debug/deps/libonce_cell-f4689346a1005a4d.rlib" "/opt/rustwide/target/debug/deps/libtokio-e9020422fcf659ce.rlib" "/opt/rustwide/target/debug/deps/libsignal_hook_registry-5f77795415415568.rlib" "/opt/rustwide/target/debug/deps/libnum_cpus-0881820fe5e7de80.rlib" "/opt/rustwide/target/debug/deps/libsocket2-dd267eb4640de7b5.rlib" "/opt/rustwide/target/debug/deps/libmio-be5fc99708779feb.rlib" "/opt/rustwide/target/debug/deps/libparking_lot-b9a47a1281b6ff14.rlib" "/opt/rustwide/target/debug/deps/libparking_lot_core-ee7c77e9bd179709.rlib" "/opt/rustwide/target/debug/deps/libsmallvec-22f2447eab0ca59b.rlib" "/opt/rustwide/target/debug/deps/libfutures-dea564f19c53b852.rlib" "/opt/rustwide/target/debug/deps/libfutures_executor-3930f2e864b66192.rlib" "/opt/rustwide/target/debug/deps/libfutures_util-9b56f48020a0734b.rlib" "/opt/rustwide/target/debug/deps/libmemchr-b18e4aa3c7a38625.rlib" "/opt/rustwide/target/debug/deps/libfutures_io-3f9849ddf2bf8c6a.rlib" "/opt/rustwide/target/debug/deps/libslab-adc206ca6c0d0a92.rlib" "/opt/rustwide/target/debug/deps/libfutures_channel-09e2d00e51fdde91.rlib" "/opt/rustwide/target/debug/deps/libpin_project_lite-e66e1bab7310d569.rlib" "/opt/rustwide/target/debug/deps/libfutures_task-30fd2c6681655f9e.rlib" "/opt/rustwide/target/debug/deps/libpin_utils-0d8eaf4ac0fcb221.rlib" "/opt/rustwide/target/debug/deps/libflume-6fea2bf839d43a47.rlib" "/opt/rustwide/target/debug/deps/libspin-a2775f0bb80dfeca.rlib" "/opt/rustwide/target/debug/deps/liblock_api-68f9f4627da435ce.rlib" "/opt/rustwide/target/debug/deps/libscopeguard-f471875f675163b5.rlib" "/opt/rustwide/target/debug/deps/libpin_project-3a01653b0e947aa2.rlib" "/opt/rustwide/target/debug/deps/libfutures_sink-a57c6c821771da39.rlib" "/opt/rustwide/target/debug/deps/libfutures_core-d2ec0c05d9f2cf66.rlib" "/opt/rustwide/target/debug/deps/libnanorand-ea71f2eeabf40b24.rlib" "/opt/rustwide/target/debug/deps/libgetrandom-ef78e3c6f6424d19.rlib" "/opt/rustwide/target/debug/deps/liblibc-d81809097c4281db.rlib" "/opt/rustwide/target/debug/deps/libbytes-300feae2a21f90fa.rlib" "/opt/rustwide/target/debug/deps/liblog-e4acea3c8ca43b70.rlib" "/opt/rustwide/target/debug/deps/libcfg_if-e5e118dd7d121aaa.rlib" "/opt/rustwide/rustup-home/toolchains/1.69.0-x86_64-unknown-linux-gnu/lib/rustlib/x86_64-unknown-linux-gnu/lib/libstd-89bc084783fdc439.rlib" "/opt/rustwide/rustup-home/toolchains/1.69.0-x86_64-unknown-linux-gnu/lib/rustlib/x86_64-unknown-linux-gnu/lib/libpanic_unwind-8bee4b287d4367c1.rlib" "/opt/rustwide/rustup-home/toolchains/1.69.0-x86_64-unknown-linux-gnu/lib/rustlib/x86_64-unknown-linux-gnu/lib/libobject-d61707aed80694c0.rlib" "/opt/rustwide/rustup-home/toolchains/1.69.0-x86_64-unknown-linux-gnu/lib/rustlib/x86_64-unknown-linux-gnu/lib/libmemchr-d85366256f22345b.rlib" "/opt/rustwide/rustup-home/toolchains/1.69.0-x86_64-unknown-linux-gnu/lib/rustlib/x86_64-unknown-linux-gnu/lib/libaddr2line-96069b86b8a8cae9.rlib" "/opt/rustwide/rustup-home/toolchains/1.69.0-x86_64-unknown-linux-gnu/lib/rustlib/x86_64-unknown-linux-gnu/lib/libgimli-d19d53abf68dfa6c.rlib" "/opt/rustwide/rustup-home/toolchains/1.69.0-x86_64-unknown-linux-gnu/lib/rustlib/x86_64-unknown-linux-gnu/lib/librustc_demangle-787cbccd19d64ac6.rlib" "/opt/rustwide/rustup-home/toolchains/1.69.0-x86_64-unknown-linux-gnu/lib/rustlib/x86_64-unknown-linux-gnu/lib/libstd_detect-b3837a36b830e0d0.rlib" "/opt/rustwide/rustup-home/toolchains/1.69.0-x86_64-unknown-linux-gnu/lib/rustlib/x86_64-unknown-linux-gnu/lib/libhashbrown-e3deb0e7e3f04966.rlib" "/opt/rustwide/rustup-home/toolchains/1.69.0-x86_64-unknown-linux-gnu/lib/rustlib/x86_64-unknown-linux-gnu/lib/libminiz_oxide-dabbb79c9815def4.rlib" "/opt/rustwide/rustup-home/toolchains/1.69.0-x86_64-unknown-linux-gnu/lib/rustlib/x86_64-unknown-linux-gnu/lib/libadler-305b01f34c9409f2.rlib" "/opt/rustwide/rustup-home/toolchains/1.69.0-x86_64-unknown-linux-gnu/lib/rustlib/x86_64-unknown-linux-gnu/lib/librustc_std_workspace_alloc-f833521df6074e73.rlib" "/opt/rustwide/rustup-home/toolchains/1.69.0-x86_64-unknown-linux-gnu/lib/rustlib/x86_64-unknown-linux-gnu/lib/libunwind-9ac333113350d171.rlib" "/opt/rustwide/rustup-home/toolchains/1.69.0-x86_64-unknown-linux-gnu/lib/rustlib/x86_64-unknown-linux-gnu/lib/libcfg_if-1c126114322d0eee.rlib" "/opt/rustwide/rustup-home/toolchains/1.69.0-x86_64-unknown-linux-gnu/lib/rustlib/x86_64-unknown-linux-gnu/lib/liblibc-bad9164fdeeecf92.rlib" "/opt/rustwide/rustup-home/toolchains/1.69.0-x86_64-unknown-linux-gnu/lib/rustlib/x86_64-unknown-linux-gnu/lib/liballoc-f9374b1e480fa681.rlib" "/opt/rustwide/rustup-home/toolchains/1.69.0-x86_64-unknown-linux-gnu/lib/rustlib/x86_64-unknown-linux-gnu/lib/librustc_std_workspace_core-207f06e41d9603af.rlib" "/opt/rustwide/rustup-home/toolchains/1.69.0-x86_64-unknown-linux-gnu/lib/rustlib/x86_64-unknown-linux-gnu/lib/libcore-7e2768e66e984e85.rlib" "/opt/rustwide/rustup-home/toolchains/1.69.0-x86_64-unknown-linux-gnu/lib/rustlib/x86_64-unknown-linux-gnu/lib/libcompiler_builtins-957b4aff41f8cd46.rlib" "-Wl,-Bdynamic" "-lgcc_s" "-lutil" "-lrt" "-lpthread" "-lm" "-ldl" "-lc" "-Wl,--eh-frame-hdr" "-Wl,-z,noexecstack" "-L" "/opt/rustwide/rustup-home/toolchains/1.69.0-x86_64-unknown-linux-gnu/lib/rustlib/x86_64-unknown-linux-gnu/lib" "-o" "/opt/rustwide/target/debug/examples/syncpubsub_v5-923184c6206864ff" "-Wl,--gc-sections" "-pie" "-Wl,-z,relro,-z,now" "-nodefaultlibs"
[INFO] [stdout]   = note: collect2: fatal error: ld terminated with signal 9 [Killed]
[INFO] [stdout]           compilation terminated.
[INFO] [stdout]           
[INFO] [stdout] 
[INFO] [stdout] 
[INFO] [stdout] error: aborting due to previous error
[INFO] [stdout] 
[INFO] [stdout] 
[INFO] [stderr] error: could not compile `rumqttc` due to 2 previous errors
[INFO] [stdout] error: linking with `cc` failed: exit status: 1
[INFO] [stdout]   |
[INFO] [stdout]   = note: LC_ALL="C" PATH="/opt/rustwide/rustup-home/toolchains/1.69.0-x86_64-unknown-linux-gnu/lib/rustlib/x86_64-unknown-linux-gnu/bin:/opt/rustwide/cargo-home/bin:/usr/local/sbin:/usr/local/bin:/usr/sbin:/usr/bin:/sbin:/bin" VSLANG="1033" "cc" "-m64" "/tmp/rustc3UbSVa/symbols.o" "/opt/rustwide/target/debug/examples/syncrecv_v5-08d5c9756cb847e2.syncrecv_v5.5504f2fc-cgu.0.rcgu.o" "/opt/rustwide/target/debug/examples/syncrecv_v5-08d5c9756cb847e2.syncrecv_v5.5504f2fc-cgu.1.rcgu.o" "/opt/rustwide/target/debug/examples/syncrecv_v5-08d5c9756cb847e2.syncrecv_v5.5504f2fc-cgu.10.rcgu.o" "/opt/rustwide/target/debug/examples/syncrecv_v5-08d5c9756cb847e2.syncrecv_v5.5504f2fc-cgu.11.rcgu.o" "/opt/rustwide/target/debug/examples/syncrecv_v5-08d5c9756cb847e2.syncrecv_v5.5504f2fc-cgu.12.rcgu.o" "/opt/rustwide/target/debug/examples/syncrecv_v5-08d5c9756cb847e2.syncrecv_v5.5504f2fc-cgu.13.rcgu.o" "/opt/rustwide/target/debug/examples/syncrecv_v5-08d5c9756cb847e2.syncrecv_v5.5504f2fc-cgu.14.rcgu.o" "/opt/rustwide/target/debug/examples/syncrecv_v5-08d5c9756cb847e2.syncrecv_v5.5504f2fc-cgu.15.rcgu.o" "/opt/rustwide/target/debug/examples/syncrecv_v5-08d5c9756cb847e2.syncrecv_v5.5504f2fc-cgu.2.rcgu.o" "/opt/rustwide/target/debug/examples/syncrecv_v5-08d5c9756cb847e2.syncrecv_v5.5504f2fc-cgu.3.rcgu.o" "/opt/rustwide/target/debug/examples/syncrecv_v5-08d5c9756cb847e2.syncrecv_v5.5504f2fc-cgu.4.rcgu.o" "/opt/rustwide/target/debug/examples/syncrecv_v5-08d5c9756cb847e2.syncrecv_v5.5504f2fc-cgu.5.rcgu.o" "/opt/rustwide/target/debug/examples/syncrecv_v5-08d5c9756cb847e2.syncrecv_v5.5504f2fc-cgu.6.rcgu.o" "/opt/rustwide/target/debug/examples/syncrecv_v5-08d5c9756cb847e2.syncrecv_v5.5504f2fc-cgu.7.rcgu.o" "/opt/rustwide/target/debug/examples/syncrecv_v5-08d5c9756cb847e2.syncrecv_v5.5504f2fc-cgu.8.rcgu.o" "/opt/rustwide/target/debug/examples/syncrecv_v5-08d5c9756cb847e2.syncrecv_v5.5504f2fc-cgu.9.rcgu.o" "/opt/rustwide/target/debug/examples/syncrecv_v5-08d5c9756cb847e2.2m749vfuteksm057.rcgu.o" "-Wl,--as-needed" "-L" "/opt/rustwide/target/debug/deps" "-L" "/opt/rustwide/target/debug/build/ring-4f346e80f3a42d92/out" "-L" "/opt/rustwide/rustup-home/toolchains/1.69.0-x86_64-unknown-linux-gnu/lib/rustlib/x86_64-unknown-linux-gnu/lib" "-Wl,-Bstatic" "/opt/rustwide/target/debug/deps/libpretty_env_logger-a1c4e318c1872474.rlib" "/opt/rustwide/target/debug/deps/libenv_logger-0e7e4a5aafbc4bc5.rlib" "/opt/rustwide/target/debug/deps/libtermcolor-b72ffe4cbd1728e7.rlib" "/opt/rustwide/target/debug/deps/libatty-a8ec71a185e7e343.rlib" "/opt/rustwide/target/debug/deps/libhumantime-9b59f1f565657894.rlib" "/opt/rustwide/target/debug/deps/libquick_error-a76b5db56d6ef271.rlib" "/opt/rustwide/target/debug/deps/libregex-f6c7ff49d39ccc61.rlib" "/opt/rustwide/target/debug/deps/libaho_corasick-9bb9d75852409017.rlib" "/opt/rustwide/target/debug/deps/libregex_syntax-818c2f7eeae25f7c.rlib" "/opt/rustwide/target/debug/deps/librumqttc-711c2d87405b720a.rlib" "/opt/rustwide/target/debug/deps/libpollster-0b0b061ad62e50b9.rlib" "/opt/rustwide/target/debug/deps/libthiserror-2fc448259cd04c62.rlib" "/opt/rustwide/target/debug/deps/librustls_native_certs-22e6c30967813f92.rlib" "/opt/rustwide/target/debug/deps/librustls_pemfile-b8d8488d078135e6.rlib" "/opt/rustwide/target/debug/deps/libbase64-8062ff4772a66de9.rlib" "/opt/rustwide/target/debug/deps/libopenssl_probe-2d1cd15c290ad1de.rlib" "/opt/rustwide/target/debug/deps/libtokio_rustls-c1fd895fd3809393.rlib" "/opt/rustwide/target/debug/deps/librustls-3db9e86b44d08c96.rlib" "/opt/rustwide/target/debug/deps/libsct-8569fa79783ed694.rlib" "/opt/rustwide/target/debug/deps/libwebpki-d1782aa585ef4edc.rlib" "/opt/rustwide/target/debug/deps/libring-6cfc4366d100d0d6.rlib" "/opt/rustwide/target/debug/deps/libspin-ba7f384cfb4b159f.rlib" "/opt/rustwide/target/debug/deps/libuntrusted-ec41ab00ed225515.rlib" "/opt/rustwide/target/debug/deps/libonce_cell-f4689346a1005a4d.rlib" "/opt/rustwide/target/debug/deps/libtokio-e9020422fcf659ce.rlib" "/opt/rustwide/target/debug/deps/libsignal_hook_registry-5f77795415415568.rlib" "/opt/rustwide/target/debug/deps/libnum_cpus-0881820fe5e7de80.rlib" "/opt/rustwide/target/debug/deps/libsocket2-dd267eb4640de7b5.rlib" "/opt/rustwide/target/debug/deps/libmio-be5fc99708779feb.rlib" "/opt/rustwide/target/debug/deps/libparking_lot-b9a47a1281b6ff14.rlib" "/opt/rustwide/target/debug/deps/libparking_lot_core-ee7c77e9bd179709.rlib" "/opt/rustwide/target/debug/deps/libsmallvec-22f2447eab0ca59b.rlib" "/opt/rustwide/target/debug/deps/libfutures-dea564f19c53b852.rlib" "/opt/rustwide/target/debug/deps/libfutures_executor-3930f2e864b66192.rlib" "/opt/rustwide/target/debug/deps/libfutures_util-9b56f48020a0734b.rlib" "/opt/rustwide/target/debug/deps/libmemchr-b18e4aa3c7a38625.rlib" "/opt/rustwide/target/debug/deps/libfutures_io-3f9849ddf2bf8c6a.rlib" "/opt/rustwide/target/debug/deps/libslab-adc206ca6c0d0a92.rlib" "/opt/rustwide/target/debug/deps/libfutures_channel-09e2d00e51fdde91.rlib" "/opt/rustwide/target/debug/deps/libpin_project_lite-e66e1bab7310d569.rlib" "/opt/rustwide/target/debug/deps/libfutures_task-30fd2c6681655f9e.rlib" "/opt/rustwide/target/debug/deps/libpin_utils-0d8eaf4ac0fcb221.rlib" "/opt/rustwide/target/debug/deps/libflume-6fea2bf839d43a47.rlib" "/opt/rustwide/target/debug/deps/libspin-a2775f0bb80dfeca.rlib" "/opt/rustwide/target/debug/deps/liblock_api-68f9f4627da435ce.rlib" "/opt/rustwide/target/debug/deps/libscopeguard-f471875f675163b5.rlib" "/opt/rustwide/target/debug/deps/libpin_project-3a01653b0e947aa2.rlib" "/opt/rustwide/target/debug/deps/libfutures_sink-a57c6c821771da39.rlib" "/opt/rustwide/target/debug/deps/libfutures_core-d2ec0c05d9f2cf66.rlib" "/opt/rustwide/target/debug/deps/libnanorand-ea71f2eeabf40b24.rlib" "/opt/rustwide/target/debug/deps/libgetrandom-ef78e3c6f6424d19.rlib" "/opt/rustwide/target/debug/deps/liblibc-d81809097c4281db.rlib" "/opt/rustwide/target/debug/deps/libbytes-300feae2a21f90fa.rlib" "/opt/rustwide/target/debug/deps/liblog-e4acea3c8ca43b70.rlib" "/opt/rustwide/target/debug/deps/libcfg_if-e5e118dd7d121aaa.rlib" "/opt/rustwide/rustup-home/toolchains/1.69.0-x86_64-unknown-linux-gnu/lib/rustlib/x86_64-unknown-linux-gnu/lib/libstd-89bc084783fdc439.rlib" "/opt/rustwide/rustup-home/toolchains/1.69.0-x86_64-unknown-linux-gnu/lib/rustlib/x86_64-unknown-linux-gnu/lib/libpanic_unwind-8bee4b287d4367c1.rlib" "/opt/rustwide/rustup-home/toolchains/1.69.0-x86_64-unknown-linux-gnu/lib/rustlib/x86_64-unknown-linux-gnu/lib/libobject-d61707aed80694c0.rlib" "/opt/rustwide/rustup-home/toolchains/1.69.0-x86_64-unknown-linux-gnu/lib/rustlib/x86_64-unknown-linux-gnu/lib/libmemchr-d85366256f22345b.rlib" "/opt/rustwide/rustup-home/toolchains/1.69.0-x86_64-unknown-linux-gnu/lib/rustlib/x86_64-unknown-linux-gnu/lib/libaddr2line-96069b86b8a8cae9.rlib" "/opt/rustwide/rustup-home/toolchains/1.69.0-x86_64-unknown-linux-gnu/lib/rustlib/x86_64-unknown-linux-gnu/lib/libgimli-d19d53abf68dfa6c.rlib" "/opt/rustwide/rustup-home/toolchains/1.69.0-x86_64-unknown-linux-gnu/lib/rustlib/x86_64-unknown-linux-gnu/lib/librustc_demangle-787cbccd19d64ac6.rlib" "/opt/rustwide/rustup-home/toolchains/1.69.0-x86_64-unknown-linux-gnu/lib/rustlib/x86_64-unknown-linux-gnu/lib/libstd_detect-b3837a36b830e0d0.rlib" "/opt/rustwide/rustup-home/toolchains/1.69.0-x86_64-unknown-linux-gnu/lib/rustlib/x86_64-unknown-linux-gnu/lib/libhashbrown-e3deb0e7e3f04966.rlib" "/opt/rustwide/rustup-home/toolchains/1.69.0-x86_64-unknown-linux-gnu/lib/rustlib/x86_64-unknown-linux-gnu/lib/libminiz_oxide-dabbb79c9815def4.rlib" "/opt/rustwide/rustup-home/toolchains/1.69.0-x86_64-unknown-linux-gnu/lib/rustlib/x86_64-unknown-linux-gnu/lib/libadler-305b01f34c9409f2.rlib" "/opt/rustwide/rustup-home/toolchains/1.69.0-x86_64-unknown-linux-gnu/lib/rustlib/x86_64-unknown-linux-gnu/lib/librustc_std_workspace_alloc-f833521df6074e73.rlib" "/opt/rustwide/rustup-home/toolchains/1.69.0-x86_64-unknown-linux-gnu/lib/rustlib/x86_64-unknown-linux-gnu/lib/libunwind-9ac333113350d171.rlib" "/opt/rustwide/rustup-home/toolchains/1.69.0-x86_64-unknown-linux-gnu/lib/rustlib/x86_64-unknown-linux-gnu/lib/libcfg_if-1c126114322d0eee.rlib" "/opt/rustwide/rustup-home/toolchains/1.69.0-x86_64-unknown-linux-gnu/lib/rustlib/x86_64-unknown-linux-gnu/lib/liblibc-bad9164fdeeecf92.rlib" "/opt/rustwide/rustup-home/toolchains/1.69.0-x86_64-unknown-linux-gnu/lib/rustlib/x86_64-unknown-linux-gnu/lib/liballoc-f9374b1e480fa681.rlib" "/opt/rustwide/rustup-home/toolchains/1.69.0-x86_64-unknown-linux-gnu/lib/rustlib/x86_64-unknown-linux-gnu/lib/librustc_std_workspace_core-207f06e41d9603af.rlib" "/opt/rustwide/rustup-home/toolchains/1.69.0-x86_64-unknown-linux-gnu/lib/rustlib/x86_64-unknown-linux-gnu/lib/libcore-7e2768e66e984e85.rlib" "/opt/rustwide/rustup-home/toolchains/1.69.0-x86_64-unknown-linux-gnu/lib/rustlib/x86_64-unknown-linux-gnu/lib/libcompiler_builtins-957b4aff41f8cd46.rlib" "-Wl,-Bdynamic" "-lgcc_s" "-lutil" "-lrt" "-lpthread" "-lm" "-ldl" "-lc" "-Wl,--eh-frame-hdr" "-Wl,-z,noexecstack" "-L" "/opt/rustwide/rustup-home/toolchains/1.69.0-x86_64-unknown-linux-gnu/lib/rustlib/x86_64-unknown-linux-gnu/lib" "-o" "/opt/rustwide/target/debug/examples/syncrecv_v5-08d5c9756cb847e2" "-Wl,--gc-sections" "-pie" "-Wl,-z,relro,-z,now" "-nodefaultlibs"
[INFO] [stdout]   = note: collect2: fatal error: ld terminated with signal 9 [Killed]
[INFO] [stdout]           compilation terminated.
[INFO] [stdout]           
[INFO] [stdout] 
[INFO] [stdout] 
[INFO] [stdout] error: aborting due to previous error
[INFO] [stdout] 
[INFO] [stdout] 
[INFO] [stderr] error: could not compile `rumqttc` due to 2 previous errors
[INFO] running `Command { std: "docker" "inspect" "6f21d847605745920d649dc15b0f8a96d577e2eae523a901f823b46cd93835da", kill_on_drop: false }`
[INFO] running `Command { std: "docker" "rm" "-f" "6f21d847605745920d649dc15b0f8a96d577e2eae523a901f823b46cd93835da", kill_on_drop: false }`
[INFO] [stdout] 6f21d847605745920d649dc15b0f8a96d577e2eae523a901f823b46cd93835da
